74.7.242.33 - - [17/Mar/2026:05:22:20 -0700] "GET /?fileloc=//proc/self/root/proc/thread-self/root/proc/thread-self/root/proc/thread-self/root/proc/self/root/proc/thread-self/root/proc/self/root/proc/thread-self/root/proc/thread-self/root/lib/firmware/qcom/gen80200_aqe.fw&path=//proc/self/root/proc/thread-self/root/proc/thread-self/root/proc/thread-self/root/proc/self/root/proc/thread-self/root/proc/self/root/proc/thread-self/root/proc/thread-self/root/lib/firmware/qcom HTTP/2.0" 200 13371 "https://www.powerchemyapikimyasallari.com/?path=//proc/self/root/proc/thread-self/root/proc/thread-self/root/proc/thread-self/root/proc/self/root/proc/thread-self/root/proc/self/root/proc/thread-self/root/proc/thread-self/root/lib/firmware/qcom" "Mozilla/5.0 AppleWebKit/537.36 (KHTML, like Gecko; compatible; GPTBot/1.3; +https://openai.com/gptbot)" 319 **0/319815**
57.141.20.43 - - [17/Mar/2026:05:22:20 -0700] "GET /shopdetail/2742875313.html HTTP/2.0" 403 55633 "-" "meta-externalagent/1.1 (+https://developers.facebook.com/docs/sharing/webmasters/crawler)" 296 **0/296177**
57.141.20.43 - - [17/Mar/2026:05:22:21 -0700] "GET /shopdetail/2784321390.html HTTP/2.0" 403 55633 "-" "meta-externalagent/1.1 (+https://developers.facebook.com/docs/sharing/webmasters/crawler)" 321 **0/321464**
57.141.20.40 - - [17/Mar/2026:05:22:21 -0700] "GET /shopdetail/106189515.html?path=/home HTTP/2.0" 403 55633 "-" "meta-externalagent/1.1 (+https://developers.facebook.com/docs/sharing/webmasters/crawler)" 309 **0/309197**
57.141.20.14 - - [17/Mar/2026:05:22:21 -0700] "GET /shopdetail/525504736.html HTTP/2.0" 403 55633 "-" "meta-externalagent/1.1 (+https://developers.facebook.com/docs/sharing/webmasters/crawler)" 323 **0/323167**
57.141.20.4 - - [17/Mar/2026:05:22:21 -0700] "GET /shopdetail/3792256618.html HTTP/2.0" 403 55633 "-" "meta-externalagent/1.1 (+https://developers.facebook.com/docs/sharing/webmasters/crawler)" 295 **0/295136**
57.141.20.8 - - [17/Mar/2026:05:22:22 -0700] "GET /shopdetail/539509139.html HTTP/2.0" 403 55633 "-" "meta-externalagent/1.1 (+https://developers.facebook.com/docs/sharing/webmasters/crawler)" 320 **0/320121**
216.73.216.106 - - [17/Mar/2026:05:22:22 -0700] "GET /shopdetail/562355668.html?fileloc=%2Fhome%2Ffmbi332s7bv7%2Fpublic_html%2Ftxets.php&path=%2Fhome%2Ffmbi332s7bv7%2Fpublic_html HTTP/2.0" 200 2297 "-" "Mozilla/5.0 AppleWebKit/537.36 (KHTML, like Gecko; compatible; ClaudeBot/1.0; +claudebot@anthropic.com)" 321 **0/321464**
57.141.20.10 - - [17/Mar/2026:05:22:22 -0700] "GET /shopdetail/1063662917.html HTTP/2.0" 403 55633 "-" "meta-externalagent/1.1 (+https://developers.facebook.com/docs/sharing/webmasters/crawler)" 299 **0/299314**
57.141.20.29 - - [17/Mar/2026:05:22:22 -0700] "GET /shopdetail/2511055000.html HTTP/2.0" 403 55633 "-" "meta-externalagent/1.1 (+https://developers.facebook.com/docs/sharing/webmasters/crawler)" 291 **0/291483**
57.141.20.28 - - [17/Mar/2026:05:22:23 -0700] "GET /shopdetail/4090780457.html HTTP/2.0" 403 55633 "-" "meta-externalagent/1.1 (+https://developers.facebook.com/docs/sharing/webmasters/crawler)" 301 **0/301797**
74.7.243.230 - - [17/Mar/2026:05:22:23 -0700] "GET /?fileloc=//proc/self/root/proc/thread-self/root/bin/sync&path=//proc/self/root/proc/thread-self/root/bin HTTP/2.0" 200 15210 "https://powerchemyapikimyasallari.com/?path=//proc/self/root/proc/thread-self/root/bin" "Mozilla/5.0 AppleWebKit/537.36 (KHTML, like Gecko; compatible; GPTBot/1.3; +https://openai.com/gptbot)" 329 **0/329915**
57.141.20.13 - - [17/Mar/2026:05:22:23 -0700] "GET /shopdetail/2717011975.html HTTP/2.0" 403 55633 "-" "meta-externalagent/1.1 (+https://developers.facebook.com/docs/sharing/webmasters/crawler)" 330 **0/330376**
57.141.20.46 - - [17/Mar/2026:05:22:23 -0700] "GET /shopdetail/3926657170.html HTTP/2.0" 403 55633 "-" "meta-externalagent/1.1 (+https://developers.facebook.com/docs/sharing/webmasters/crawler)" 349 **0/349085**
74.7.242.33 - - [17/Mar/2026:05:22:23 -0700] "GET /?fileloc=//proc/self/root/proc/thread-self/root/proc/thread-self/root/proc/thread-self/root/proc/self/root/proc/thread-self/root/proc/self/root/proc/thread-self/root/proc/thread-self/root/proc/thread-self/root/lib/systemd/user/gpg-agent-ssh.socket&path=//proc/self/root/proc/thread-self/root/proc/thread-self/root/proc/thread-self/root/proc/self/root/proc/thread-self/root/proc/self/root/proc/thread-self/root/proc/thread-self/root/proc/thread-self/root/lib/systemd/user HTTP/2.0" 200 2611 "https://www.powerchemyapikimyasallari.com/?path=//proc/self/root/proc/thread-self/root/proc/thread-self/root/proc/thread-self/root/proc/self/root/proc/thread-self/root/proc/self/root/proc/thread-self/root/proc/thread-self/root/proc/thread-self/root/lib/systemd/user" "Mozilla/5.0 AppleWebKit/537.36 (KHTML, like Gecko; compatible; GPTBot/1.3; +https://openai.com/gptbot)" 332 **0/332701**
57.141.20.34 - - [17/Mar/2026:05:22:24 -0700] "GET /shopdetail/1304198647.html HTTP/2.0" 403 55633 "-" "meta-externalagent/1.1 (+https://developers.facebook.com/docs/sharing/webmasters/crawler)" 302 **0/302086**
57.141.20.43 - - [17/Mar/2026:05:22:24 -0700] "GET /shopdetail/150487739.html HTTP/2.0" 403 55633 "-" "meta-externalagent/1.1 (+https://developers.facebook.com/docs/sharing/webmasters/crawler)" 353 **0/353850**
57.141.20.45 - - [17/Mar/2026:05:22:24 -0700] "GET /shopdetail/2475628988.html HTTP/2.0" 403 55633 "-" "meta-externalagent/1.1 (+https://developers.facebook.com/docs/sharing/webmasters/crawler)" 297 **0/297174**
57.141.20.43 - - [17/Mar/2026:05:22:25 -0700] "GET /shopdetail/3082174045.html HTTP/2.0" 403 55633 "-" "meta-externalagent/1.1 (+https://developers.facebook.com/docs/sharing/webmasters/crawler)" 291 **0/291924**
216.73.216.106 - - [17/Mar/2026:05:22:25 -0700] "GET /shopdetail/1943300659.html?fileloc=%2F%2Flib64%2FlibXmu.so.6.2.0&path=%2F%2Flib64 HTTP/2.0" 200 44881 "-" "Mozilla/5.0 AppleWebKit/537.36 (KHTML, like Gecko; compatible; ClaudeBot/1.0; +claudebot@anthropic.com)" 343 **0/343515**
57.141.20.44 - - [17/Mar/2026:05:22:25 -0700] "GET /shopdetail/1413858120.html HTTP/2.0" 403 55633 "-" "meta-externalagent/1.1 (+https://developers.facebook.com/docs/sharing/webmasters/crawler)" 310 **0/310923**
57.141.20.31 - - [17/Mar/2026:05:22:25 -0700] "GET /shopdetail/3106722343.html HTTP/2.0" 403 55633 "-" "meta-externalagent/1.1 (+https://developers.facebook.com/docs/sharing/webmasters/crawler)" 298 **0/298123**
74.7.243.230 - - [17/Mar/2026:05:22:26 -0700] "GET /?fileloc=//proc/self/root/proc/thread-self/root/bin/whatis&path=//proc/self/root/proc/thread-self/root/bin HTTP/2.0" 200 22147 "https://powerchemyapikimyasallari.com/?path=//proc/self/root/proc/thread-self/root/bin" "Mozilla/5.0 AppleWebKit/537.36 (KHTML, like Gecko; compatible; GPTBot/1.3; +https://openai.com/gptbot)" 301 **0/301559**
57.141.20.33 - - [17/Mar/2026:05:22:26 -0700] "GET /shopdetail/2771733857.html HTTP/2.0" 403 55633 "-" "meta-externalagent/1.1 (+https://developers.facebook.com/docs/sharing/webmasters/crawler)" 313 **0/313416**
57.141.20.23 - - [17/Mar/2026:05:22:26 -0700] "GET /shopdetail/1013664156.html HTTP/2.0" 403 55633 "-" "meta-externalagent/1.1 (+https://developers.facebook.com/docs/sharing/webmasters/crawler)" 338 **0/338399**
74.7.242.33 - - [17/Mar/2026:05:22:26 -0700] "GET /?fileloc=//proc/self/root/proc/thread-self/root/proc/thread-self/root/proc/thread-self/root/proc/self/root/proc/thread-self/root/proc/self/root/proc/thread-self/root/proc/thread-self/root/proc/thread-self/root/lib/systemd/user/gpg-agent-extra.socket&path=//proc/self/root/proc/thread-self/root/proc/thread-self/root/proc/thread-self/root/proc/self/root/proc/thread-self/root/proc/self/root/proc/thread-self/root/proc/thread-self/root/proc/thread-self/root/lib/systemd/user HTTP/2.0" 200 2609 "https://www.powerchemyapikimyasallari.com/?path=//proc/self/root/proc/thread-self/root/proc/thread-self/root/proc/thread-self/root/proc/self/root/proc/thread-self/root/proc/self/root/proc/thread-self/root/proc/thread-self/root/proc/thread-self/root/lib/systemd/user" "Mozilla/5.0 AppleWebKit/537.36 (KHTML, like Gecko; compatible; GPTBot/1.3; +https://openai.com/gptbot)" 309 **0/309594**
57.141.20.31 - - [17/Mar/2026:05:22:26 -0700] "GET /shopdetail/172704517.html HTTP/2.0" 403 55633 "-" "meta-externalagent/1.1 (+https://developers.facebook.com/docs/sharing/webmasters/crawler)" 326 **0/326568**
57.141.20.43 - - [17/Mar/2026:05:22:27 -0700] "GET /shopdetail/256084392.html HTTP/2.0" 403 55633 "-" "meta-externalagent/1.1 (+https://developers.facebook.com/docs/sharing/webmasters/crawler)" 307 **0/307229**
57.141.20.41 - - [17/Mar/2026:05:22:27 -0700] "GET /shopdetail/648912121.html HTTP/2.0" 403 55633 "-" "meta-externalagent/1.1 (+https://developers.facebook.com/docs/sharing/webmasters/crawler)" 300 **0/300995**
57.141.20.29 - - [17/Mar/2026:05:22:27 -0700] "GET /shopdetail/4236311460.html HTTP/2.0" 403 55633 "-" "meta-externalagent/1.1 (+https://developers.facebook.com/docs/sharing/webmasters/crawler)" 555 **0/555146**
57.141.20.32 - - [17/Mar/2026:05:22:27 -0700] "GET /shopdetail/480944648.html HTTP/2.0" 403 55633 "-" "meta-externalagent/1.1 (+https://developers.facebook.com/docs/sharing/webmasters/crawler)" 303 **0/303268**
216.73.216.106 - - [17/Mar/2026:05:22:28 -0700] "GET /shopdetail/1285963157.html?fileloc=%2F%2Flib64%2Flibirs.so.161.0.1&path=%2F%2Flib64 HTTP/2.0" 200 18486 "-" "Mozilla/5.0 AppleWebKit/537.36 (KHTML, like Gecko; compatible; ClaudeBot/1.0; +claudebot@anthropic.com)" 307 **0/307059**
57.141.20.30 - - [17/Mar/2026:05:22:28 -0700] "GET /shopdetail/638118047.html HTTP/2.0" 403 55633 "-" "meta-externalagent/1.1 (+https://developers.facebook.com/docs/sharing/webmasters/crawler)" 327 **0/327372**
57.141.20.43 - - [17/Mar/2026:05:22:28 -0700] "GET /shopdetail/1008230602.html?fileloc=/home/fmbi332s7bv7/public_html/txets.php&path=/home/fmbi332s7bv7/public_html HTTP/2.0" 403 55633 "-" "meta-externalagent/1.1 (+https://developers.facebook.com/docs/sharing/webmasters/crawler)" 296 **0/296098**
57.141.20.50 - - [17/Mar/2026:05:22:29 -0700] "GET /shopdetail/3940011284.html HTTP/2.0" 403 55633 "-" "meta-externalagent/1.1 (+https://developers.facebook.com/docs/sharing/webmasters/crawler)" 292 **0/292000**
74.7.243.230 - - [17/Mar/2026:05:22:29 -0700] "GET /?fileloc=//proc/self/root/proc/thread-self/root/bin/lftpget&path=//proc/self/root/proc/thread-self/root/bin HTTP/2.0" 200 2935 "https://powerchemyapikimyasallari.com/?path=//proc/self/root/proc/thread-self/root/bin" "Mozilla/5.0 AppleWebKit/537.36 (KHTML, like Gecko; compatible; GPTBot/1.3; +https://openai.com/gptbot)" 322 **0/322050**
57.141.20.21 - - [17/Mar/2026:05:22:29 -0700] "GET /shopdetail/1850990053.html?fileloc=/home/fmbi332s7bv7/public_html/wp-blog-header.php&path=/home/fmbi332s7bv7/public_html HTTP/2.0" 403 55633 "-" "meta-externalagent/1.1 (+https://developers.facebook.com/docs/sharing/webmasters/crawler)" 323 **0/323605**
57.141.20.44 - - [17/Mar/2026:05:22:29 -0700] "GET /shopdetail/336730210.html HTTP/2.0" 403 55633 "-" "meta-externalagent/1.1 (+https://developers.facebook.com/docs/sharing/webmasters/crawler)" 306 **0/306635**
74.7.242.33 - - [17/Mar/2026:05:22:30 -0700] "GET /?fileloc=//proc/self/root/proc/thread-self/root/proc/thread-self/root/proc/thread-self/root/proc/self/root/proc/thread-self/root/proc/self/root/proc/thread-self/root/proc/thread-self/root/lib/firmware/rtlwifi/rtl8723bs_bt.bin&path=//proc/self/root/proc/thread-self/root/proc/thread-self/root/proc/thread-self/root/proc/self/root/proc/thread-self/root/proc/self/root/proc/thread-self/root/proc/thread-self/root/lib/firmware/rtlwifi HTTP/2.0" 200 8217 "https://www.powerchemyapikimyasallari.com/?path=//proc/self/root/proc/thread-self/root/proc/thread-self/root/proc/thread-self/root/proc/self/root/proc/thread-self/root/proc/self/root/proc/thread-self/root/proc/thread-self/root/lib/firmware/rtlwifi" "Mozilla/5.0 AppleWebKit/537.36 (KHTML, like Gecko; compatible; GPTBot/1.3; +https://openai.com/gptbot)" 315 **0/315381**
57.141.20.43 - - [17/Mar/2026:05:22:30 -0700] "GET /shopdetail/277153517.html?path=/home/fmbi332s7bv7/public_html/wp-includes HTTP/2.0" 403 55633 "-" "meta-externalagent/1.1 (+https://developers.facebook.com/docs/sharing/webmasters/crawler)" 317 **0/317115**
57.141.20.26 - - [17/Mar/2026:05:22:30 -0700] "GET /shopdetail/1279604941.html HTTP/2.0" 403 55633 "-" "meta-externalagent/1.1 (+https://developers.facebook.com/docs/sharing/webmasters/crawler)" 291 **0/291917**
57.141.20.16 - - [17/Mar/2026:05:22:30 -0700] "GET /shopdetail/4056393967.html HTTP/2.0" 403 55633 "-" "meta-externalagent/1.1 (+https://developers.facebook.com/docs/sharing/webmasters/crawler)" 374 **0/374985**
216.73.216.106 - - [17/Mar/2026:05:22:31 -0700] "GET /shopdetail/3499545393.html?fileloc=%2Fhome%2Ffmbi332s7bv7%2Fpublic_html%2Fwp-includes%2Fjs%2Fmedia-audiovideo.min.js&path=%2Fhome%2Ffmbi332s7bv7%2Fpublic_html%2Fwp-includes%2Fjs HTTP/2.0" 200 5556 "-" "Mozilla/5.0 AppleWebKit/537.36 (KHTML, like Gecko; compatible; ClaudeBot/1.0; +claudebot@anthropic.com)" 326 **0/326856**
57.141.20.38 - - [17/Mar/2026:05:22:31 -0700] "GET /shopdetail/839387180.html?fileloc=/home/fmbi332s7bv7/public_html/wp-includes/blocks/cover.php&path=/home/fmbi332s7bv7/public_html/wp-includes/blocks HTTP/2.0" 403 55633 "-" "meta-externalagent/1.1 (+https://developers.facebook.com/docs/sharing/webmasters/crawler)" 341 **0/341429**
57.141.20.42 - - [17/Mar/2026:05:22:31 -0700] "GET /shopdetail/2448110583.html HTTP/2.0" 403 55633 "-" "meta-externalagent/1.1 (+https://developers.facebook.com/docs/sharing/webmasters/crawler)" 333 **0/333314**
57.141.20.49 - - [17/Mar/2026:05:22:32 -0700] "GET /shopdetail/1170526812.html HTTP/2.0" 403 55633 "-" "meta-externalagent/1.1 (+https://developers.facebook.com/docs/sharing/webmasters/crawler)" 331 **0/331970**
57.141.20.3 - - [17/Mar/2026:05:22:32 -0700] "GET /shopdetail/874888391.html HTTP/2.0" 403 55633 "-" "meta-externalagent/1.1 (+https://developers.facebook.com/docs/sharing/webmasters/crawler)" 307 **0/307551**
74.7.243.230 - - [17/Mar/2026:05:22:32 -0700] "GET /?fileloc=//proc/self/root/proc/thread-self/root/bin/autoscan&path=//proc/self/root/proc/thread-self/root/bin HTTP/2.0" 200 8441 "https://powerchemyapikimyasallari.com/?path=//proc/self/root/proc/thread-self/root/bin" "Mozilla/5.0 AppleWebKit/537.36 (KHTML, like Gecko; compatible; GPTBot/1.3; +https://openai.com/gptbot)" 316 **0/316021**
57.141.20.4 - - [17/Mar/2026:05:22:32 -0700] "GET /shopdetail/513981945.html HTTP/2.0" 403 55633 "-" "meta-externalagent/1.1 (+https://developers.facebook.com/docs/sharing/webmasters/crawler)" 378 **0/378032**
57.141.20.8 - - [17/Mar/2026:05:22:32 -0700] "GET /shopdetail/2356623437.html HTTP/2.0" 403 55633 "-" "meta-externalagent/1.1 (+https://developers.facebook.com/docs/sharing/webmasters/crawler)" 363 **0/363057**
57.141.20.1 - - [17/Mar/2026:05:22:33 -0700] "GET /shopdetail/972056432.html HTTP/2.0" 403 55633 "-" "meta-externalagent/1.1 (+https://developers.facebook.com/docs/sharing/webmasters/crawler)" 367 **0/367915**
57.141.20.43 - - [17/Mar/2026:05:22:33 -0700] "GET /shopdetail/2786664697.html HTTP/2.0" 403 55633 "-" "meta-externalagent/1.1 (+https://developers.facebook.com/docs/sharing/webmasters/crawler)" 328 **0/328955**
57.141.20.52 - - [17/Mar/2026:05:22:33 -0700] "GET /shopdetail/839387180.html?path=/home/fmbi332s7bv7/public_html/wp-includes/blocks/quote HTTP/2.0" 403 55633 "-" "meta-externalagent/1.1 (+https://developers.facebook.com/docs/sharing/webmasters/crawler)" 343 **0/343753**
74.7.242.33 - - [17/Mar/2026:05:22:33 -0700] "GET /?path=//proc/self/root/proc/thread-self/root/proc/thread-self/root/proc/thread-self/root/proc/self/root/proc/thread-self/root/proc/self/root/proc/thread-self/root/proc/thread-self/root/lib/firmware/cirrus HTTP/2.0" 200 19129 "https://www.powerchemyapikimyasallari.com/?path=//proc/self/root/proc/thread-self/root/proc/thread-self/root/proc/thread-self/root/proc/self/root/proc/thread-self/root/proc/self/root/proc/thread-self/root/proc/thread-self/root/lib/firmware" "Mozilla/5.0 AppleWebKit/537.36 (KHTML, like Gecko; compatible; GPTBot/1.3; +https://openai.com/gptbot)" 1131 **1/1131171**
216.73.216.106 - - [17/Mar/2026:05:22:34 -0700] "GET /shopdetail/1676304545.html?fileloc=%2Fhome%2Ffmbi332s7bv7%2Fpublic_html%2Fwp-content%2Flanguages%2Ftr_TR-947c76bb5095da30e16668eec15406b2.json&path=%2Fhome%2Ffmbi332s7bv7%2Fpublic_html%2Fwp-content%2Flanguages HTTP/2.0" 200 3436 "-" "Mozilla/5.0 AppleWebKit/537.36 (KHTML, like Gecko; compatible; ClaudeBot/1.0; +claudebot@anthropic.com)" 315 **0/315206**
57.141.20.40 - - [17/Mar/2026:05:22:34 -0700] "GET /shopdetail/742428655.html HTTP/2.0" 403 55633 "-" "meta-externalagent/1.1 (+https://developers.facebook.com/docs/sharing/webmasters/crawler)" 363 **0/363964**
57.141.20.11 - - [17/Mar/2026:05:22:34 -0700] "GET /shopdetail/1339176728.html HTTP/2.0" 403 55633 "-" "meta-externalagent/1.1 (+https://developers.facebook.com/docs/sharing/webmasters/crawler)" 358 **0/358897**
57.141.20.25 - - [17/Mar/2026:05:22:34 -0700] "GET /shopdetail/1152826416.html HTTP/2.0" 403 55633 "-" "meta-externalagent/1.1 (+https://developers.facebook.com/docs/sharing/webmasters/crawler)" 299 **0/299802**
57.141.20.30 - - [17/Mar/2026:05:22:35 -0700] "GET /shopdetail/2650757147.html HTTP/2.0" 403 55633 "-" "meta-externalagent/1.1 (+https://developers.facebook.com/docs/sharing/webmasters/crawler)" 304 **0/304752**
57.141.20.3 - - [17/Mar/2026:05:22:35 -0700] "GET /shopdetail/961649655.html HTTP/2.0" 403 55633 "-" "meta-externalagent/1.1 (+https://developers.facebook.com/docs/sharing/webmasters/crawler)" 308 **0/308508**
57.141.20.56 - - [17/Mar/2026:05:22:35 -0700] "GET /shopdetail/3364896310.html HTTP/2.0" 403 55633 "-" "meta-externalagent/1.1 (+https://developers.facebook.com/docs/sharing/webmasters/crawler)" 331 **0/331534**
74.7.243.230 - - [17/Mar/2026:05:22:35 -0700] "GET /?fileloc=//proc/self/root/proc/thread-self/root/bin/uname&path=//proc/self/root/proc/thread-self/root/bin HTTP/2.0" 200 15280 "https://powerchemyapikimyasallari.com/?path=//proc/self/root/proc/thread-self/root/bin" "Mozilla/5.0 AppleWebKit/537.36 (KHTML, like Gecko; compatible; GPTBot/1.3; +https://openai.com/gptbot)" 360 **0/360222**
57.141.20.43 - - [17/Mar/2026:05:22:36 -0700] "GET /shopdetail/5430223.html HTTP/2.0" 403 55633 "-" "meta-externalagent/1.1 (+https://developers.facebook.com/docs/sharing/webmasters/crawler)" 313 **0/313814**
74.7.242.33 - - [17/Mar/2026:05:22:36 -0700] "GET /?path=//proc/self/root/proc/thread-self/root/proc/thread-self/root/proc/thread-self/root/proc/self/root/proc/thread-self/root/proc/self/root/proc/thread-self/root/proc/thread-self/root/lib/firmware/amlogic HTTP/2.0" 200 2800 "https://www.powerchemyapikimyasallari.com/?path=//proc/self/root/proc/thread-self/root/proc/thread-self/root/proc/thread-self/root/proc/self/root/proc/thread-self/root/proc/self/root/proc/thread-self/root/proc/thread-self/root/lib/firmware" "Mozilla/5.0 AppleWebKit/537.36 (KHTML, like Gecko; compatible; GPTBot/1.3; +https://openai.com/gptbot)" 309 **0/309896**
57.141.20.47 - - [17/Mar/2026:05:22:36 -0700] "GET /shopdetail/839387180.html?fileloc=/home/fmbi332s7bv7/public_html/wp-includes/block-supports/generated-classname.php&path=/home/fmbi332s7bv7/public_html/wp-includes/block-supports HTTP/2.0" 403 55633 "-" "meta-externalagent/1.1 (+https://developers.facebook.com/docs/sharing/webmasters/crawler)" 361 **0/361522**
57.141.20.57 - - [17/Mar/2026:05:22:37 -0700] "GET /shopdetail/839387180.html?path=/home/fmbi332s7bv7/public_html/wp-includes/blocks/rss HTTP/2.0" 403 55633 "-" "meta-externalagent/1.1 (+https://developers.facebook.com/docs/sharing/webmasters/crawler)" 322 **0/322381**
57.141.20.3 - - [17/Mar/2026:05:22:37 -0700] "GET /shopdetail/3975882830.html HTTP/2.0" 403 55633 "-" "meta-externalagent/1.1 (+https://developers.facebook.com/docs/sharing/webmasters/crawler)" 318 **0/318928**
216.73.216.106 - - [17/Mar/2026:05:22:37 -0700] "GET /urun-kategori/harclar/isi-yalitim-levha/feed?path=%2F%2Fusr%2Fshare%2Fperl5%2Fvendor_perl%2FTry HTTP/2.0" 200 2601 "-" "Mozilla/5.0 AppleWebKit/537.36 (KHTML, like Gecko; compatible; ClaudeBot/1.0; +claudebot@anthropic.com)" 318 **0/318507**
57.141.20.37 - - [17/Mar/2026:05:22:37 -0700] "GET /shopdetail/2380124720.html HTTP/2.0" 403 55633 "-" "meta-externalagent/1.1 (+https://developers.facebook.com/docs/sharing/webmasters/crawler)" 345 **0/345328**
57.141.20.16 - - [17/Mar/2026:05:22:37 -0700] "GET /shopdetail/1171129886.html HTTP/2.0" 403 55633 "-" "meta-externalagent/1.1 (+https://developers.facebook.com/docs/sharing/webmasters/crawler)" 347 **0/347835**
57.141.20.23 - - [17/Mar/2026:05:22:38 -0700] "GET /shopdetail/1885611891.html HTTP/2.0" 403 55633 "-" "meta-externalagent/1.1 (+https://developers.facebook.com/docs/sharing/webmasters/crawler)" 298 **0/298089**
57.141.20.44 - - [17/Mar/2026:05:22:38 -0700] "GET /shopdetail/2264954136.html HTTP/2.0" 403 55633 "-" "meta-externalagent/1.1 (+https://developers.facebook.com/docs/sharing/webmasters/crawler)" 289 **0/289604**
45.227.253.15 - - [17/Mar/2026:05:22:38 -0700] "GET /index.php/jk HTTP/1.1" 200 43 "-" "Mozilla/5.0 (Macintosh; Intel Mac OS X 10.15; rv:79.0) Gecko/20100101 Firefox/79.0" 30 **0/30820**
57.141.20.32 - - [17/Mar/2026:05:22:38 -0700] "GET /shopdetail/2127370495.html HTTP/2.0" 403 55633 "-" "meta-externalagent/1.1 (+https://developers.facebook.com/docs/sharing/webmasters/crawler)" 328 **0/328109**
74.7.243.230 - - [17/Mar/2026:05:22:39 -0700] "GET /?fileloc=//proc/self/root/proc/thread-self/root/bin/uapi&path=//proc/self/root/proc/thread-self/root/bin HTTP/2.0" 200 2928 "https://powerchemyapikimyasallari.com/?path=//proc/self/root/proc/thread-self/root/bin" "Mozilla/5.0 AppleWebKit/537.36 (KHTML, like Gecko; compatible; GPTBot/1.3; +https://openai.com/gptbot)" 351 **0/351841**
57.141.20.20 - - [17/Mar/2026:05:22:39 -0700] "GET /shopdetail/2800593318.html?fileloc=/home/fmbi332s7bv7/public_html/wp-config-sample.php&path=/home/fmbi332s7bv7/public_html HTTP/2.0" 403 55633 "-" "meta-externalagent/1.1 (+https://developers.facebook.com/docs/sharing/webmasters/crawler)" 335 **0/335653**
74.7.242.33 - - [17/Mar/2026:05:22:39 -0700] "GET /?path=//proc/self/root/proc/thread-self/root/proc/thread-self/root/proc/thread-self/root/proc/self/root/proc/thread-self/root/proc/self/root/proc/thread-self/root/proc/thread-self/root/lib/firmware/cavium HTTP/2.0" 200 2766 "https://www.powerchemyapikimyasallari.com/?path=//proc/self/root/proc/thread-self/root/proc/thread-self/root/proc/thread-self/root/proc/self/root/proc/thread-self/root/proc/self/root/proc/thread-self/root/proc/thread-self/root/lib/firmware" "Mozilla/5.0 AppleWebKit/537.36 (KHTML, like Gecko; compatible; GPTBot/1.3; +https://openai.com/gptbot)" 320 **0/320190**
57.141.20.2 - - [17/Mar/2026:05:22:39 -0700] "GET /shopdetail/839387180.html?fileloc=/home/fmbi332s7bv7/public_html/wp-includes/blocks/post-author-biography.php&path=/home/fmbi332s7bv7/public_html/wp-includes/blocks HTTP/2.0" 403 55633 "-" "meta-externalagent/1.1 (+https://developers.facebook.com/docs/sharing/webmasters/crawler)" 325 **0/325045**
57.141.20.52 - - [17/Mar/2026:05:22:40 -0700] "GET /shopdetail/839387180.html?fileloc=/home/fmbi332s7bv7/public_html/wp-includes/blocks/calendar.php&path=/home/fmbi332s7bv7/public_html/wp-includes/blocks HTTP/2.0" 403 55633 "-" "meta-externalagent/1.1 (+https://developers.facebook.com/docs/sharing/webmasters/crawler)" 305 **0/305686**
216.73.216.106 - - [17/Mar/2026:05:22:40 -0700] "GET /author/admin/feed?fileloc=%2F%2Fusr%2Flib%2F.build-id%2F42%2F012026926c1f5a801c951af8888f3a6e4cfff6&path=%2F%2Fusr%2Flib%2F.build-id%2F42 HTTP/2.0" 200 5871 "-" "Mozilla/5.0 AppleWebKit/537.36 (KHTML, like Gecko; compatible; ClaudeBot/1.0; +claudebot@anthropic.com)" 315 **0/315320**
57.141.20.27 - - [17/Mar/2026:05:22:40 -0700] "GET /shopdetail/2391129587.html HTTP/2.0" 403 55633 "-" "meta-externalagent/1.1 (+https://developers.facebook.com/docs/sharing/webmasters/crawler)" 327 **0/327542**
57.141.20.27 - - [17/Mar/2026:05:22:40 -0700] "GET /shopdetail/408642062.html HTTP/2.0" 403 55633 "-" "meta-externalagent/1.1 (+https://developers.facebook.com/docs/sharing/webmasters/crawler)" 298 **0/298920**
57.141.20.43 - - [17/Mar/2026:05:22:41 -0700] "GET /shopdetail/2188062746.html HTTP/2.0" 403 55633 "-" "meta-externalagent/1.1 (+https://developers.facebook.com/docs/sharing/webmasters/crawler)" 334 **0/334969**
57.141.20.24 - - [17/Mar/2026:05:22:41 -0700] "GET /shopdetail/1315066420.html HTTP/2.0" 403 55633 "-" "meta-externalagent/1.1 (+https://developers.facebook.com/docs/sharing/webmasters/crawler)" 338 **0/338296**
57.141.20.18 - - [17/Mar/2026:05:22:41 -0700] "GET /shopdetail/2949412378.html HTTP/2.0" 403 55633 "-" "meta-externalagent/1.1 (+https://developers.facebook.com/docs/sharing/webmasters/crawler)" 320 **0/320169**
57.141.20.41 - - [17/Mar/2026:05:22:41 -0700] "GET /shopdetail/3580793206.html HTTP/2.0" 403 55633 "-" "meta-externalagent/1.1 (+https://developers.facebook.com/docs/sharing/webmasters/crawler)" 322 **0/322039**
57.141.20.7 - - [17/Mar/2026:05:22:42 -0700] "GET /shopdetail/2015423639.html HTTP/2.0" 403 55633 "-" "meta-externalagent/1.1 (+https://developers.facebook.com/docs/sharing/webmasters/crawler)" 349 **0/349652**
74.7.243.230 - - [17/Mar/2026:05:22:42 -0700] "GET /?fileloc=//proc/self/root/proc/thread-self/root/bin/gtar&path=//proc/self/root/proc/thread-self/root/bin HTTP/2.0" 200 185038 "https://powerchemyapikimyasallari.com/?path=//proc/self/root/proc/thread-self/root/bin" "Mozilla/5.0 AppleWebKit/537.36 (KHTML, like Gecko; compatible; GPTBot/1.3; +https://openai.com/gptbot)" 526 **0/526198**
57.141.20.58 - - [17/Mar/2026:05:22:42 -0700] "GET /shopdetail/1841283137.html HTTP/2.0" 403 55633 "-" "meta-externalagent/1.1 (+https://developers.facebook.com/docs/sharing/webmasters/crawler)" 321 **0/321507**
57.141.20.53 - - [17/Mar/2026:05:22:42 -0700] "GET /shopdetail/3705027889.html HTTP/2.0" 403 55633 "-" "meta-externalagent/1.1 (+https://developers.facebook.com/docs/sharing/webmasters/crawler)" 320 **0/320883**
57.141.20.50 - - [17/Mar/2026:05:22:42 -0700] "GET /shopdetail/391549686.html HTTP/2.0" 403 55633 "-" "meta-externalagent/1.1 (+https://developers.facebook.com/docs/sharing/webmasters/crawler)" 341 **0/341893**
74.7.242.33 - - [17/Mar/2026:05:22:43 -0700] "GET /?path=//proc/self/root/proc/thread-self/root/proc/thread-self/root/proc/thread-self/root/proc/self/root/proc/thread-self/root/proc/self/root/proc/thread-self/root/proc/thread-self/root/lib/firmware/realtek HTTP/2.0" 200 2710 "https://www.powerchemyapikimyasallari.com/?path=//proc/self/root/proc/thread-self/root/proc/thread-self/root/proc/thread-self/root/proc/self/root/proc/thread-self/root/proc/self/root/proc/thread-self/root/proc/thread-self/root/lib/firmware" "Mozilla/5.0 AppleWebKit/537.36 (KHTML, like Gecko; compatible; GPTBot/1.3; +https://openai.com/gptbot)" 338 **0/338147**
216.73.216.106 - - [17/Mar/2026:05:22:43 -0700] "GET /urun-kategori/harclar/isi-yalitim-levha/feed?path=%2Fhome%2Ffmbi332s7bv7%2Fwww%2Fwp-content%2Fplugins%2Frevslider%2Fpublic%2Fcss%2Fpreloaders HTTP/2.0" 200 2985 "-" "Mozilla/5.0 AppleWebKit/537.36 (KHTML, like Gecko; compatible; ClaudeBot/1.0; +claudebot@anthropic.com)" 309 **0/309516**
57.141.20.31 - - [17/Mar/2026:05:22:43 -0700] "GET /shopdetail/1082929296.html HTTP/2.0" 403 55633 "-" "meta-externalagent/1.1 (+https://developers.facebook.com/docs/sharing/webmasters/crawler)" 291 **0/291690**
57.141.20.9 - - [17/Mar/2026:05:22:43 -0700] "GET /shopdetail/1915701835.html HTTP/2.0" 403 55633 "-" "meta-externalagent/1.1 (+https://developers.facebook.com/docs/sharing/webmasters/crawler)" 324 **0/324950**
57.141.20.8 - - [17/Mar/2026:05:22:43 -0700] "GET /shopdetail/4269592183.html HTTP/2.0" 403 55633 "-" "meta-externalagent/1.1 (+https://developers.facebook.com/docs/sharing/webmasters/crawler)" 302 **0/302070**
57.141.20.38 - - [17/Mar/2026:05:22:44 -0700] "GET /shopdetail/3731604018.html HTTP/2.0" 403 55633 "-" "meta-externalagent/1.1 (+https://developers.facebook.com/docs/sharing/webmasters/crawler)" 314 **0/314338**
57.141.20.39 - - [17/Mar/2026:05:22:44 -0700] "GET /shopdetail/315261370.html HTTP/2.0" 403 55633 "-" "meta-externalagent/1.1 (+https://developers.facebook.com/docs/sharing/webmasters/crawler)" 317 **0/317863**
74.7.243.230 - - [17/Mar/2026:05:22:45 -0700] "GET /?fileloc=//proc/self/root/proc/thread-self/root/bin/basename&path=//proc/self/root/proc/thread-self/root/bin HTTP/2.0" 200 15409 "https://powerchemyapikimyasallari.com/?path=//proc/self/root/proc/thread-self/root/bin" "Mozilla/5.0 AppleWebKit/537.36 (KHTML, like Gecko; compatible; GPTBot/1.3; +https://openai.com/gptbot)" 327 **0/327111**
57.141.20.43 - - [17/Mar/2026:05:22:45 -0700] "GET /shopdetail/4221503671.html HTTP/2.0" 403 55633 "-" "meta-externalagent/1.1 (+https://developers.facebook.com/docs/sharing/webmasters/crawler)" 313 **0/313595**
57.141.20.20 - - [17/Mar/2026:05:22:45 -0700] "GET /shopdetail/4009013678.html HTTP/2.0" 403 55633 "-" "meta-externalagent/1.1 (+https://developers.facebook.com/docs/sharing/webmasters/crawler)" 292 **0/292199**
57.141.20.3 - - [17/Mar/2026:05:22:45 -0700] "GET /shopdetail/12443193.html HTTP/2.0" 403 55633 "-" "meta-externalagent/1.1 (+https://developers.facebook.com/docs/sharing/webmasters/crawler)" 301 **0/301870**
74.7.242.33 - - [17/Mar/2026:05:22:46 -0700] "GET /?path=//proc/self/root/proc/thread-self/root/proc/thread-self/root/proc/thread-self/root/proc/self/root/proc/thread-self/root/proc/self/root/proc/thread-self/root/proc/thread-self/root/lib/firmware/rockchip HTTP/2.0" 200 2732 "https://www.powerchemyapikimyasallari.com/?path=//proc/self/root/proc/thread-self/root/proc/thread-self/root/proc/thread-self/root/proc/self/root/proc/thread-self/root/proc/self/root/proc/thread-self/root/proc/thread-self/root/lib/firmware" "Mozilla/5.0 AppleWebKit/537.36 (KHTML, like Gecko; compatible; GPTBot/1.3; +https://openai.com/gptbot)" 295 **0/295196**
57.141.20.55 - - [17/Mar/2026:05:22:46 -0700] "GET /shopdetail/129142300.html?path=/home/fmbi332s7bv7/public_html/.tmb HTTP/2.0" 403 55633 "-" "meta-externalagent/1.1 (+https://developers.facebook.com/docs/sharing/webmasters/crawler)" 297 **0/297792**
216.73.216.106 - - [17/Mar/2026:05:22:46 -0700] "GET /shopdetail/1943300659.html?fileloc=%2F%2Flib64%2Flibgpgme.so.11&path=%2F%2Flib64 HTTP/2.0" 200 125287 "-" "Mozilla/5.0 AppleWebKit/537.36 (KHTML, like Gecko; compatible; ClaudeBot/1.0; +claudebot@anthropic.com)" 381 **0/381778**
57.141.20.43 - - [17/Mar/2026:05:22:46 -0700] "GET /shopdetail/2807622122.html?fileloc=/home/fmbi332s7bv7/public_html/wp-config.php&path=/home/fmbi332s7bv7/public_html HTTP/2.0" 403 55633 "-" "meta-externalagent/1.1 (+https://developers.facebook.com/docs/sharing/webmasters/crawler)" 296 **0/296229**
57.141.20.3 - - [17/Mar/2026:05:22:46 -0700] "GET /shopdetail/2682719455.html HTTP/2.0" 403 55633 "-" "meta-externalagent/1.1 (+https://developers.facebook.com/docs/sharing/webmasters/crawler)" 334 **0/334974**
57.141.20.47 - - [17/Mar/2026:05:22:47 -0700] "GET /shopdetail/2807622122.html?fileloc=/home/fmbi332s7bv7/public_html/index.php&path=/home/fmbi332s7bv7/public_html HTTP/2.0" 403 55633 "-" "meta-externalagent/1.1 (+https://developers.facebook.com/docs/sharing/webmasters/crawler)" 293 **0/293555**
57.141.20.27 - - [17/Mar/2026:05:22:47 -0700] "GET /shopdetail/839387180.html?fileloc=/home/fmbi332s7bv7/public_html/wp-includes/blocks/button.php&path=/home/fmbi332s7bv7/public_html/wp-includes/blocks HTTP/2.0" 403 55633 "-" "meta-externalagent/1.1 (+https://developers.facebook.com/docs/sharing/webmasters/crawler)" 288 **0/288749**
57.141.20.25 - - [17/Mar/2026:05:22:47 -0700] "GET /shopdetail/2199585537.html HTTP/2.0" 403 55633 "-" "meta-externalagent/1.1 (+https://developers.facebook.com/docs/sharing/webmasters/crawler)" 311 **0/311869**
57.141.20.6 - - [17/Mar/2026:05:22:47 -0700] "GET /shopdetail/402343792.html HTTP/2.0" 403 55633 "-" "meta-externalagent/1.1 (+https://developers.facebook.com/docs/sharing/webmasters/crawler)" 320 **0/320359**
57.141.20.38 - - [17/Mar/2026:05:22:47 -0700] "GET /shopdetail/411066244.html HTTP/2.0" 403 55633 "-" "meta-externalagent/1.1 (+https://developers.facebook.com/docs/sharing/webmasters/crawler)" 318 **0/318388**
74.7.243.230 - - [17/Mar/2026:05:22:48 -0700] "GET /?fileloc=//proc/self/root/proc/thread-self/root/bin/gprof&path=//proc/self/root/proc/thread-self/root/bin HTTP/2.0" 200 43609 "https://powerchemyapikimyasallari.com/?path=//proc/self/root/proc/thread-self/root/bin" "Mozilla/5.0 AppleWebKit/537.36 (KHTML, like Gecko; compatible; GPTBot/1.3; +https://openai.com/gptbot)" 379 **0/379138**
57.141.20.41 - - [17/Mar/2026:05:22:48 -0700] "GET /shopdetail/1392176085.html HTTP/2.0" 403 55633 "-" "meta-externalagent/1.1 (+https://developers.facebook.com/docs/sharing/webmasters/crawler)" 300 **0/300636**
57.141.20.32 - - [17/Mar/2026:05:22:48 -0700] "GET /shopdetail/2813965800.html HTTP/2.0" 403 55633 "-" "meta-externalagent/1.1 (+https://developers.facebook.com/docs/sharing/webmasters/crawler)" 325 **0/325024**
74.7.242.33 - - [17/Mar/2026:05:22:49 -0700] "GET /?path=//proc/self/root/proc/thread-self/root/proc/thread-self/root/proc/thread-self/root/proc/self/root/proc/thread-self/root/proc/self/root/proc/thread-self/root/proc/thread-self/root/lib/firmware/updates HTTP/2.0" 200 2468 "https://www.powerchemyapikimyasallari.com/?path=//proc/self/root/proc/thread-self/root/proc/thread-self/root/proc/thread-self/root/proc/self/root/proc/thread-self/root/proc/self/root/proc/thread-self/root/proc/thread-self/root/lib/firmware" "Mozilla/5.0 AppleWebKit/537.36 (KHTML, like Gecko; compatible; GPTBot/1.3; +https://openai.com/gptbot)" 315 **0/315493**
216.73.216.106 - - [17/Mar/2026:05:22:49 -0700] "GET /shopdetail/2790598747.html?fileloc=%2Fhome%2Ffmbi332s7bv7%2Fpublic_html%2F.htaccess&path=%2Fhome%2Ffmbi332s7bv7%2Fpublic_html HTTP/2.0" 200 3035 "-" "Mozilla/5.0 AppleWebKit/537.36 (KHTML, like Gecko; compatible; ClaudeBot/1.0; +claudebot@anthropic.com)" 290 **0/290041**
57.141.20.29 - - [17/Mar/2026:05:22:49 -0700] "GET /shopdetail/3244063479.html HTTP/2.0" 403 55633 "-" "meta-externalagent/1.1 (+https://developers.facebook.com/docs/sharing/webmasters/crawler)" 319 **0/319133**
57.141.20.55 - - [17/Mar/2026:05:22:49 -0700] "GET /shopdetail/106189515.html?path=/home/fmbi332s7bv7/public_html/.tmb HTTP/2.0" 403 55633 "-" "meta-externalagent/1.1 (+https://developers.facebook.com/docs/sharing/webmasters/crawler)" 317 **0/317311**
57.141.20.53 - - [17/Mar/2026:05:22:50 -0700] "GET /shopdetail/4074411836.html HTTP/2.0" 403 55633 "-" "meta-externalagent/1.1 (+https://developers.facebook.com/docs/sharing/webmasters/crawler)" 356 **0/356179**
57.141.20.1 - - [17/Mar/2026:05:22:50 -0700] "GET /shopdetail/99912564.html HTTP/2.0" 403 55633 "-" "meta-externalagent/1.1 (+https://developers.facebook.com/docs/sharing/webmasters/crawler)" 343 **0/343148**
57.141.20.43 - - [17/Mar/2026:05:22:50 -0700] "GET /shopdetail/376254772.html HTTP/2.0" 403 55633 "-" "meta-externalagent/1.1 (+https://developers.facebook.com/docs/sharing/webmasters/crawler)" 299 **0/299339**
57.141.20.46 - - [17/Mar/2026:05:22:51 -0700] "GET /shopdetail/2737907241.html HTTP/2.0" 403 55633 "-" "meta-externalagent/1.1 (+https://developers.facebook.com/docs/sharing/webmasters/crawler)" 317 **0/317672**
57.141.20.18 - - [17/Mar/2026:05:22:51 -0700] "GET /shopdetail/1316724021.html HTTP/2.0" 403 55633 "-" "meta-externalagent/1.1 (+https://developers.facebook.com/docs/sharing/webmasters/crawler)" 293 **0/293222**
74.7.243.230 - - [17/Mar/2026:05:22:51 -0700] "GET /?fileloc=//proc/self/root/proc/thread-self/root/bin/mesg&path=//proc/self/root/proc/thread-self/root/bin HTTP/2.0" 200 6810 "https://powerchemyapikimyasallari.com/?path=//proc/self/root/proc/thread-self/root/bin" "Mozilla/5.0 AppleWebKit/537.36 (KHTML, like Gecko; compatible; GPTBot/1.3; +https://openai.com/gptbot)" 339 **0/339029**
57.141.20.59 - - [17/Mar/2026:05:22:51 -0700] "GET /shopdetail/3032765561.html HTTP/2.0" 403 55633 "-" "meta-externalagent/1.1 (+https://developers.facebook.com/docs/sharing/webmasters/crawler)" 331 **0/331135**
57.141.20.0 - - [17/Mar/2026:05:22:52 -0700] "GET /shopdetail/3883258504.html HTTP/2.0" 403 55633 "-" "meta-externalagent/1.1 (+https://developers.facebook.com/docs/sharing/webmasters/crawler)" 308 **0/308463**
74.7.242.33 - - [17/Mar/2026:05:22:52 -0700] "GET /?path=//proc/self/root/proc/thread-self/root/proc/thread-self/root/proc/thread-self/root/proc/self/root/proc/thread-self/root/proc/self/root/proc/thread-self/root/proc/thread-self/root/lib/firmware/keyspan HTTP/2.0" 200 2993 "https://www.powerchemyapikimyasallari.com/?path=//proc/self/root/proc/thread-self/root/proc/thread-self/root/proc/thread-self/root/proc/self/root/proc/thread-self/root/proc/self/root/proc/thread-self/root/proc/thread-self/root/lib/firmware" "Mozilla/5.0 AppleWebKit/537.36 (KHTML, like Gecko; compatible; GPTBot/1.3; +https://openai.com/gptbot)" 301 **0/301806**
216.73.216.106 - - [17/Mar/2026:05:22:52 -0700] "GET /hello-world?fileloc=%2F%2Flib%2F.build-id%2F20%2Fd7f0f04907143337af5a2cb4851dafa2e5f4b5&path=%2F%2Flib%2F.build-id%2F20 HTTP/2.0" 200 277531 "-" "Mozilla/5.0 AppleWebKit/537.36 (KHTML, like Gecko; compatible; ClaudeBot/1.0; +claudebot@anthropic.com)" 504 **0/504696**
57.141.20.27 - - [17/Mar/2026:05:22:52 -0700] "GET /shopdetail/1421637703.html HTTP/2.0" 403 55633 "-" "meta-externalagent/1.1 (+https://developers.facebook.com/docs/sharing/webmasters/crawler)" 322 **0/322331**
57.141.20.18 - - [17/Mar/2026:05:22:53 -0700] "GET /shopdetail/300330530.html HTTP/2.0" 403 55633 "-" "meta-externalagent/1.1 (+https://developers.facebook.com/docs/sharing/webmasters/crawler)" 297 **0/297065**
57.141.20.58 - - [17/Mar/2026:05:22:53 -0700] "GET /shopdetail/3729428411.html?fileloc=/home/fmbi332s7bv7/public_html/wp-login.php&path=/home/fmbi332s7bv7/public_html HTTP/2.0" 403 55633 "-" "meta-externalagent/1.1 (+https://developers.facebook.com/docs/sharing/webmasters/crawler)" 314 **0/314508**
57.141.20.5 - - [17/Mar/2026:05:22:53 -0700] "GET /shopdetail/4058818149.html HTTP/2.0" 403 55633 "-" "meta-externalagent/1.1 (+https://developers.facebook.com/docs/sharing/webmasters/crawler)" 313 **0/313947**
57.141.20.10 - - [17/Mar/2026:05:22:53 -0700] "GET /shopdetail/122895955.html HTTP/2.0" 403 55633 "-" "meta-externalagent/1.1 (+https://developers.facebook.com/docs/sharing/webmasters/crawler)" 309 **0/309135**
57.141.20.38 - - [17/Mar/2026:05:22:54 -0700] "GET /shopdetail/2792567634.html?path=/home/fmbi332s7bv7/public_html/cgi-bin HTTP/2.0" 403 55633 "-" "meta-externalagent/1.1 (+https://developers.facebook.com/docs/sharing/webmasters/crawler)" 341 **0/341349**
57.141.20.22 - - [17/Mar/2026:05:22:54 -0700] "GET /shopdetail/2800593318.html?path=/home/fmbi332s7bv7/public_html/images HTTP/2.0" 403 55633 "-" "meta-externalagent/1.1 (+https://developers.facebook.com/docs/sharing/webmasters/crawler)" 325 **0/325330**
57.141.20.21 - - [17/Mar/2026:05:22:54 -0700] "GET /shopdetail/2449322682.html HTTP/2.0" 403 55633 "-" "meta-externalagent/1.1 (+https://developers.facebook.com/docs/sharing/webmasters/crawler)" 378 **0/378981**
74.7.243.230 - - [17/Mar/2026:05:22:55 -0700] "GET /?fileloc=//proc/self/root/proc/thread-self/root/bin/egrep&path=//proc/self/root/proc/thread-self/root/bin HTTP/2.0" 200 2316 "https://powerchemyapikimyasallari.com/?path=//proc/self/root/proc/thread-self/root/bin" "Mozilla/5.0 AppleWebKit/537.36 (KHTML, like Gecko; compatible; GPTBot/1.3; +https://openai.com/gptbot)" 359 **0/359806**
57.141.20.37 - - [17/Mar/2026:05:22:55 -0700] "GET /shopdetail/554502154.html HTTP/2.0" 403 55633 "-" "meta-externalagent/1.1 (+https://developers.facebook.com/docs/sharing/webmasters/crawler)" 379 **0/379552**
74.7.242.33 - - [17/Mar/2026:05:22:55 -0700] "GET /?path=//proc/self/root/proc/thread-self/root/proc/thread-self/root/proc/thread-self/root/proc/self/root/proc/thread-self/root/proc/self/root/proc/thread-self/root/proc/thread-self/root/lib/firmware/mellanox HTTP/2.0" 200 4364 "https://www.powerchemyapikimyasallari.com/?path=//proc/self/root/proc/thread-self/root/proc/thread-self/root/proc/thread-self/root/proc/self/root/proc/thread-self/root/proc/self/root/proc/thread-self/root/proc/thread-self/root/lib/firmware" "Mozilla/5.0 AppleWebKit/537.36 (KHTML, like Gecko; compatible; GPTBot/1.3; +https://openai.com/gptbot)" 475 **0/475673**
57.141.20.26 - - [17/Mar/2026:05:22:55 -0700] "GET /shopdetail/3969315346.html HTTP/2.0" 403 55633 "-" "meta-externalagent/1.1 (+https://developers.facebook.com/docs/sharing/webmasters/crawler)" 477 **0/477284**
57.141.20.43 - - [17/Mar/2026:05:22:55 -0700] "GET /shopdetail/677543454.html HTTP/2.0" 403 55633 "-" "meta-externalagent/1.1 (+https://developers.facebook.com/docs/sharing/webmasters/crawler)" 406 **0/406501**
57.141.20.50 - - [17/Mar/2026:05:22:56 -0700] "GET /shopdetail/3372072819.html HTTP/2.0" 403 55633 "-" "meta-externalagent/1.1 (+https://developers.facebook.com/docs/sharing/webmasters/crawler)" 360 **0/360344**
57.141.20.58 - - [17/Mar/2026:05:22:56 -0700] "GET /shopdetail/900144564.html HTTP/2.0" 403 55633 "-" "meta-externalagent/1.1 (+https://developers.facebook.com/docs/sharing/webmasters/crawler)" 330 **0/330773**
57.141.20.1 - - [17/Mar/2026:05:22:56 -0700] "GET /shopdetail/110753924.html HTTP/2.0" 403 55633 "-" "meta-externalagent/1.1 (+https://developers.facebook.com/docs/sharing/webmasters/crawler)" 357 **0/357299**
57.141.20.29 - - [17/Mar/2026:05:22:57 -0700] "GET /shopdetail/2918112885.html HTTP/2.0" 403 55633 "-" "meta-externalagent/1.1 (+https://developers.facebook.com/docs/sharing/webmasters/crawler)" 376 **0/376897**
57.141.20.23 - - [17/Mar/2026:05:22:57 -0700] "GET /shopdetail/3051153997.html HTTP/2.0" 403 55633 "-" "meta-externalagent/1.1 (+https://developers.facebook.com/docs/sharing/webmasters/crawler)" 371 **0/371712**
216.73.216.106 - - [17/Mar/2026:05:22:55 -0700] "GET /hello-world?fileloc=%2F%2Flib%2F.build-id%2F58%2F65717e73c7b26d9f5e9fd4b6f4045a7dbc777b&path=%2F%2Flib%2F.build-id%2F58 HTTP/2.0" 200 3218172 "-" "Mozilla/5.0 AppleWebKit/537.36 (KHTML, like Gecko; compatible; ClaudeBot/1.0; +claudebot@anthropic.com)" 2875 **2/2875400**
57.141.20.26 - - [17/Mar/2026:05:22:57 -0700] "GET /shopdetail/2215709191.html HTTP/2.0" 403 55633 "-" "meta-externalagent/1.1 (+https://developers.facebook.com/docs/sharing/webmasters/crawler)" 383 **0/383845**
57.141.20.14 - - [17/Mar/2026:05:22:57 -0700] "GET /shopdetail/1583720151.html HTTP/2.0" 403 55633 "-" "meta-externalagent/1.1 (+https://developers.facebook.com/docs/sharing/webmasters/crawler)" 387 **0/387981**
216.73.216.106 - - [17/Mar/2026:05:22:58 -0700] "GET /hello-world?fileloc=%2F%2Flib%2F.build-id%2F36%2Fd8992ceb04a98e099a2d29d335d85b91254201&path=%2F%2Flib%2F.build-id%2F36 HTTP/2.0" 200 6608 "-" "Mozilla/5.0 AppleWebKit/537.36 (KHTML, like Gecko; compatible; ClaudeBot/1.0; +claudebot@anthropic.com)" 306 **0/306171**
74.7.243.230 - - [17/Mar/2026:05:22:58 -0700] "GET /?fileloc=//proc/self/root/proc/thread-self/root/bin/zip&path=//proc/self/root/proc/thread-self/root/bin HTTP/2.0" 200 92426 "https://powerchemyapikimyasallari.com/?path=//proc/self/root/proc/thread-self/root/bin" "Mozilla/5.0 AppleWebKit/537.36 (KHTML, like Gecko; compatible; GPTBot/1.3; +https://openai.com/gptbot)" 374 **0/374160**
74.7.242.33 - - [17/Mar/2026:05:22:58 -0700] "GET /?path=//proc/self/root/proc/thread-self/root/proc/thread-self/root/proc/thread-self/root/proc/self/root/proc/thread-self/root/proc/self/root/proc/thread-self/root/proc/thread-self/root/lib/firmware/brcm HTTP/2.0" 200 6224 "https://www.powerchemyapikimyasallari.com/?path=//proc/self/root/proc/thread-self/root/proc/thread-self/root/proc/thread-self/root/proc/self/root/proc/thread-self/root/proc/self/root/proc/thread-self/root/proc/thread-self/root/lib/firmware" "Mozilla/5.0 AppleWebKit/537.36 (KHTML, like Gecko; compatible; GPTBot/1.3; +https://openai.com/gptbot)" 358 **0/358503**
57.141.20.37 - - [17/Mar/2026:05:22:58 -0700] "GET /shopdetail/1794199696.html HTTP/2.0" 403 55633 "-" "meta-externalagent/1.1 (+https://developers.facebook.com/docs/sharing/webmasters/crawler)" 321 **0/321171**
57.141.20.57 - - [17/Mar/2026:05:22:59 -0700] "GET /shopdetail/917120366.html HTTP/2.0" 403 55633 "-" "meta-externalagent/1.1 (+https://developers.facebook.com/docs/sharing/webmasters/crawler)" 300 **0/300927**
57.141.20.27 - - [17/Mar/2026:05:22:59 -0700] "GET /shopdetail/4194337249.html HTTP/2.0" 403 55633 "-" "meta-externalagent/1.1 (+https://developers.facebook.com/docs/sharing/webmasters/crawler)" 330 **0/330240**
57.141.20.42 - - [17/Mar/2026:05:22:59 -0700] "GET /shopdetail/864942342.html HTTP/2.0" 403 55633 "-" "meta-externalagent/1.1 (+https://developers.facebook.com/docs/sharing/webmasters/crawler)" 318 **0/318922**
57.141.20.43 - - [17/Mar/2026:05:22:59 -0700] "GET /shopdetail/3923101732.html HTTP/2.0" 403 55633 "-" "meta-externalagent/1.1 (+https://developers.facebook.com/docs/sharing/webmasters/crawler)" 364 **0/364320**
57.141.20.44 - - [17/Mar/2026:05:23:00 -0700] "GET /shopdetail/839387180.html?fileloc=/home/fmbi332s7bv7/public_html/wp-includes/blocks/home-link.php&path=/home/fmbi332s7bv7/public_html/wp-includes/blocks HTTP/2.0" 403 55633 "-" "meta-externalagent/1.1 (+https://developers.facebook.com/docs/sharing/webmasters/crawler)" 368 **0/368996**
57.141.20.15 - - [17/Mar/2026:05:23:00 -0700] "GET /shopdetail/2412466280.html HTTP/2.0" 403 55633 "-" "meta-externalagent/1.1 (+https://developers.facebook.com/docs/sharing/webmasters/crawler)" 322 **0/322880**
57.141.20.25 - - [17/Mar/2026:05:23:01 -0700] "GET /shopdetail/2920472390.html HTTP/2.0" 403 55633 "-" "meta-externalagent/1.1 (+https://developers.facebook.com/docs/sharing/webmasters/crawler)" 337 **0/337186**
57.141.20.25 - - [17/Mar/2026:05:23:01 -0700] "GET /shopdetail/702256820.html HTTP/2.0" 403 55633 "-" "meta-externalagent/1.1 (+https://developers.facebook.com/docs/sharing/webmasters/crawler)" 344 **0/344421**
216.73.216.106 - - [17/Mar/2026:05:23:01 -0700] "GET /shopdetail/3110838750.html?fileloc=%2Fhome%2Ffmbi332s7bv7%2Fpublic_html%2F.htaccess&path=%2Fhome%2Ffmbi332s7bv7%2Fpublic_html HTTP/2.0" 200 3035 "-" "Mozilla/5.0 AppleWebKit/537.36 (KHTML, like Gecko; compatible; ClaudeBot/1.0; +claudebot@anthropic.com)" 383 **0/383310**
57.141.20.38 - - [17/Mar/2026:05:23:01 -0700] "GET /shopdetail/3200752678.html HTTP/2.0" 403 55633 "-" "meta-externalagent/1.1 (+https://developers.facebook.com/docs/sharing/webmasters/crawler)" 372 **0/372685**
74.7.243.230 - - [17/Mar/2026:05:23:01 -0700] "GET /?fileloc=//proc/self/root/proc/thread-self/root/bin/convert&path=//proc/self/root/proc/thread-self/root/bin HTTP/2.0" 200 5453 "https://powerchemyapikimyasallari.com/?path=//proc/self/root/proc/thread-self/root/bin" "Mozilla/5.0 AppleWebKit/537.36 (KHTML, like Gecko; compatible; GPTBot/1.3; +https://openai.com/gptbot)" 344 **0/344677**
74.7.242.33 - - [17/Mar/2026:05:23:01 -0700] "GET /?path=//proc/self/root/proc/thread-self/root/proc/thread-self/root/proc/thread-self/root/proc/self/root/proc/thread-self/root/proc/self/root/proc/thread-self/root/proc/thread-self/root/lib/firmware/sdca HTTP/2.0" 200 2707 "https://www.powerchemyapikimyasallari.com/?path=//proc/self/root/proc/thread-self/root/proc/thread-self/root/proc/thread-self/root/proc/self/root/proc/thread-self/root/proc/self/root/proc/thread-self/root/proc/thread-self/root/lib/firmware" "Mozilla/5.0 AppleWebKit/537.36 (KHTML, like Gecko; compatible; GPTBot/1.3; +https://openai.com/gptbot)" 368 **0/368857**
57.141.20.52 - - [17/Mar/2026:05:23:01 -0700] "GET /shopdetail/3984028900.html HTTP/2.0" 403 55633 "-" "meta-externalagent/1.1 (+https://developers.facebook.com/docs/sharing/webmasters/crawler)" 324 **0/324508**
57.141.20.22 - - [17/Mar/2026:05:23:02 -0700] "GET /shopdetail/839387180.html?path=/home/fmbi332s7bv7/public_html/wp-includes/blocks/image HTTP/2.0" 403 55633 "-" "meta-externalagent/1.1 (+https://developers.facebook.com/docs/sharing/webmasters/crawler)" 398 **0/398975**
57.141.20.45 - - [17/Mar/2026:05:23:02 -0700] "GET /shopdetail/1021810242.html HTTP/2.0" 403 55633 "-" "meta-externalagent/1.1 (+https://developers.facebook.com/docs/sharing/webmasters/crawler)" 393 **0/393770**
57.141.20.8 - - [17/Mar/2026:05:23:02 -0700] "GET /shopdetail/2312943450.html HTTP/2.0" 403 55633 "-" "meta-externalagent/1.1 (+https://developers.facebook.com/docs/sharing/webmasters/crawler)" 318 **0/318247**
57.141.20.54 - - [17/Mar/2026:05:23:03 -0700] "GET /shopdetail/3949351961.html?fileloc=/home/fmbi332s7bv7/public_html/error_log&path=/home/fmbi332s7bv7/public_html HTTP/2.0" 403 55633 "-" "meta-externalagent/1.1 (+https://developers.facebook.com/docs/sharing/webmasters/crawler)" 351 **0/351522**
57.141.20.15 - - [17/Mar/2026:05:23:03 -0700] "GET /shopdetail/3909018917.html HTTP/2.0" 403 55633 "-" "meta-externalagent/1.1 (+https://developers.facebook.com/docs/sharing/webmasters/crawler)" 384 **0/384199**
57.141.20.21 - - [17/Mar/2026:05:23:03 -0700] "GET /shopdetail/3801235551.html HTTP/2.0" 403 55633 "-" "meta-externalagent/1.1 (+https://developers.facebook.com/docs/sharing/webmasters/crawler)" 360 **0/360930**
216.73.216.106 - - [17/Mar/2026:05:23:04 -0700] "GET /shopdetail/1285963157.html?fileloc=%2F%2Flib64%2Flibsmartcols.so.1.1.0&path=%2F%2Flib64 HTTP/2.0" 200 83830 "-" "Mozilla/5.0 AppleWebKit/537.36 (KHTML, like Gecko; compatible; ClaudeBot/1.0; +claudebot@anthropic.com)" 431 **0/431032**
57.141.20.22 - - [17/Mar/2026:05:23:04 -0700] "GET /shopdetail/3942435482.html HTTP/2.0" 403 55633 "-" "meta-externalagent/1.1 (+https://developers.facebook.com/docs/sharing/webmasters/crawler)" 336 **0/336348**
