57.141.20.50 - - [17/Mar/2026:05:23:47 -0700] "GET /shopdetail/781971163.html?fileloc=/home/fmbi332s7bv7/public_html/robots.txt&path=/home/fmbi332s7bv7/public_html HTTP/2.0" 403 55633 "-" "meta-externalagent/1.1 (+https://developers.facebook.com/docs/sharing/webmasters/crawler)" 380 **0/380019**
57.141.20.3 - - [17/Mar/2026:05:23:47 -0700] "GET /shopdetail/2510451926.html HTTP/2.0" 403 55633 "-" "meta-externalagent/1.1 (+https://developers.facebook.com/docs/sharing/webmasters/crawler)" 404 **0/404172**
57.141.20.9 - - [17/Mar/2026:05:23:47 -0700] "GET /shopdetail/3835062135.html HTTP/2.0" 403 55633 "-" "meta-externalagent/1.1 (+https://developers.facebook.com/docs/sharing/webmasters/crawler)" 376 **0/376516**
57.141.20.27 - - [17/Mar/2026:05:23:48 -0700] "GET /shopdetail/2361485161.html HTTP/2.0" 403 55633 "-" "meta-externalagent/1.1 (+https://developers.facebook.com/docs/sharing/webmasters/crawler)" 374 **0/374028**
57.141.20.33 - - [17/Mar/2026:05:23:48 -0700] "GET /shopdetail/322651876.html?path=/home/fmbi332s7bv7/public_html HTTP/2.0" 403 55633 "-" "meta-externalagent/1.1 (+https://developers.facebook.com/docs/sharing/webmasters/crawler)" 328 **0/328839**
74.7.242.33 - - [17/Mar/2026:05:23:48 -0700] "GET /?path=//proc/self/root/proc/thread-self/root/proc/thread-self/root/proc/thread-self/root/proc/self/root/proc/thread-self/root/proc/self/root/proc/thread-self/root/proc/self/root/proc/self/root/lib/firmware/matrox HTTP/2.0" 200 2780 "https://www.powerchemyapikimyasallari.com/?path=//proc/self/root/proc/thread-self/root/proc/thread-self/root/proc/thread-self/root/proc/self/root/proc/thread-self/root/proc/self/root/proc/thread-self/root/proc/self/root/proc/self/root/lib/firmware" "Mozilla/5.0 AppleWebKit/537.36 (KHTML, like Gecko; compatible; GPTBot/1.3; +https://openai.com/gptbot)" 367 **0/367868**
57.141.20.3 - - [17/Mar/2026:05:23:48 -0700] "GET /shopdetail/2801676444.html HTTP/2.0" 403 55633 "-" "meta-externalagent/1.1 (+https://developers.facebook.com/docs/sharing/webmasters/crawler)" 352 **0/352237**
74.7.243.230 - - [17/Mar/2026:05:23:49 -0700] "GET /?fileloc=//proc/self/root/proc/thread-self/root/bin/atq&path=//proc/self/root/proc/thread-self/root/bin HTTP/2.0" 200 2926 "https://powerchemyapikimyasallari.com/?path=//proc/self/root/proc/thread-self/root/bin" "Mozilla/5.0 AppleWebKit/537.36 (KHTML, like Gecko; compatible; GPTBot/1.3; +https://openai.com/gptbot)" 368 **0/368987**
216.73.216.106 - - [17/Mar/2026:05:23:49 -0700] "GET /shopdetail/1183817139.html?fileloc=%2Fhome%2Ffmbi332s7bv7%2Fpublic_html%2Ferror_log&path=%2Fhome%2Ffmbi332s7bv7%2Fpublic_html HTTP/2.0" 403 3451 "-" "Mozilla/5.0 AppleWebKit/537.36 (KHTML, like Gecko; compatible; ClaudeBot/1.0; +claudebot@anthropic.com)" 307 **0/307173**
57.141.20.2 - - [17/Mar/2026:05:23:49 -0700] "GET /shopdetail/1584932250.html HTTP/2.0" 403 55633 "-" "meta-externalagent/1.1 (+https://developers.facebook.com/docs/sharing/webmasters/crawler)" 408 **0/408949**
57.141.20.14 - - [17/Mar/2026:05:23:49 -0700] "GET /shopdetail/3031270279.html HTTP/2.0" 403 55633 "-" "meta-externalagent/1.1 (+https://developers.facebook.com/docs/sharing/webmasters/crawler)" 376 **0/376926**
57.141.20.43 - - [17/Mar/2026:05:23:50 -0700] "GET /shopdetail/2216310171.html?fileloc=/home/fmbi332s7bv7/public_html/wp-cron.php&path=/home/fmbi332s7bv7/public_html HTTP/2.0" 403 55633 "-" "meta-externalagent/1.1 (+https://developers.facebook.com/docs/sharing/webmasters/crawler)" 415 **0/415392**
57.141.20.17 - - [17/Mar/2026:05:23:50 -0700] "GET /shopdetail/257296507.html HTTP/2.0" 403 55633 "-" "meta-externalagent/1.1 (+https://developers.facebook.com/docs/sharing/webmasters/crawler)" 380 **0/380747**
57.141.20.40 - - [17/Mar/2026:05:23:50 -0700] "GET /shopdetail/1888462891.html HTTP/2.0" 403 55633 "-" "meta-externalagent/1.1 (+https://developers.facebook.com/docs/sharing/webmasters/crawler)" 335 **0/335169**
57.141.20.8 - - [17/Mar/2026:05:23:51 -0700] "GET /shopdetail/839387180.html?fileloc=/home/fmbi332s7bv7/public_html/wp-includes/block-supports/.htaccess&path=/home/fmbi332s7bv7/public_html/wp-includes/block-supports HTTP/2.0" 403 55633 "-" "meta-externalagent/1.1 (+https://developers.facebook.com/docs/sharing/webmasters/crawler)" 357 **0/357221**
57.141.20.13 - - [17/Mar/2026:05:23:51 -0700] "GET /shopdetail/2671925349.html HTTP/2.0" 403 55633 "-" "meta-externalagent/1.1 (+https://developers.facebook.com/docs/sharing/webmasters/crawler)" 389 **0/389459**
74.7.243.230 - - [17/Mar/2026:05:23:52 -0700] "GET /?fileloc=//proc/self/root/proc/thread-self/root/bin/zipsplit&path=//proc/self/root/proc/thread-self/root/bin HTTP/2.0" 200 42148 "https://powerchemyapikimyasallari.com/?path=//proc/self/root/proc/thread-self/root/bin" "Mozilla/5.0 AppleWebKit/537.36 (KHTML, like Gecko; compatible; GPTBot/1.3; +https://openai.com/gptbot)" 373 **0/373023**
74.7.242.33 - - [17/Mar/2026:05:23:51 -0700] "GET /?path=//proc/self/root/proc/thread-self/root/proc/thread-self/root/proc/thread-self/root/proc/self/root/proc/thread-self/root/proc/self/root/proc/thread-self/root/proc/thread-self/root/proc/thread-self/root/usr/include HTTP/2.0" 200 9624 "https://www.powerchemyapikimyasallari.com/?path=//proc/self/root/proc/thread-self/root/proc/thread-self/root/proc/thread-self/root/proc/self/root/proc/thread-self/root/proc/self/root/proc/thread-self/root/proc/thread-self/root/proc/thread-self/root/usr" "Mozilla/5.0 AppleWebKit/537.36 (KHTML, like Gecko; compatible; GPTBot/1.3; +https://openai.com/gptbot)" 748 **0/748402**
216.73.216.106 - - [17/Mar/2026:05:23:52 -0700] "GET /shopdetail/562355668.html?fileloc=%2Fhome%2Ffmbi332s7bv7%2Fpublic_html%2Fwp-login.php&path=%2Fhome%2Ffmbi332s7bv7%2Fpublic_html HTTP/2.0" 403 3451 "-" "Mozilla/5.0 AppleWebKit/537.36 (KHTML, like Gecko; compatible; ClaudeBot/1.0; +claudebot@anthropic.com)" 368 **0/368493**
57.141.20.51 - - [17/Mar/2026:05:23:52 -0700] "GET /shopdetail/785872697.html HTTP/2.0" 403 55633 "-" "meta-externalagent/1.1 (+https://developers.facebook.com/docs/sharing/webmasters/crawler)" 378 **0/378319**
57.141.20.23 - - [17/Mar/2026:05:23:52 -0700] "GET /shopdetail/83533712.html HTTP/2.0" 403 55633 "-" "meta-externalagent/1.1 (+https://developers.facebook.com/docs/sharing/webmasters/crawler)" 377 **0/377926**
57.141.20.9 - - [17/Mar/2026:05:23:53 -0700] "GET /shopdetail/3200323418.html?fileloc=/home/fmbi332s7bv7/public_html/wp-config.php&path=/home/fmbi332s7bv7/public_html HTTP/2.0" 403 55633 "-" "meta-externalagent/1.1 (+https://developers.facebook.com/docs/sharing/webmasters/crawler)" 339 **0/339678**
57.141.20.44 - - [17/Mar/2026:05:23:53 -0700] "GET /shopdetail/3184446200.html HTTP/2.0" 403 55633 "-" "meta-externalagent/1.1 (+https://developers.facebook.com/docs/sharing/webmasters/crawler)" 394 **0/394729**
57.141.20.57 - - [17/Mar/2026:05:23:53 -0700] "GET /shopdetail/2695891027.html HTTP/2.0" 403 55633 "-" "meta-externalagent/1.1 (+https://developers.facebook.com/docs/sharing/webmasters/crawler)" 342 **0/342495**
57.141.20.56 - - [17/Mar/2026:05:23:53 -0700] "GET /shopdetail/3010420711.html HTTP/2.0" 403 55633 "-" "meta-externalagent/1.1 (+https://developers.facebook.com/docs/sharing/webmasters/crawler)" 339 **0/339962**
57.141.20.43 - - [17/Mar/2026:05:23:54 -0700] "GET /shopdetail/3126784778.html HTTP/2.0" 403 55633 "-" "meta-externalagent/1.1 (+https://developers.facebook.com/docs/sharing/webmasters/crawler)" 459 **0/459152**
57.141.20.43 - - [17/Mar/2026:05:23:54 -0700] "GET /shopdetail/839387180.html?fileloc=/home/fmbi332s7bv7/public_html/wp-includes/blocks/archives.php&path=/home/fmbi332s7bv7/public_html/wp-includes/blocks HTTP/2.0" 403 55633 "-" "meta-externalagent/1.1 (+https://developers.facebook.com/docs/sharing/webmasters/crawler)" 463 **0/463165**
57.141.20.48 - - [17/Mar/2026:05:23:54 -0700] "GET /shopdetail/3718150136.html?fileloc=/home/fmbi332s7bv7/public_html/wp-cron.php&path=/home/fmbi332s7bv7/public_html HTTP/2.0" 403 55633 "-" "meta-externalagent/1.1 (+https://developers.facebook.com/docs/sharing/webmasters/crawler)" 351 **0/351455**
57.141.20.43 - - [17/Mar/2026:05:23:54 -0700] "GET /shopdetail/2413299111.html HTTP/2.0" 403 55633 "-" "meta-externalagent/1.1 (+https://developers.facebook.com/docs/sharing/webmasters/crawler)" 369 **0/369875**
74.7.242.33 - - [17/Mar/2026:05:23:54 -0700] "GET /?path=//proc/self/root/proc/thread-self/root/proc/thread-self/root/proc/thread-self/root/proc/self/root/proc/thread-self/root/proc/thread-self/root/proc/self/root/proc/self/root/proc/self/root/usr/include/ncursesw HTTP/2.0" 200 3287 "https://www.powerchemyapikimyasallari.com/?path=//proc/self/root/proc/thread-self/root/proc/thread-self/root/proc/thread-self/root/proc/self/root/proc/thread-self/root/proc/thread-self/root/proc/self/root/proc/self/root/proc/self/root/usr/include" "Mozilla/5.0 AppleWebKit/537.36 (KHTML, like Gecko; compatible; GPTBot/1.3; +https://openai.com/gptbot)" 398 **0/398344**
74.7.243.230 - - [17/Mar/2026:05:23:55 -0700] "GET /?fileloc=//proc/self/root/proc/thread-self/root/bin/nm&path=//proc/self/root/proc/thread-self/root/bin HTTP/2.0" 200 20754 "https://powerchemyapikimyasallari.com/?path=//proc/self/root/proc/thread-self/root/bin" "Mozilla/5.0 AppleWebKit/537.36 (KHTML, like Gecko; compatible; GPTBot/1.3; +https://openai.com/gptbot)" 320 **0/320803**
216.73.216.106 - - [17/Mar/2026:05:23:55 -0700] "GET /author/admin/feed?fileloc=%2F%2Flib%2F.build-id%2F8b%2F60d2c0a110045697820bbc9987afae62ad4f90&path=%2F%2Flib%2F.build-id%2F8b HTTP/2.0" 403 3451 "-" "Mozilla/5.0 AppleWebKit/537.36 (KHTML, like Gecko; compatible; ClaudeBot/1.0; +claudebot@anthropic.com)" 336 **0/336617**
57.141.20.43 - - [17/Mar/2026:05:23:55 -0700] "GET /shopdetail/964519371.html HTTP/2.0" 403 55633 "-" "meta-externalagent/1.1 (+https://developers.facebook.com/docs/sharing/webmasters/crawler)" 341 **0/341204**
57.141.20.31 - - [17/Mar/2026:05:23:55 -0700] "GET /shopdetail/951931838.html HTTP/2.0" 403 55633 "-" "meta-externalagent/1.1 (+https://developers.facebook.com/docs/sharing/webmasters/crawler)" 332 **0/332108**
57.141.20.2 - - [17/Mar/2026:05:23:56 -0700] "GET /shopdetail/3565282183.html HTTP/2.0" 403 55633 "-" "meta-externalagent/1.1 (+https://developers.facebook.com/docs/sharing/webmasters/crawler)" 405 **0/405884**
57.141.20.43 - - [17/Mar/2026:05:23:56 -0700] "GET /shopdetail/2165188800.html HTTP/2.0" 403 55633 "-" "meta-externalagent/1.1 (+https://developers.facebook.com/docs/sharing/webmasters/crawler)" 339 **0/339500**
57.141.20.36 - - [17/Mar/2026:05:23:57 -0700] "GET /shopdetail/719775397.html HTTP/2.0" 403 55633 "-" "meta-externalagent/1.1 (+https://developers.facebook.com/docs/sharing/webmasters/crawler)" 364 **0/364632**
57.141.20.10 - - [17/Mar/2026:05:23:57 -0700] "GET /shopdetail/173471114.html HTTP/2.0" 403 55633 "-" "meta-externalagent/1.1 (+https://developers.facebook.com/docs/sharing/webmasters/crawler)" 302 **0/302519**
74.7.243.230 - - [17/Mar/2026:05:23:58 -0700] "GET /?fileloc=//proc/self/root/proc/thread-self/root/bin/mariadb-access&path=//proc/self/root/proc/thread-self/root/bin HTTP/2.0" 200 27358 "https://powerchemyapikimyasallari.com/?path=//proc/self/root/proc/thread-self/root/bin" "Mozilla/5.0 AppleWebKit/537.36 (KHTML, like Gecko; compatible; GPTBot/1.3; +https://openai.com/gptbot)" 375 **0/375465**
57.141.20.32 - - [17/Mar/2026:05:23:58 -0700] "GET /shopdetail/3099709373.html HTTP/2.0" 403 55633 "-" "meta-externalagent/1.1 (+https://developers.facebook.com/docs/sharing/webmasters/crawler)" 383 **0/383324**
216.73.216.106 - - [17/Mar/2026:05:23:58 -0700] "GET /shopdetail/1498092688.html?fileloc=%2Fhome%2Ffmbi332s7bv7%2Fpublic_html%2Fwp-content%2Flanguages%2Ftr_TR-9b256ea9cd54df92095e04c76758ceb0.json&path=%2Fhome%2Ffmbi332s7bv7%2Fpublic_html%2Fwp-content%2Flanguages HTTP/2.0" 403 3451 "-" "Mozilla/5.0 AppleWebKit/537.36 (KHTML, like Gecko; compatible; ClaudeBot/1.0; +claudebot@anthropic.com)" 376 **0/376473**
74.7.242.33 - - [17/Mar/2026:05:23:58 -0700] "GET /?path=//proc/self/root/proc/thread-self/root/proc/thread-self/root/proc/thread-self/root/proc/self/root/proc/thread-self/root/proc/self/root/proc/thread-self/root/proc/self/root/proc/self/root/lib/firmware/netronome HTTP/2.0" 200 3198 "https://www.powerchemyapikimyasallari.com/?path=//proc/self/root/proc/thread-self/root/proc/thread-self/root/proc/thread-self/root/proc/self/root/proc/thread-self/root/proc/self/root/proc/thread-self/root/proc/self/root/proc/self/root/lib/firmware" "Mozilla/5.0 AppleWebKit/537.36 (KHTML, like Gecko; compatible; GPTBot/1.3; +https://openai.com/gptbot)" 368 **0/368770**
57.141.20.49 - - [17/Mar/2026:05:23:58 -0700] "GET /shopdetail/2463204978.html HTTP/2.0" 403 55633 "-" "meta-externalagent/1.1 (+https://developers.facebook.com/docs/sharing/webmasters/crawler)" 409 **0/409971**
57.141.20.40 - - [17/Mar/2026:05:23:58 -0700] "GET /shopdetail/2712785369.html HTTP/2.0" 403 55633 "-" "meta-externalagent/1.1 (+https://developers.facebook.com/docs/sharing/webmasters/crawler)" 335 **0/335025**
57.141.20.22 - - [17/Mar/2026:05:23:58 -0700] "GET /shopdetail/839387180.html?fileloc=/home/fmbi332s7bv7/public_html/wp-includes/blocks/heading.php&path=/home/fmbi332s7bv7/public_html/wp-includes/blocks HTTP/2.0" 403 55633 "-" "meta-externalagent/1.1 (+https://developers.facebook.com/docs/sharing/webmasters/crawler)" 403 **0/403242**
57.141.20.17 - - [17/Mar/2026:05:23:59 -0700] "GET /shopdetail/3167785353.html HTTP/2.0" 403 55633 "-" "meta-externalagent/1.1 (+https://developers.facebook.com/docs/sharing/webmasters/crawler)" 441 **0/441140**
57.141.20.8 - - [17/Mar/2026:05:24:00 -0700] "GET /shopdetail/670171445.html HTTP/2.0" 403 55633 "-" "meta-externalagent/1.1 (+https://developers.facebook.com/docs/sharing/webmasters/crawler)" 358 **0/358147**
57.141.20.29 - - [17/Mar/2026:05:24:00 -0700] "GET /shopdetail/2884665569.html HTTP/2.0" 403 55633 "-" "meta-externalagent/1.1 (+https://developers.facebook.com/docs/sharing/webmasters/crawler)" 304 **0/304244**
57.141.20.24 - - [17/Mar/2026:05:24:00 -0700] "GET /shopdetail/1003115017.html HTTP/2.0" 403 55633 "-" "meta-externalagent/1.1 (+https://developers.facebook.com/docs/sharing/webmasters/crawler)" 364 **0/364708**
57.141.20.3 - - [17/Mar/2026:05:24:00 -0700] "GET /shopdetail/1323048983.html HTTP/2.0" 403 55633 "-" "meta-externalagent/1.1 (+https://developers.facebook.com/docs/sharing/webmasters/crawler)" 339 **0/339911**
57.141.20.1 - - [17/Mar/2026:05:24:01 -0700] "GET /shopdetail/4145502323.html HTTP/2.0" 403 55633 "-" "meta-externalagent/1.1 (+https://developers.facebook.com/docs/sharing/webmasters/crawler)" 334 **0/334115**
216.73.216.106 - - [17/Mar/2026:05:24:01 -0700] "GET /shopdetail/1943300659.html?fileloc=%2F%2Flib64%2Flibkadm5clnt.so&path=%2F%2Flib64 HTTP/2.0" 403 3451 "-" "Mozilla/5.0 AppleWebKit/537.36 (KHTML, like Gecko; compatible; ClaudeBot/1.0; +claudebot@anthropic.com)" 441 **0/441096**
74.7.243.230 - - [17/Mar/2026:05:24:01 -0700] "GET /?fileloc=//proc/self/root/proc/thread-self/root/bin/fgrep&path=//proc/self/root/proc/thread-self/root/bin HTTP/2.0" 200 2316 "https://powerchemyapikimyasallari.com/?path=//proc/self/root/proc/thread-self/root/bin" "Mozilla/5.0 AppleWebKit/537.36 (KHTML, like Gecko; compatible; GPTBot/1.3; +https://openai.com/gptbot)" 433 **0/433097**
57.141.20.30 - - [17/Mar/2026:05:24:01 -0700] "GET /shopdetail/2931995181.html HTTP/2.0" 403 55633 "-" "meta-externalagent/1.1 (+https://developers.facebook.com/docs/sharing/webmasters/crawler)" 381 **0/381180**
57.141.20.44 - - [17/Mar/2026:05:24:01 -0700] "GET /shopdetail/1866791958.html HTTP/2.0" 403 55633 "-" "meta-externalagent/1.1 (+https://developers.facebook.com/docs/sharing/webmasters/crawler)" 436 **0/436081**
57.141.20.36 - - [17/Mar/2026:05:24:02 -0700] "GET /shopdetail/2046101431.html HTTP/2.0" 403 55633 "-" "meta-externalagent/1.1 (+https://developers.facebook.com/docs/sharing/webmasters/crawler)" 348 **0/348027**
57.141.20.52 - - [17/Mar/2026:05:24:02 -0700] "GET /shopdetail/4182124324.html?path=/home/fmbi332s7bv7/public_html/.tmb HTTP/2.0" 403 55633 "-" "meta-externalagent/1.1 (+https://developers.facebook.com/docs/sharing/webmasters/crawler)" 378 **0/378447**
57.141.20.16 - - [17/Mar/2026:05:24:03 -0700] "GET /shopdetail/1856377516.html HTTP/2.0" 403 55633 "-" "meta-externalagent/1.1 (+https://developers.facebook.com/docs/sharing/webmasters/crawler)" 432 **0/432975**
57.141.20.11 - - [17/Mar/2026:05:24:03 -0700] "GET /shopdetail/2807622122.html?path=/home/fmbi332s7bv7/public_html/.tmb HTTP/2.0" 403 55633 "-" "meta-externalagent/1.1 (+https://developers.facebook.com/docs/sharing/webmasters/crawler)" 438 **0/438249**
57.141.20.12 - - [17/Mar/2026:05:24:03 -0700] "GET /shopdetail/715994293.html HTTP/2.0" 403 55633 "-" "meta-externalagent/1.1 (+https://developers.facebook.com/docs/sharing/webmasters/crawler)" 405 **0/405243**
57.141.20.43 - - [17/Mar/2026:05:24:04 -0700] "GET /shopdetail/1505235869.html HTTP/2.0" 403 55633 "-" "meta-externalagent/1.1 (+https://developers.facebook.com/docs/sharing/webmasters/crawler)" 412 **0/412120**
216.73.216.106 - - [17/Mar/2026:05:24:04 -0700] "GET /shopdetail/1285963157.html?fileloc=%2F%2Flib64%2Flibsss_nss_idmap.so.0.6.0&path=%2F%2Flib64 HTTP/2.0" 403 3451 "-" "Mozilla/5.0 AppleWebKit/537.36 (KHTML, like Gecko; compatible; ClaudeBot/1.0; +claudebot@anthropic.com)" 402 **0/402776**
74.7.242.33 - - [17/Mar/2026:05:24:01 -0700] "GET /?path=//proc/self/root/proc/thread-self/root/proc/thread-self/root/proc/thread-self/root/proc/self/root/proc/thread-self/root/proc/self/root/proc/self/root/proc/self/root/proc/self/root/usr/lib/prometheus_metrics HTTP/2.0" 200 2732 "https://www.powerchemyapikimyasallari.com/?path=//proc/self/root/proc/thread-self/root/proc/thread-self/root/proc/thread-self/root/proc/self/root/proc/thread-self/root/proc/self/root/proc/self/root/proc/self/root/proc/self/root/usr/lib" "Mozilla/5.0 AppleWebKit/537.36 (KHTML, like Gecko; compatible; GPTBot/1.3; +https://openai.com/gptbot)" 3132 **3/3132567**
74.7.243.230 - - [17/Mar/2026:05:24:04 -0700] "GET /?fileloc=//proc/self/root/proc/thread-self/root/bin/sum&path=//proc/self/root/proc/thread-self/root/bin HTTP/2.0" 200 18988 "https://powerchemyapikimyasallari.com/?path=//proc/self/root/proc/thread-self/root/bin" "Mozilla/5.0 AppleWebKit/537.36 (KHTML, like Gecko; compatible; GPTBot/1.3; +https://openai.com/gptbot)" 382 **0/382295**
57.141.20.46 - - [17/Mar/2026:05:24:04 -0700] "GET /shopdetail/833143557.html HTTP/2.0" 403 55633 "-" "meta-externalagent/1.1 (+https://developers.facebook.com/docs/sharing/webmasters/crawler)" 375 **0/375833**
74.7.242.33 - - [17/Mar/2026:05:24:04 -0700] "GET /?path=//proc/self/root/proc/thread-self/root/proc/thread-self/root/proc/thread-self/root/proc/self/root/proc/thread-self/root/proc/self/root/proc/self/root/proc/thread-self/root/proc/thread-self/root/lib/firmware/intel HTTP/2.0" 200 5835 "https://www.powerchemyapikimyasallari.com/?path=//proc/self/root/proc/thread-self/root/proc/thread-self/root/proc/thread-self/root/proc/self/root/proc/thread-self/root/proc/self/root/proc/self/root/proc/thread-self/root/proc/thread-self/root/lib/firmware" "Mozilla/5.0 AppleWebKit/537.36 (KHTML, like Gecko; compatible; GPTBot/1.3; +https://openai.com/gptbot)" 436 **0/436842**
57.141.20.52 - - [17/Mar/2026:05:24:04 -0700] "GET /shopdetail/3017261163.html HTTP/2.0" 403 55633 "-" "meta-externalagent/1.1 (+https://developers.facebook.com/docs/sharing/webmasters/crawler)" 321 **0/321672**
57.141.20.54 - - [17/Mar/2026:05:24:05 -0700] "GET /shopdetail/2998348668.html HTTP/2.0" 403 55633 "-" "meta-externalagent/1.1 (+https://developers.facebook.com/docs/sharing/webmasters/crawler)" 336 **0/336100**
57.141.20.43 - - [17/Mar/2026:05:24:05 -0700] "GET /shopdetail/2348552302.html HTTP/2.0" 403 55633 "-" "meta-externalagent/1.1 (+https://developers.facebook.com/docs/sharing/webmasters/crawler)" 402 **0/402026**
57.141.20.41 - - [17/Mar/2026:05:24:05 -0700] "GET /shopdetail/3003907017.html HTTP/2.0" 403 55633 "-" "meta-externalagent/1.1 (+https://developers.facebook.com/docs/sharing/webmasters/crawler)" 420 **0/420202**
57.141.20.52 - - [17/Mar/2026:05:24:06 -0700] "GET /shopdetail/3573780236.html HTTP/2.0" 403 55633 "-" "meta-externalagent/1.1 (+https://developers.facebook.com/docs/sharing/webmasters/crawler)" 425 **0/425477**
57.141.20.37 - - [17/Mar/2026:05:24:06 -0700] "GET /shopdetail/4124607073.html HTTP/2.0" 403 55633 "-" "meta-externalagent/1.1 (+https://developers.facebook.com/docs/sharing/webmasters/crawler)" 407 **0/407429**
57.141.20.39 - - [17/Mar/2026:05:24:07 -0700] "GET /shopdetail/734461286.html HTTP/2.0" 403 55633 "-" "meta-externalagent/1.1 (+https://developers.facebook.com/docs/sharing/webmasters/crawler)" 353 **0/353924**
216.73.216.106 - - [17/Mar/2026:05:24:07 -0700] "GET /shopdetail/1943300659.html?fileloc=%2F%2Flib64%2FlibXxf86misc.so.1&path=%2F%2Flib64 HTTP/2.0" 403 3451 "-" "Mozilla/5.0 AppleWebKit/537.36 (KHTML, like Gecko; compatible; ClaudeBot/1.0; +claudebot@anthropic.com)" 420 **0/420541**
57.141.20.23 - - [17/Mar/2026:05:24:07 -0700] "GET /shopdetail/1122755773.html HTTP/2.0" 403 55633 "-" "meta-externalagent/1.1 (+https://developers.facebook.com/docs/sharing/webmasters/crawler)" 361 **0/361221**
74.7.243.230 - - [17/Mar/2026:05:24:07 -0700] "GET /?fileloc=//proc/self/root/proc/thread-self/root/bin/passwd&path=//proc/self/root/proc/thread-self/root/bin HTTP/2.0" 200 2933 "https://powerchemyapikimyasallari.com/?path=//proc/self/root/proc/thread-self/root/bin" "Mozilla/5.0 AppleWebKit/537.36 (KHTML, like Gecko; compatible; GPTBot/1.3; +https://openai.com/gptbot)" 368 **0/368207**
57.141.20.2 - - [17/Mar/2026:05:24:07 -0700] "GET /shopdetail/2800593318.html?fileloc=/home/fmbi332s7bv7/public_html/orpcw.php&path=/home/fmbi332s7bv7/public_html HTTP/2.0" 403 55633 "-" "meta-externalagent/1.1 (+https://developers.facebook.com/docs/sharing/webmasters/crawler)" 401 **0/401648**
74.7.242.33 - - [17/Mar/2026:05:24:07 -0700] "GET /?path=//proc/self/root/proc/thread-self/root/proc/thread-self/root/proc/thread-self/root/proc/self/root/proc/thread-self/root/proc/self/root/proc/thread-self/root/proc/thread-self/root/lib/firmware/netronome/bpf HTTP/2.0" 200 3053 "https://www.powerchemyapikimyasallari.com/?path=//proc/self/root/proc/thread-self/root/proc/thread-self/root/proc/thread-self/root/proc/self/root/proc/thread-self/root/proc/self/root/proc/thread-self/root/proc/thread-self/root/lib/firmware/netronome" "Mozilla/5.0 AppleWebKit/537.36 (KHTML, like Gecko; compatible; GPTBot/1.3; +https://openai.com/gptbot)" 346 **0/346001**
57.141.20.37 - - [17/Mar/2026:05:24:08 -0700] "GET /shopdetail/1116954870.html HTTP/2.0" 403 55633 "-" "meta-externalagent/1.1 (+https://developers.facebook.com/docs/sharing/webmasters/crawler)" 400 **0/400405**
57.141.20.52 - - [17/Mar/2026:05:24:08 -0700] "GET /shopdetail/1251958496.html HTTP/2.0" 403 55633 "-" "meta-externalagent/1.1 (+https://developers.facebook.com/docs/sharing/webmasters/crawler)" 411 **0/411230**
57.141.20.43 - - [17/Mar/2026:05:24:09 -0700] "GET /shopdetail/1106612818.html HTTP/2.0" 403 55633 "-" "meta-externalagent/1.1 (+https://developers.facebook.com/docs/sharing/webmasters/crawler)" 423 **0/423954**
57.141.20.20 - - [17/Mar/2026:05:24:09 -0700] "GET /shopdetail/939787257.html HTTP/2.0" 403 55633 "-" "meta-externalagent/1.1 (+https://developers.facebook.com/docs/sharing/webmasters/crawler)" 374 **0/374811**
57.141.20.20 - - [17/Mar/2026:05:24:09 -0700] "GET /shopdetail/3126948317.html HTTP/2.0" 403 55633 "-" "meta-externalagent/1.1 (+https://developers.facebook.com/docs/sharing/webmasters/crawler)" 328 **0/328896**
57.141.20.11 - - [17/Mar/2026:05:24:09 -0700] "GET /shopdetail/1386375214.html HTTP/2.0" 403 55633 "-" "meta-externalagent/1.1 (+https://developers.facebook.com/docs/sharing/webmasters/crawler)" 335 **0/335205**
216.73.216.106 - - [17/Mar/2026:05:24:10 -0700] "GET /hello-world?fileloc=%2F%2Flib%2F.build-id%2Fda%2F149ecdf74f4fe40927364791f7c67a5b262023&path=%2F%2Flib%2F.build-id%2Fda HTTP/2.0" 403 3451 "-" "Mozilla/5.0 AppleWebKit/537.36 (KHTML, like Gecko; compatible; ClaudeBot/1.0; +claudebot@anthropic.com)" 338 **0/338812**
57.141.20.23 - - [17/Mar/2026:05:24:10 -0700] "GET /shopdetail/3722746985.html HTTP/2.0" 403 55633 "-" "meta-externalagent/1.1 (+https://developers.facebook.com/docs/sharing/webmasters/crawler)" 309 **0/309583**
57.141.20.27 - - [17/Mar/2026:05:24:10 -0700] "GET /shopdetail/443336960.html HTTP/2.0" 403 55633 "-" "meta-externalagent/1.1 (+https://developers.facebook.com/docs/sharing/webmasters/crawler)" 345 **0/345081**
74.7.243.230 - - [17/Mar/2026:05:24:10 -0700] "GET /?fileloc=//proc/self/root/proc/thread-self/root/bin/mogrify&path=//proc/self/root/proc/thread-self/root/bin HTTP/2.0" 200 5482 "https://powerchemyapikimyasallari.com/?path=//proc/self/root/proc/thread-self/root/bin" "Mozilla/5.0 AppleWebKit/537.36 (KHTML, like Gecko; compatible; GPTBot/1.3; +https://openai.com/gptbot)" 377 **0/377899**
57.141.20.25 - - [17/Mar/2026:05:24:10 -0700] "GET /shopdetail/573232846.html HTTP/2.0" 403 55633 "-" "meta-externalagent/1.1 (+https://developers.facebook.com/docs/sharing/webmasters/crawler)" 339 **0/339790**
74.7.242.33 - - [17/Mar/2026:05:24:11 -0700] "GET /?path=//proc/self/root/proc/thread-self/root/proc/thread-self/root/proc/thread-self/root/proc/self/root/proc/thread-self/root/proc/self/root/proc/thread-self/root/proc/thread-self/root/lib/firmware/netronome/nic HTTP/2.0" 200 3051 "https://www.powerchemyapikimyasallari.com/?path=//proc/self/root/proc/thread-self/root/proc/thread-self/root/proc/thread-self/root/proc/self/root/proc/thread-self/root/proc/self/root/proc/thread-self/root/proc/thread-self/root/lib/firmware/netronome" "Mozilla/5.0 AppleWebKit/537.36 (KHTML, like Gecko; compatible; GPTBot/1.3; +https://openai.com/gptbot)" 423 **0/423066**
57.141.20.44 - - [17/Mar/2026:05:24:11 -0700] "GET /shopdetail/2195829580.html HTTP/2.0" 403 55633 "-" "meta-externalagent/1.1 (+https://developers.facebook.com/docs/sharing/webmasters/crawler)" 335 **0/335272**
57.141.20.41 - - [17/Mar/2026:05:24:11 -0700] "GET /shopdetail/3718150136.html?fileloc=/home/fmbi332s7bv7/public_html/txets.php&path=/home/fmbi332s7bv7/public_html HTTP/2.0" 403 55633 "-" "meta-externalagent/1.1 (+https://developers.facebook.com/docs/sharing/webmasters/crawler)" 373 **0/373617**
57.141.20.21 - - [17/Mar/2026:05:24:12 -0700] "GET /shopdetail/839387180.html?fileloc=/home/fmbi332s7bv7/public_html/wp-includes/blocks/comments-pagination-next.php&path=/home/fmbi332s7bv7/public_html/wp-includes/blocks HTTP/2.0" 403 55633 "-" "meta-externalagent/1.1 (+https://developers.facebook.com/docs/sharing/webmasters/crawler)" 439 **0/439036**
57.141.20.39 - - [17/Mar/2026:05:24:12 -0700] "GET /shopdetail/3223551496.html?path=/home HTTP/2.0" 403 55633 "-" "meta-externalagent/1.1 (+https://developers.facebook.com/docs/sharing/webmasters/crawler)" 323 **0/323441**
57.141.20.23 - - [17/Mar/2026:05:24:12 -0700] "GET /shopdetail/839387180.html?fileloc=/home/fmbi332s7bv7/public_html/wp-includes/blocks/query-pagination-numbers.php&path=/home/fmbi332s7bv7/public_html/wp-includes/blocks HTTP/2.0" 403 55633 "-" "meta-externalagent/1.1 (+https://developers.facebook.com/docs/sharing/webmasters/crawler)" 329 **0/329027**
216.73.216.106 - - [17/Mar/2026:05:24:13 -0700] "GET /shopdetail/1943300659.html?fileloc=%2F%2Flib64%2Flibgobject-2.0.so.0.5600.4&path=%2F%2Flib64 HTTP/2.0" 200 124494 "-" "Mozilla/5.0 AppleWebKit/537.36 (KHTML, like Gecko; compatible; ClaudeBot/1.0; +claudebot@anthropic.com)" 460 **0/460238**
57.141.20.6 - - [17/Mar/2026:05:24:13 -0700] "GET /shopdetail/3931958765.html HTTP/2.0" 403 55633 "-" "meta-externalagent/1.1 (+https://developers.facebook.com/docs/sharing/webmasters/crawler)" 351 **0/351119**
57.141.20.38 - - [17/Mar/2026:05:24:13 -0700] "GET /shopdetail/3529790301.html HTTP/2.0" 403 55633 "-" "meta-externalagent/1.1 (+https://developers.facebook.com/docs/sharing/webmasters/crawler)" 339 **0/339569**
74.7.243.230 - - [17/Mar/2026:05:24:13 -0700] "GET /?fileloc=//proc/self/root/proc/thread-self/root/bin/import&path=//proc/self/root/proc/thread-self/root/bin HTTP/2.0" 200 5445 "https://powerchemyapikimyasallari.com/?path=//proc/self/root/proc/thread-self/root/bin" "Mozilla/5.0 AppleWebKit/537.36 (KHTML, like Gecko; compatible; GPTBot/1.3; +https://openai.com/gptbot)" 344 **0/344889**
57.141.20.45 - - [17/Mar/2026:05:24:13 -0700] "GET /shopdetail/604635248.html HTTP/2.0" 403 55633 "-" "meta-externalagent/1.1 (+https://developers.facebook.com/docs/sharing/webmasters/crawler)" 304 **0/304659**
74.7.242.33 - - [17/Mar/2026:05:24:14 -0700] "GET /?path=//proc/self/root/proc/thread-self/root/proc/thread-self/root/proc/thread-self/root/proc/self/root/proc/thread-self/root/proc/self/root/proc/self/root/proc/thread-self/root/lib/rpm/platform/mipsel-linux HTTP/2.0" 200 2748 "https://www.powerchemyapikimyasallari.com/?path=//proc/self/root/proc/thread-self/root/proc/thread-self/root/proc/thread-self/root/proc/self/root/proc/thread-self/root/proc/self/root/proc/self/root/proc/thread-self/root/lib/rpm/platform" "Mozilla/5.0 AppleWebKit/537.36 (KHTML, like Gecko; compatible; GPTBot/1.3; +https://openai.com/gptbot)" 336 **0/336375**
57.141.20.22 - - [17/Mar/2026:05:24:14 -0700] "GET /shopdetail/1588549831.html HTTP/2.0" 403 55633 "-" "meta-externalagent/1.1 (+https://developers.facebook.com/docs/sharing/webmasters/crawler)" 356 **0/356971**
57.141.20.48 - - [17/Mar/2026:05:24:14 -0700] "GET /shopdetail/3718150136.html?path=/home/fmbi332s7bv7/public_html/.tmb HTTP/2.0" 403 55633 "-" "meta-externalagent/1.1 (+https://developers.facebook.com/docs/sharing/webmasters/crawler)" 310 **0/310357**
57.141.20.58 - - [17/Mar/2026:05:24:14 -0700] "GET /shopdetail/3199920211.html HTTP/2.0" 403 55633 "-" "meta-externalagent/1.1 (+https://developers.facebook.com/docs/sharing/webmasters/crawler)" 352 **0/352379**
57.141.20.8 - - [17/Mar/2026:05:24:15 -0700] "GET /shopdetail/2807622122.html?fileloc=/home/fmbi332s7bv7/public_html/readme.html&path=/home/fmbi332s7bv7/public_html HTTP/2.0" 403 55633 "-" "meta-externalagent/1.1 (+https://developers.facebook.com/docs/sharing/webmasters/crawler)" 371 **0/371878**
57.141.20.59 - - [17/Mar/2026:05:24:15 -0700] "GET /shopdetail/1469591566.html HTTP/2.0" 403 55633 "-" "meta-externalagent/1.1 (+https://developers.facebook.com/docs/sharing/webmasters/crawler)" 338 **0/338896**
57.141.20.58 - - [17/Mar/2026:05:24:15 -0700] "GET /shopdetail/1851625189.html HTTP/2.0" 403 55633 "-" "meta-externalagent/1.1 (+https://developers.facebook.com/docs/sharing/webmasters/crawler)" 355 **0/355949**
216.73.216.106 - - [17/Mar/2026:05:24:16 -0700] "GET /shopdetail/2772788426.html?fileloc=%2Fhome%2Ffmbi332s7bv7%2Fpublic_html%2F.htaccess&path=%2Fhome%2Ffmbi332s7bv7%2Fpublic_html HTTP/2.0" 200 3035 "-" "Mozilla/5.0 AppleWebKit/537.36 (KHTML, like Gecko; compatible; ClaudeBot/1.0; +claudebot@anthropic.com)" 379 **0/379529**
57.141.20.26 - - [17/Mar/2026:05:24:16 -0700] "GET /shopdetail/2969673819.html HTTP/2.0" 403 55633 "-" "meta-externalagent/1.1 (+https://developers.facebook.com/docs/sharing/webmasters/crawler)" 340 **0/340410**
74.7.243.230 - - [17/Mar/2026:05:24:17 -0700] "GET /?fileloc=//proc/self/root/proc/thread-self/root/bin/make&path=//proc/self/root/proc/thread-self/root/bin HTTP/2.0" 200 100433 "https://powerchemyapikimyasallari.com/?path=//proc/self/root/proc/thread-self/root/bin" "Mozilla/5.0 AppleWebKit/537.36 (KHTML, like Gecko; compatible; GPTBot/1.3; +https://openai.com/gptbot)" 414 **0/414903**
57.141.20.45 - - [17/Mar/2026:05:24:17 -0700] "GET /shopdetail/289400582.html HTTP/2.0" 403 55633 "-" "meta-externalagent/1.1 (+https://developers.facebook.com/docs/sharing/webmasters/crawler)" 362 **0/362435**
57.141.20.45 - - [17/Mar/2026:05:24:17 -0700] "GET /shopdetail/1042705492.html HTTP/2.0" 403 55633 "-" "meta-externalagent/1.1 (+https://developers.facebook.com/docs/sharing/webmasters/crawler)" 315 **0/315865**
74.7.242.33 - - [17/Mar/2026:05:24:17 -0700] "GET /?path=//proc/self/root/proc/thread-self/root/proc/thread-self/root/proc/thread-self/root/proc/self/root/proc/thread-self/root/proc/self/root/proc/thread-self/root/proc/thread-self/root/lib/firmware/amdtee HTTP/2.0" 200 2875 "https://www.powerchemyapikimyasallari.com/?path=//proc/self/root/proc/thread-self/root/proc/thread-self/root/proc/thread-self/root/proc/self/root/proc/thread-self/root/proc/self/root/proc/thread-self/root/proc/thread-self/root/lib/firmware" "Mozilla/5.0 AppleWebKit/537.36 (KHTML, like Gecko; compatible; GPTBot/1.3; +https://openai.com/gptbot)" 322 **0/322629**
57.141.20.5 - - [17/Mar/2026:05:24:17 -0700] "GET /shopdetail/2906590126.html HTTP/2.0" 403 55633 "-" "meta-externalagent/1.1 (+https://developers.facebook.com/docs/sharing/webmasters/crawler)" 324 **0/324328**
57.141.20.9 - - [17/Mar/2026:05:24:18 -0700] "GET /shopdetail/1875893085.html HTTP/2.0" 403 55633 "-" "meta-externalagent/1.1 (+https://developers.facebook.com/docs/sharing/webmasters/crawler)" 348 **0/348655**
57.141.20.51 - - [17/Mar/2026:05:24:18 -0700] "GET /shopdetail/3385853735.html HTTP/2.0" 403 55633 "-" "meta-externalagent/1.1 (+https://developers.facebook.com/docs/sharing/webmasters/crawler)" 315 **0/315726**
57.141.20.18 - - [17/Mar/2026:05:24:18 -0700] "GET /shopdetail/922251929.html HTTP/2.0" 403 55633 "-" "meta-externalagent/1.1 (+https://developers.facebook.com/docs/sharing/webmasters/crawler)" 328 **0/328885**
57.141.20.2 - - [17/Mar/2026:05:24:19 -0700] "GET /shopdetail/3021688304.html HTTP/2.0" 403 55633 "-" "meta-externalagent/1.1 (+https://developers.facebook.com/docs/sharing/webmasters/crawler)" 328 **0/328707**
216.73.216.106 - - [17/Mar/2026:05:24:19 -0700] "GET /hello-world?fileloc=%2F%2Flib%2F.build-id%2F4c%2Ffd2763e36e940f38f308c574384d7f4f495d47&path=%2F%2Flib%2F.build-id%2F4c HTTP/2.0" 200 6495 "-" "Mozilla/5.0 AppleWebKit/537.36 (KHTML, like Gecko; compatible; ClaudeBot/1.0; +claudebot@anthropic.com)" 359 **0/359832**
57.141.20.54 - - [17/Mar/2026:05:24:19 -0700] "GET /shopdetail/1297993361.html HTTP/2.0" 403 55633 "-" "meta-externalagent/1.1 (+https://developers.facebook.com/docs/sharing/webmasters/crawler)" 348 **0/348871**
57.141.20.57 - - [17/Mar/2026:05:24:19 -0700] "GET /shopdetail/3030058180.html HTTP/2.0" 403 55633 "-" "meta-externalagent/1.1 (+https://developers.facebook.com/docs/sharing/webmasters/crawler)" 380 **0/380129**
74.7.243.230 - - [17/Mar/2026:05:24:20 -0700] "GET /?fileloc=//proc/self/root/proc/thread-self/root/bin/strings&path=//proc/self/root/proc/thread-self/root/bin HTTP/2.0" 200 16361 "https://powerchemyapikimyasallari.com/?path=//proc/self/root/proc/thread-self/root/bin" "Mozilla/5.0 AppleWebKit/537.36 (KHTML, like Gecko; compatible; GPTBot/1.3; +https://openai.com/gptbot)" 351 **0/351026**
57.141.20.21 - - [17/Mar/2026:05:24:20 -0700] "GET /shopdetail/3399754747.html HTTP/2.0" 403 55633 "-" "meta-externalagent/1.1 (+https://developers.facebook.com/docs/sharing/webmasters/crawler)" 340 **0/340462**
74.7.242.33 - - [17/Mar/2026:05:24:20 -0700] "GET /?path=//proc/self/root/proc/thread-self/root/proc/thread-self/root/proc/thread-self/root/proc/self/root/proc/thread-self/root/proc/self/root/proc/self/root/proc/self/root/proc/thread-self/root/lib/firmware/acenic HTTP/2.0" 200 2784 "https://www.powerchemyapikimyasallari.com/?path=//proc/self/root/proc/thread-self/root/proc/thread-self/root/proc/thread-self/root/proc/self/root/proc/thread-self/root/proc/self/root/proc/self/root/proc/self/root/proc/thread-self/root/lib/firmware" "Mozilla/5.0 AppleWebKit/537.36 (KHTML, like Gecko; compatible; GPTBot/1.3; +https://openai.com/gptbot)" 311 **0/311682**
57.141.20.23 - - [17/Mar/2026:05:24:20 -0700] "GET /shopdetail/1224292766.html HTTP/2.0" 403 55633 "-" "meta-externalagent/1.1 (+https://developers.facebook.com/docs/sharing/webmasters/crawler)" 322 **0/322415**
57.141.20.36 - - [17/Mar/2026:05:24:20 -0700] "GET /shopdetail/839387180.html?fileloc=/home/fmbi332s7bv7/public_html/wp-includes/blocks/index.php&path=/home/fmbi332s7bv7/public_html/wp-includes/blocks HTTP/2.0" 403 55633 "-" "meta-externalagent/1.1 (+https://developers.facebook.com/docs/sharing/webmasters/crawler)" 338 **0/338194**
57.141.20.43 - - [17/Mar/2026:05:24:21 -0700] "GET /shopdetail/4181146642.html HTTP/2.0" 403 55633 "-" "meta-externalagent/1.1 (+https://developers.facebook.com/docs/sharing/webmasters/crawler)" 307 **0/307997**
57.141.20.19 - - [17/Mar/2026:05:24:21 -0700] "GET /shopdetail/3869757033.html HTTP/2.0" 403 55633 "-" "meta-externalagent/1.1 (+https://developers.facebook.com/docs/sharing/webmasters/crawler)" 321 **0/321593**
57.141.20.33 - - [17/Mar/2026:05:24:22 -0700] "GET /shopdetail/2706820975.html HTTP/2.0" 403 55633 "-" "meta-externalagent/1.1 (+https://developers.facebook.com/docs/sharing/webmasters/crawler)" 318 **0/318396**
57.141.20.33 - - [17/Mar/2026:05:24:22 -0700] "GET /shopdetail/1130292834.html HTTP/2.0" 403 55633 "-" "meta-externalagent/1.1 (+https://developers.facebook.com/docs/sharing/webmasters/crawler)" 316 **0/316930**
216.73.216.106 - - [17/Mar/2026:05:24:22 -0700] "GET /shopdetail/1943300659.html?fileloc=%2F%2Flib64%2Flibpci.so.3.7.0&path=%2F%2Flib64 HTTP/2.0" 200 24985 "-" "Mozilla/5.0 AppleWebKit/537.36 (KHTML, like Gecko; compatible; ClaudeBot/1.0; +claudebot@anthropic.com)" 380 **0/380482**
57.141.20.38 - - [17/Mar/2026:05:24:22 -0700] "GET /shopdetail/4062122464.html HTTP/2.0" 403 55633 "-" "meta-externalagent/1.1 (+https://developers.facebook.com/docs/sharing/webmasters/crawler)" 398 **0/398278**
57.141.20.45 - - [17/Mar/2026:05:24:23 -0700] "GET /shopdetail/4029472496.html HTTP/2.0" 403 55633 "-" "meta-externalagent/1.1 (+https://developers.facebook.com/docs/sharing/webmasters/crawler)" 328 **0/328403**
74.7.243.230 - - [17/Mar/2026:05:24:23 -0700] "GET /?fileloc=//proc/self/root/proc/thread-self/root/bin/raw&path=//proc/self/root/proc/thread-self/root/bin HTTP/2.0" 200 7590 "https://powerchemyapikimyasallari.com/?path=//proc/self/root/proc/thread-self/root/bin" "Mozilla/5.0 AppleWebKit/537.36 (KHTML, like Gecko; compatible; GPTBot/1.3; +https://openai.com/gptbot)" 325 **0/325405**
57.141.20.36 - - [17/Mar/2026:05:24:23 -0700] "GET /shopdetail/1985580239.html HTTP/2.0" 403 55633 "-" "meta-externalagent/1.1 (+https://developers.facebook.com/docs/sharing/webmasters/crawler)" 339 **0/339941**
74.7.242.33 - - [17/Mar/2026:05:24:23 -0700] "GET /?path=//proc/self/root/proc/thread-self/root/proc/thread-self/root/proc/thread-self/root/proc/self/root/proc/thread-self/root/proc/thread-self/root/proc/thread-self/root/proc/thread-self/root/lib/firmware/qcom HTTP/2.0" 200 4413 "https://www.powerchemyapikimyasallari.com/?path=//proc/self/root/proc/thread-self/root/proc/thread-self/root/proc/thread-self/root/proc/self/root/proc/thread-self/root/proc/thread-self/root/proc/thread-self/root/proc/thread-self/root/lib/firmware" "Mozilla/5.0 AppleWebKit/537.36 (KHTML, like Gecko; compatible; GPTBot/1.3; +https://openai.com/gptbot)" 384 **0/384939**
57.141.20.43 - - [17/Mar/2026:05:24:23 -0700] "GET /shopdetail/3715461047.html HTTP/2.0" 403 55633 "-" "meta-externalagent/1.1 (+https://developers.facebook.com/docs/sharing/webmasters/crawler)" 375 **0/375383**
57.141.20.27 - - [17/Mar/2026:05:24:23 -0700] "GET /shopdetail/3474824997.html HTTP/2.0" 403 55633 "-" "meta-externalagent/1.1 (+https://developers.facebook.com/docs/sharing/webmasters/crawler)" 339 **0/339154**
57.141.20.52 - - [17/Mar/2026:05:24:24 -0700] "GET /shopdetail/2812753701.html HTTP/2.0" 403 55633 "-" "meta-externalagent/1.1 (+https://developers.facebook.com/docs/sharing/webmasters/crawler)" 359 **0/359479**
57.141.20.33 - - [17/Mar/2026:05:24:25 -0700] "GET /shopdetail/202775160.html HTTP/2.0" 403 55633 "-" "meta-externalagent/1.1 (+https://developers.facebook.com/docs/sharing/webmasters/crawler)" 344 **0/344585**
216.73.216.106 - - [17/Mar/2026:05:24:25 -0700] "GET /shopdetail/562355668.html?fileloc=%2Fhome%2Ffmbi332s7bv7%2Fpublic_html%2Findex.php&path=%2Fhome%2Ffmbi332s7bv7%2Fpublic_html HTTP/2.0" 200 10664 "-" "Mozilla/5.0 AppleWebKit/537.36 (KHTML, like Gecko; compatible; ClaudeBot/1.0; +claudebot@anthropic.com)" 367 **0/367728**
57.141.20.20 - - [17/Mar/2026:05:24:25 -0700] "GET /shopdetail/992951698.html HTTP/2.0" 403 55633 "-" "meta-externalagent/1.1 (+https://developers.facebook.com/docs/sharing/webmasters/crawler)" 363 **0/363125**
57.141.20.24 - - [17/Mar/2026:05:24:25 -0700] "GET /shopdetail/2807622122.html?fileloc=/home/fmbi332s7bv7/public_html/wp-activate.php&path=/home/fmbi332s7bv7/public_html HTTP/2.0" 403 55633 "-" "meta-externalagent/1.1 (+https://developers.facebook.com/docs/sharing/webmasters/crawler)" 286 **0/286398**
57.141.20.47 - - [17/Mar/2026:05:24:26 -0700] "GET /shopdetail/1475555960.html HTTP/2.0" 403 55633 "-" "meta-externalagent/1.1 (+https://developers.facebook.com/docs/sharing/webmasters/crawler)" 352 **0/352081**
57.141.20.11 - - [17/Mar/2026:05:24:26 -0700] "GET /shopdetail/2811541618.html HTTP/2.0" 403 55633 "-" "meta-externalagent/1.1 (+https://developers.facebook.com/docs/sharing/webmasters/crawler)" 382 **0/382120**
57.141.20.44 - - [17/Mar/2026:05:24:26 -0700] "GET /shopdetail/1341600942.html HTTP/2.0" 403 55633 "-" "meta-externalagent/1.1 (+https://developers.facebook.com/docs/sharing/webmasters/crawler)" 325 **0/325848**
74.7.243.230 - - [17/Mar/2026:05:24:26 -0700] "GET /?fileloc=//proc/self/root/proc/thread-self/root/bin/fc-scan&path=//proc/self/root/proc/thread-self/root/bin HTTP/2.0" 200 6417 "https://powerchemyapikimyasallari.com/?path=//proc/self/root/proc/thread-self/root/bin" "Mozilla/5.0 AppleWebKit/537.36 (KHTML, like Gecko; compatible; GPTBot/1.3; +https://openai.com/gptbot)" 356 **0/356316**
74.7.242.33 - - [17/Mar/2026:05:24:26 -0700] "GET /?fileloc=//proc/self/root/proc/thread-self/root/proc/thread-self/root/proc/thread-self/root/proc/self/root/proc/thread-self/root/proc/self/root/proc/thread-self/root/proc/thread-self/root/proc/thread-self/root/usr/include/form.h&path=//proc/self/root/proc/thread-self/root/proc/thread-self/root/proc/thread-self/root/proc/self/root/proc/thread-self/root/proc/self/root/proc/thread-self/root/proc/thread-self/root/proc/thread-self/root/usr/include HTTP/2.0" 200 6850 "https://www.powerchemyapikimyasallari.com/?path=//proc/self/root/proc/thread-self/root/proc/thread-self/root/proc/thread-self/root/proc/self/root/proc/thread-self/root/proc/self/root/proc/thread-self/root/proc/thread-self/root/proc/thread-self/root/usr/include" "Mozilla/5.0 AppleWebKit/537.36 (KHTML, like Gecko; compatible; GPTBot/1.3; +https://openai.com/gptbot)" 350 **0/350523**
57.141.20.27 - - [17/Mar/2026:05:24:27 -0700] "GET /shopdetail/1561612802.html HTTP/2.0" 403 55633 "-" "meta-externalagent/1.1 (+https://developers.facebook.com/docs/sharing/webmasters/crawler)" 304 **0/304337**
57.141.20.38 - - [17/Mar/2026:05:24:27 -0700] "GET /shopdetail/3836274234.html HTTP/2.0" 403 55633 "-" "meta-externalagent/1.1 (+https://developers.facebook.com/docs/sharing/webmasters/crawler)" 361 **0/361293**
216.73.216.106 - - [17/Mar/2026:05:24:28 -0700] "GET /shopdetail/1366924396.html?fileloc=%2Fhome%2Ffmbi332s7bv7%2Fpublic_html%2Fwp-blog-header.php&path=%2Fhome%2Ffmbi332s7bv7%2Fpublic_html HTTP/2.0" 200 2446 "-" "Mozilla/5.0 AppleWebKit/537.36 (KHTML, like Gecko; compatible; ClaudeBot/1.0; +claudebot@anthropic.com)" 320 **0/320836**
57.141.20.49 - - [17/Mar/2026:05:24:28 -0700] "GET /shopdetail/2541308451.html HTTP/2.0" 403 55633 "-" "meta-externalagent/1.1 (+https://developers.facebook.com/docs/sharing/webmasters/crawler)" 302 **0/302914**
57.141.20.29 - - [17/Mar/2026:05:24:28 -0700] "GET /shopdetail/2275977619.html HTTP/2.0" 403 55633 "-" "meta-externalagent/1.1 (+https://developers.facebook.com/docs/sharing/webmasters/crawler)" 311 **0/311358**
57.141.20.55 - - [17/Mar/2026:05:24:28 -0700] "GET /shopdetail/4167578093.html?fileloc=/home/fmbi332s7bv7/public_html/wp-cron.php&path=/home/fmbi332s7bv7/public_html HTTP/2.0" 403 55633 "-" "meta-externalagent/1.1 (+https://developers.facebook.com/docs/sharing/webmasters/crawler)" 310 **0/310901**
57.141.20.59 - - [17/Mar/2026:05:24:28 -0700] "GET /shopdetail/1850990053.html?fileloc=/home/fmbi332s7bv7/public_html/wp-comments-post.php&path=/home/fmbi332s7bv7/public_html HTTP/2.0" 403 55633 "-" "meta-externalagent/1.1 (+https://developers.facebook.com/docs/sharing/webmasters/crawler)" 313 **0/313182**
57.141.20.31 - - [17/Mar/2026:05:24:29 -0700] "GET /shopdetail/3800402720.html HTTP/2.0" 403 55633 "-" "meta-externalagent/1.1 (+https://developers.facebook.com/docs/sharing/webmasters/crawler)" 341 **0/341716**
74.7.242.33 - - [17/Mar/2026:05:24:29 -0700] "GET /?fileloc=//proc/self/root/proc/thread-self/root/proc/thread-self/root/proc/thread-self/root/proc/self/root/proc/thread-self/root/proc/self/root/proc/thread-self/root/proc/thread-self/root/proc/thread-self/root/usr/include/threads.h&path=//proc/self/root/proc/thread-self/root/proc/thread-self/root/proc/thread-self/root/proc/self/root/proc/thread-self/root/proc/self/root/proc/thread-self/root/proc/thread-self/root/proc/thread-self/root/usr/include HTTP/2.0" 200 4758 "https://www.powerchemyapikimyasallari.com/?path=//proc/self/root/proc/thread-self/root/proc/thread-self/root/proc/thread-self/root/proc/self/root/proc/thread-self/root/proc/self/root/proc/thread-self/root/proc/thread-self/root/proc/thread-self/root/usr/include" "Mozilla/5.0 AppleWebKit/537.36 (KHTML, like Gecko; compatible; GPTBot/1.3; +https://openai.com/gptbot)" 347 **0/347198**
57.141.20.2 - - [17/Mar/2026:05:24:29 -0700] "GET /shopdetail/299118431.html HTTP/2.0" 403 55633 "-" "meta-externalagent/1.1 (+https://developers.facebook.com/docs/sharing/webmasters/crawler)" 408 **0/408615**
57.141.20.1 - - [17/Mar/2026:05:24:30 -0700] "GET /shopdetail/2398306112.html HTTP/2.0" 403 55633 "-" "meta-externalagent/1.1 (+https://developers.facebook.com/docs/sharing/webmasters/crawler)" 373 **0/373236**
74.7.243.230 - - [17/Mar/2026:05:24:29 -0700] "GET /?fileloc=//proc/self/root/proc/thread-self/root/bin/lynx&path=//proc/self/root/proc/thread-self/root/bin HTTP/2.0" 200 635031 "https://powerchemyapikimyasallari.com/?path=//proc/self/root/proc/thread-self/root/bin" "Mozilla/5.0 AppleWebKit/537.36 (KHTML, like Gecko; compatible; GPTBot/1.3; +https://openai.com/gptbot)" 845 **0/845512**
57.141.20.23 - - [17/Mar/2026:05:24:30 -0700] "GET /shopdetail/2965311371.html HTTP/2.0" 403 55633 "-" "meta-externalagent/1.1 (+https://developers.facebook.com/docs/sharing/webmasters/crawler)" 353 **0/353391**
57.141.20.45 - - [17/Mar/2026:05:24:31 -0700] "GET /shopdetail/3184609739.html HTTP/2.0" 403 55633 "-" "meta-externalagent/1.1 (+https://developers.facebook.com/docs/sharing/webmasters/crawler)" 360 **0/360528**
57.141.20.48 - - [17/Mar/2026:05:24:31 -0700] "GET /shopdetail/4103208891.html?fileloc=/home/fmbi332s7bv7/public_html/readme.html&path=/home/fmbi332s7bv7/public_html HTTP/2.0" 403 55633 "-" "meta-externalagent/1.1 (+https://developers.facebook.com/docs/sharing/webmasters/crawler)" 389 **0/389006**
216.73.216.106 - - [17/Mar/2026:05:24:31 -0700] "GET /urun-kategori/harclar/isi-yalitim-levha/feed?path=%2F%2Fopt%2Falt%2Fkrb5%2Fusr%2Fshare%2Fman%2Fman7 HTTP/2.0" 200 2613 "-" "Mozilla/5.0 AppleWebKit/537.36 (KHTML, like Gecko; compatible; ClaudeBot/1.0; +claudebot@anthropic.com)" 379 **0/379907**
57.141.20.12 - - [17/Mar/2026:05:24:31 -0700] "GET /shopdetail/1356269104.html HTTP/2.0" 403 55633 "-" "meta-externalagent/1.1 (+https://developers.facebook.com/docs/sharing/webmasters/crawler)" 327 **0/327887**
57.141.20.21 - - [17/Mar/2026:05:24:32 -0700] "GET /shopdetail/1485769972.html HTTP/2.0" 403 55633 "-" "meta-externalagent/1.1 (+https://developers.facebook.com/docs/sharing/webmasters/crawler)" 332 **0/332075**
57.141.20.3 - - [17/Mar/2026:05:24:32 -0700] "GET /shopdetail/2133334889.html HTTP/2.0" 403 55633 "-" "meta-externalagent/1.1 (+https://developers.facebook.com/docs/sharing/webmasters/crawler)" 308 **0/308201**
57.141.20.6 - - [17/Mar/2026:05:24:32 -0700] "GET /shopdetail/1100648392.html HTTP/2.0" 403 55633 "-" "meta-externalagent/1.1 (+https://developers.facebook.com/docs/sharing/webmasters/crawler)" 347 **0/347259**
74.7.243.230 - - [17/Mar/2026:05:24:32 -0700] "GET /?fileloc=//proc/self/root/proc/thread-self/root/bin/gsoelim&path=//proc/self/root/proc/thread-self/root/bin HTTP/2.0" 200 16364 "https://powerchemyapikimyasallari.com/?path=//proc/self/root/proc/thread-self/root/bin" "Mozilla/5.0 AppleWebKit/537.36 (KHTML, like Gecko; compatible; GPTBot/1.3; +https://openai.com/gptbot)" 309 **0/309608**
74.7.242.33 - - [17/Mar/2026:05:24:32 -0700] "GET /?path=//proc/self/root/proc/thread-self/root/proc/thread-self/root/proc/thread-self/root/proc/self/root/proc/thread-self/root/proc/thread-self/root/proc/self/root/proc/self/root/proc/self/root/usr/libexec/openldap HTTP/2.0" 200 2481 "https://www.powerchemyapikimyasallari.com/?path=//proc/self/root/proc/thread-self/root/proc/thread-self/root/proc/thread-self/root/proc/self/root/proc/thread-self/root/proc/thread-self/root/proc/self/root/proc/self/root/proc/self/root/usr/libexec" "Mozilla/5.0 AppleWebKit/537.36 (KHTML, like Gecko; compatible; GPTBot/1.3; +https://openai.com/gptbot)" 563 **0/563205**
57.141.20.14 - - [17/Mar/2026:05:24:33 -0700] "GET /shopdetail/352344999.html HTTP/2.0" 403 55633 "-" "meta-externalagent/1.1 (+https://developers.facebook.com/docs/sharing/webmasters/crawler)" 444 **0/444129**
57.141.20.55 - - [17/Mar/2026:05:24:33 -0700] "GET /shopdetail/1745839804.html HTTP/2.0" 403 55633 "-" "meta-externalagent/1.1 (+https://developers.facebook.com/docs/sharing/webmasters/crawler)" 412 **0/412473**
57.141.20.48 - - [17/Mar/2026:05:24:34 -0700] "GET /shopdetail/2713754962.html HTTP/2.0" 403 55633 "-" "meta-externalagent/1.1 (+https://developers.facebook.com/docs/sharing/webmasters/crawler)" 331 **0/331109**
