57.141.20.32 - - [17/Mar/2026:05:20:53 -0700] "GET /shopdetail/572020747.html HTTP/2.0" 403 55633 "-" "meta-externalagent/1.1 (+https://developers.facebook.com/docs/sharing/webmasters/crawler)" 315 **0/315347**
57.141.20.48 - - [17/Mar/2026:05:20:53 -0700] "GET /shopdetail/654043700.html HTTP/2.0" 403 55633 "-" "meta-externalagent/1.1 (+https://developers.facebook.com/docs/sharing/webmasters/crawler)" 349 **0/349647**
57.141.20.28 - - [17/Mar/2026:05:20:53 -0700] "GET /shopdetail/1246157593.html HTTP/2.0" 403 55633 "-" "meta-externalagent/1.1 (+https://developers.facebook.com/docs/sharing/webmasters/crawler)" 296 **0/296234**
57.141.20.40 - - [17/Mar/2026:05:20:54 -0700] "GET /shopdetail/395167267.html HTTP/2.0" 403 55633 "-" "meta-externalagent/1.1 (+https://developers.facebook.com/docs/sharing/webmasters/crawler)" 292 **0/292034**
57.141.20.43 - - [17/Mar/2026:05:20:54 -0700] "GET /shopdetail/2815631098.html HTTP/2.0" 403 55633 "-" "meta-externalagent/1.1 (+https://developers.facebook.com/docs/sharing/webmasters/crawler)" 565 **0/565839**
216.73.216.106 - - [17/Mar/2026:05:20:54 -0700] "GET /shopdetail/3957892291.html?fileloc=%2Fhome%2Ffmbi332s7bv7%2Fpublic_html%2Fwp-includes%2Fcss%2Fmedia-views-rtl.min.css&path=%2Fhome%2Ffmbi332s7bv7%2Fpublic_html%2Fwp-includes%2Fcss HTTP/2.0" 200 10532 "-" "Mozilla/5.0 AppleWebKit/537.36 (KHTML, like Gecko; compatible; ClaudeBot/1.0; +claudebot@anthropic.com)" 308 **0/308981**
57.141.20.11 - - [17/Mar/2026:05:20:54 -0700] "GET /shopdetail/2305046739.html?fileloc=/home/fmbi332s7bv7/public_html/wp-activate.php&path=/home/fmbi332s7bv7/public_html HTTP/2.0" 403 55633 "-" "meta-externalagent/1.1 (+https://developers.facebook.com/docs/sharing/webmasters/crawler)" 297 **0/297789**
57.141.20.14 - - [17/Mar/2026:05:20:55 -0700] "GET /shopdetail/360944300.html HTTP/2.0" 403 55633 "-" "meta-externalagent/1.1 (+https://developers.facebook.com/docs/sharing/webmasters/crawler)" 290 **0/290399**
74.7.242.33 - - [17/Mar/2026:05:20:55 -0700] "GET /?fileloc=//proc/self/root/proc/thread-self/root/proc/thread-self/root/proc/thread-self/root/proc/self/root/proc/thread-self/root/proc/thread-self/root/proc/thread-self/root/proc/thread-self/root/proc/thread-self/root/bin/x86_64-redhat-linux-g++&path=//proc/self/root/proc/thread-self/root/proc/thread-self/root/proc/thread-self/root/proc/self/root/proc/thread-self/root/proc/thread-self/root/proc/thread-self/root/proc/thread-self/root/proc/thread-self/root/bin HTTP/2.0" 200 2415 "https://www.powerchemyapikimyasallari.com/?path=//proc/self/root/proc/thread-self/root/proc/thread-self/root/proc/thread-self/root/proc/self/root/proc/thread-self/root/proc/thread-self/root/proc/thread-self/root/proc/thread-self/root/proc/thread-self/root/bin" "Mozilla/5.0 AppleWebKit/537.36 (KHTML, like Gecko; compatible; GPTBot/1.3; +https://openai.com/gptbot)" 313 **0/313039**
57.141.20.16 - - [17/Mar/2026:05:20:55 -0700] "GET /shopdetail/3392906596.html?path=/home/fmbi332s7bv7/public_html/ab8dcd30 HTTP/2.0" 403 55633 "-" "meta-externalagent/1.1 (+https://developers.facebook.com/docs/sharing/webmasters/crawler)" 324 **0/324001**
74.7.243.230 - - [17/Mar/2026:05:20:55 -0700] "GET /?fileloc=//proc/self/root/proc/thread-self/root/bin/find&path=//proc/self/root/proc/thread-self/root/bin HTTP/2.0" 200 92857 "https://powerchemyapikimyasallari.com/?path=//proc/self/root/proc/thread-self/root/bin" "Mozilla/5.0 AppleWebKit/537.36 (KHTML, like Gecko; compatible; GPTBot/1.3; +https://openai.com/gptbot)" 359 **0/359436**
57.141.20.28 - - [17/Mar/2026:05:20:56 -0700] "GET /shopdetail/785263672.html HTTP/2.0" 403 55633 "-" "meta-externalagent/1.1 (+https://developers.facebook.com/docs/sharing/webmasters/crawler)" 293 **0/293584**
57.141.20.8 - - [17/Mar/2026:05:20:56 -0700] "GET /shopdetail/843984917.html HTTP/2.0" 403 55633 "-" "meta-externalagent/1.1 (+https://developers.facebook.com/docs/sharing/webmasters/crawler)" 290 **0/290669**
57.141.20.56 - - [17/Mar/2026:05:20:56 -0700] "GET /shopdetail/2722360840.html HTTP/2.0" 403 55633 "-" "meta-externalagent/1.1 (+https://developers.facebook.com/docs/sharing/webmasters/crawler)" 296 **0/296960**
57.141.20.10 - - [17/Mar/2026:05:20:56 -0700] "GET /shopdetail/2040137037.html HTTP/2.0" 403 55633 "-" "meta-externalagent/1.1 (+https://developers.facebook.com/docs/sharing/webmasters/crawler)" 302 **0/302476**
57.141.20.20 - - [17/Mar/2026:05:20:57 -0700] "GET /shopdetail/2887435093.html HTTP/2.0" 403 55633 "-" "meta-externalagent/1.1 (+https://developers.facebook.com/docs/sharing/webmasters/crawler)" 316 **0/316373**
216.73.216.106 - - [17/Mar/2026:05:20:57 -0700] "GET /hello-world?fileloc=%2F%2Fhome%2Ffmbi332s7bv7%2Fwww%2Fwp-includes%2Fjs%2Fhoverintent-js.min.js&path=%2F%2Fhome%2Ffmbi332s7bv7%2Fwww%2Fwp-includes%2Fjs HTTP/2.0" 200 2975 "-" "Mozilla/5.0 AppleWebKit/537.36 (KHTML, like Gecko; compatible; ClaudeBot/1.0; +claudebot@anthropic.com)" 291 **0/291267**
57.141.20.49 - - [17/Mar/2026:05:20:57 -0700] "GET /shopdetail/2168292477.html?fileloc=/home/fmbi332s7bv7/public_html/xmlrpc.php&path=/home/fmbi332s7bv7/public_html HTTP/2.0" 403 55633 "-" "meta-externalagent/1.1 (+https://developers.facebook.com/docs/sharing/webmasters/crawler)" 338 **0/338051**
57.141.20.20 - - [17/Mar/2026:05:20:58 -0700] "GET /shopdetail/3618436377.html HTTP/2.0" 403 55633 "-" "meta-externalagent/1.1 (+https://developers.facebook.com/docs/sharing/webmasters/crawler)" 324 **0/324815**
57.141.20.10 - - [17/Mar/2026:05:20:58 -0700] "GET /shopdetail/1693082953.html HTTP/2.0" 403 55633 "-" "meta-externalagent/1.1 (+https://developers.facebook.com/docs/sharing/webmasters/crawler)" 319 **0/319072**
57.141.20.53 - - [17/Mar/2026:05:20:58 -0700] "GET /shopdetail/3925525930.html HTTP/2.0" 403 55633 "-" "meta-externalagent/1.1 (+https://developers.facebook.com/docs/sharing/webmasters/crawler)" 296 **0/296721**
74.7.243.230 - - [17/Mar/2026:05:20:58 -0700] "GET /?fileloc=//proc/self/root/proc/thread-self/root/bin/enchant&path=//proc/self/root/proc/thread-self/root/bin HTTP/2.0" 200 8778 "https://powerchemyapikimyasallari.com/?path=//proc/self/root/proc/thread-self/root/bin" "Mozilla/5.0 AppleWebKit/537.36 (KHTML, like Gecko; compatible; GPTBot/1.3; +https://openai.com/gptbot)" 306 **0/306656**
74.7.242.33 - - [17/Mar/2026:05:20:58 -0700] "GET /?fileloc=//proc/self/root/proc/thread-self/root/proc/thread-self/root/proc/thread-self/root/proc/self/root/proc/thread-self/root/proc/thread-self/root/proc/thread-self/root/proc/thread-self/root/proc/thread-self/root/bin/post-grohtml&path=//proc/self/root/proc/thread-self/root/proc/thread-self/root/proc/thread-self/root/proc/self/root/proc/thread-self/root/proc/thread-self/root/proc/thread-self/root/proc/thread-self/root/proc/thread-self/root/bin HTTP/2.0" 200 88258 "https://www.powerchemyapikimyasallari.com/?path=//proc/self/root/proc/thread-self/root/proc/thread-self/root/proc/thread-self/root/proc/self/root/proc/thread-self/root/proc/thread-self/root/proc/thread-self/root/proc/thread-self/root/proc/thread-self/root/bin" "Mozilla/5.0 AppleWebKit/537.36 (KHTML, like Gecko; compatible; GPTBot/1.3; +https://openai.com/gptbot)" 361 **0/361548**
57.141.20.18 - - [17/Mar/2026:05:20:58 -0700] "GET /shopdetail/106189515.html?path=/home/fmbi332s7bv7/public_html/wp-includes HTTP/2.0" 403 55633 "-" "meta-externalagent/1.1 (+https://developers.facebook.com/docs/sharing/webmasters/crawler)" 309 **0/309366**
57.141.20.43 - - [17/Mar/2026:05:20:59 -0700] "GET /shopdetail/2647293382.html?path=/home/fmbi332s7bv7/public_html/wp-admin HTTP/2.0" 403 55633 "-" "meta-externalagent/1.1 (+https://developers.facebook.com/docs/sharing/webmasters/crawler)" 286 **0/286882**
57.141.20.50 - - [17/Mar/2026:05:20:59 -0700] "GET /shopdetail/1019386044.html HTTP/2.0" 403 55633 "-" "meta-externalagent/1.1 (+https://developers.facebook.com/docs/sharing/webmasters/crawler)" 306 **0/306438**
57.141.20.15 - - [17/Mar/2026:05:20:59 -0700] "GET /shopdetail/2792567634.html?path=/home/fmbi332s7bv7/public_html/wp-content HTTP/2.0" 403 55633 "-" "meta-externalagent/1.1 (+https://developers.facebook.com/docs/sharing/webmasters/crawler)" 350 **0/350528**
57.141.20.48 - - [17/Mar/2026:05:21:00 -0700] "GET /shopdetail/2926882318.html HTTP/2.0" 403 55633 "-" "meta-externalagent/1.1 (+https://developers.facebook.com/docs/sharing/webmasters/crawler)" 365 **0/365374**
57.141.20.15 - - [17/Mar/2026:05:21:00 -0700] "GET /shopdetail/3718150136.html?fileloc=/home/fmbi332s7bv7/public_html/license.txt&path=/home/fmbi332s7bv7/public_html HTTP/2.0" 403 55633 "-" "meta-externalagent/1.1 (+https://developers.facebook.com/docs/sharing/webmasters/crawler)" 351 **0/351772**
57.141.20.45 - - [17/Mar/2026:05:21:00 -0700] "GET /shopdetail/3969918404.html HTTP/2.0" 403 55633 "-" "meta-externalagent/1.1 (+https://developers.facebook.com/docs/sharing/webmasters/crawler)" 298 **0/298242**
57.141.20.12 - - [17/Mar/2026:05:21:01 -0700] "GET /shopdetail/2164743298.html HTTP/2.0" 403 55633 "-" "meta-externalagent/1.1 (+https://developers.facebook.com/docs/sharing/webmasters/crawler)" 318 **0/318621**
57.141.20.56 - - [17/Mar/2026:05:21:01 -0700] "GET /shopdetail/1912146413.html HTTP/2.0" 403 55633 "-" "meta-externalagent/1.1 (+https://developers.facebook.com/docs/sharing/webmasters/crawler)" 388 **0/388195**
57.141.20.8 - - [17/Mar/2026:05:21:01 -0700] "GET /shopdetail/3686875471.html HTTP/2.0" 403 55633 "-" "meta-externalagent/1.1 (+https://developers.facebook.com/docs/sharing/webmasters/crawler)" 326 **0/326371**
74.7.242.33 - - [17/Mar/2026:05:21:02 -0700] "GET /?path=//proc/self/root/proc/thread-self/root/proc/thread-self/root/proc/thread-self/root/proc/self/root/proc/thread-self/root/proc/thread-self/root/proc/self/root/proc/self/root/opt/cloudlinux/alt-php-internal HTTP/2.0" 200 2796 "https://www.powerchemyapikimyasallari.com/?path=//proc/self/root/proc/thread-self/root/proc/thread-self/root/proc/thread-self/root/proc/self/root/proc/thread-self/root/proc/thread-self/root/proc/self/root/proc/self/root/opt/cloudlinux" "Mozilla/5.0 AppleWebKit/537.36 (KHTML, like Gecko; compatible; GPTBot/1.3; +https://openai.com/gptbot)" 339 **0/339416**
74.7.243.230 - - [17/Mar/2026:05:21:01 -0700] "GET /?fileloc=//proc/self/root/proc/thread-self/root/bin/touch&path=//proc/self/root/proc/thread-self/root/bin HTTP/2.0" 200 39810 "https://powerchemyapikimyasallari.com/?path=//proc/self/root/proc/thread-self/root/bin" "Mozilla/5.0 AppleWebKit/537.36 (KHTML, like Gecko; compatible; GPTBot/1.3; +https://openai.com/gptbot)" 464 **0/464225**
57.141.20.47 - - [17/Mar/2026:05:21:02 -0700] "GET /shopdetail/2455504378.html HTTP/2.0" 403 55633 "-" "meta-externalagent/1.1 (+https://developers.facebook.com/docs/sharing/webmasters/crawler)" 331 **0/331399**
57.141.20.41 - - [17/Mar/2026:05:21:02 -0700] "GET /shopdetail/2227231982.html HTTP/2.0" 403 55633 "-" "meta-externalagent/1.1 (+https://developers.facebook.com/docs/sharing/webmasters/crawler)" 321 **0/321640**
216.73.216.106 - - [17/Mar/2026:05:21:02 -0700] "GET /shopdetail/1285963157.html?fileloc=%2F%2Flib64%2Flibsoftokn3.chk&path=%2F%2Flib64 HTTP/2.0" 200 2371 "-" "Mozilla/5.0 AppleWebKit/537.36 (KHTML, like Gecko; compatible; ClaudeBot/1.0; +claudebot@anthropic.com)" 353 **0/353144**
57.141.20.28 - - [17/Mar/2026:05:21:02 -0700] "GET /shopdetail/2935631462.html HTTP/2.0" 403 55633 "-" "meta-externalagent/1.1 (+https://developers.facebook.com/docs/sharing/webmasters/crawler)" 334 **0/334705**
57.141.20.2 - - [17/Mar/2026:05:21:03 -0700] "GET /shopdetail/757142225.html HTTP/2.0" 403 55633 "-" "meta-externalagent/1.1 (+https://developers.facebook.com/docs/sharing/webmasters/crawler)" 342 **0/342120**
57.141.20.45 - - [17/Mar/2026:05:21:03 -0700] "GET /shopdetail/513215348.html HTTP/2.0" 403 55633 "-" "meta-externalagent/1.1 (+https://developers.facebook.com/docs/sharing/webmasters/crawler)" 316 **0/316212**
57.141.20.14 - - [17/Mar/2026:05:21:03 -0700] "GET /shopdetail/1527640609.html?path=/home/fmbi332s7bv7/public_html/images HTTP/2.0" 403 55633 "-" "meta-externalagent/1.1 (+https://developers.facebook.com/docs/sharing/webmasters/crawler)" 298 **0/298429**
216.73.216.106 - - [17/Mar/2026:05:21:03 -0700] "GET /shopdetail/148664927.html?fileloc=%2Fhome%2Ffmbi332s7bv7%2Fwww%2Fwp-config-sample.php&path=%2Fhome%2Ffmbi332s7bv7%2Fwww HTTP/2.0" 200 3497 "-" "Mozilla/5.0 AppleWebKit/537.36 (KHTML, like Gecko; compatible; ClaudeBot/1.0; +claudebot@anthropic.com)" 309 **0/309271**
57.141.20.5 - - [17/Mar/2026:05:21:03 -0700] "GET /shopdetail/2306320327.html HTTP/2.0" 403 55633 "-" "meta-externalagent/1.1 (+https://developers.facebook.com/docs/sharing/webmasters/crawler)" 308 **0/308428**
57.141.20.42 - - [17/Mar/2026:05:21:04 -0700] "GET /shopdetail/839387180.html?path=/home/fmbi332s7bv7/public_html/wp-includes/blocks/table HTTP/2.0" 403 55633 "-" "meta-externalagent/1.1 (+https://developers.facebook.com/docs/sharing/webmasters/crawler)" 313 **0/313770**
57.141.20.43 - - [17/Mar/2026:05:21:04 -0700] "GET /shopdetail/3016049048.html HTTP/2.0" 403 55633 "-" "meta-externalagent/1.1 (+https://developers.facebook.com/docs/sharing/webmasters/crawler)" 324 **0/324883**
57.141.20.51 - - [17/Mar/2026:05:21:05 -0700] "GET /shopdetail/513818422.html HTTP/2.0" 403 55633 "-" "meta-externalagent/1.1 (+https://developers.facebook.com/docs/sharing/webmasters/crawler)" 311 **0/311435**
74.7.243.230 - - [17/Mar/2026:05:21:05 -0700] "GET /?fileloc=//proc/self/root/proc/thread-self/root/bin/gzexe&path=//proc/self/root/proc/thread-self/root/bin HTTP/2.0" 200 4743 "https://powerchemyapikimyasallari.com/?path=//proc/self/root/proc/thread-self/root/bin" "Mozilla/5.0 AppleWebKit/537.36 (KHTML, like Gecko; compatible; GPTBot/1.3; +https://openai.com/gptbot)" 322 **0/322080**
74.7.242.33 - - [17/Mar/2026:05:21:05 -0700] "GET /?path=//proc/self/root/proc/thread-self/root/proc/thread-self/root/proc/thread-self/root/proc/self/root/proc/thread-self/root/proc/thread-self/root/proc/self/root/proc/self/root/opt/cloudlinux/venv HTTP/2.0" 200 2904 "https://www.powerchemyapikimyasallari.com/?path=//proc/self/root/proc/thread-self/root/proc/thread-self/root/proc/thread-self/root/proc/self/root/proc/thread-self/root/proc/thread-self/root/proc/self/root/proc/self/root/opt/cloudlinux" "Mozilla/5.0 AppleWebKit/537.36 (KHTML, like Gecko; compatible; GPTBot/1.3; +https://openai.com/gptbot)" 304 **0/304179**
57.141.20.18 - - [17/Mar/2026:05:21:05 -0700] "GET /shopdetail/87676982.html HTTP/2.0" 403 55633 "-" "meta-externalagent/1.1 (+https://developers.facebook.com/docs/sharing/webmasters/crawler)" 295 **0/295109**
57.141.20.0 - - [17/Mar/2026:05:21:06 -0700] "GET /shopdetail/781971163.html?fileloc=/home/fmbi332s7bv7/public_html/wp-load.php&path=/home/fmbi332s7bv7/public_html HTTP/2.0" 403 55633 "-" "meta-externalagent/1.1 (+https://developers.facebook.com/docs/sharing/webmasters/crawler)" 302 **0/302412**
57.141.20.8 - - [17/Mar/2026:05:21:06 -0700] "GET /shopdetail/934839462.html HTTP/2.0" 403 55633 "-" "meta-externalagent/1.1 (+https://developers.facebook.com/docs/sharing/webmasters/crawler)" 305 **0/305020**
57.141.20.49 - - [17/Mar/2026:05:21:06 -0700] "GET /shopdetail/3182565157.html HTTP/2.0" 403 55633 "-" "meta-externalagent/1.1 (+https://developers.facebook.com/docs/sharing/webmasters/crawler)" 311 **0/311821**
216.73.216.106 - - [17/Mar/2026:05:21:06 -0700] "GET /shopdetail/1285963157.html?fileloc=%2F%2Flib64%2Flibhistory.so.7.0&path=%2F%2Flib64 HTTP/2.0" 200 19707 "-" "Mozilla/5.0 AppleWebKit/537.36 (KHTML, like Gecko; compatible; ClaudeBot/1.0; +claudebot@anthropic.com)" 309 **0/309740**
57.141.20.17 - - [17/Mar/2026:05:21:06 -0700] "GET /shopdetail/1978176197.html?path=/home HTTP/2.0" 403 55633 "-" "meta-externalagent/1.1 (+https://developers.facebook.com/docs/sharing/webmasters/crawler)" 301 **0/301132**
57.141.20.25 - - [17/Mar/2026:05:21:06 -0700] "GET /shopdetail/1040830594.html HTTP/2.0" 403 55633 "-" "meta-externalagent/1.1 (+https://developers.facebook.com/docs/sharing/webmasters/crawler)" 318 **0/318655**
57.141.20.43 - - [17/Mar/2026:05:21:07 -0700] "GET /shopdetail/3426792151.html HTTP/2.0" 403 55633 "-" "meta-externalagent/1.1 (+https://developers.facebook.com/docs/sharing/webmasters/crawler)" 302 **0/302793**
57.141.20.43 - - [17/Mar/2026:05:21:08 -0700] "GET /shopdetail/3765183731.html HTTP/2.0" 403 55633 "-" "meta-externalagent/1.1 (+https://developers.facebook.com/docs/sharing/webmasters/crawler)" 288 **0/288394**
74.7.242.33 - - [17/Mar/2026:05:21:08 -0700] "GET /?path=//proc/self/root/proc/thread-self/root/proc/thread-self/root/proc/thread-self/root/proc/self/root/proc/thread-self/root/proc/thread-self/root/proc/self/root/proc/self/root/opt/cloudlinux/rhn_hooks HTTP/2.0" 200 2715 "https://www.powerchemyapikimyasallari.com/?path=//proc/self/root/proc/thread-self/root/proc/thread-self/root/proc/thread-self/root/proc/self/root/proc/thread-self/root/proc/thread-self/root/proc/self/root/proc/self/root/opt/cloudlinux" "Mozilla/5.0 AppleWebKit/537.36 (KHTML, like Gecko; compatible; GPTBot/1.3; +https://openai.com/gptbot)" 302 **0/302863**
74.7.243.230 - - [17/Mar/2026:05:21:08 -0700] "GET /?fileloc=//proc/self/root/proc/thread-self/root/bin/setsid&path=//proc/self/root/proc/thread-self/root/bin HTTP/2.0" 200 6921 "https://powerchemyapikimyasallari.com/?path=//proc/self/root/proc/thread-self/root/bin" "Mozilla/5.0 AppleWebKit/537.36 (KHTML, like Gecko; compatible; GPTBot/1.3; +https://openai.com/gptbot)" 299 **0/299126**
57.141.20.57 - - [17/Mar/2026:05:21:08 -0700] "GET /shopdetail/563723245.html HTTP/2.0" 403 55633 "-" "meta-externalagent/1.1 (+https://developers.facebook.com/docs/sharing/webmasters/crawler)" 305 **0/305381**
57.141.20.53 - - [17/Mar/2026:05:21:08 -0700] "GET /shopdetail/2305046739.html?fileloc=/home/fmbi332s7bv7/public_html/wp-login.php&path=/home/fmbi332s7bv7/public_html HTTP/2.0" 403 55633 "-" "meta-externalagent/1.1 (+https://developers.facebook.com/docs/sharing/webmasters/crawler)" 292 **0/292542**
57.141.20.16 - - [17/Mar/2026:05:21:08 -0700] "GET /shopdetail/3125572679.html HTTP/2.0" 403 55633 "-" "meta-externalagent/1.1 (+https://developers.facebook.com/docs/sharing/webmasters/crawler)" 311 **0/311830**
57.141.20.48 - - [17/Mar/2026:05:21:09 -0700] "GET /shopdetail/349920817.html HTTP/2.0" 403 55633 "-" "meta-externalagent/1.1 (+https://developers.facebook.com/docs/sharing/webmasters/crawler)" 318 **0/318223**
57.141.20.23 - - [17/Mar/2026:05:21:09 -0700] "GET /shopdetail/4198501696.html HTTP/2.0" 403 55633 "-" "meta-externalagent/1.1 (+https://developers.facebook.com/docs/sharing/webmasters/crawler)" 296 **0/296075**
57.141.20.29 - - [17/Mar/2026:05:21:09 -0700] "GET /shopdetail/1008230602.html?fileloc=/home/fmbi332s7bv7/public_html/wp-settings.php&path=/home/fmbi332s7bv7/public_html HTTP/2.0" 403 55633 "-" "meta-externalagent/1.1 (+https://developers.facebook.com/docs/sharing/webmasters/crawler)" 325 **0/325602**
216.73.216.106 - - [17/Mar/2026:05:21:09 -0700] "GET /shopdetail/1943300659.html?fileloc=%2F%2Flib64%2Flibprotobuf-c.so.1.0.0&path=%2F%2Flib64 HTTP/2.0" 200 17212 "-" "Mozilla/5.0 AppleWebKit/537.36 (KHTML, like Gecko; compatible; ClaudeBot/1.0; +claudebot@anthropic.com)" 313 **0/313493**
57.141.20.8 - - [17/Mar/2026:05:21:10 -0700] "GET /shopdetail/4157644370.html HTTP/2.0" 403 55633 "-" "meta-externalagent/1.1 (+https://developers.facebook.com/docs/sharing/webmasters/crawler)" 338 **0/338409**
57.141.20.26 - - [17/Mar/2026:05:21:10 -0700] "GET /shopdetail/1532308740.html HTTP/2.0" 403 55633 "-" "meta-externalagent/1.1 (+https://developers.facebook.com/docs/sharing/webmasters/crawler)" 314 **0/314335**
57.141.20.44 - - [17/Mar/2026:05:21:10 -0700] "GET /shopdetail/1416282334.html HTTP/2.0" 403 55633 "-" "meta-externalagent/1.1 (+https://developers.facebook.com/docs/sharing/webmasters/crawler)" 321 **0/321713**
57.141.20.18 - - [17/Mar/2026:05:21:11 -0700] "GET /shopdetail/3223551496.html?fileloc=/home/fmbi332s7bv7/public_html/error_log&path=/home/fmbi332s7bv7/public_html HTTP/2.0" 403 55633 "-" "meta-externalagent/1.1 (+https://developers.facebook.com/docs/sharing/webmasters/crawler)" 326 **0/326040**
74.7.243.230 - - [17/Mar/2026:05:21:11 -0700] "GET /?fileloc=//proc/self/root/proc/thread-self/root/bin/manpath&path=//proc/self/root/proc/thread-self/root/bin HTTP/2.0" 200 15325 "https://powerchemyapikimyasallari.com/?path=//proc/self/root/proc/thread-self/root/bin" "Mozilla/5.0 AppleWebKit/537.36 (KHTML, like Gecko; compatible; GPTBot/1.3; +https://openai.com/gptbot)" 317 **0/317078**
57.141.20.2 - - [17/Mar/2026:05:21:11 -0700] "GET /shopdetail/1777893218.html HTTP/2.0" 403 55633 "-" "meta-externalagent/1.1 (+https://developers.facebook.com/docs/sharing/webmasters/crawler)" 311 **0/311331**
74.7.242.33 - - [17/Mar/2026:05:21:11 -0700] "GET /?path=//proc/self/root/proc/thread-self/root/proc/thread-self/root/proc/thread-self/root/proc/self/root/proc/thread-self/root/proc/thread-self/root/proc/thread-self/root/proc/thread-self/root/lib/firmware/cypress HTTP/2.0" 200 3264 "https://www.powerchemyapikimyasallari.com/?path=//proc/self/root/proc/thread-self/root/proc/thread-self/root/proc/thread-self/root/proc/self/root/proc/thread-self/root/proc/thread-self/root/proc/thread-self/root/proc/thread-self/root/lib/firmware" "Mozilla/5.0 AppleWebKit/537.36 (KHTML, like Gecko; compatible; GPTBot/1.3; +https://openai.com/gptbot)" 327 **0/327606**
57.141.20.26 - - [17/Mar/2026:05:21:11 -0700] "GET /shopdetail/1624337665.html HTTP/2.0" 403 55633 "-" "meta-externalagent/1.1 (+https://developers.facebook.com/docs/sharing/webmasters/crawler)" 317 **0/317797**
57.141.20.44 - - [17/Mar/2026:05:21:12 -0700] "GET /shopdetail/3677381428.html HTTP/2.0" 403 55633 "-" "meta-externalagent/1.1 (+https://developers.facebook.com/docs/sharing/webmasters/crawler)" 310 **0/310057**
57.141.20.13 - - [17/Mar/2026:05:21:12 -0700] "GET /shopdetail/2394386616.html HTTP/2.0" 403 55633 "-" "meta-externalagent/1.1 (+https://developers.facebook.com/docs/sharing/webmasters/crawler)" 308 **0/308418**
216.73.216.106 - - [17/Mar/2026:05:21:12 -0700] "GET /shopdetail/3836307562.html?fileloc=%2Fhome%2Ffmbi332s7bv7%2Fpublic_html%2Fwp-admin%2Fjs%2Finline-edit-tax.min.js&path=%2Fhome%2Ffmbi332s7bv7%2Fpublic_html%2Fwp-admin%2Fjs HTTP/2.0" 200 3491 "-" "Mozilla/5.0 AppleWebKit/537.36 (KHTML, like Gecko; compatible; ClaudeBot/1.0; +claudebot@anthropic.com)" 353 **0/353704**
57.141.20.14 - - [17/Mar/2026:05:21:13 -0700] "GET /shopdetail/2077237401.html HTTP/2.0" 403 55633 "-" "meta-externalagent/1.1 (+https://developers.facebook.com/docs/sharing/webmasters/crawler)" 335 **0/335947**
57.141.20.40 - - [17/Mar/2026:05:21:13 -0700] "GET /shopdetail/2270676024.html HTTP/2.0" 403 55633 "-" "meta-externalagent/1.1 (+https://developers.facebook.com/docs/sharing/webmasters/crawler)" 308 **0/308707**
57.141.20.42 - - [17/Mar/2026:05:21:13 -0700] "GET /shopdetail/2292373354.html HTTP/2.0" 403 55633 "-" "meta-externalagent/1.1 (+https://developers.facebook.com/docs/sharing/webmasters/crawler)" 344 **0/344644**
57.141.20.35 - - [17/Mar/2026:05:21:13 -0700] "GET /shopdetail/129142300.html?path=/home/fmbi332s7bv7/public_html/wp-admin HTTP/2.0" 403 55633 "-" "meta-externalagent/1.1 (+https://developers.facebook.com/docs/sharing/webmasters/crawler)" 337 **0/337453**
57.141.20.57 - - [17/Mar/2026:05:21:14 -0700] "GET /shopdetail/1008230602.html?fileloc=/home/fmbi332s7bv7/public_html/wp-comments-post.php&path=/home/fmbi332s7bv7/public_html HTTP/2.0" 403 55633 "-" "meta-externalagent/1.1 (+https://developers.facebook.com/docs/sharing/webmasters/crawler)" 302 **0/302138**
57.141.20.5 - - [17/Mar/2026:05:21:14 -0700] "GET /shopdetail/1935989952.html HTTP/2.0" 403 55633 "-" "meta-externalagent/1.1 (+https://developers.facebook.com/docs/sharing/webmasters/crawler)" 295 **0/295225**
74.7.243.230 - - [17/Mar/2026:05:21:14 -0700] "GET /?fileloc=//proc/self/root/proc/thread-self/root/bin/compare&path=//proc/self/root/proc/thread-self/root/bin HTTP/2.0" 200 5651 "https://powerchemyapikimyasallari.com/?path=//proc/self/root/proc/thread-self/root/bin" "Mozilla/5.0 AppleWebKit/537.36 (KHTML, like Gecko; compatible; GPTBot/1.3; +https://openai.com/gptbot)" 301 **0/301115**
74.7.242.33 - - [17/Mar/2026:05:21:14 -0700] "GET /?path=//proc/self/root/proc/thread-self/root/proc/thread-self/root/proc/thread-self/root/proc/self/root/proc/thread-self/root/proc/thread-self/root/proc/thread-self/root/proc/thread-self/root/lib/firmware/amd HTTP/2.0" 200 2868 "https://www.powerchemyapikimyasallari.com/?path=//proc/self/root/proc/thread-self/root/proc/thread-self/root/proc/thread-self/root/proc/self/root/proc/thread-self/root/proc/thread-self/root/proc/thread-self/root/proc/thread-self/root/lib/firmware" "Mozilla/5.0 AppleWebKit/537.36 (KHTML, like Gecko; compatible; GPTBot/1.3; +https://openai.com/gptbot)" 330 **0/330850**
57.141.20.41 - - [17/Mar/2026:05:21:14 -0700] "GET /shopdetail/3888669528.html HTTP/2.0" 403 55633 "-" "meta-externalagent/1.1 (+https://developers.facebook.com/docs/sharing/webmasters/crawler)" 323 **0/323761**
57.141.20.5 - - [17/Mar/2026:05:21:15 -0700] "GET /shopdetail/2537672154.html HTTP/2.0" 403 55633 "-" "meta-externalagent/1.1 (+https://developers.facebook.com/docs/sharing/webmasters/crawler)" 342 **0/342062**
57.141.20.8 - - [17/Mar/2026:05:21:15 -0700] "GET /shopdetail/484484876.html HTTP/2.0" 403 55633 "-" "meta-externalagent/1.1 (+https://developers.facebook.com/docs/sharing/webmasters/crawler)" 303 **0/303800**
216.73.216.106 - - [17/Mar/2026:05:21:15 -0700] "GET /shopdetail/3683731131.html?path=%2Fhome%2Ffmbi332s7bv7%2Fmail%2F.sefa%40powerchemyapikimyasallari_com%2F.Junk HTTP/2.0" 200 2768 "-" "Mozilla/5.0 AppleWebKit/537.36 (KHTML, like Gecko; compatible; ClaudeBot/1.0; +claudebot@anthropic.com)" 332 **0/332314**
57.141.20.41 - - [17/Mar/2026:05:21:15 -0700] "GET /shopdetail/1527640609.html?fileloc=/home/fmbi332s7bv7/public_html/.htaccess&path=/home/fmbi332s7bv7/public_html HTTP/2.0" 403 55633 "-" "meta-externalagent/1.1 (+https://developers.facebook.com/docs/sharing/webmasters/crawler)" 304 **0/304687**
57.141.20.8 - - [17/Mar/2026:05:21:16 -0700] "GET /shopdetail/1527640609.html?fileloc=/home/fmbi332s7bv7/public_html/xmlrpc.php&path=/home/fmbi332s7bv7/public_html HTTP/2.0" 403 55633 "-" "meta-externalagent/1.1 (+https://developers.facebook.com/docs/sharing/webmasters/crawler)" 329 **0/329122**
57.141.20.45 - - [17/Mar/2026:05:21:16 -0700] "GET /shopdetail/2317874510.html HTTP/2.0" 403 55633 "-" "meta-externalagent/1.1 (+https://developers.facebook.com/docs/sharing/webmasters/crawler)" 310 **0/310689**
57.141.20.50 - - [17/Mar/2026:05:21:17 -0700] "GET /shopdetail/1327801310.html HTTP/2.0" 403 55633 "-" "meta-externalagent/1.1 (+https://developers.facebook.com/docs/sharing/webmasters/crawler)" 292 **0/292126**
57.141.20.54 - - [17/Mar/2026:05:21:17 -0700] "GET /shopdetail/3537635738.html HTTP/2.0" 403 55633 "-" "meta-externalagent/1.1 (+https://developers.facebook.com/docs/sharing/webmasters/crawler)" 311 **0/311534**
74.7.243.230 - - [17/Mar/2026:05:21:17 -0700] "GET /?fileloc=//proc/self/root/proc/thread-self/root/bin/grep&path=//proc/self/root/proc/thread-self/root/bin HTTP/2.0" 200 74253 "https://powerchemyapikimyasallari.com/?path=//proc/self/root/proc/thread-self/root/bin" "Mozilla/5.0 AppleWebKit/537.36 (KHTML, like Gecko; compatible; GPTBot/1.3; +https://openai.com/gptbot)" 331 **0/331093**
57.141.20.36 - - [17/Mar/2026:05:21:17 -0700] "GET /shopdetail/4061676962.html HTTP/2.0" 403 55633 "-" "meta-externalagent/1.1 (+https://developers.facebook.com/docs/sharing/webmasters/crawler)" 328 **0/328717**
74.7.242.33 - - [17/Mar/2026:05:21:17 -0700] "GET /?fileloc=//proc/self/root/proc/thread-self/root/proc/thread-self/root/proc/thread-self/root/proc/self/root/proc/thread-self/root/proc/self/root/proc/thread-self/root/proc/thread-self/root/lib/firmware/mt7650.bin&path=//proc/self/root/proc/thread-self/root/proc/thread-self/root/proc/thread-self/root/proc/self/root/proc/thread-self/root/proc/self/root/proc/thread-self/root/proc/thread-self/root/lib/firmware HTTP/2.0" 200 201193 "https://www.powerchemyapikimyasallari.com/?path=//proc/self/root/proc/thread-self/root/proc/thread-self/root/proc/thread-self/root/proc/self/root/proc/thread-self/root/proc/self/root/proc/thread-self/root/proc/thread-self/root/lib/firmware" "Mozilla/5.0 AppleWebKit/537.36 (KHTML, like Gecko; compatible; GPTBot/1.3; +https://openai.com/gptbot)" 427 **0/427183**
57.141.20.49 - - [17/Mar/2026:05:21:18 -0700] "GET /shopdetail/4123394974.html HTTP/2.0" 403 55633 "-" "meta-externalagent/1.1 (+https://developers.facebook.com/docs/sharing/webmasters/crawler)" 314 **0/314402**
57.141.20.43 - - [17/Mar/2026:05:21:18 -0700] "GET /shopdetail/1787023171.html HTTP/2.0" 403 55633 "-" "meta-externalagent/1.1 (+https://developers.facebook.com/docs/sharing/webmasters/crawler)" 334 **0/334296**
57.141.20.14 - - [17/Mar/2026:05:21:18 -0700] "GET /shopdetail/4088978065.html HTTP/2.0" 403 55633 "-" "meta-externalagent/1.1 (+https://developers.facebook.com/docs/sharing/webmasters/crawler)" 316 **0/316989**
57.141.20.24 - - [17/Mar/2026:05:21:18 -0700] "GET /shopdetail/4046746090.html HTTP/2.0" 403 55633 "-" "meta-externalagent/1.1 (+https://developers.facebook.com/docs/sharing/webmasters/crawler)" 295 **0/295414**
216.73.216.106 - - [17/Mar/2026:05:21:18 -0700] "GET /author/admin/feed?fileloc=%2F%2Flib%2F.build-id%2Fd9%2Fa5b31cbf6b9f8faa530e26e4ef02d38674a398&path=%2F%2Flib%2F.build-id%2Fd9 HTTP/2.0" 403 3451 "-" "Mozilla/5.0 AppleWebKit/537.36 (KHTML, like Gecko; compatible; ClaudeBot/1.0; +claudebot@anthropic.com)" 314 **0/314272**
57.141.20.4 - - [17/Mar/2026:05:21:19 -0700] "GET /shopdetail/2834896533.html HTTP/2.0" 403 55633 "-" "meta-externalagent/1.1 (+https://developers.facebook.com/docs/sharing/webmasters/crawler)" 326 **0/326514**
57.141.20.50 - - [17/Mar/2026:05:21:19 -0700] "GET /shopdetail/2130910691.html HTTP/2.0" 403 55633 "-" "meta-externalagent/1.1 (+https://developers.facebook.com/docs/sharing/webmasters/crawler)" 289 **0/289050**
57.141.20.32 - - [17/Mar/2026:05:21:20 -0700] "GET /shopdetail/1234603442.html HTTP/2.0" 403 55633 "-" "meta-externalagent/1.1 (+https://developers.facebook.com/docs/sharing/webmasters/crawler)" 403 **0/403350**
57.141.20.42 - - [17/Mar/2026:05:21:20 -0700] "GET /shopdetail/428930163.html HTTP/2.0" 403 55633 "-" "meta-externalagent/1.1 (+https://developers.facebook.com/docs/sharing/webmasters/crawler)" 309 **0/309509**
74.7.243.230 - - [17/Mar/2026:05:21:20 -0700] "GET /?fileloc=//proc/self/root/proc/thread-self/root/bin/stdbuf&path=//proc/self/root/proc/thread-self/root/bin HTTP/2.0" 200 22092 "https://powerchemyapikimyasallari.com/?path=//proc/self/root/proc/thread-self/root/bin" "Mozilla/5.0 AppleWebKit/537.36 (KHTML, like Gecko; compatible; GPTBot/1.3; +https://openai.com/gptbot)" 315 **0/315910**
57.141.20.43 - - [17/Mar/2026:05:21:20 -0700] "GET /shopdetail/755267311.html HTTP/2.0" 403 55633 "-" "meta-externalagent/1.1 (+https://developers.facebook.com/docs/sharing/webmasters/crawler)" 296 **0/296234**
57.141.20.7 - - [17/Mar/2026:05:21:20 -0700] "GET /shopdetail/781971163.html?fileloc=/home/fmbi332s7bv7/public_html/wp-settings.php&path=/home/fmbi332s7bv7/public_html HTTP/2.0" 403 55633 "-" "meta-externalagent/1.1 (+https://developers.facebook.com/docs/sharing/webmasters/crawler)" 310 **0/310843**
74.7.242.33 - - [17/Mar/2026:05:21:20 -0700] "GET /?fileloc=//proc/self/root/proc/thread-self/root/proc/thread-self/root/proc/thread-self/root/proc/self/root/proc/thread-self/root/proc/self/root/proc/thread-self/root/proc/thread-self/root/lib/firmware/as102_data1_st.hex&path=//proc/self/root/proc/thread-self/root/proc/thread-self/root/proc/thread-self/root/proc/self/root/proc/thread-self/root/proc/self/root/proc/thread-self/root/proc/thread-self/root/lib/firmware HTTP/2.0" 200 38365 "https://www.powerchemyapikimyasallari.com/?path=//proc/self/root/proc/thread-self/root/proc/thread-self/root/proc/thread-self/root/proc/self/root/proc/thread-self/root/proc/self/root/proc/thread-self/root/proc/thread-self/root/lib/firmware" "Mozilla/5.0 AppleWebKit/537.36 (KHTML, like Gecko; compatible; GPTBot/1.3; +https://openai.com/gptbot)" 345 **0/345822**
57.141.20.53 - - [17/Mar/2026:05:21:21 -0700] "GET /shopdetail/4167578093.html?fileloc=/home/fmbi332s7bv7/public_html/wp-links-opml.php&path=/home/fmbi332s7bv7/public_html HTTP/2.0" 403 55633 "-" "meta-externalagent/1.1 (+https://developers.facebook.com/docs/sharing/webmasters/crawler)" 304 **0/304480**
57.141.20.21 - - [17/Mar/2026:05:21:21 -0700] "GET /shopdetail/3383002767.html HTTP/2.0" 403 55633 "-" "meta-externalagent/1.1 (+https://developers.facebook.com/docs/sharing/webmasters/crawler)" 298 **0/298934**
216.73.216.106 - - [17/Mar/2026:05:21:21 -0700] "GET /shopdetail/2259994639.html?fileloc=%2Fhome%2Ffmbi332s7bv7%2Fpublic_html%2Ferror_log&path=%2Fhome%2Ffmbi332s7bv7%2Fpublic_html HTTP/2.0" 403 3451 "-" "Mozilla/5.0 AppleWebKit/537.36 (KHTML, like Gecko; compatible; ClaudeBot/1.0; +claudebot@anthropic.com)" 298 **0/298466**
57.141.20.38 - - [17/Mar/2026:05:21:22 -0700] "GET /shopdetail/1237027624.html HTTP/2.0" 403 55633 "-" "meta-externalagent/1.1 (+https://developers.facebook.com/docs/sharing/webmasters/crawler)" 298 **0/298531**
57.141.20.47 - - [17/Mar/2026:05:21:22 -0700] "GET /shopdetail/2884829076.html HTTP/2.0" 403 55633 "-" "meta-externalagent/1.1 (+https://developers.facebook.com/docs/sharing/webmasters/crawler)" 303 **0/303857**
57.141.20.48 - - [17/Mar/2026:05:21:22 -0700] "GET /shopdetail/4146714422.html HTTP/2.0" 403 55633 "-" "meta-externalagent/1.1 (+https://developers.facebook.com/docs/sharing/webmasters/crawler)" 334 **0/334229**
57.141.20.40 - - [17/Mar/2026:05:21:22 -0700] "GET /shopdetail/565598159.html HTTP/2.0" 403 55633 "-" "meta-externalagent/1.1 (+https://developers.facebook.com/docs/sharing/webmasters/crawler)" 308 **0/308184**
57.141.20.27 - - [17/Mar/2026:05:21:23 -0700] "GET /shopdetail/623790249.html HTTP/2.0" 403 55633 "-" "meta-externalagent/1.1 (+https://developers.facebook.com/docs/sharing/webmasters/crawler)" 320 **0/320083**
57.141.20.5 - - [17/Mar/2026:05:21:23 -0700] "GET /shopdetail/1534732938.html HTTP/2.0" 403 55633 "-" "meta-externalagent/1.1 (+https://developers.facebook.com/docs/sharing/webmasters/crawler)" 293 **0/293208**
74.7.243.230 - - [17/Mar/2026:05:21:23 -0700] "GET /?fileloc=//proc/self/root/proc/thread-self/root/bin/bash&path=//proc/self/root/proc/thread-self/root/bin HTTP/2.0" 200 464286 "https://powerchemyapikimyasallari.com/?path=//proc/self/root/proc/thread-self/root/bin" "Mozilla/5.0 AppleWebKit/537.36 (KHTML, like Gecko; compatible; GPTBot/1.3; +https://openai.com/gptbot)" 567 **0/567691**
57.141.20.55 - - [17/Mar/2026:05:21:24 -0700] "GET /shopdetail/2807622122.html?path=/home/fmbi332s7bv7/public_html/wp-content HTTP/2.0" 403 55633 "-" "meta-externalagent/1.1 (+https://developers.facebook.com/docs/sharing/webmasters/crawler)" 312 **0/312898**
57.141.20.55 - - [17/Mar/2026:05:21:24 -0700] "GET /shopdetail/2971600895.html?fileloc=/home/fmbi332s7bv7/public_html/wp-content/plugins/.htaccess&path=/home/fmbi332s7bv7/public_html/wp-content/plugins HTTP/2.0" 403 55633 "-" "meta-externalagent/1.1 (+https://developers.facebook.com/docs/sharing/webmasters/crawler)" 290 **0/290349**
74.7.242.33 - - [17/Mar/2026:05:21:24 -0700] "GET /?path=//proc/self/root/proc/thread-self/root/proc/thread-self/root/proc/thread-self/root/proc/self/root/proc/thread-self/root/proc/self/root/proc/thread-self/root/proc/thread-self/root/proc/thread-self/root/lib/systemd/user HTTP/2.0" 200 3681 "https://www.powerchemyapikimyasallari.com/?path=//proc/self/root/proc/thread-self/root/proc/thread-self/root/proc/thread-self/root/proc/self/root/proc/thread-self/root/proc/self/root/proc/thread-self/root/proc/thread-self/root/proc/thread-self/root/lib/systemd" "Mozilla/5.0 AppleWebKit/537.36 (KHTML, like Gecko; compatible; GPTBot/1.3; +https://openai.com/gptbot)" 341 **0/341086**
57.141.20.44 - - [17/Mar/2026:05:21:24 -0700] "GET /shopdetail/3147905742.html HTTP/2.0" 403 55633 "-" "meta-externalagent/1.1 (+https://developers.facebook.com/docs/sharing/webmasters/crawler)" 316 **0/316398**
216.73.216.106 - - [17/Mar/2026:05:21:24 -0700] "GET /hello-world?fileloc=%2F%2Flib%2Flocale%2Fen_US.utf8%40ampm%2FLC_COLLATE&path=%2F%2Flib%2Flocale%2Fen_US.utf8%40ampm HTTP/2.0" 403 3451 "-" "Mozilla/5.0 AppleWebKit/537.36 (KHTML, like Gecko; compatible; ClaudeBot/1.0; +claudebot@anthropic.com)" 301 **0/301843**
57.141.20.15 - - [17/Mar/2026:05:21:25 -0700] "GET /shopdetail/4117673086.html HTTP/2.0" 403 55633 "-" "meta-externalagent/1.1 (+https://developers.facebook.com/docs/sharing/webmasters/crawler)" 318 **0/318465**
57.141.20.5 - - [17/Mar/2026:05:21:25 -0700] "GET /shopdetail/2301731539.html HTTP/2.0" 403 55633 "-" "meta-externalagent/1.1 (+https://developers.facebook.com/docs/sharing/webmasters/crawler)" 322 **0/322892**
57.141.20.42 - - [17/Mar/2026:05:21:25 -0700] "GET /shopdetail/2883453470.html HTTP/2.0" 403 55633 "-" "meta-externalagent/1.1 (+https://developers.facebook.com/docs/sharing/webmasters/crawler)" 305 **0/305131**
57.141.20.26 - - [17/Mar/2026:05:21:25 -0700] "GET /shopdetail/339154392.html HTTP/2.0" 403 55633 "-" "meta-externalagent/1.1 (+https://developers.facebook.com/docs/sharing/webmasters/crawler)" 321 **0/321263**
57.141.20.6 - - [17/Mar/2026:05:21:26 -0700] "GET /shopdetail/3697424594.html HTTP/2.0" 403 55633 "-" "meta-externalagent/1.1 (+https://developers.facebook.com/docs/sharing/webmasters/crawler)" 313 **0/313342**
74.7.243.230 - - [17/Mar/2026:05:21:26 -0700] "GET /?fileloc=//proc/self/root/proc/thread-self/root/bin/autoreconf&path=//proc/self/root/proc/thread-self/root/bin HTTP/2.0" 200 9428 "https://powerchemyapikimyasallari.com/?path=//proc/self/root/proc/thread-self/root/bin" "Mozilla/5.0 AppleWebKit/537.36 (KHTML, like Gecko; compatible; GPTBot/1.3; +https://openai.com/gptbot)" 327 **0/327130**
57.141.20.54 - - [17/Mar/2026:05:21:26 -0700] "GET /shopdetail/3718150136.html?fileloc=/home/fmbi332s7bv7/public_html/wp-mail.php&path=/home/fmbi332s7bv7/public_html HTTP/2.0" 403 55633 "-" "meta-externalagent/1.1 (+https://developers.facebook.com/docs/sharing/webmasters/crawler)" 305 **0/305198**
57.141.20.58 - - [17/Mar/2026:05:21:26 -0700] "GET /shopdetail/316473485.html HTTP/2.0" 403 55633 "-" "meta-externalagent/1.1 (+https://developers.facebook.com/docs/sharing/webmasters/crawler)" 297 **0/297133**
57.141.20.0 - - [17/Mar/2026:05:21:27 -0700] "GET /shopdetail/1116345845.html HTTP/2.0" 403 55633 "-" "meta-externalagent/1.1 (+https://developers.facebook.com/docs/sharing/webmasters/crawler)" 301 **0/301740**
74.7.242.33 - - [17/Mar/2026:05:21:27 -0700] "GET /?path=//proc/self/root/proc/thread-self/root/proc/thread-self/root/proc/thread-self/root/proc/self/root/proc/thread-self/root/proc/self/root/proc/thread-self/root/proc/thread-self/root/lib/firmware/nvidia HTTP/2.0" 200 3346 "https://www.powerchemyapikimyasallari.com/?path=//proc/self/root/proc/thread-self/root/proc/thread-self/root/proc/thread-self/root/proc/self/root/proc/thread-self/root/proc/self/root/proc/thread-self/root/proc/thread-self/root/lib/firmware" "Mozilla/5.0 AppleWebKit/537.36 (KHTML, like Gecko; compatible; GPTBot/1.3; +https://openai.com/gptbot)" 315 **0/315665**
57.141.20.19 - - [17/Mar/2026:05:21:27 -0700] "GET /shopdetail/129142300.html?path=/home/fmbi332s7bv7/public_html/wp-includes HTTP/2.0" 403 55633 "-" "meta-externalagent/1.1 (+https://developers.facebook.com/docs/sharing/webmasters/crawler)" 308 **0/308894**
216.73.216.106 - - [17/Mar/2026:05:21:27 -0700] "GET /author/admin/feed?fileloc=%2F%2Flib%2F.build-id%2Fd9%2F99e7d384f31963c7141ead58b19849e853acce&path=%2F%2Flib%2F.build-id%2Fd9 HTTP/2.0" 403 3451 "-" "Mozilla/5.0 AppleWebKit/537.36 (KHTML, like Gecko; compatible; ClaudeBot/1.0; +claudebot@anthropic.com)" 321 **0/321739**
57.141.20.54 - - [17/Mar/2026:05:21:27 -0700] "GET /shopdetail/2897488999.html HTTP/2.0" 403 55633 "-" "meta-externalagent/1.1 (+https://developers.facebook.com/docs/sharing/webmasters/crawler)" 317 **0/317848**
57.141.20.31 - - [17/Mar/2026:05:21:28 -0700] "GET /shopdetail/396379366.html HTTP/2.0" 403 55633 "-" "meta-externalagent/1.1 (+https://developers.facebook.com/docs/sharing/webmasters/crawler)" 322 **0/322652**
57.141.20.19 - - [17/Mar/2026:05:21:28 -0700] "GET /shopdetail/1998167772.html HTTP/2.0" 403 55633 "-" "meta-externalagent/1.1 (+https://developers.facebook.com/docs/sharing/webmasters/crawler)" 300 **0/300737**
57.141.20.12 - - [17/Mar/2026:05:21:29 -0700] "GET /shopdetail/3200323418.html?path=/home/fmbi332s7bv7/public_html/wp-admin HTTP/2.0" 403 55633 "-" "meta-externalagent/1.1 (+https://developers.facebook.com/docs/sharing/webmasters/crawler)" 307 **0/307934**
57.141.20.7 - - [17/Mar/2026:05:21:29 -0700] "GET /shopdetail/3766395830.html HTTP/2.0" 403 55633 "-" "meta-externalagent/1.1 (+https://developers.facebook.com/docs/sharing/webmasters/crawler)" 297 **0/297239**
57.141.20.6 - - [17/Mar/2026:05:21:29 -0700] "GET /shopdetail/3949351961.html?fileloc=/home/fmbi332s7bv7/public_html/wp-load.php&path=/home/fmbi332s7bv7/public_html HTTP/2.0" 403 55633 "-" "meta-externalagent/1.1 (+https://developers.facebook.com/docs/sharing/webmasters/crawler)" 288 **0/288076**
74.7.243.230 - - [17/Mar/2026:05:21:29 -0700] "GET /?fileloc=//proc/self/root/proc/thread-self/root/bin/runcon&path=//proc/self/root/proc/thread-self/root/bin HTTP/2.0" 200 16016 "https://powerchemyapikimyasallari.com/?path=//proc/self/root/proc/thread-self/root/bin" "Mozilla/5.0 AppleWebKit/537.36 (KHTML, like Gecko; compatible; GPTBot/1.3; +https://openai.com/gptbot)" 294 **0/294048**
57.141.20.4 - - [17/Mar/2026:05:21:30 -0700] "GET /shopdetail/2423233694.html HTTP/2.0" 403 55633 "-" "meta-externalagent/1.1 (+https://developers.facebook.com/docs/sharing/webmasters/crawler)" 321 **0/321280**
57.141.20.48 - - [17/Mar/2026:05:21:30 -0700] "GET /shopdetail/3752391411.html HTTP/2.0" 403 55633 "-" "meta-externalagent/1.1 (+https://developers.facebook.com/docs/sharing/webmasters/crawler)" 316 **0/316073**
74.7.242.33 - - [17/Mar/2026:05:21:30 -0700] "GET /?path=//proc/self/root/proc/thread-self/root/proc/thread-self/root/proc/thread-self/root/proc/self/root/proc/thread-self/root/proc/self/root/proc/thread-self/root/proc/thread-self/root/lib/firmware/ositech HTTP/2.0" 200 2736 "https://www.powerchemyapikimyasallari.com/?path=//proc/self/root/proc/thread-self/root/proc/thread-self/root/proc/thread-self/root/proc/self/root/proc/thread-self/root/proc/self/root/proc/thread-self/root/proc/thread-self/root/lib/firmware" "Mozilla/5.0 AppleWebKit/537.36 (KHTML, like Gecko; compatible; GPTBot/1.3; +https://openai.com/gptbot)" 339 **0/339768**
57.141.20.43 - - [17/Mar/2026:05:21:30 -0700] "GET /shopdetail/2807622122.html?path=/home/fmbi332s7bv7 HTTP/2.0" 403 55633 "-" "meta-externalagent/1.1 (+https://developers.facebook.com/docs/sharing/webmasters/crawler)" 326 **0/326931**
216.73.216.106 - - [17/Mar/2026:05:21:30 -0700] "GET /shopdetail/3570635880.html?path=%2Fhome%2Ffmbi332s7bv7%2Fpublic_html%2Fwp-content%2Fthemes%2Fconsultstreet%2Fpage-templates HTTP/2.0" 403 3451 "-" "Mozilla/5.0 AppleWebKit/537.36 (KHTML, like Gecko; compatible; ClaudeBot/1.0; +claudebot@anthropic.com)" 310 **0/310528**
57.141.20.24 - - [17/Mar/2026:05:21:30 -0700] "GET /shopdetail/39663437.html HTTP/2.0" 403 55633 "-" "meta-externalagent/1.1 (+https://developers.facebook.com/docs/sharing/webmasters/crawler)" 349 **0/349659**
57.141.20.45 - - [17/Mar/2026:05:21:31 -0700] "GET /shopdetail/813895005.html HTTP/2.0" 403 55633 "-" "meta-externalagent/1.1 (+https://developers.facebook.com/docs/sharing/webmasters/crawler)" 353 **0/353042**
57.141.20.19 - - [17/Mar/2026:05:21:31 -0700] "GET /shopdetail/546898875.html HTTP/2.0" 403 55633 "-" "meta-externalagent/1.1 (+https://developers.facebook.com/docs/sharing/webmasters/crawler)" 343 **0/343847**
57.141.20.40 - - [17/Mar/2026:05:21:31 -0700] "GET /shopdetail/1264100527.html HTTP/2.0" 403 55633 "-" "meta-externalagent/1.1 (+https://developers.facebook.com/docs/sharing/webmasters/crawler)" 330 **0/330007**
57.141.20.30 - - [17/Mar/2026:05:21:32 -0700] "GET /shopdetail/3473009840.html HTTP/2.0" 403 55633 "-" "meta-externalagent/1.1 (+https://developers.facebook.com/docs/sharing/webmasters/crawler)" 319 **0/319989**
57.141.20.57 - - [17/Mar/2026:05:21:32 -0700] "GET /shopdetail/1619206070.html HTTP/2.0" 403 55633 "-" "meta-externalagent/1.1 (+https://developers.facebook.com/docs/sharing/webmasters/crawler)" 291 **0/291965**
74.7.243.230 - - [17/Mar/2026:05:21:32 -0700] "GET /?fileloc=//proc/self/root/proc/thread-self/root/bin/snice&path=//proc/self/root/proc/thread-self/root/bin HTTP/2.0" 200 12055 "https://powerchemyapikimyasallari.com/?path=//proc/self/root/proc/thread-self/root/bin" "Mozilla/5.0 AppleWebKit/537.36 (KHTML, like Gecko; compatible; GPTBot/1.3; +https://openai.com/gptbot)" 343 **0/343138**
57.141.20.42 - - [17/Mar/2026:05:21:33 -0700] "GET /shopdetail/2919705809.html HTTP/2.0" 403 55633 "-" "meta-externalagent/1.1 (+https://developers.facebook.com/docs/sharing/webmasters/crawler)" 290 **0/290339**
57.141.20.12 - - [17/Mar/2026:05:21:32 -0700] "GET /shopdetail/4213658218.html HTTP/2.0" 403 55633 "-" "meta-externalagent/1.1 (+https://developers.facebook.com/docs/sharing/webmasters/crawler)" 543 **0/543767**
74.7.242.33 - - [17/Mar/2026:05:21:33 -0700] "GET /?path=//proc/self/root/proc/thread-self/root/proc/thread-self/root/proc/thread-self/root/proc/self/root/proc/thread-self/root/proc/self/root/proc/thread-self/root/proc/thread-self/root/lib/firmware/vicam HTTP/2.0" 200 2726 "https://www.powerchemyapikimyasallari.com/?path=//proc/self/root/proc/thread-self/root/proc/thread-self/root/proc/thread-self/root/proc/self/root/proc/thread-self/root/proc/self/root/proc/thread-self/root/proc/thread-self/root/lib/firmware" "Mozilla/5.0 AppleWebKit/537.36 (KHTML, like Gecko; compatible; GPTBot/1.3; +https://openai.com/gptbot)" 372 **0/372402**
57.141.20.36 - - [17/Mar/2026:05:21:33 -0700] "GET /shopdetail/2822309000.html HTTP/2.0" 403 55633 "-" "meta-externalagent/1.1 (+https://developers.facebook.com/docs/sharing/webmasters/crawler)" 340 **0/340258**
57.141.20.38 - - [17/Mar/2026:05:21:33 -0700] "GET /shopdetail/4103208891.html?fileloc=/home/fmbi332s7bv7/public_html/xmlrpc.php&path=/home/fmbi332s7bv7/public_html HTTP/2.0" 403 55633 "-" "meta-externalagent/1.1 (+https://developers.facebook.com/docs/sharing/webmasters/crawler)" 315 **0/315763**
57.141.20.50 - - [17/Mar/2026:05:21:34 -0700] "GET /shopdetail/2707421923.html?fileloc=/home/fmbi332s7bv7/public_html/wp-blog-header.php&path=/home/fmbi332s7bv7/public_html HTTP/2.0" 403 55633 "-" "meta-externalagent/1.1 (+https://developers.facebook.com/docs/sharing/webmasters/crawler)" 303 **0/303292**
57.141.20.46 - - [17/Mar/2026:05:21:34 -0700] "GET /shopdetail/1728747428.html HTTP/2.0" 403 55633 "-" "meta-externalagent/1.1 (+https://developers.facebook.com/docs/sharing/webmasters/crawler)" 432 **0/432754**
57.141.20.54 - - [17/Mar/2026:05:21:34 -0700] "GET /shopdetail/1685193941.html HTTP/2.0" 403 55633 "-" "meta-externalagent/1.1 (+https://developers.facebook.com/docs/sharing/webmasters/crawler)" 313 **0/313533**
57.141.20.48 - - [17/Mar/2026:05:21:35 -0700] "GET /shopdetail/2798040131.html HTTP/2.0" 403 55633 "-" "meta-externalagent/1.1 (+https://developers.facebook.com/docs/sharing/webmasters/crawler)" 544 **0/544209**
57.141.20.43 - - [17/Mar/2026:05:21:35 -0700] "GET /shopdetail/521964524.html HTTP/2.0" 403 55633 "-" "meta-externalagent/1.1 (+https://developers.facebook.com/docs/sharing/webmasters/crawler)" 341 **0/341089**
57.141.20.0 - - [17/Mar/2026:05:21:35 -0700] "GET /shopdetail/1440550198.html HTTP/2.0" 403 55633 "-" "meta-externalagent/1.1 (+https://developers.facebook.com/docs/sharing/webmasters/crawler)" 316 **0/316164**
74.7.243.230 - - [17/Mar/2026:05:21:35 -0700] "GET /?fileloc=//proc/self/root/proc/thread-self/root/bin/chgrp&path=//proc/self/root/proc/thread-self/root/bin HTTP/2.0" 200 29325 "https://powerchemyapikimyasallari.com/?path=//proc/self/root/proc/thread-self/root/bin" "Mozilla/5.0 AppleWebKit/537.36 (KHTML, like Gecko; compatible; GPTBot/1.3; +https://openai.com/gptbot)" 352 **0/352062**
57.141.20.50 - - [17/Mar/2026:05:21:36 -0700] "GET /shopdetail/2145313397.html HTTP/2.0" 403 55633 "-" "meta-externalagent/1.1 (+https://developers.facebook.com/docs/sharing/webmasters/crawler)" 313 **0/313172**
74.7.242.33 - - [17/Mar/2026:05:21:36 -0700] "GET /?path=//proc/self/root/proc/thread-self/root/proc/thread-self/root/proc/thread-self/root/proc/self/root/proc/thread-self/root/proc/thread-self/root/proc/self/root/proc/self/root/opt/cloudlinux/alt-php-internal/root HTTP/2.0" 200 2478 "https://www.powerchemyapikimyasallari.com/?path=//proc/self/root/proc/thread-self/root/proc/thread-self/root/proc/thread-self/root/proc/self/root/proc/thread-self/root/proc/thread-self/root/proc/self/root/proc/self/root/opt/cloudlinux/alt-php-internal" "Mozilla/5.0 AppleWebKit/537.36 (KHTML, like Gecko; compatible; GPTBot/1.3; +https://openai.com/gptbot)" 328 **0/328407**
57.141.20.33 - - [17/Mar/2026:05:21:36 -0700] "GET /shopdetail/839387180.html?path=/home/fmbi332s7bv7/public_html/wp-includes/blocks/embed HTTP/2.0" 403 55633 "-" "meta-externalagent/1.1 (+https://developers.facebook.com/docs/sharing/webmasters/crawler)" 405 **0/405430**
57.141.20.27 - - [17/Mar/2026:05:21:36 -0700] "GET /shopdetail/839387180.html?fileloc=/home/fmbi332s7bv7/public_html/wp-includes/blocks/media-text.php&path=/home/fmbi332s7bv7/public_html/wp-includes/blocks HTTP/2.0" 403 55633 "-" "meta-externalagent/1.1 (+https://developers.facebook.com/docs/sharing/webmasters/crawler)" 360 **0/360175**
