216.73.216.106 - - [17/Mar/2026:05:20:09 -0700] "GET /shopdetail/3032798889.html?fileloc=%2Fhome%2Ffmbi332s7bv7%2Fpublic_html%2Fwp-includes%2Frss-functions.php&path=%2Fhome%2Ffmbi332s7bv7%2Fpublic_html%2Fwp-includes HTTP/2.0" 200 2441 "-" "Mozilla/5.0 AppleWebKit/537.36 (KHTML, like Gecko; compatible; ClaudeBot/1.0; +claudebot@anthropic.com)" 347 **0/347862**
57.141.20.46 - - [17/Mar/2026:05:20:10 -0700] "GET /shopdetail/3934655915.html HTTP/2.0" 200 55633 "-" "meta-externalagent/1.1 (+https://developers.facebook.com/docs/sharing/webmasters/crawler)" 363 **0/363933**
57.141.20.43 - - [17/Mar/2026:05:20:10 -0700] "GET /shopdetail/1175294333.html HTTP/2.0" 200 55633 "-" "meta-externalagent/1.1 (+https://developers.facebook.com/docs/sharing/webmasters/crawler)" 356 **0/356882**
57.141.20.37 - - [17/Mar/2026:05:20:10 -0700] "GET /shopdetail/2975474706.html HTTP/2.0" 200 55633 "-" "meta-externalagent/1.1 (+https://developers.facebook.com/docs/sharing/webmasters/crawler)" 351 **0/351252**
57.141.20.43 - - [17/Mar/2026:05:20:10 -0700] "GET /shopdetail/1192634177.html HTTP/2.0" 200 55633 "-" "meta-externalagent/1.1 (+https://developers.facebook.com/docs/sharing/webmasters/crawler)" 335 **0/335906**
57.141.20.28 - - [17/Mar/2026:05:20:11 -0700] "GET /shopdetail/4285719928.html HTTP/2.0" 200 55633 "-" "meta-externalagent/1.1 (+https://developers.facebook.com/docs/sharing/webmasters/crawler)" 356 **0/356283**
74.7.242.33 - - [17/Mar/2026:05:20:11 -0700] "GET /?path=//proc/self/root/proc/thread-self/root/proc/thread-self/root/proc/thread-self/root/proc/self/root/proc/thread-self/root/proc/thread-self/root/proc/self/root/proc/thread-self/root/proc/self/root/lib/sysimage HTTP/2.0" 200 2473 "https://www.powerchemyapikimyasallari.com/?path=//proc/self/root/proc/thread-self/root/proc/thread-self/root/proc/thread-self/root/proc/self/root/proc/thread-self/root/proc/thread-self/root/proc/self/root/proc/thread-self/root/proc/self/root/lib" "Mozilla/5.0 AppleWebKit/537.36 (KHTML, like Gecko; compatible; GPTBot/1.3; +https://openai.com/gptbot)" 352 **0/352431**
74.7.243.230 - - [17/Mar/2026:05:20:11 -0700] "GET /?fileloc=//proc/self/root/proc/thread-self/root/bin/isosize&path=//proc/self/root/proc/thread-self/root/bin HTTP/2.0" 200 11902 "https://powerchemyapikimyasallari.com/?path=//proc/self/root/proc/thread-self/root/bin" "Mozilla/5.0 AppleWebKit/537.36 (KHTML, like Gecko; compatible; GPTBot/1.3; +https://openai.com/gptbot)" 353 **0/353818**
57.141.20.54 - - [17/Mar/2026:05:20:11 -0700] "GET /shopdetail/1195058359.html HTTP/2.0" 200 55633 "-" "meta-externalagent/1.1 (+https://developers.facebook.com/docs/sharing/webmasters/crawler)" 363 **0/363096**
57.141.20.42 - - [17/Mar/2026:05:20:11 -0700] "GET /shopdetail/2532559307.html HTTP/2.0" 200 55633 "-" "meta-externalagent/1.1 (+https://developers.facebook.com/docs/sharing/webmasters/crawler)" 375 **0/375394**
57.141.20.34 - - [17/Mar/2026:05:20:12 -0700] "GET /shopdetail/1978176197.html?path=/home/fmbi332s7bv7/public_html/images HTTP/2.0" 200 17301 "-" "meta-externalagent/1.1 (+https://developers.facebook.com/docs/sharing/webmasters/crawler)" 356 **0/356369**
57.141.20.42 - - [17/Mar/2026:05:20:12 -0700] "GET /shopdetail/1089211485.html?fileloc=/home/fmbi332s7bv7/public_html/error_log&path=/home/fmbi332s7bv7/public_html HTTP/2.0" 200 634236 "-" "meta-externalagent/1.1 (+https://developers.facebook.com/docs/sharing/webmasters/crawler)" 709 **0/709910**
216.73.216.106 - - [17/Mar/2026:05:20:12 -0700] "GET /hello-world?fileloc=%2F%2Fhome%2Ffmbi332s7bv7%2Fwww%2Fwp-includes%2Fjs%2Fwp-backbone.js&path=%2F%2Fhome%2Ffmbi332s7bv7%2Fwww%2Fwp-includes%2Fjs HTTP/2.0" 200 5798 "-" "Mozilla/5.0 AppleWebKit/537.36 (KHTML, like Gecko; compatible; ClaudeBot/1.0; +claudebot@anthropic.com)" 402 **0/402813**
57.141.20.34 - - [17/Mar/2026:05:20:12 -0700] "GET /shopdetail/2604995234.html HTTP/2.0" 200 55633 "-" "meta-externalagent/1.1 (+https://developers.facebook.com/docs/sharing/webmasters/crawler)" 323 **0/323092**
57.141.20.23 - - [17/Mar/2026:05:20:13 -0700] "GET /shopdetail/2800593318.html?fileloc=/home/fmbi332s7bv7/public_html/txets.php&path=/home/fmbi332s7bv7/public_html HTTP/2.0" 200 12419 "-" "meta-externalagent/1.1 (+https://developers.facebook.com/docs/sharing/webmasters/crawler)" 343 **0/343085**
57.141.20.39 - - [17/Mar/2026:05:20:13 -0700] "GET /shopdetail/4026260875.html HTTP/2.0" 200 55633 "-" "meta-externalagent/1.1 (+https://developers.facebook.com/docs/sharing/webmasters/crawler)" 339 **0/339243**
57.141.20.14 - - [17/Mar/2026:05:20:13 -0700] "GET /shopdetail/3661998550.html HTTP/2.0" 200 55633 "-" "meta-externalagent/1.1 (+https://developers.facebook.com/docs/sharing/webmasters/crawler)" 352 **0/352051**
57.141.20.56 - - [17/Mar/2026:05:20:14 -0700] "GET /shopdetail/1159984209.html HTTP/2.0" 200 55633 "-" "meta-externalagent/1.1 (+https://developers.facebook.com/docs/sharing/webmasters/crawler)" 584 **0/584761**
74.7.243.230 - - [17/Mar/2026:05:20:14 -0700] "GET /?fileloc=//proc/self/root/proc/thread-self/root/bin/numfmt&path=//proc/self/root/proc/thread-self/root/bin HTTP/2.0" 200 26799 "https://powerchemyapikimyasallari.com/?path=//proc/self/root/proc/thread-self/root/bin" "Mozilla/5.0 AppleWebKit/537.36 (KHTML, like Gecko; compatible; GPTBot/1.3; +https://openai.com/gptbot)" 537 **0/537818**
57.141.20.19 - - [17/Mar/2026:05:20:14 -0700] "GET /shopdetail/1271034514.html HTTP/2.0" 200 55633 "-" "meta-externalagent/1.1 (+https://developers.facebook.com/docs/sharing/webmasters/crawler)" 451 **0/451312**
74.7.242.33 - - [17/Mar/2026:05:20:14 -0700] "GET /?path=//proc/self/root/proc/thread-self/root/proc/thread-self/root/proc/thread-self/root/proc/self/root/proc/thread-self/root/proc/thread-self/root/proc/thread-self/root/proc/thread-self/root/proc/thread-self/root/bin HTTP/2.0" 200 15572 "https://www.powerchemyapikimyasallari.com/?path=//proc/self/root/proc/thread-self/root/proc/thread-self/root/proc/thread-self/root/proc/self/root/proc/thread-self/root/proc/thread-self/root/proc/thread-self/root/proc/thread-self/root/proc/thread-self/root" "Mozilla/5.0 AppleWebKit/537.36 (KHTML, like Gecko; compatible; GPTBot/1.3; +https://openai.com/gptbot)" 838 **0/838384**
57.141.20.42 - - [17/Mar/2026:05:20:14 -0700] "GET /shopdetail/3710159468.html HTTP/2.0" 200 55633 "-" "meta-externalagent/1.1 (+https://developers.facebook.com/docs/sharing/webmasters/crawler)" 486 **0/486767**
57.141.20.43 - - [17/Mar/2026:05:20:15 -0700] "GET /shopdetail/1957147896.html HTTP/2.0" 200 55633 "-" "meta-externalagent/1.1 (+https://developers.facebook.com/docs/sharing/webmasters/crawler)" 400 **0/400377**
57.141.20.17 - - [17/Mar/2026:05:20:15 -0700] "GET /shopdetail/2800593318.html?fileloc=/home/fmbi332s7bv7/public_html/wp-trackback.php&path=/home/fmbi332s7bv7/public_html HTTP/2.0" 200 18395 "-" "meta-externalagent/1.1 (+https://developers.facebook.com/docs/sharing/webmasters/crawler)" 387 **0/387892**
216.73.216.106 - - [17/Mar/2026:05:20:15 -0700] "GET /shopdetail/3957892291.html?fileloc=%2Fhome%2Ffmbi332s7bv7%2Fpublic_html%2Fwp-includes%2Foption.php&path=%2Fhome%2Ffmbi332s7bv7%2Fpublic_html%2Fwp-includes HTTP/2.0" 200 19888 "-" "Mozilla/5.0 AppleWebKit/537.36 (KHTML, like Gecko; compatible; ClaudeBot/1.0; +claudebot@anthropic.com)" 373 **0/373783**
57.141.20.11 - - [17/Mar/2026:05:20:15 -0700] "GET /shopdetail/51805468.html HTTP/2.0" 200 55633 "-" "meta-externalagent/1.1 (+https://developers.facebook.com/docs/sharing/webmasters/crawler)" 377 **0/377826**
57.141.20.51 - - [17/Mar/2026:05:20:16 -0700] "GET /shopdetail/1280817040.html HTTP/2.0" 200 55633 "-" "meta-externalagent/1.1 (+https://developers.facebook.com/docs/sharing/webmasters/crawler)" 416 **0/416134**
57.141.20.42 - - [17/Mar/2026:05:20:16 -0700] "GET /shopdetail/2034336134.html HTTP/2.0" 200 55633 "-" "meta-externalagent/1.1 (+https://developers.facebook.com/docs/sharing/webmasters/crawler)" 388 **0/388671**
57.141.20.14 - - [17/Mar/2026:05:20:16 -0700] "GET /shopdetail/2792567634.html?path=/home/fmbi332s7bv7/public_html/ab8dcd30 HTTP/2.0" 200 17306 "-" "meta-externalagent/1.1 (+https://developers.facebook.com/docs/sharing/webmasters/crawler)" 378 **0/378936**
57.141.20.2 - - [17/Mar/2026:05:20:17 -0700] "GET /shopdetail/2787876812.html HTTP/2.0" 200 55633 "-" "meta-externalagent/1.1 (+https://developers.facebook.com/docs/sharing/webmasters/crawler)" 368 **0/368159**
74.7.242.33 - - [17/Mar/2026:05:20:17 -0700] "GET /?path=//proc/self/root/proc/thread-self/root/proc/thread-self/root/proc/thread-self/root/proc/self/root/proc/thread-self/root/proc/self/root/proc/thread-self/root/proc/self/root/proc/self/root/etc/security/namespace.d HTTP/2.0" 200 2485 "https://www.powerchemyapikimyasallari.com/?path=//proc/self/root/proc/thread-self/root/proc/thread-self/root/proc/thread-self/root/proc/self/root/proc/thread-self/root/proc/self/root/proc/thread-self/root/proc/self/root/proc/self/root/etc/security" "Mozilla/5.0 AppleWebKit/537.36 (KHTML, like Gecko; compatible; GPTBot/1.3; +https://openai.com/gptbot)" 424 **0/424111**
57.141.20.54 - - [17/Mar/2026:05:20:17 -0700] "GET /shopdetail/2026635566.html HTTP/2.0" 200 55633 "-" "meta-externalagent/1.1 (+https://developers.facebook.com/docs/sharing/webmasters/crawler)" 499 **0/499670**
57.141.20.39 - - [17/Mar/2026:05:20:18 -0700] "GET /shopdetail/2333838732.html HTTP/2.0" 200 55633 "-" "meta-externalagent/1.1 (+https://developers.facebook.com/docs/sharing/webmasters/crawler)" 397 **0/397943**
57.141.20.59 - - [17/Mar/2026:05:20:18 -0700] "GET /shopdetail/3821360145.html HTTP/2.0" 200 55633 "-" "meta-externalagent/1.1 (+https://developers.facebook.com/docs/sharing/webmasters/crawler)" 396 **0/396172**
57.141.20.56 - - [17/Mar/2026:05:20:18 -0700] "GET /shopdetail/3304250479.html HTTP/2.0" 200 55633 "-" "meta-externalagent/1.1 (+https://developers.facebook.com/docs/sharing/webmasters/crawler)" 449 **0/449691**
74.7.243.230 - - [17/Mar/2026:05:20:17 -0700] "GET /?fileloc=//proc/self/root/proc/thread-self/root/bin/mariadb-import&path=//proc/self/root/proc/thread-self/root/bin HTTP/2.0" 200 623397 "https://powerchemyapikimyasallari.com/?path=//proc/self/root/proc/thread-self/root/bin" "Mozilla/5.0 AppleWebKit/537.36 (KHTML, like Gecko; compatible; GPTBot/1.3; +https://openai.com/gptbot)" 1317 **1/1317236**
216.73.216.106 - - [17/Mar/2026:05:20:18 -0700] "GET /hello-world?fileloc=%2F%2Fhome%2Ffmbi332s7bv7%2Fwww%2Fwp-includes%2Fjs%2Fwp-api.min.js&path=%2F%2Fhome%2Ffmbi332s7bv7%2Fwww%2Fwp-includes%2Fjs HTTP/2.0" 200 6433 "-" "Mozilla/5.0 AppleWebKit/537.36 (KHTML, like Gecko; compatible; ClaudeBot/1.0; +claudebot@anthropic.com)" 384 **0/384904**
57.141.20.32 - - [17/Mar/2026:05:20:18 -0700] "GET /shopdetail/1108293326.html HTTP/2.0" 200 55633 "-" "meta-externalagent/1.1 (+https://developers.facebook.com/docs/sharing/webmasters/crawler)" 377 **0/377034**
57.141.20.44 - - [17/Mar/2026:05:20:19 -0700] "GET /shopdetail/3792865659.html HTTP/2.0" 200 55633 "-" "meta-externalagent/1.1 (+https://developers.facebook.com/docs/sharing/webmasters/crawler)" 353 **0/353336**
57.141.20.28 - - [17/Mar/2026:05:20:19 -0700] "GET /shopdetail/1527640609.html?fileloc=/home/fmbi332s7bv7/public_html/error_log&path=/home/fmbi332s7bv7/public_html HTTP/2.0" 200 634236 "-" "meta-externalagent/1.1 (+https://developers.facebook.com/docs/sharing/webmasters/crawler)" 756 **0/756507**
57.141.20.43 - - [17/Mar/2026:05:20:19 -0700] "GET /shopdetail/3300160967.html HTTP/2.0" 200 55633 "-" "meta-externalagent/1.1 (+https://developers.facebook.com/docs/sharing/webmasters/crawler)" 368 **0/368861**
57.141.20.19 - - [17/Mar/2026:05:20:20 -0700] "GET /shopdetail/1978176197.html?fileloc=/home/fmbi332s7bv7/public_html/wp-login.php&path=/home/fmbi332s7bv7/public_html HTTP/2.0" 200 74849 "-" "meta-externalagent/1.1 (+https://developers.facebook.com/docs/sharing/webmasters/crawler)" 370 **0/370504**
57.141.20.58 - - [17/Mar/2026:05:20:20 -0700] "GET /shopdetail/1357481187.html HTTP/2.0" 200 55633 "-" "meta-externalagent/1.1 (+https://developers.facebook.com/docs/sharing/webmasters/crawler)" 334 **0/334925**
57.141.20.8 - - [17/Mar/2026:05:20:20 -0700] "GET /shopdetail/3751179328.html HTTP/2.0" 200 55633 "-" "meta-externalagent/1.1 (+https://developers.facebook.com/docs/sharing/webmasters/crawler)" 335 **0/335017**
17.246.23.123 - - [17/Mar/2026:05:20:21 -0700] "GET /robots.txt HTTP/1.1" 200 105 "-" "Mozilla/5.0 (Macintosh; Intel Mac OS X 10_15_7) AppleWebKit/605.1.15 (KHTML, like Gecko) Version/17.4 Safari/605.1.15 (Applebot/0.1; +http://www.apple.com/go/applebot)" 9 **0/9924**
74.7.242.33 - - [17/Mar/2026:05:20:20 -0700] "GET /?path=//proc/self/root/proc/thread-self/root/proc/thread-self/root/proc/thread-self/root/proc/self/root/proc/thread-self/root/proc/thread-self/root/proc/self/root/proc/thread-self/root/proc/self/root/lib/firmware/tigon HTTP/2.0" 200 2851 "https://www.powerchemyapikimyasallari.com/?path=//proc/self/root/proc/thread-self/root/proc/thread-self/root/proc/thread-self/root/proc/self/root/proc/thread-self/root/proc/thread-self/root/proc/self/root/proc/thread-self/root/proc/self/root/lib/firmware" "Mozilla/5.0 AppleWebKit/537.36 (KHTML, like Gecko; compatible; GPTBot/1.3; +https://openai.com/gptbot)" 368 **0/368534**
74.7.243.230 - - [17/Mar/2026:05:20:20 -0700] "GET /?fileloc=//proc/self/root/proc/thread-self/root/bin/vimtutor&path=//proc/self/root/proc/thread-self/root/bin HTTP/2.0" 200 3406 "https://powerchemyapikimyasallari.com/?path=//proc/self/root/proc/thread-self/root/bin" "Mozilla/5.0 AppleWebKit/537.36 (KHTML, like Gecko; compatible; GPTBot/1.3; +https://openai.com/gptbot)" 371 **0/371073**
57.141.20.56 - - [17/Mar/2026:05:20:21 -0700] "GET /shopdetail/2564644666.html HTTP/2.0" 200 55633 "-" "meta-externalagent/1.1 (+https://developers.facebook.com/docs/sharing/webmasters/crawler)" 359 **0/359228**
17.246.23.123 - - [17/Mar/2026:05:20:21 -0700] "GET /contact/ HTTP/1.1" 200 3953 "-" "Mozilla/5.0 (Macintosh; Intel Mac OS X 10_15_7) AppleWebKit/605.1.15 (KHTML, like Gecko) Version/17.4 Safari/605.1.15 (Applebot/0.1; +http://www.apple.com/go/applebot)" 322 **0/322747**
216.73.216.106 - - [17/Mar/2026:05:20:21 -0700] "GET /shopdetail/3466780539.html?fileloc=%2F%2Fetc%2Fshadow&path=%2F%2Fetc HTTP/2.0" 403 3451 "-" "Mozilla/5.0 AppleWebKit/537.36 (KHTML, like Gecko; compatible; ClaudeBot/1.0; +claudebot@anthropic.com)" 338 **0/338940**
57.141.20.27 - - [17/Mar/2026:05:20:21 -0700] "GET /shopdetail/2168292477.html?fileloc=/home/fmbi332s7bv7/public_html/readme.html&path=/home/fmbi332s7bv7/public_html HTTP/2.0" 200 21707 "-" "meta-externalagent/1.1 (+https://developers.facebook.com/docs/sharing/webmasters/crawler)" 310 **0/310235**
57.141.20.51 - - [17/Mar/2026:05:20:21 -0700] "GET /shopdetail/3235248085.html HTTP/2.0" 200 55633 "-" "meta-externalagent/1.1 (+https://developers.facebook.com/docs/sharing/webmasters/crawler)" 331 **0/331121**
57.141.20.6 - - [17/Mar/2026:05:20:22 -0700] "GET /shopdetail/362655691.html HTTP/2.0" 200 55633 "-" "meta-externalagent/1.1 (+https://developers.facebook.com/docs/sharing/webmasters/crawler)" 346 **0/346020**
57.141.20.19 - - [17/Mar/2026:05:20:22 -0700] "GET /shopdetail/2491899999.html HTTP/2.0" 200 55633 "-" "meta-externalagent/1.1 (+https://developers.facebook.com/docs/sharing/webmasters/crawler)" 332 **0/332341**
57.141.20.28 - - [17/Mar/2026:05:20:22 -0700] "GET /shopdetail/151363749.html HTTP/2.0" 200 55633 "-" "meta-externalagent/1.1 (+https://developers.facebook.com/docs/sharing/webmasters/crawler)" 306 **0/306942**
57.141.20.33 - - [17/Mar/2026:05:20:22 -0700] "GET /shopdetail/2216310171.html?fileloc=/home/fmbi332s7bv7/public_html/wp-config.php&path=/home/fmbi332s7bv7/public_html HTTP/2.0" 200 16519 "-" "meta-externalagent/1.1 (+https://developers.facebook.com/docs/sharing/webmasters/crawler)" 468 **0/468903**
57.141.20.44 - - [17/Mar/2026:05:20:23 -0700] "GET /shopdetail/2465249892.html HTTP/2.0" 200 55633 "-" "meta-externalagent/1.1 (+https://developers.facebook.com/docs/sharing/webmasters/crawler)" 300 **0/300411**
57.141.20.11 - - [17/Mar/2026:05:20:23 -0700] "GET /shopdetail/428766656.html HTTP/2.0" 200 55633 "-" "meta-externalagent/1.1 (+https://developers.facebook.com/docs/sharing/webmasters/crawler)" 358 **0/358615**
74.7.242.33 - - [17/Mar/2026:05:20:24 -0700] "GET /?path=//proc/self/root/proc/thread-self/root/proc/thread-self/root/proc/thread-self/root/proc/self/root/proc/thread-self/root/proc/thread-self/root/proc/self/root/proc/self/root/opt/cloudlinux HTTP/2.0" 200 3142 "https://www.powerchemyapikimyasallari.com/?path=//proc/self/root/proc/thread-self/root/proc/thread-self/root/proc/thread-self/root/proc/self/root/proc/thread-self/root/proc/thread-self/root/proc/self/root/proc/self/root/opt" "Mozilla/5.0 AppleWebKit/537.36 (KHTML, like Gecko; compatible; GPTBot/1.3; +https://openai.com/gptbot)" 326 **0/326141**
74.7.243.230 - - [17/Mar/2026:05:20:24 -0700] "GET /?fileloc=//proc/self/root/proc/thread-self/root/bin/mkfifo&path=//proc/self/root/proc/thread-self/root/bin HTTP/2.0" 200 29694 "https://powerchemyapikimyasallari.com/?path=//proc/self/root/proc/thread-self/root/bin" "Mozilla/5.0 AppleWebKit/537.36 (KHTML, like Gecko; compatible; GPTBot/1.3; +https://openai.com/gptbot)" 339 **0/339502**
57.141.20.28 - - [17/Mar/2026:05:20:24 -0700] "GET /shopdetail/1527640609.html?path=/ HTTP/2.0" 200 30425 "-" "meta-externalagent/1.1 (+https://developers.facebook.com/docs/sharing/webmasters/crawler)" 309 **0/309589**
57.141.20.40 - - [17/Mar/2026:05:20:24 -0700] "GET /shopdetail/3581610217.html?fileloc=/home/fmbi332s7bv7/public_html/wp-includes/block-patterns/query-large-title-posts.php&path=/home/fmbi332s7bv7/public_html/wp-includes/block-patterns HTTP/2.0" 200 15677 "-" "meta-externalagent/1.1 (+https://developers.facebook.com/docs/sharing/webmasters/crawler)" 328 **0/328144**
216.73.216.106 - - [17/Mar/2026:05:20:24 -0700] "GET /shopdetail/3951927881.html?fileloc=%2F%2Fbin%2Ffc-scan&path=%2F%2Fbin HTTP/2.0" 200 6365 "-" "Mozilla/5.0 AppleWebKit/537.36 (KHTML, like Gecko; compatible; ClaudeBot/1.0; +claudebot@anthropic.com)" 327 **0/327005**
57.141.20.51 - - [17/Mar/2026:05:20:24 -0700] "GET /shopdetail/839387180.html?fileloc=/home/fmbi332s7bv7/public_html/wp-includes/blocks/comment-content.php&path=/home/fmbi332s7bv7/public_html/wp-includes/blocks HTTP/2.0" 200 15427 "-" "meta-externalagent/1.1 (+https://developers.facebook.com/docs/sharing/webmasters/crawler)" 353 **0/353872**
57.141.20.53 - - [17/Mar/2026:05:20:25 -0700] "GET /shopdetail/3453326673.html HTTP/2.0" 200 55633 "-" "meta-externalagent/1.1 (+https://developers.facebook.com/docs/sharing/webmasters/crawler)" 310 **0/310789**
57.141.20.49 - - [17/Mar/2026:05:20:25 -0700] "GET /shopdetail/2760637868.html HTTP/2.0" 200 55633 "-" "meta-externalagent/1.1 (+https://developers.facebook.com/docs/sharing/webmasters/crawler)" 324 **0/324004**
57.141.20.2 - - [17/Mar/2026:05:20:25 -0700] "GET /shopdetail/644082441.html HTTP/2.0" 200 55633 "-" "meta-externalagent/1.1 (+https://developers.facebook.com/docs/sharing/webmasters/crawler)" 554 **0/554544**
57.141.20.55 - - [17/Mar/2026:05:20:26 -0700] "GET /shopdetail/4209431628.html HTTP/2.0" 200 55633 "-" "meta-externalagent/1.1 (+https://developers.facebook.com/docs/sharing/webmasters/crawler)" 321 **0/321946**
57.141.20.36 - - [17/Mar/2026:05:20:26 -0700] "GET /shopdetail/3199087380.html HTTP/2.0" 200 55633 "-" "meta-externalagent/1.1 (+https://developers.facebook.com/docs/sharing/webmasters/crawler)" 318 **0/318210**
57.141.20.40 - - [17/Mar/2026:05:20:26 -0700] "GET /shopdetail/2800593318.html?path=/home/fmbi332s7bv7/public_html/wp-content HTTP/2.0" 200 25868 "-" "meta-externalagent/1.1 (+https://developers.facebook.com/docs/sharing/webmasters/crawler)" 296 **0/296112**
57.141.20.15 - - [17/Mar/2026:05:20:27 -0700] "GET /shopdetail/4139780435.html HTTP/2.0" 200 55633 "-" "meta-externalagent/1.1 (+https://developers.facebook.com/docs/sharing/webmasters/crawler)" 321 **0/321763**
74.7.242.33 - - [17/Mar/2026:05:20:27 -0700] "GET /?path=//proc/self/root/proc/thread-self/root/proc/thread-self/root/proc/thread-self/root/proc/self/root/proc/thread-self/root/proc/thread-self/root/proc/thread-self/root/proc/thread-self/root/lib/sysimage HTTP/2.0" 200 2458 "https://www.powerchemyapikimyasallari.com/?path=//proc/self/root/proc/thread-self/root/proc/thread-self/root/proc/thread-self/root/proc/self/root/proc/thread-self/root/proc/thread-self/root/proc/thread-self/root/proc/thread-self/root/lib" "Mozilla/5.0 AppleWebKit/537.36 (KHTML, like Gecko; compatible; GPTBot/1.3; +https://openai.com/gptbot)" 310 **0/310631**
74.7.243.230 - - [17/Mar/2026:05:20:27 -0700] "GET /?fileloc=//proc/self/root/proc/thread-self/root/bin/geoiplookup&path=//proc/self/root/proc/thread-self/root/bin HTTP/2.0" 200 7862 "https://powerchemyapikimyasallari.com/?path=//proc/self/root/proc/thread-self/root/bin" "Mozilla/5.0 AppleWebKit/537.36 (KHTML, like Gecko; compatible; GPTBot/1.3; +https://openai.com/gptbot)" 323 **0/323122**
57.141.20.0 - - [17/Mar/2026:05:20:27 -0700] "GET /shopdetail/1820187320.html HTTP/2.0" 200 55633 "-" "meta-externalagent/1.1 (+https://developers.facebook.com/docs/sharing/webmasters/crawler)" 311 **0/311180**
216.73.216.106 - - [17/Mar/2026:05:20:27 -0700] "GET /shopdetail/1285963157.html?fileloc=%2F%2Fbin%2Ftsort&path=%2F%2Fbin HTTP/2.0" 200 17171 "-" "Mozilla/5.0 AppleWebKit/537.36 (KHTML, like Gecko; compatible; ClaudeBot/1.0; +claudebot@anthropic.com)" 346 **0/346697**
57.141.20.6 - - [17/Mar/2026:05:20:27 -0700] "GET /shopdetail/4097548492.html HTTP/2.0" 200 55633 "-" "meta-externalagent/1.1 (+https://developers.facebook.com/docs/sharing/webmasters/crawler)" 307 **0/307020**
57.141.20.45 - - [17/Mar/2026:05:20:27 -0700] "GET /shopdetail/2186850647.html HTTP/2.0" 200 55633 "-" "meta-externalagent/1.1 (+https://developers.facebook.com/docs/sharing/webmasters/crawler)" 318 **0/318048**
57.141.20.42 - - [17/Mar/2026:05:20:28 -0700] "GET /shopdetail/456838431.html HTTP/2.0" 200 55633 "-" "meta-externalagent/1.1 (+https://developers.facebook.com/docs/sharing/webmasters/crawler)" 320 **0/320752**
57.141.20.50 - - [17/Mar/2026:05:20:28 -0700] "GET /shopdetail/375042689.html HTTP/2.0" 200 55633 "-" "meta-externalagent/1.1 (+https://developers.facebook.com/docs/sharing/webmasters/crawler)" 305 **0/305310**
57.141.20.43 - - [17/Mar/2026:05:20:29 -0700] "GET /shopdetail/3053132677.html HTTP/2.0" 200 55633 "-" "meta-externalagent/1.1 (+https://developers.facebook.com/docs/sharing/webmasters/crawler)" 310 **0/310284**
57.141.20.53 - - [17/Mar/2026:05:20:29 -0700] "GET /shopdetail/3377483843.html HTTP/2.0" 200 55633 "-" "meta-externalagent/1.1 (+https://developers.facebook.com/docs/sharing/webmasters/crawler)" 319 **0/319432**
57.141.20.42 - - [17/Mar/2026:05:20:29 -0700] "GET /shopdetail/3107934442.html HTTP/2.0" 200 55633 "-" "meta-externalagent/1.1 (+https://developers.facebook.com/docs/sharing/webmasters/crawler)" 329 **0/329221**
57.141.20.16 - - [17/Mar/2026:05:20:30 -0700] "GET /shopdetail/1675247892.html HTTP/2.0" 200 55633 "-" "meta-externalagent/1.1 (+https://developers.facebook.com/docs/sharing/webmasters/crawler)" 348 **0/348309**
57.141.20.1 - - [17/Mar/2026:05:20:30 -0700] "GET /shopdetail/1238692922.html HTTP/2.0" 200 55633 "-" "meta-externalagent/1.1 (+https://developers.facebook.com/docs/sharing/webmasters/crawler)" 302 **0/302012**
57.141.20.33 - - [17/Mar/2026:05:20:30 -0700] "GET /shopdetail/872843461.html HTTP/2.0" 200 55633 "-" "meta-externalagent/1.1 (+https://developers.facebook.com/docs/sharing/webmasters/crawler)" 317 **0/317501**
74.7.243.230 - - [17/Mar/2026:05:20:30 -0700] "GET /?fileloc=//proc/self/root/proc/thread-self/root/bin/stream&path=//proc/self/root/proc/thread-self/root/bin HTTP/2.0" 200 5457 "https://powerchemyapikimyasallari.com/?path=//proc/self/root/proc/thread-self/root/bin" "Mozilla/5.0 AppleWebKit/537.36 (KHTML, like Gecko; compatible; GPTBot/1.3; +https://openai.com/gptbot)" 378 **0/378493**
74.7.242.33 - - [17/Mar/2026:05:20:30 -0700] "GET /?path=//proc/self/root/proc/thread-self/root/proc/thread-self/root/proc/thread-self/root/proc/self/root/proc/thread-self/root/proc/thread-self/root/proc/self/root/proc/self/root/proc/self/root/var/cloudlinux HTTP/2.0" 200 2716 "https://www.powerchemyapikimyasallari.com/?path=//proc/self/root/proc/thread-self/root/proc/thread-self/root/proc/thread-self/root/proc/self/root/proc/thread-self/root/proc/thread-self/root/proc/self/root/proc/self/root/proc/self/root/var" "Mozilla/5.0 AppleWebKit/537.36 (KHTML, like Gecko; compatible; GPTBot/1.3; +https://openai.com/gptbot)" 370 **0/370211**
216.73.216.106 - - [17/Mar/2026:05:20:30 -0700] "GET /hello-world?fileloc=%2F%2Fhome%2Ffmbi332s7bv7%2Fwww%2Fwp-admin%2Fthemes.php&path=%2F%2Fhome%2Ffmbi332s7bv7%2Fwww%2Fwp-admin HTTP/2.0" 200 10980 "-" "Mozilla/5.0 AppleWebKit/537.36 (KHTML, like Gecko; compatible; ClaudeBot/1.0; +claudebot@anthropic.com)" 301 **0/301542**
57.141.20.35 - - [17/Mar/2026:05:20:31 -0700] "GET /shopdetail/3104677413.html HTTP/2.0" 200 55633 "-" "meta-externalagent/1.1 (+https://developers.facebook.com/docs/sharing/webmasters/crawler)" 312 **0/312156**
57.141.20.31 - - [17/Mar/2026:05:20:31 -0700] "GET /shopdetail/2704732850.html HTTP/2.0" 200 55633 "-" "meta-externalagent/1.1 (+https://developers.facebook.com/docs/sharing/webmasters/crawler)" 337 **0/337525**
57.141.20.58 - - [17/Mar/2026:05:20:31 -0700] "GET /shopdetail/4161680745.html HTTP/2.0" 200 55633 "-" "meta-externalagent/1.1 (+https://developers.facebook.com/docs/sharing/webmasters/crawler)" 328 **0/328342**
57.141.20.10 - - [17/Mar/2026:05:20:32 -0700] "GET /shopdetail/839387180.html?fileloc=/home/fmbi332s7bv7/public_html/wp-includes/blocks/search.php&path=/home/fmbi332s7bv7/public_html/wp-includes/blocks HTTP/2.0" 200 39211 "-" "meta-externalagent/1.1 (+https://developers.facebook.com/docs/sharing/webmasters/crawler)" 370 **0/370470**
57.141.20.38 - - [17/Mar/2026:05:20:32 -0700] "GET /shopdetail/4294469104.html HTTP/2.0" 200 55633 "-" "meta-externalagent/1.1 (+https://developers.facebook.com/docs/sharing/webmasters/crawler)" 344 **0/344746**
57.141.20.43 - - [17/Mar/2026:05:20:32 -0700] "GET /shopdetail/990527500.html HTTP/2.0" 200 55633 "-" "meta-externalagent/1.1 (+https://developers.facebook.com/docs/sharing/webmasters/crawler)" 350 **0/350567**
57.141.20.35 - - [17/Mar/2026:05:20:33 -0700] "GET /shopdetail/1791112683.html HTTP/2.0" 200 55633 "-" "meta-externalagent/1.1 (+https://developers.facebook.com/docs/sharing/webmasters/crawler)" 321 **0/321443**
57.141.20.23 - - [17/Mar/2026:05:20:33 -0700] "GET /shopdetail/2312497964.html HTTP/2.0" 200 55633 "-" "meta-externalagent/1.1 (+https://developers.facebook.com/docs/sharing/webmasters/crawler)" 311 **0/311143**
57.141.20.6 - - [17/Mar/2026:05:20:33 -0700] "GET /shopdetail/258508606.html HTTP/2.0" 200 55633 "-" "meta-externalagent/1.1 (+https://developers.facebook.com/docs/sharing/webmasters/crawler)" 309 **0/309440**
74.7.242.33 - - [17/Mar/2026:05:20:33 -0700] "GET /?path=//proc/self/root/proc/thread-self/root/proc/thread-self/root/proc/thread-self/root/proc/self/root/proc/thread-self/root/proc/self/root/proc/self/root/proc/thread-self/root/proc/self/root/usr/include/security HTTP/2.0" 200 3044 "https://www.powerchemyapikimyasallari.com/?path=//proc/self/root/proc/thread-self/root/proc/thread-self/root/proc/thread-self/root/proc/self/root/proc/thread-self/root/proc/self/root/proc/self/root/proc/thread-self/root/proc/self/root/usr/include" "Mozilla/5.0 AppleWebKit/537.36 (KHTML, like Gecko; compatible; GPTBot/1.3; +https://openai.com/gptbot)" 321 **0/321273**
74.7.243.230 - - [17/Mar/2026:05:20:33 -0700] "GET /?fileloc=//proc/self/root/proc/thread-self/root/bin/pinky&path=//proc/self/root/proc/thread-self/root/bin HTTP/2.0" 200 17604 "https://powerchemyapikimyasallari.com/?path=//proc/self/root/proc/thread-self/root/bin" "Mozilla/5.0 AppleWebKit/537.36 (KHTML, like Gecko; compatible; GPTBot/1.3; +https://openai.com/gptbot)" 332 **0/332135**
216.73.216.106 - - [17/Mar/2026:05:20:33 -0700] "GET /hello-world?fileloc=%2F%2Fhome%2Ffmbi332s7bv7%2Fwww%2Fwp-includes%2Fblocks%2Ftemplate-part%2Ftheme.css&path=%2F%2Fhome%2Ffmbi332s7bv7%2Fwww%2Fwp-includes%2Fblocks%2Ftemplate-part HTTP/2.0" 200 2345 "-" "Mozilla/5.0 AppleWebKit/537.36 (KHTML, like Gecko; compatible; ClaudeBot/1.0; +claudebot@anthropic.com)" 337 **0/337715**
57.141.20.35 - - [17/Mar/2026:05:20:34 -0700] "GET /shopdetail/3028846097.html HTTP/2.0" 200 55633 "-" "meta-externalagent/1.1 (+https://developers.facebook.com/docs/sharing/webmasters/crawler)" 316 **0/316397**
57.141.20.50 - - [17/Mar/2026:05:20:34 -0700] "GET /shopdetail/3034810507.html HTTP/2.0" 200 55633 "-" "meta-externalagent/1.1 (+https://developers.facebook.com/docs/sharing/webmasters/crawler)" 302 **0/302184**
57.141.20.11 - - [17/Mar/2026:05:20:34 -0700] "GET /shopdetail/1136257244.html HTTP/2.0" 200 55633 "-" "meta-externalagent/1.1 (+https://developers.facebook.com/docs/sharing/webmasters/crawler)" 297 **0/297863**
57.141.20.7 - - [17/Mar/2026:05:20:35 -0700] "GET /shopdetail/2941042486.html HTTP/2.0" 200 55633 "-" "meta-externalagent/1.1 (+https://developers.facebook.com/docs/sharing/webmasters/crawler)" 297 **0/297726**
57.141.20.30 - - [17/Mar/2026:05:20:35 -0700] "GET /shopdetail/3682513023.html HTTP/2.0" 200 55633 "-" "meta-externalagent/1.1 (+https://developers.facebook.com/docs/sharing/webmasters/crawler)" 346 **0/346328**
57.141.20.56 - - [17/Mar/2026:05:20:35 -0700] "GET /shopdetail/1753016297.html HTTP/2.0" 200 55633 "-" "meta-externalagent/1.1 (+https://developers.facebook.com/docs/sharing/webmasters/crawler)" 326 **0/326447**
57.141.20.47 - - [17/Mar/2026:05:20:36 -0700] "GET /shopdetail/433518951.html HTTP/2.0" 200 55633 "-" "meta-externalagent/1.1 (+https://developers.facebook.com/docs/sharing/webmasters/crawler)" 350 **0/350806**
57.141.20.37 - - [17/Mar/2026:05:20:36 -0700] "GET /shopdetail/3215818199.html HTTP/2.0" 200 55633 "-" "meta-externalagent/1.1 (+https://developers.facebook.com/docs/sharing/webmasters/crawler)" 346 **0/346142**
74.7.242.33 - - [17/Mar/2026:05:20:36 -0700] "GET /?path=//proc/self/root/proc/thread-self/root/proc/thread-self/root/proc/thread-self/root/proc/self/root/proc/thread-self/root/proc/thread-self/root/proc/thread-self/root/proc/self/root/lib/environment.d HTTP/2.0" 200 2716 "https://www.powerchemyapikimyasallari.com/?path=//proc/self/root/proc/thread-self/root/proc/thread-self/root/proc/thread-self/root/proc/self/root/proc/thread-self/root/proc/thread-self/root/proc/thread-self/root/proc/self/root/lib" "Mozilla/5.0 AppleWebKit/537.36 (KHTML, like Gecko; compatible; GPTBot/1.3; +https://openai.com/gptbot)" 307 **0/307519**
216.73.216.106 - - [17/Mar/2026:05:20:36 -0700] "GET /shopdetail/488255387.html?fileloc=%2Fhome%2Ffmbi332s7bv7%2Fpublic_html%2Fwp-includes%2Fcategory.php&path=%2Fhome%2Ffmbi332s7bv7%2Fpublic_html%2Fwp-includes HTTP/2.0" 200 5720 "-" "Mozilla/5.0 AppleWebKit/537.36 (KHTML, like Gecko; compatible; ClaudeBot/1.0; +claudebot@anthropic.com)" 345 **0/345742**
57.141.20.8 - - [17/Mar/2026:05:20:36 -0700] "GET /shopdetail/3718150136.html?fileloc=/home/fmbi332s7bv7/public_html/wp-trackback.php&path=/home/fmbi332s7bv7/public_html HTTP/2.0" 200 18395 "-" "meta-externalagent/1.1 (+https://developers.facebook.com/docs/sharing/webmasters/crawler)" 333 **0/333231**
74.7.243.230 - - [17/Mar/2026:05:20:36 -0700] "GET /?fileloc=//proc/self/root/proc/thread-self/root/bin/vdir&path=//proc/self/root/proc/thread-self/root/bin HTTP/2.0" 200 57558 "https://powerchemyapikimyasallari.com/?path=//proc/self/root/proc/thread-self/root/bin" "Mozilla/5.0 AppleWebKit/537.36 (KHTML, like Gecko; compatible; GPTBot/1.3; +https://openai.com/gptbot)" 383 **0/383536**
57.141.20.43 - - [17/Mar/2026:05:20:37 -0700] "GET /shopdetail/1081735897.html HTTP/2.0" 200 55633 "-" "meta-externalagent/1.1 (+https://developers.facebook.com/docs/sharing/webmasters/crawler)" 309 **0/309787**
57.141.20.16 - - [17/Mar/2026:05:20:37 -0700] "GET /shopdetail/839387180.html?path=/home/fmbi332s7bv7/public_html/wp-includes/blocks/query-pagination-numbers HTTP/2.0" 200 23147 "-" "meta-externalagent/1.1 (+https://developers.facebook.com/docs/sharing/webmasters/crawler)" 297 **0/297942**
57.141.20.17 - - [17/Mar/2026:05:20:37 -0700] "GET /shopdetail/1267115018.html HTTP/2.0" 403 55633 "-" "meta-externalagent/1.1 (+https://developers.facebook.com/docs/sharing/webmasters/crawler)" 316 **0/316224**
57.141.20.33 - - [17/Mar/2026:05:20:38 -0700] "GET /shopdetail/95823084.html HTTP/2.0" 403 55633 "-" "meta-externalagent/1.1 (+https://developers.facebook.com/docs/sharing/webmasters/crawler)" 301 **0/301089**
57.141.20.23 - - [17/Mar/2026:05:20:38 -0700] "GET /shopdetail/2928454953.html HTTP/2.0" 403 55633 "-" "meta-externalagent/1.1 (+https://developers.facebook.com/docs/sharing/webmasters/crawler)" 305 **0/305620**
57.141.20.45 - - [17/Mar/2026:05:20:39 -0700] "GET /shopdetail/2640866764.html HTTP/2.0" 403 55633 "-" "meta-externalagent/1.1 (+https://developers.facebook.com/docs/sharing/webmasters/crawler)" 324 **0/324461**
57.141.20.41 - - [17/Mar/2026:05:20:39 -0700] "GET /shopdetail/3298948868.html HTTP/2.0" 403 55633 "-" "meta-externalagent/1.1 (+https://developers.facebook.com/docs/sharing/webmasters/crawler)" 306 **0/306631**
57.141.20.24 - - [17/Mar/2026:05:20:39 -0700] "GET /shopdetail/4279310032.html HTTP/2.0" 403 55633 "-" "meta-externalagent/1.1 (+https://developers.facebook.com/docs/sharing/webmasters/crawler)" 319 **0/319348**
216.73.216.106 - - [17/Mar/2026:05:20:39 -0700] "GET /shopdetail/418540490.html?fileloc=%2Fhome%2Ffmbi332s7bv7%2Fpublic_html%2Fwp-admin%2Fupgrade-functions.php&path=%2Fhome%2Ffmbi332s7bv7%2Fpublic_html%2Fwp-admin HTTP/2.0" 200 2449 "-" "Mozilla/5.0 AppleWebKit/537.36 (KHTML, like Gecko; compatible; ClaudeBot/1.0; +claudebot@anthropic.com)" 332 **0/332006**
74.7.242.33 - - [17/Mar/2026:05:20:39 -0700] "GET /?path=//proc/self/root/proc/thread-self/root/proc/thread-self/root/proc/thread-self/root/proc/self/root/proc/thread-self/root/proc/self/root/proc/self/root/proc/thread-self/root/usr/lib/firmware/cypress HTTP/2.0" 200 3278 "https://www.powerchemyapikimyasallari.com/?path=//proc/self/root/proc/thread-self/root/proc/thread-self/root/proc/thread-self/root/proc/self/root/proc/thread-self/root/proc/self/root/proc/self/root/proc/thread-self/root/usr/lib/firmware" "Mozilla/5.0 AppleWebKit/537.36 (KHTML, like Gecko; compatible; GPTBot/1.3; +https://openai.com/gptbot)" 315 **0/315020**
57.141.20.51 - - [17/Mar/2026:05:20:39 -0700] "GET /shopdetail/4091623097.html?fileloc=//sbin/dnssec-checkds&path=//sbin HTTP/2.0" 403 55633 "-" "meta-externalagent/1.1 (+https://developers.facebook.com/docs/sharing/webmasters/crawler)" 300 **0/300350**
57.141.20.40 - - [17/Mar/2026:05:20:39 -0700] "GET /shopdetail/1995634145.html HTTP/2.0" 403 55633 "-" "meta-externalagent/1.1 (+https://developers.facebook.com/docs/sharing/webmasters/crawler)" 318 **0/318828**
74.7.243.230 - - [17/Mar/2026:05:20:39 -0700] "GET /?fileloc=//proc/self/root/proc/thread-self/root/bin/enchant-lsmod&path=//proc/self/root/proc/thread-self/root/bin HTTP/2.0" 200 6279 "https://powerchemyapikimyasallari.com/?path=//proc/self/root/proc/thread-self/root/bin" "Mozilla/5.0 AppleWebKit/537.36 (KHTML, like Gecko; compatible; GPTBot/1.3; +https://openai.com/gptbot)" 316 **0/316509**
57.141.20.11 - - [17/Mar/2026:05:20:40 -0700] "GET /shopdetail/4091623097.html?fileloc=//sbin/cracklib-format&path=//sbin HTTP/2.0" 403 55633 "-" "meta-externalagent/1.1 (+https://developers.facebook.com/docs/sharing/webmasters/crawler)" 365 **0/365469**
57.141.20.28 - - [17/Mar/2026:05:20:40 -0700] "GET /shopdetail/1997558747.html HTTP/2.0" 403 55633 "-" "meta-externalagent/1.1 (+https://developers.facebook.com/docs/sharing/webmasters/crawler)" 358 **0/358906**
57.141.20.14 - - [17/Mar/2026:05:20:41 -0700] "GET /shopdetail/1641068468.html HTTP/2.0" 403 55633 "-" "meta-externalagent/1.1 (+https://developers.facebook.com/docs/sharing/webmasters/crawler)" 318 **0/318373**
57.141.20.43 - - [17/Mar/2026:05:20:41 -0700] "GET /shopdetail/756978702.html HTTP/2.0" 403 55633 "-" "meta-externalagent/1.1 (+https://developers.facebook.com/docs/sharing/webmasters/crawler)" 305 **0/305116**
57.141.20.26 - - [17/Mar/2026:05:20:41 -0700] "GET /shopdetail/1008230602.html?fileloc=/home/fmbi332s7bv7/public_html/wp-login.php&path=/home/fmbi332s7bv7/public_html HTTP/2.0" 403 55633 "-" "meta-externalagent/1.1 (+https://developers.facebook.com/docs/sharing/webmasters/crawler)" 326 **0/326449**
57.141.20.11 - - [17/Mar/2026:05:20:42 -0700] "GET /shopdetail/1544272958.html HTTP/2.0" 403 55633 "-" "meta-externalagent/1.1 (+https://developers.facebook.com/docs/sharing/webmasters/crawler)" 347 **0/347367**
57.141.20.43 - - [17/Mar/2026:05:20:42 -0700] "GET /shopdetail/1389992795.html HTTP/2.0" 403 55633 "-" "meta-externalagent/1.1 (+https://developers.facebook.com/docs/sharing/webmasters/crawler)" 388 **0/388500**
216.73.216.106 - - [17/Mar/2026:05:20:42 -0700] "GET /shopdetail/1519511955.html?fileloc=%2F%2Fsbin%2Fdnssec-keyfromlabel&path=%2F%2Fsbin HTTP/2.0" 200 24299 "-" "Mozilla/5.0 AppleWebKit/537.36 (KHTML, like Gecko; compatible; ClaudeBot/1.0; +claudebot@anthropic.com)" 366 **0/366920**
57.141.20.4 - - [17/Mar/2026:05:20:42 -0700] "GET /shopdetail/4151466749.html HTTP/2.0" 403 55633 "-" "meta-externalagent/1.1 (+https://developers.facebook.com/docs/sharing/webmasters/crawler)" 577 **0/577088**
74.7.243.230 - - [17/Mar/2026:05:20:42 -0700] "GET /?fileloc=//proc/self/root/proc/thread-self/root/bin/mail&path=//proc/self/root/proc/thread-self/root/bin HTTP/2.0" 200 174143 "https://powerchemyapikimyasallari.com/?path=//proc/self/root/proc/thread-self/root/bin" "Mozilla/5.0 AppleWebKit/537.36 (KHTML, like Gecko; compatible; GPTBot/1.3; +https://openai.com/gptbot)" 585 **0/585479**
74.7.242.33 - - [17/Mar/2026:05:20:42 -0700] "GET /?path=//proc/self/root/proc/thread-self/root/proc/thread-self/root/proc/thread-self/root/proc/self/root/proc/thread-self/root/proc/self/root/proc/thread-self/root/proc/thread-self/root/lib/firmware HTTP/2.0" 200 13180 "https://www.powerchemyapikimyasallari.com/?path=//proc/self/root/proc/thread-self/root/proc/thread-self/root/proc/thread-self/root/proc/self/root/proc/thread-self/root/proc/self/root/proc/thread-self/root/proc/thread-self/root/lib" "Mozilla/5.0 AppleWebKit/537.36 (KHTML, like Gecko; compatible; GPTBot/1.3; +https://openai.com/gptbot)" 713 **0/713925**
57.141.20.56 - - [17/Mar/2026:05:20:43 -0700] "GET /shopdetail/1541666941.html HTTP/2.0" 403 55633 "-" "meta-externalagent/1.1 (+https://developers.facebook.com/docs/sharing/webmasters/crawler)" 315 **0/315254**
57.141.20.11 - - [17/Mar/2026:05:20:43 -0700] "GET /shopdetail/54229666.html HTTP/2.0" 403 55633 "-" "meta-externalagent/1.1 (+https://developers.facebook.com/docs/sharing/webmasters/crawler)" 291 **0/291585**
57.141.20.25 - - [17/Mar/2026:05:20:43 -0700] "GET /shopdetail/40875536.html HTTP/2.0" 403 55633 "-" "meta-externalagent/1.1 (+https://developers.facebook.com/docs/sharing/webmasters/crawler)" 326 **0/326568**
57.141.20.33 - - [17/Mar/2026:05:20:44 -0700] "GET /shopdetail/2259598767.html HTTP/2.0" 403 55633 "-" "meta-externalagent/1.1 (+https://developers.facebook.com/docs/sharing/webmasters/crawler)" 302 **0/302241**
57.141.20.20 - - [17/Mar/2026:05:20:44 -0700] "GET /shopdetail/3777771280.html HTTP/2.0" 403 55633 "-" "meta-externalagent/1.1 (+https://developers.facebook.com/docs/sharing/webmasters/crawler)" 285 **0/285289**
57.141.20.50 - - [17/Mar/2026:05:20:44 -0700] "GET /shopdetail/4193734175.html HTTP/2.0" 403 55633 "-" "meta-externalagent/1.1 (+https://developers.facebook.com/docs/sharing/webmasters/crawler)" 294 **0/294242**
57.141.20.11 - - [17/Mar/2026:05:20:45 -0700] "GET /shopdetail/2581151695.html HTTP/2.0" 403 55633 "-" "meta-externalagent/1.1 (+https://developers.facebook.com/docs/sharing/webmasters/crawler)" 308 **0/308916**
57.141.20.32 - - [17/Mar/2026:05:20:45 -0700] "GET /shopdetail/3868544934.html HTTP/2.0" 403 55633 "-" "meta-externalagent/1.1 (+https://developers.facebook.com/docs/sharing/webmasters/crawler)" 298 **0/298000**
216.73.216.106 - - [17/Mar/2026:05:20:45 -0700] "GET /shopdetail/3812561839.html?fileloc=%2F%2Fbin%2Fsleep&path=%2F%2Fbin HTTP/2.0" 200 15629 "-" "Mozilla/5.0 AppleWebKit/537.36 (KHTML, like Gecko; compatible; ClaudeBot/1.0; +claudebot@anthropic.com)" 311 **0/311648**
57.141.20.12 - - [17/Mar/2026:05:20:45 -0700] "GET /shopdetail/3282677873.html HTTP/2.0" 403 55633 "-" "meta-externalagent/1.1 (+https://developers.facebook.com/docs/sharing/webmasters/crawler)" 314 **0/314308**
74.7.242.33 - - [17/Mar/2026:05:20:46 -0700] "GET /?path=//proc/self/root/proc/thread-self/root/proc/thread-self/root/proc/thread-self/root/proc/self/root/proc/thread-self/root/proc/self/root/proc/thread-self/root/proc/thread-self/root/proc/thread-self/root/lib/systemd HTTP/2.0" 200 4578 "https://www.powerchemyapikimyasallari.com/?path=//proc/self/root/proc/thread-self/root/proc/thread-self/root/proc/thread-self/root/proc/self/root/proc/thread-self/root/proc/self/root/proc/thread-self/root/proc/thread-self/root/proc/thread-self/root/lib" "Mozilla/5.0 AppleWebKit/537.36 (KHTML, like Gecko; compatible; GPTBot/1.3; +https://openai.com/gptbot)" 346 **0/346834**
74.7.243.230 - - [17/Mar/2026:05:20:46 -0700] "GET /?fileloc=//proc/self/root/proc/thread-self/root/bin/seq&path=//proc/self/root/proc/thread-self/root/bin HTTP/2.0" 200 22303 "https://powerchemyapikimyasallari.com/?path=//proc/self/root/proc/thread-self/root/bin" "Mozilla/5.0 AppleWebKit/537.36 (KHTML, like Gecko; compatible; GPTBot/1.3; +https://openai.com/gptbot)" 327 **0/327915**
57.141.20.25 - - [17/Mar/2026:05:20:46 -0700] "GET /shopdetail/3174798339.html HTTP/2.0" 403 55633 "-" "meta-externalagent/1.1 (+https://developers.facebook.com/docs/sharing/webmasters/crawler)" 325 **0/325029**
57.141.20.26 - - [17/Mar/2026:05:20:46 -0700] "GET /shopdetail/2168292477.html?path=/home/fmbi332s7bv7/public_html/.tmb HTTP/2.0" 403 55633 "-" "meta-externalagent/1.1 (+https://developers.facebook.com/docs/sharing/webmasters/crawler)" 310 **0/310786**
57.141.20.12 - - [17/Mar/2026:05:20:46 -0700] "GET /shopdetail/4167578093.html?path=/home/fmbi332s7bv7/public_html/wp-includes HTTP/2.0" 403 55633 "-" "meta-externalagent/1.1 (+https://developers.facebook.com/docs/sharing/webmasters/crawler)" 299 **0/299978**
57.141.20.37 - - [17/Mar/2026:05:20:47 -0700] "GET /shopdetail/1886823990.html HTTP/2.0" 403 55633 "-" "meta-externalagent/1.1 (+https://developers.facebook.com/docs/sharing/webmasters/crawler)" 304 **0/304553**
57.141.20.43 - - [17/Mar/2026:05:20:47 -0700] "GET /shopdetail/1055293041.html HTTP/2.0" 403 55633 "-" "meta-externalagent/1.1 (+https://developers.facebook.com/docs/sharing/webmasters/crawler)" 302 **0/302526**
57.141.20.7 - - [17/Mar/2026:05:20:47 -0700] "GET /shopdetail/2305046739.html?fileloc=/home/fmbi332s7bv7/public_html/wp-config-sample.php&path=/home/fmbi332s7bv7/public_html HTTP/2.0" 403 55633 "-" "meta-externalagent/1.1 (+https://developers.facebook.com/docs/sharing/webmasters/crawler)" 302 **0/302647**
57.141.20.28 - - [17/Mar/2026:05:20:48 -0700] "GET /shopdetail/380174268.html HTTP/2.0" 403 55633 "-" "meta-externalagent/1.1 (+https://developers.facebook.com/docs/sharing/webmasters/crawler)" 321 **0/321406**
57.141.20.13 - - [17/Mar/2026:05:20:48 -0700] "GET /shopdetail/106189515.html?path=/home/fmbi332s7bv7/public_html/cgi-bin HTTP/2.0" 403 55633 "-" "meta-externalagent/1.1 (+https://developers.facebook.com/docs/sharing/webmasters/crawler)" 299 **0/299496**
216.73.216.106 - - [17/Mar/2026:05:20:48 -0700] "GET /shopdetail/189684771.html?fileloc=%2Fhome%2Ffmbi332s7bv7%2Fpublic_html%2Fwp-includes%2Ffeed-atom.php&path=%2Fhome%2Ffmbi332s7bv7%2Fpublic_html%2Fwp-includes HTTP/2.0" 200 3345 "-" "Mozilla/5.0 AppleWebKit/537.36 (KHTML, like Gecko; compatible; ClaudeBot/1.0; +claudebot@anthropic.com)" 316 **0/316770**
57.141.20.45 - - [17/Mar/2026:05:20:48 -0700] "GET /shopdetail/1428571690.html HTTP/2.0" 403 55633 "-" "meta-externalagent/1.1 (+https://developers.facebook.com/docs/sharing/webmasters/crawler)" 291 **0/291022**
57.141.20.43 - - [17/Mar/2026:05:20:49 -0700] "GET /shopdetail/485696975.html HTTP/2.0" 403 55633 "-" "meta-externalagent/1.1 (+https://developers.facebook.com/docs/sharing/webmasters/crawler)" 310 **0/310079**
57.141.20.34 - - [17/Mar/2026:05:20:49 -0700] "GET /shopdetail/2418265622.html HTTP/2.0" 403 55633 "-" "meta-externalagent/1.1 (+https://developers.facebook.com/docs/sharing/webmasters/crawler)" 285 **0/285917**
74.7.243.230 - - [17/Mar/2026:05:20:49 -0700] "GET /?fileloc=//proc/self/root/proc/thread-self/root/bin/xsubpp&path=//proc/self/root/proc/thread-self/root/bin HTTP/2.0" 200 4603 "https://powerchemyapikimyasallari.com/?path=//proc/self/root/proc/thread-self/root/bin" "Mozilla/5.0 AppleWebKit/537.36 (KHTML, like Gecko; compatible; GPTBot/1.3; +https://openai.com/gptbot)" 317 **0/317235**
74.7.242.33 - - [17/Mar/2026:05:20:49 -0700] "GET /?fileloc=//proc/self/root/proc/thread-self/root/proc/thread-self/root/proc/thread-self/root/proc/self/root/proc/thread-self/root/proc/thread-self/root/proc/thread-self/root/proc/thread-self/root/proc/thread-self/root/bin/aspell&path=//proc/self/root/proc/thread-self/root/proc/thread-self/root/proc/thread-self/root/proc/self/root/proc/thread-self/root/proc/thread-self/root/proc/thread-self/root/proc/thread-self/root/proc/thread-self/root/bin HTTP/2.0" 200 61533 "https://www.powerchemyapikimyasallari.com/?path=//proc/self/root/proc/thread-self/root/proc/thread-self/root/proc/thread-self/root/proc/self/root/proc/thread-self/root/proc/thread-self/root/proc/thread-self/root/proc/thread-self/root/proc/thread-self/root/bin" "Mozilla/5.0 AppleWebKit/537.36 (KHTML, like Gecko; compatible; GPTBot/1.3; +https://openai.com/gptbot)" 336 **0/336095**
57.141.20.30 - - [17/Mar/2026:05:20:49 -0700] "GET /shopdetail/2389634321.html HTTP/2.0" 403 55633 "-" "meta-externalagent/1.1 (+https://developers.facebook.com/docs/sharing/webmasters/crawler)" 300 **0/300593**
57.141.20.36 - - [17/Mar/2026:05:20:50 -0700] "GET /shopdetail/646867191.html HTTP/2.0" 403 55633 "-" "meta-externalagent/1.1 (+https://developers.facebook.com/docs/sharing/webmasters/crawler)" 295 **0/295174**
57.141.20.27 - - [17/Mar/2026:05:20:50 -0700] "GET /shopdetail/4044767410.html HTTP/2.0" 403 55633 "-" "meta-externalagent/1.1 (+https://developers.facebook.com/docs/sharing/webmasters/crawler)" 293 **0/293820**
57.141.20.50 - - [17/Mar/2026:05:20:51 -0700] "GET /shopdetail/4115857897.html HTTP/2.0" 403 55633 "-" "meta-externalagent/1.1 (+https://developers.facebook.com/docs/sharing/webmasters/crawler)" 292 **0/292718**
57.141.20.52 - - [17/Mar/2026:05:20:51 -0700] "GET /shopdetail/1850990053.html?fileloc=/home/fmbi332s7bv7/public_html/wp-signup.php&path=/home/fmbi332s7bv7/public_html HTTP/2.0" 403 55633 "-" "meta-externalagent/1.1 (+https://developers.facebook.com/docs/sharing/webmasters/crawler)" 286 **0/286451**
57.141.20.29 - - [17/Mar/2026:05:20:51 -0700] "GET /shopdetail/3523825875.html HTTP/2.0" 403 55633 "-" "meta-externalagent/1.1 (+https://developers.facebook.com/docs/sharing/webmasters/crawler)" 285 **0/285917**
216.73.216.106 - - [17/Mar/2026:05:20:51 -0700] "GET /shopdetail/189684771.html?fileloc=%2Fhome%2Ffmbi332s7bv7%2Fpublic_html%2Fwp-includes%2Fms-load.php&path=%2Fhome%2Ffmbi332s7bv7%2Fpublic_html%2Fwp-includes HTTP/2.0" 200 8381 "-" "Mozilla/5.0 AppleWebKit/537.36 (KHTML, like Gecko; compatible; ClaudeBot/1.0; +claudebot@anthropic.com)" 312 **0/312219**
57.141.20.54 - - [17/Mar/2026:05:20:52 -0700] "GET /shopdetail/3727514506.html HTTP/2.0" 403 55633 "-" "meta-externalagent/1.1 (+https://developers.facebook.com/docs/sharing/webmasters/crawler)" 301 **0/301279**
74.7.243.230 - - [17/Mar/2026:05:20:52 -0700] "GET /?fileloc=//proc/self/root/proc/thread-self/root/bin/pre-grohtml&path=//proc/self/root/proc/thread-self/root/bin HTTP/2.0" 200 43337 "https://powerchemyapikimyasallari.com/?path=//proc/self/root/proc/thread-self/root/bin" "Mozilla/5.0 AppleWebKit/537.36 (KHTML, like Gecko; compatible; GPTBot/1.3; +https://openai.com/gptbot)" 323 **0/323072**
74.7.242.33 - - [17/Mar/2026:05:20:52 -0700] "GET /?fileloc=//proc/self/root/proc/thread-self/root/proc/thread-self/root/proc/thread-self/root/proc/self/root/proc/thread-self/root/proc/thread-self/root/proc/thread-self/root/proc/thread-self/root/proc/thread-self/root/bin/sprof&path=//proc/self/root/proc/thread-self/root/proc/thread-self/root/proc/thread-self/root/proc/self/root/proc/thread-self/root/proc/thread-self/root/proc/thread-self/root/proc/thread-self/root/proc/thread-self/root/bin HTTP/2.0" 200 13005 "https://www.powerchemyapikimyasallari.com/?path=//proc/self/root/proc/thread-self/root/proc/thread-self/root/proc/thread-self/root/proc/self/root/proc/thread-self/root/proc/thread-self/root/proc/thread-self/root/proc/thread-self/root/proc/thread-self/root/bin" "Mozilla/5.0 AppleWebKit/537.36 (KHTML, like Gecko; compatible; GPTBot/1.3; +https://openai.com/gptbot)" 312 **0/312943**
57.141.20.3 - - [17/Mar/2026:05:20:52 -0700] "GET /shopdetail/687263821.html HTTP/2.0" 403 55633 "-" "meta-externalagent/1.1 (+https://developers.facebook.com/docs/sharing/webmasters/crawler)" 302 **0/302086**
57.141.20.33 - - [17/Mar/2026:05:20:52 -0700] "GET /shopdetail/752389898.html HTTP/2.0" 403 55633 "-" "meta-externalagent/1.1 (+https://developers.facebook.com/docs/sharing/webmasters/crawler)" 306 **0/306418**
57.141.20.22 - - [17/Mar/2026:05:20:52 -0700] "GET /shopdetail/2647293382.html?fileloc=/home/fmbi332s7bv7/public_html/license.txt&path=/home/fmbi332s7bv7/public_html HTTP/2.0" 403 55633 "-" "meta-externalagent/1.1 (+https://developers.facebook.com/docs/sharing/webmasters/crawler)" 300 **0/300251**
