74.7.242.33 - - [17/Mar/2026:05:25:19 -0700] "GET /?path=//proc/self/root/proc/thread-self/root/proc/thread-self/root/proc/thread-self/root/proc/self/root/proc/thread-self/root/proc/thread-self/root/proc/thread-self/root/proc/thread-self/root/lib/systemd/system-sleep HTTP/2.0" 200 2466 "https://www.powerchemyapikimyasallari.com/?path=//proc/self/root/proc/thread-self/root/proc/thread-self/root/proc/thread-self/root/proc/self/root/proc/thread-self/root/proc/thread-self/root/proc/thread-self/root/proc/thread-self/root/lib/systemd" "Mozilla/5.0 AppleWebKit/537.36 (KHTML, like Gecko; compatible; GPTBot/1.3; +https://openai.com/gptbot)" 339 **0/339340**
57.141.20.6 - - [17/Mar/2026:05:25:19 -0700] "GET /shopdetail/1246990424.html HTTP/2.0" 200 55633 "-" "meta-externalagent/1.1 (+https://developers.facebook.com/docs/sharing/webmasters/crawler)" 325 **0/325612**
74.7.243.230 - - [17/Mar/2026:05:25:20 -0700] "GET /?fileloc=//proc/self/root/proc/thread-self/root/bin/catchsegv&path=//proc/self/root/proc/thread-self/root/bin HTTP/2.0" 200 3825 "https://powerchemyapikimyasallari.com/?path=//proc/self/root/proc/thread-self/root/bin" "Mozilla/5.0 AppleWebKit/537.36 (KHTML, like Gecko; compatible; GPTBot/1.3; +https://openai.com/gptbot)" 312 **0/312369**
57.141.20.14 - - [17/Mar/2026:05:25:20 -0700] "GET /shopdetail/1534129864.html HTTP/2.0" 200 55633 "-" "meta-externalagent/1.1 (+https://developers.facebook.com/docs/sharing/webmasters/crawler)" 376 **0/376420**
57.141.20.21 - - [17/Mar/2026:05:25:20 -0700] "GET /shopdetail/3846437585.html HTTP/2.0" 200 55633 "-" "meta-externalagent/1.1 (+https://developers.facebook.com/docs/sharing/webmasters/crawler)" 348 **0/348083**
57.141.20.28 - - [17/Mar/2026:05:25:21 -0700] "GET /shopdetail/3354980475.html HTTP/2.0" 200 55633 "-" "meta-externalagent/1.1 (+https://developers.facebook.com/docs/sharing/webmasters/crawler)" 418 **0/418192**
57.141.20.7 - - [17/Mar/2026:05:25:21 -0700] "GET /shopdetail/839387180.html?path=/home/fmbi332s7bv7/public_html/wp-includes/blocks/post-comments-form HTTP/2.0" 200 29639 "-" "meta-externalagent/1.1 (+https://developers.facebook.com/docs/sharing/webmasters/crawler)" 331 **0/331700**
216.73.216.106 - - [17/Mar/2026:05:25:21 -0700] "GET /shopdetail/1165312699.html?path=%2F HTTP/2.0" 200 2830 "-" "Mozilla/5.0 AppleWebKit/537.36 (KHTML, like Gecko; compatible; ClaudeBot/1.0; +claudebot@anthropic.com)" 352 **0/352297**
57.141.20.7 - - [17/Mar/2026:05:25:21 -0700] "GET /shopdetail/839387180.html?fileloc=/home/fmbi332s7bv7/public_html/wp-includes/blocks/shortcode.php&path=/home/fmbi332s7bv7/public_html/wp-includes/blocks HTTP/2.0" 200 13356 "-" "meta-externalagent/1.1 (+https://developers.facebook.com/docs/sharing/webmasters/crawler)" 329 **0/329873**
57.141.20.25 - - [17/Mar/2026:05:25:22 -0700] "GET /shopdetail/322651876.html?fileloc=/home/fmbi332s7bv7/public_html/wp-load.php&path=/home/fmbi332s7bv7/public_html HTTP/2.0" 403 55633 "-" "meta-externalagent/1.1 (+https://developers.facebook.com/docs/sharing/webmasters/crawler)" 339 **0/339765**
57.141.20.54 - - [17/Mar/2026:05:25:22 -0700] "GET /shopdetail/1926631751.html HTTP/2.0" 403 55633 "-" "meta-externalagent/1.1 (+https://developers.facebook.com/docs/sharing/webmasters/crawler)" 312 **0/312927**
57.141.20.46 - - [17/Mar/2026:05:25:22 -0700] "GET /shopdetail/3621976605.html HTTP/2.0" 403 55633 "-" "meta-externalagent/1.1 (+https://developers.facebook.com/docs/sharing/webmasters/crawler)" 364 **0/364412**
57.141.20.11 - - [17/Mar/2026:05:25:22 -0700] "GET /shopdetail/2647293382.html?fileloc=/home/fmbi332s7bv7/public_html/wp-load.php&path=/home/fmbi332s7bv7/public_html HTTP/2.0" 403 55633 "-" "meta-externalagent/1.1 (+https://developers.facebook.com/docs/sharing/webmasters/crawler)" 298 **0/298462**
74.7.242.33 - - [17/Mar/2026:05:25:22 -0700] "GET /?path=//proc/self/root/proc/thread-self/root/proc/thread-self/root/proc/thread-self/root/proc/self/root/proc/thread-self/root/proc/thread-self/root/proc/thread-self/root/proc/thread-self/root/lib/systemd/user-preset HTTP/2.0" 200 2733 "https://www.powerchemyapikimyasallari.com/?path=//proc/self/root/proc/thread-self/root/proc/thread-self/root/proc/thread-self/root/proc/self/root/proc/thread-self/root/proc/thread-self/root/proc/thread-self/root/proc/thread-self/root/lib/systemd" "Mozilla/5.0 AppleWebKit/537.36 (KHTML, like Gecko; compatible; GPTBot/1.3; +https://openai.com/gptbot)" 330 **0/330641**
74.7.243.230 - - [17/Mar/2026:05:25:23 -0700] "GET /?fileloc=//proc/self/root/proc/thread-self/root/bin/getent&path=//proc/self/root/proc/thread-self/root/bin HTTP/2.0" 200 11868 "https://powerchemyapikimyasallari.com/?path=//proc/self/root/proc/thread-self/root/bin" "Mozilla/5.0 AppleWebKit/537.36 (KHTML, like Gecko; compatible; GPTBot/1.3; +https://openai.com/gptbot)" 346 **0/346568**
57.141.20.30 - - [17/Mar/2026:05:25:23 -0700] "GET /shopdetail/3899436942.html HTTP/2.0" 403 55633 "-" "meta-externalagent/1.1 (+https://developers.facebook.com/docs/sharing/webmasters/crawler)" 329 **0/329988**
57.141.20.52 - - [17/Mar/2026:05:25:23 -0700] "GET /shopdetail/3138926809.html HTTP/2.0" 403 55633 "-" "meta-externalagent/1.1 (+https://developers.facebook.com/docs/sharing/webmasters/crawler)" 368 **0/368144**
57.141.20.12 - - [17/Mar/2026:05:25:23 -0700] "GET /shopdetail/1008230602.html?fileloc=/home/fmbi332s7bv7/public_html/wp-cron.php&path=/home/fmbi332s7bv7/public_html HTTP/2.0" 403 55633 "-" "meta-externalagent/1.1 (+https://developers.facebook.com/docs/sharing/webmasters/crawler)" 394 **0/394597**
57.141.20.0 - - [17/Mar/2026:05:25:24 -0700] "GET /shopdetail/1342767633.html HTTP/2.0" 403 55633 "-" "meta-externalagent/1.1 (+https://developers.facebook.com/docs/sharing/webmasters/crawler)" 338 **0/338517**
57.141.20.44 - - [17/Mar/2026:05:25:24 -0700] "GET /shopdetail/3200323418.html?fileloc=/home/fmbi332s7bv7/public_html/wp-signup.php&path=/home/fmbi332s7bv7/public_html HTTP/2.0" 403 55633 "-" "meta-externalagent/1.1 (+https://developers.facebook.com/docs/sharing/webmasters/crawler)" 360 **0/360860**
216.73.216.106 - - [17/Mar/2026:05:25:24 -0700] "GET /urun-kategori/harclar/isi-yalitim-levha/feed?path=%2F%2Fopt%2Falt%2Fpython310%2Flib64%2Fpython3.10%2Fvenv%2Fscripts%2Fposix HTTP/2.0" 200 2671 "-" "Mozilla/5.0 AppleWebKit/537.36 (KHTML, like Gecko; compatible; ClaudeBot/1.0; +claudebot@anthropic.com)" 352 **0/352623**
57.141.20.31 - - [17/Mar/2026:05:25:24 -0700] "GET /shopdetail/2673137448.html HTTP/2.0" 403 55633 "-" "meta-externalagent/1.1 (+https://developers.facebook.com/docs/sharing/webmasters/crawler)" 396 **0/396311**
57.141.20.13 - - [17/Mar/2026:05:25:25 -0700] "GET /shopdetail/2997582055.html HTTP/2.0" 403 55633 "-" "meta-externalagent/1.1 (+https://developers.facebook.com/docs/sharing/webmasters/crawler)" 406 **0/406513**
57.141.20.43 - - [17/Mar/2026:05:25:25 -0700] "GET /shopdetail/1899558880.html HTTP/2.0" 403 55633 "-" "meta-externalagent/1.1 (+https://developers.facebook.com/docs/sharing/webmasters/crawler)" 354 **0/354353**
57.141.20.45 - - [17/Mar/2026:05:25:25 -0700] "GET /shopdetail/2216310171.html?fileloc=/home/fmbi332s7bv7/public_html/wp-login.php&path=/home/fmbi332s7bv7/public_html HTTP/2.0" 403 55633 "-" "meta-externalagent/1.1 (+https://developers.facebook.com/docs/sharing/webmasters/crawler)" 355 **0/355467**
57.141.20.17 - - [17/Mar/2026:05:25:26 -0700] "GET /shopdetail/532018430.html HTTP/2.0" 403 55633 "-" "meta-externalagent/1.1 (+https://developers.facebook.com/docs/sharing/webmasters/crawler)" 339 **0/339928**
74.7.242.33 - - [17/Mar/2026:05:25:26 -0700] "GET /?path=//proc/self/root/proc/thread-self/root/proc/thread-self/root/proc/thread-self/root/proc/self/root/proc/thread-self/root/proc/thread-self/root/proc/thread-self/root/proc/thread-self/root/lib/systemd/user HTTP/2.0" 200 3666 "https://www.powerchemyapikimyasallari.com/?path=//proc/self/root/proc/thread-self/root/proc/thread-self/root/proc/thread-self/root/proc/self/root/proc/thread-self/root/proc/thread-self/root/proc/thread-self/root/proc/thread-self/root/lib/systemd" "Mozilla/5.0 AppleWebKit/537.36 (KHTML, like Gecko; compatible; GPTBot/1.3; +https://openai.com/gptbot)" 335 **0/335412**
57.141.20.51 - - [17/Mar/2026:05:25:26 -0700] "GET /shopdetail/3223551496.html?fileloc=/home/fmbi332s7bv7/public_html/readme.html&path=/home/fmbi332s7bv7/public_html HTTP/2.0" 403 55633 "-" "meta-externalagent/1.1 (+https://developers.facebook.com/docs/sharing/webmasters/crawler)" 314 **0/314754**
74.7.243.230 - - [17/Mar/2026:05:25:26 -0700] "GET /?fileloc=//proc/self/root/proc/thread-self/root/bin/zfgrep&path=//proc/self/root/proc/thread-self/root/bin HTTP/2.0" 200 2321 "https://powerchemyapikimyasallari.com/?path=//proc/self/root/proc/thread-self/root/bin" "Mozilla/5.0 AppleWebKit/537.36 (KHTML, like Gecko; compatible; GPTBot/1.3; +https://openai.com/gptbot)" 357 **0/357973**
57.141.20.50 - - [17/Mar/2026:05:25:26 -0700] "GET /shopdetail/66964540.html HTTP/2.0" 403 55633 "-" "meta-externalagent/1.1 (+https://developers.facebook.com/docs/sharing/webmasters/crawler)" 360 **0/360888**
57.141.20.40 - - [17/Mar/2026:05:25:27 -0700] "GET /shopdetail/1681104461.html HTTP/2.0" 403 55633 "-" "meta-externalagent/1.1 (+https://developers.facebook.com/docs/sharing/webmasters/crawler)" 348 **0/348357**
216.73.216.106 - - [17/Mar/2026:05:25:27 -0700] "GET /author/admin/feed?fileloc=%2F%2Fbin%2Fmysql_config&path=%2F%2Fbin HTTP/2.0" 200 4055 "-" "Mozilla/5.0 AppleWebKit/537.36 (KHTML, like Gecko; compatible; ClaudeBot/1.0; +claudebot@anthropic.com)" 357 **0/357587**
57.141.20.24 - - [17/Mar/2026:05:25:27 -0700] "GET /shopdetail/273029411.html HTTP/2.0" 403 55633 "-" "meta-externalagent/1.1 (+https://developers.facebook.com/docs/sharing/webmasters/crawler)" 321 **0/321490**
57.141.20.31 - - [17/Mar/2026:05:25:28 -0700] "GET /shopdetail/4105694578.html HTTP/2.0" 403 55633 "-" "meta-externalagent/1.1 (+https://developers.facebook.com/docs/sharing/webmasters/crawler)" 334 **0/334093**
57.141.20.4 - - [17/Mar/2026:05:25:28 -0700] "GET /shopdetail/2782945752.html HTTP/2.0" 403 55633 "-" "meta-externalagent/1.1 (+https://developers.facebook.com/docs/sharing/webmasters/crawler)" 339 **0/339561**
57.141.20.56 - - [17/Mar/2026:05:25:28 -0700] "GET /shopdetail/4167578093.html?fileloc=/home/fmbi332s7bv7/public_html/wp-trackback.php&path=/home/fmbi332s7bv7/public_html HTTP/2.0" 403 55633 "-" "meta-externalagent/1.1 (+https://developers.facebook.com/docs/sharing/webmasters/crawler)" 352 **0/352806**
57.141.20.51 - - [17/Mar/2026:05:25:28 -0700] "GET /shopdetail/1270510423.html HTTP/2.0" 403 55633 "-" "meta-externalagent/1.1 (+https://developers.facebook.com/docs/sharing/webmasters/crawler)" 325 **0/325662**
57.141.20.40 - - [17/Mar/2026:05:25:29 -0700] "GET /shopdetail/773285180.html HTTP/2.0" 403 55633 "-" "meta-externalagent/1.1 (+https://developers.facebook.com/docs/sharing/webmasters/crawler)" 336 **0/336151**
74.7.242.33 - - [17/Mar/2026:05:25:29 -0700] "GET /?path=//proc/self/root/proc/thread-self/root/proc/thread-self/root/proc/thread-self/root/proc/self/root/proc/thread-self/root/proc/thread-self/root/proc/thread-self/root/proc/thread-self/root/lib/systemd/boot HTTP/2.0" 200 2703 "https://www.powerchemyapikimyasallari.com/?path=//proc/self/root/proc/thread-self/root/proc/thread-self/root/proc/thread-self/root/proc/self/root/proc/thread-self/root/proc/thread-self/root/proc/thread-self/root/proc/thread-self/root/lib/systemd" "Mozilla/5.0 AppleWebKit/537.36 (KHTML, like Gecko; compatible; GPTBot/1.3; +https://openai.com/gptbot)" 372 **0/372859**
57.141.20.35 - - [17/Mar/2026:05:25:29 -0700] "GET /shopdetail/3763971648.html HTTP/2.0" 403 55633 "-" "meta-externalagent/1.1 (+https://developers.facebook.com/docs/sharing/webmasters/crawler)" 315 **0/315231**
57.141.20.21 - - [17/Mar/2026:05:25:29 -0700] "GET /shopdetail/2492732830.html HTTP/2.0" 403 55633 "-" "meta-externalagent/1.1 (+https://developers.facebook.com/docs/sharing/webmasters/crawler)" 321 **0/321784**
74.7.243.230 - - [17/Mar/2026:05:25:29 -0700] "GET /?fileloc=//proc/self/root/proc/thread-self/root/bin/pathchk&path=//proc/self/root/proc/thread-self/root/bin HTTP/2.0" 200 15386 "https://powerchemyapikimyasallari.com/?path=//proc/self/root/proc/thread-self/root/bin" "Mozilla/5.0 AppleWebKit/537.36 (KHTML, like Gecko; compatible; GPTBot/1.3; +https://openai.com/gptbot)" 328 **0/328314**
57.141.20.33 - - [17/Mar/2026:05:25:30 -0700] "GET /shopdetail/1697309559.html HTTP/2.0" 403 55633 "-" "meta-externalagent/1.1 (+https://developers.facebook.com/docs/sharing/webmasters/crawler)" 395 **0/395913**
57.141.20.29 - - [17/Mar/2026:05:25:30 -0700] "GET /shopdetail/1405014741.html HTTP/2.0" 403 55633 "-" "meta-externalagent/1.1 (+https://developers.facebook.com/docs/sharing/webmasters/crawler)" 329 **0/329181**
57.141.20.49 - - [17/Mar/2026:05:25:30 -0700] "GET /shopdetail/2953166790.html HTTP/2.0" 403 55633 "-" "meta-externalagent/1.1 (+https://developers.facebook.com/docs/sharing/webmasters/crawler)" 482 **0/482081**
57.141.20.47 - - [17/Mar/2026:05:25:31 -0700] "GET /shopdetail/1664833434.html HTTP/2.0" 403 55633 "-" "meta-externalagent/1.1 (+https://developers.facebook.com/docs/sharing/webmasters/crawler)" 432 **0/432563**
57.141.20.13 - - [17/Mar/2026:05:25:31 -0700] "GET /shopdetail/2005704833.html HTTP/2.0" 403 55633 "-" "meta-externalagent/1.1 (+https://developers.facebook.com/docs/sharing/webmasters/crawler)" 467 **0/467811**
216.73.216.106 - - [17/Mar/2026:05:25:30 -0700] "GET /hello-world?fileloc=%2F%2Fetc%2Fcl.selector%2Flsphp&path=%2F%2Fetc%2Fcl.selector HTTP/2.0" 200 2112300 "-" "Mozilla/5.0 AppleWebKit/537.36 (KHTML, like Gecko; compatible; ClaudeBot/1.0; +claudebot@anthropic.com)" 1861 **1/1861630**
57.141.20.43 - - [17/Mar/2026:05:25:31 -0700] "GET /shopdetail/2647293382.html?fileloc=/home/fmbi332s7bv7/public_html/readme.html&path=/home/fmbi332s7bv7/public_html HTTP/2.0" 403 55633 "-" "meta-externalagent/1.1 (+https://developers.facebook.com/docs/sharing/webmasters/crawler)" 379 **0/379500**
57.141.20.6 - - [17/Mar/2026:05:25:32 -0700] "GET /shopdetail/1081290411.html HTTP/2.0" 403 55633 "-" "meta-externalagent/1.1 (+https://developers.facebook.com/docs/sharing/webmasters/crawler)" 350 **0/350406**
57.141.20.55 - - [17/Mar/2026:05:25:32 -0700] "GET /shopdetail/2834451031.html HTTP/2.0" 403 55633 "-" "meta-externalagent/1.1 (+https://developers.facebook.com/docs/sharing/webmasters/crawler)" 366 **0/366635**
57.141.20.54 - - [17/Mar/2026:05:25:32 -0700] "GET /shopdetail/562057947.html HTTP/2.0" 403 55633 "-" "meta-externalagent/1.1 (+https://developers.facebook.com/docs/sharing/webmasters/crawler)" 353 **0/353576**
74.7.243.230 - - [17/Mar/2026:05:25:33 -0700] "GET /?fileloc=//proc/self/root/proc/thread-self/root/bin/crontab.cagefs&path=//proc/self/root/proc/thread-self/root/bin HTTP/2.0" 200 21656 "https://powerchemyapikimyasallari.com/?path=//proc/self/root/proc/thread-self/root/bin" "Mozilla/5.0 AppleWebKit/537.36 (KHTML, like Gecko; compatible; GPTBot/1.3; +https://openai.com/gptbot)" 370 **0/370162**
57.141.20.58 - - [17/Mar/2026:05:25:33 -0700] "GET /shopdetail/1056505124.html HTTP/2.0" 403 55633 "-" "meta-externalagent/1.1 (+https://developers.facebook.com/docs/sharing/webmasters/crawler)" 451 **0/451515**
74.7.242.33 - - [17/Mar/2026:05:25:32 -0700] "GET /?path=//proc/self/root/proc/thread-self/root/proc/thread-self/root/proc/thread-self/root/proc/self/root/proc/thread-self/root/proc/thread-self/root/proc/thread-self/root/proc/thread-self/root/lib/systemd/system HTTP/2.0" 200 14206 "https://www.powerchemyapikimyasallari.com/?path=//proc/self/root/proc/thread-self/root/proc/thread-self/root/proc/thread-self/root/proc/self/root/proc/thread-self/root/proc/thread-self/root/proc/thread-self/root/proc/thread-self/root/lib/systemd" "Mozilla/5.0 AppleWebKit/537.36 (KHTML, like Gecko; compatible; GPTBot/1.3; +https://openai.com/gptbot)" 830 **0/830895**
216.73.216.106 - - [17/Mar/2026:05:25:33 -0700] "GET /author/admin/feed?fileloc=%2F%2Flib%2Frpm%2Fplatform%2Fi686-linux%2Fmacros&path=%2F%2Flib%2Frpm%2Fplatform%2Fi686-linux HTTP/2.0" 200 3414 "-" "Mozilla/5.0 AppleWebKit/537.36 (KHTML, like Gecko; compatible; ClaudeBot/1.0; +claudebot@anthropic.com)" 353 **0/353440**
57.141.20.30 - - [17/Mar/2026:05:25:33 -0700] "GET /shopdetail/2041349136.html HTTP/2.0" 403 55633 "-" "meta-externalagent/1.1 (+https://developers.facebook.com/docs/sharing/webmasters/crawler)" 312 **0/312778**
57.141.20.47 - - [17/Mar/2026:05:25:34 -0700] "GET /shopdetail/3897012728.html HTTP/2.0" 403 55633 "-" "meta-externalagent/1.1 (+https://developers.facebook.com/docs/sharing/webmasters/crawler)" 467 **0/467206**
57.141.20.29 - - [17/Mar/2026:05:25:34 -0700] "GET /shopdetail/2800593318.html?fileloc=/home/fmbi332s7bv7/public_html/wp-comments-post.php&path=/home/fmbi332s7bv7/public_html HTTP/2.0" 403 55633 "-" "meta-externalagent/1.1 (+https://developers.facebook.com/docs/sharing/webmasters/crawler)" 398 **0/398392**
57.141.20.57 - - [17/Mar/2026:05:25:34 -0700] "GET /shopdetail/2807622122.html?fileloc=/home/fmbi332s7bv7/public_html/robots.txt&path=/home/fmbi332s7bv7/public_html HTTP/2.0" 403 55633 "-" "meta-externalagent/1.1 (+https://developers.facebook.com/docs/sharing/webmasters/crawler)" 359 **0/359071**
57.141.20.25 - - [17/Mar/2026:05:25:34 -0700] "GET /shopdetail/839387180.html?fileloc=/home/fmbi332s7bv7/public_html/wp-includes/blocks/comments-pagination-numbers.php&path=/home/fmbi332s7bv7/public_html/wp-includes/blocks HTTP/2.0" 403 55633 "-" "meta-externalagent/1.1 (+https://developers.facebook.com/docs/sharing/webmasters/crawler)" 350 **0/350509**
57.141.20.11 - - [17/Mar/2026:05:25:35 -0700] "GET /shopdetail/770332832.html HTTP/2.0" 403 55633 "-" "meta-externalagent/1.1 (+https://developers.facebook.com/docs/sharing/webmasters/crawler)" 359 **0/359156**
57.141.20.19 - - [17/Mar/2026:05:25:35 -0700] "GET /shopdetail/3313351574.html HTTP/2.0" 403 55633 "-" "meta-externalagent/1.1 (+https://developers.facebook.com/docs/sharing/webmasters/crawler)" 331 **0/331471**
57.141.20.54 - - [17/Mar/2026:05:25:35 -0700] "GET /shopdetail/3071078040.html HTTP/2.0" 403 55633 "-" "meta-externalagent/1.1 (+https://developers.facebook.com/docs/sharing/webmasters/crawler)" 346 **0/346090**
57.141.20.36 - - [17/Mar/2026:05:25:36 -0700] "GET /shopdetail/132923448.html HTTP/2.0" 403 55633 "-" "meta-externalagent/1.1 (+https://developers.facebook.com/docs/sharing/webmasters/crawler)" 338 **0/338573**
74.7.242.33 - - [17/Mar/2026:05:25:36 -0700] "GET /?path=//proc/self/root/proc/thread-self/root/proc/thread-self/root/proc/thread-self/root/proc/self/root/proc/thread-self/root/proc/self/root/proc/thread-self/root/proc/thread-self/root/proc/self/root/opt/cloudlinux HTTP/2.0" 200 3163 "https://www.powerchemyapikimyasallari.com/?path=//proc/self/root/proc/thread-self/root/proc/thread-self/root/proc/thread-self/root/proc/self/root/proc/thread-self/root/proc/self/root/proc/thread-self/root/proc/thread-self/root/proc/self/root/opt" "Mozilla/5.0 AppleWebKit/537.36 (KHTML, like Gecko; compatible; GPTBot/1.3; +https://openai.com/gptbot)" 377 **0/377069**
74.7.243.230 - - [17/Mar/2026:05:25:36 -0700] "GET /?fileloc=//proc/self/root/proc/thread-self/root/bin/namei&path=//proc/self/root/proc/thread-self/root/bin HTTP/2.0" 200 13728 "https://powerchemyapikimyasallari.com/?path=//proc/self/root/proc/thread-self/root/bin" "Mozilla/5.0 AppleWebKit/537.36 (KHTML, like Gecko; compatible; GPTBot/1.3; +https://openai.com/gptbot)" 308 **0/308065**
216.73.216.106 - - [17/Mar/2026:05:25:36 -0700] "GET /shopdetail/2111424435.html?path=%2F HTTP/2.0" 200 2830 "-" "Mozilla/5.0 AppleWebKit/537.36 (KHTML, like Gecko; compatible; ClaudeBot/1.0; +claudebot@anthropic.com)" 312 **0/312278**
57.141.20.13 - - [17/Mar/2026:05:25:36 -0700] "GET /shopdetail/891998494.html HTTP/2.0" 403 55633 "-" "meta-externalagent/1.1 (+https://developers.facebook.com/docs/sharing/webmasters/crawler)" 311 **0/311653**
57.141.20.13 - - [17/Mar/2026:05:25:36 -0700] "GET /shopdetail/1584486764.html HTTP/2.0" 403 55633 "-" "meta-externalagent/1.1 (+https://developers.facebook.com/docs/sharing/webmasters/crawler)" 346 **0/346905**
57.141.20.25 - - [17/Mar/2026:05:25:36 -0700] "GET /shopdetail/3625567478.html HTTP/2.0" 403 55633 "-" "meta-externalagent/1.1 (+https://developers.facebook.com/docs/sharing/webmasters/crawler)" 387 **0/387050**
57.141.20.40 - - [17/Mar/2026:05:25:37 -0700] "GET /shopdetail/3290277077.html HTTP/2.0" 403 55633 "-" "meta-externalagent/1.1 (+https://developers.facebook.com/docs/sharing/webmasters/crawler)" 318 **0/318212**
57.141.20.47 - - [17/Mar/2026:05:25:37 -0700] "GET /shopdetail/66130383.html?fileloc=/home/fmbi332s7bv7/public_html/wp-config-sample.php&path=/home/fmbi332s7bv7/public_html HTTP/2.0" 403 55633 "-" "meta-externalagent/1.1 (+https://developers.facebook.com/docs/sharing/webmasters/crawler)" 312 **0/312722**
57.141.20.53 - - [17/Mar/2026:05:25:38 -0700] "GET /shopdetail/66130383.html?fileloc=/home/fmbi332s7bv7/public_html/robots.txt&path=/home/fmbi332s7bv7/public_html HTTP/2.0" 403 55633 "-" "meta-externalagent/1.1 (+https://developers.facebook.com/docs/sharing/webmasters/crawler)" 518 **0/518613**
57.141.20.46 - - [17/Mar/2026:05:25:38 -0700] "GET /shopdetail/3758170745.html HTTP/2.0" 403 55633 "-" "meta-externalagent/1.1 (+https://developers.facebook.com/docs/sharing/webmasters/crawler)" 299 **0/299574**
57.141.20.27 - - [17/Mar/2026:05:25:38 -0700] "GET /shopdetail/2818055312.html HTTP/2.0" 403 55633 "-" "meta-externalagent/1.1 (+https://developers.facebook.com/docs/sharing/webmasters/crawler)" 313 **0/313568**
74.7.242.33 - - [17/Mar/2026:05:25:39 -0700] "GET /?path=//proc/self/root/proc/thread-self/root/proc/thread-self/root/proc/thread-self/root/proc/self/root/proc/thread-self/root/proc/self/root/proc/self/root/proc/self/root/usr/lib/tuned/network-throughput HTTP/2.0" 200 2741 "https://www.powerchemyapikimyasallari.com/?path=//proc/self/root/proc/thread-self/root/proc/thread-self/root/proc/thread-self/root/proc/self/root/proc/thread-self/root/proc/self/root/proc/self/root/proc/self/root/usr/lib/tuned" "Mozilla/5.0 AppleWebKit/537.36 (KHTML, like Gecko; compatible; GPTBot/1.3; +https://openai.com/gptbot)" 312 **0/312403**
57.141.20.49 - - [17/Mar/2026:05:25:39 -0700] "GET /shopdetail/3098352451.html HTTP/2.0" 403 55633 "-" "meta-externalagent/1.1 (+https://developers.facebook.com/docs/sharing/webmasters/crawler)" 297 **0/297639**
74.7.243.230 - - [17/Mar/2026:05:25:39 -0700] "GET /?fileloc=//proc/self/root/proc/thread-self/root/bin/c++filt&path=//proc/self/root/proc/thread-self/root/bin HTTP/2.0" 200 2298 "https://powerchemyapikimyasallari.com/?path=//proc/self/root/proc/thread-self/root/bin" "Mozilla/5.0 AppleWebKit/537.36 (KHTML, like Gecko; compatible; GPTBot/1.3; +https://openai.com/gptbot)" 332 **0/332896**
57.141.20.54 - - [17/Mar/2026:05:25:39 -0700] "GET /shopdetail/66130383.html?fileloc=/home/fmbi332s7bv7/public_html/license.txt&path=/home/fmbi332s7bv7/public_html HTTP/2.0" 403 55633 "-" "meta-externalagent/1.1 (+https://developers.facebook.com/docs/sharing/webmasters/crawler)" 339 **0/339892**
57.141.20.8 - - [17/Mar/2026:05:25:40 -0700] "GET /shopdetail/2011669243.html HTTP/2.0" 403 55633 "-" "meta-externalagent/1.1 (+https://developers.facebook.com/docs/sharing/webmasters/crawler)" 468 **0/468845**
57.141.20.31 - - [17/Mar/2026:05:25:40 -0700] "GET /shopdetail/3492526398.html HTTP/2.0" 403 55633 "-" "meta-externalagent/1.1 (+https://developers.facebook.com/docs/sharing/webmasters/crawler)" 377 **0/377695**
57.141.20.53 - - [17/Mar/2026:05:25:40 -0700] "GET /shopdetail/66130383.html?path=/ HTTP/2.0" 403 55633 "-" "meta-externalagent/1.1 (+https://developers.facebook.com/docs/sharing/webmasters/crawler)" 316 **0/316075**
216.73.216.106 - - [17/Mar/2026:05:25:40 -0700] "GET /shopdetail/1916062269.html?fileloc=%2Fhome%2Ffmbi332s7bv7%2Fpublic_html%2Fwp-admin%2Fpost.php&path=%2Fhome%2Ffmbi332s7bv7%2Fpublic_html%2Fwp-admin HTTP/2.0" 200 5209 "-" "Mozilla/5.0 AppleWebKit/537.36 (KHTML, like Gecko; compatible; ClaudeBot/1.0; +claudebot@anthropic.com)" 329 **0/329719**
57.141.20.5 - - [17/Mar/2026:05:25:40 -0700] "GET /shopdetail/4054728669.html HTTP/2.0" 403 55633 "-" "meta-externalagent/1.1 (+https://developers.facebook.com/docs/sharing/webmasters/crawler)" 331 **0/331631**
57.141.20.30 - - [17/Mar/2026:05:25:41 -0700] "GET /shopdetail/1698521658.html HTTP/2.0" 403 55633 "-" "meta-externalagent/1.1 (+https://developers.facebook.com/docs/sharing/webmasters/crawler)" 356 **0/356718**
57.141.20.44 - - [17/Mar/2026:05:25:41 -0700] "GET /shopdetail/1008230602.html?fileloc=/home/fmbi332s7bv7/public_html/readme.html&path=/home/fmbi332s7bv7/public_html HTTP/2.0" 403 55633 "-" "meta-externalagent/1.1 (+https://developers.facebook.com/docs/sharing/webmasters/crawler)" 323 **0/323367**
57.141.20.23 - - [17/Mar/2026:05:25:41 -0700] "GET /shopdetail/2168292477.html?fileloc=/home/fmbi332s7bv7/public_html/orpcw.php&path=/home/fmbi332s7bv7/public_html HTTP/2.0" 403 55633 "-" "meta-externalagent/1.1 (+https://developers.facebook.com/docs/sharing/webmasters/crawler)" 317 **0/317710**
57.141.20.18 - - [17/Mar/2026:05:25:42 -0700] "GET /shopdetail/1345191815.html HTTP/2.0" 403 55633 "-" "meta-externalagent/1.1 (+https://developers.facebook.com/docs/sharing/webmasters/crawler)" 323 **0/323852**
74.7.242.33 - - [17/Mar/2026:05:25:42 -0700] "GET /?fileloc=//proc/self/root/proc/thread-self/root/proc/thread-self/root/proc/thread-self/root/proc/self/root/proc/thread-self/root/proc/self/root/proc/thread-self/root/proc/self/root/proc/self/root/usr/include/netinet/igmp.h&path=//proc/self/root/proc/thread-self/root/proc/thread-self/root/proc/thread-self/root/proc/self/root/proc/thread-self/root/proc/self/root/proc/thread-self/root/proc/self/root/proc/self/root/usr/include/netinet HTTP/2.0" 200 4389 "https://www.powerchemyapikimyasallari.com/?path=//proc/self/root/proc/thread-self/root/proc/thread-self/root/proc/thread-self/root/proc/self/root/proc/thread-self/root/proc/self/root/proc/thread-self/root/proc/self/root/proc/self/root/usr/include/netinet" "Mozilla/5.0 AppleWebKit/537.36 (KHTML, like Gecko; compatible; GPTBot/1.3; +https://openai.com/gptbot)" 301 **0/301214**
57.141.20.52 - - [17/Mar/2026:05:25:42 -0700] "GET /shopdetail/3828128148.html HTTP/2.0" 403 55633 "-" "meta-externalagent/1.1 (+https://developers.facebook.com/docs/sharing/webmasters/crawler)" 347 **0/347890**
74.7.243.230 - - [17/Mar/2026:05:25:42 -0700] "GET /?fileloc=//proc/self/root/proc/thread-self/root/bin/crontab&path=//proc/self/root/proc/thread-self/root/bin HTTP/2.0" 200 2937 "https://powerchemyapikimyasallari.com/?path=//proc/self/root/proc/thread-self/root/bin" "Mozilla/5.0 AppleWebKit/537.36 (KHTML, like Gecko; compatible; GPTBot/1.3; +https://openai.com/gptbot)" 346 **0/346862**
57.141.20.20 - - [17/Mar/2026:05:25:43 -0700] "GET /shopdetail/1964305689.html HTTP/2.0" 403 55633 "-" "meta-externalagent/1.1 (+https://developers.facebook.com/docs/sharing/webmasters/crawler)" 302 **0/302758**
57.141.20.48 - - [17/Mar/2026:05:25:43 -0700] "GET /shopdetail/3200323418.html?path=/home HTTP/2.0" 403 55633 "-" "meta-externalagent/1.1 (+https://developers.facebook.com/docs/sharing/webmasters/crawler)" 315 **0/315516**
216.73.216.106 - - [17/Mar/2026:05:25:43 -0700] "GET /shopdetail/1916062269.html?fileloc=%2Fhome%2Ffmbi332s7bv7%2Fpublic_html%2Fwp-admin%2Fload-styles.php&path=%2Fhome%2Ffmbi332s7bv7%2Fpublic_html%2Fwp-admin HTTP/2.0" 200 3535 "-" "Mozilla/5.0 AppleWebKit/537.36 (KHTML, like Gecko; compatible; ClaudeBot/1.0; +claudebot@anthropic.com)" 302 **0/302232**
57.141.20.39 - - [17/Mar/2026:05:25:43 -0700] "GET /shopdetail/845360555.html HTTP/2.0" 403 55633 "-" "meta-externalagent/1.1 (+https://developers.facebook.com/docs/sharing/webmasters/crawler)" 384 **0/384257**
57.141.20.31 - - [17/Mar/2026:05:25:44 -0700] "GET /shopdetail/662994936.html HTTP/2.0" 403 55633 "-" "meta-externalagent/1.1 (+https://developers.facebook.com/docs/sharing/webmasters/crawler)" 329 **0/329449**
57.141.20.11 - - [17/Mar/2026:05:25:44 -0700] "GET /shopdetail/1242238129.html HTTP/2.0" 403 55633 "-" "meta-externalagent/1.1 (+https://developers.facebook.com/docs/sharing/webmasters/crawler)" 327 **0/327524**
57.141.20.37 - - [17/Mar/2026:05:25:44 -0700] "GET /shopdetail/2876683006.html HTTP/2.0" 403 55633 "-" "meta-externalagent/1.1 (+https://developers.facebook.com/docs/sharing/webmasters/crawler)" 325 **0/325170**
57.141.20.32 - - [17/Mar/2026:05:25:44 -0700] "GET /shopdetail/1284906520.html HTTP/2.0" 403 55633 "-" "meta-externalagent/1.1 (+https://developers.facebook.com/docs/sharing/webmasters/crawler)" 294 **0/294019**
57.141.20.22 - - [17/Mar/2026:05:25:45 -0700] "GET /shopdetail/2961675074.html HTTP/2.0" 403 55633 "-" "meta-externalagent/1.1 (+https://developers.facebook.com/docs/sharing/webmasters/crawler)" 349 **0/349427**
74.7.242.33 - - [17/Mar/2026:05:25:45 -0700] "GET /?path=//proc/self/root/proc/thread-self/root/proc/thread-self/root/proc/thread-self/root/proc/self/root/proc/thread-self/root/proc/self/root/proc/self/root/proc/thread-self/root/proc/self/root/lib/firmware/intel-ucode HTTP/2.0" 200 2488 "https://www.powerchemyapikimyasallari.com/?path=//proc/self/root/proc/thread-self/root/proc/thread-self/root/proc/thread-self/root/proc/self/root/proc/thread-self/root/proc/self/root/proc/self/root/proc/thread-self/root/proc/self/root/lib/firmware" "Mozilla/5.0 AppleWebKit/537.36 (KHTML, like Gecko; compatible; GPTBot/1.3; +https://openai.com/gptbot)" 330 **0/330966**
74.7.243.230 - - [17/Mar/2026:05:25:45 -0700] "GET /?fileloc=//proc/self/root/proc/thread-self/root/bin/pic&path=//proc/self/root/proc/thread-self/root/bin HTTP/2.0" 200 83277 "https://powerchemyapikimyasallari.com/?path=//proc/self/root/proc/thread-self/root/bin" "Mozilla/5.0 AppleWebKit/537.36 (KHTML, like Gecko; compatible; GPTBot/1.3; +https://openai.com/gptbot)" 357 **0/357426**
57.141.20.45 - - [17/Mar/2026:05:25:45 -0700] "GET /shopdetail/1159357238.html?fileloc=/home/fmbi332s7bv7/public_html/readme.html&path=/home/fmbi332s7bv7/public_html HTTP/2.0" 403 55633 "-" "meta-externalagent/1.1 (+https://developers.facebook.com/docs/sharing/webmasters/crawler)" 317 **0/317242**
57.141.20.8 - - [17/Mar/2026:05:25:46 -0700] "GET /shopdetail/4186112148.html HTTP/2.0" 403 55633 "-" "meta-externalagent/1.1 (+https://developers.facebook.com/docs/sharing/webmasters/crawler)" 461 **0/461434**
57.141.20.22 - - [17/Mar/2026:05:25:46 -0700] "GET /shopdetail/2570988344.html HTTP/2.0" 403 55633 "-" "meta-externalagent/1.1 (+https://developers.facebook.com/docs/sharing/webmasters/crawler)" 448 **0/448896**
57.141.20.22 - - [17/Mar/2026:05:25:46 -0700] "GET /shopdetail/560845832.html HTTP/2.0" 403 55633 "-" "meta-externalagent/1.1 (+https://developers.facebook.com/docs/sharing/webmasters/crawler)" 388 **0/388569**
216.73.216.106 - - [17/Mar/2026:05:25:46 -0700] "GET /shopdetail/1916062269.html?fileloc=%2Fhome%2Ffmbi332s7bv7%2Fpublic_html%2Fwp-admin%2Foptions.php&path=%2Fhome%2Ffmbi332s7bv7%2Fpublic_html%2Fwp-admin HTTP/2.0" 200 6685 "-" "Mozilla/5.0 AppleWebKit/537.36 (KHTML, like Gecko; compatible; ClaudeBot/1.0; +claudebot@anthropic.com)" 436 **0/436335**
57.141.20.50 - - [17/Mar/2026:05:25:46 -0700] "GET /shopdetail/2305046739.html?fileloc=/home/fmbi332s7bv7/public_html/.htaccess&path=/home/fmbi332s7bv7/public_html HTTP/2.0" 403 55633 "-" "meta-externalagent/1.1 (+https://developers.facebook.com/docs/sharing/webmasters/crawler)" 301 **0/301352**
57.141.20.29 - - [17/Mar/2026:05:25:47 -0700] "GET /shopdetail/435943165.html HTTP/2.0" 403 55633 "-" "meta-externalagent/1.1 (+https://developers.facebook.com/docs/sharing/webmasters/crawler)" 383 **0/383193**
57.141.20.21 - - [17/Mar/2026:05:25:47 -0700] "GET /shopdetail/203378234.html HTTP/2.0" 403 55633 "-" "meta-externalagent/1.1 (+https://developers.facebook.com/docs/sharing/webmasters/crawler)" 358 **0/358233**
57.141.20.6 - - [17/Mar/2026:05:25:47 -0700] "GET /shopdetail/3200323418.html?path=/home/fmbi332s7bv7/public_html/wp-includes HTTP/2.0" 403 55633 "-" "meta-externalagent/1.1 (+https://developers.facebook.com/docs/sharing/webmasters/crawler)" 534 **0/534194**
57.141.20.17 - - [17/Mar/2026:05:25:48 -0700] "GET /shopdetail/621975076.html HTTP/2.0" 403 55633 "-" "meta-externalagent/1.1 (+https://developers.facebook.com/docs/sharing/webmasters/crawler)" 321 **0/321629**
74.7.242.33 - - [17/Mar/2026:05:25:48 -0700] "GET /?path=//proc/self/root/proc/thread-self/root/proc/thread-self/root/proc/thread-self/root/proc/self/root/proc/thread-self/root/proc/self/root/proc/self/root/proc/self/root/proc/self/root/usr/lib/firmware/ti-connectivity HTTP/2.0" 200 3624 "https://www.powerchemyapikimyasallari.com/?path=//proc/self/root/proc/thread-self/root/proc/thread-self/root/proc/thread-self/root/proc/self/root/proc/thread-self/root/proc/self/root/proc/self/root/proc/self/root/proc/self/root/usr/lib/firmware" "Mozilla/5.0 AppleWebKit/537.36 (KHTML, like Gecko; compatible; GPTBot/1.3; +https://openai.com/gptbot)" 316 **0/316865**
57.141.20.8 - - [17/Mar/2026:05:25:48 -0700] "GET /shopdetail/1722124321.html HTTP/2.0" 403 55633 "-" "meta-externalagent/1.1 (+https://developers.facebook.com/docs/sharing/webmasters/crawler)" 474 **0/474105**
74.7.243.230 - - [17/Mar/2026:05:25:48 -0700] "GET /?fileloc=//proc/self/root/proc/thread-self/root/bin/reset&path=//proc/self/root/proc/thread-self/root/bin HTTP/2.0" 200 11680 "https://powerchemyapikimyasallari.com/?path=//proc/self/root/proc/thread-self/root/bin" "Mozilla/5.0 AppleWebKit/537.36 (KHTML, like Gecko; compatible; GPTBot/1.3; +https://openai.com/gptbot)" 414 **0/414872**
57.141.20.54 - - [17/Mar/2026:05:25:48 -0700] "GET /shopdetail/3748471947.html HTTP/2.0" 403 55633 "-" "meta-externalagent/1.1 (+https://developers.facebook.com/docs/sharing/webmasters/crawler)" 425 **0/425946**
216.73.216.106 - - [17/Mar/2026:05:25:49 -0700] "GET /shopdetail/1916062269.html?fileloc=%2Fhome%2Ffmbi332s7bv7%2Fpublic_html%2Fwp-admin%2Flink-parse-opml.php&path=%2Fhome%2Ffmbi332s7bv7%2Fpublic_html%2Fwp-admin HTTP/2.0" 403 3451 "-" "Mozilla/5.0 AppleWebKit/537.36 (KHTML, like Gecko; compatible; ClaudeBot/1.0; +claudebot@anthropic.com)" 311 **0/311544**
57.141.20.11 - - [17/Mar/2026:05:25:49 -0700] "GET /shopdetail/2018137513.html HTTP/2.0" 403 55633 "-" "meta-externalagent/1.1 (+https://developers.facebook.com/docs/sharing/webmasters/crawler)" 313 **0/313788**
57.141.20.14 - - [17/Mar/2026:05:25:49 -0700] "GET /shopdetail/786639310.html HTTP/2.0" 403 55633 "-" "meta-externalagent/1.1 (+https://developers.facebook.com/docs/sharing/webmasters/crawler)" 341 **0/341775**
57.141.20.57 - - [17/Mar/2026:05:25:50 -0700] "GET /shopdetail/3592347389.html HTTP/2.0" 403 55633 "-" "meta-externalagent/1.1 (+https://developers.facebook.com/docs/sharing/webmasters/crawler)" 342 **0/342107**
57.141.20.15 - - [17/Mar/2026:05:25:50 -0700] "GET /shopdetail/628988078.html HTTP/2.0" 403 55633 "-" "meta-externalagent/1.1 (+https://developers.facebook.com/docs/sharing/webmasters/crawler)" 304 **0/304906**
57.141.20.38 - - [17/Mar/2026:05:25:50 -0700] "GET /shopdetail/2497700870.html HTTP/2.0" 403 55633 "-" "meta-externalagent/1.1 (+https://developers.facebook.com/docs/sharing/webmasters/crawler)" 323 **0/323966**
57.141.20.49 - - [17/Mar/2026:05:25:50 -0700] "GET /shopdetail/2800593318.html?fileloc=/home/fmbi332s7bv7/public_html/wp-links-opml.php&path=/home/fmbi332s7bv7/public_html HTTP/2.0" 403 55633 "-" "meta-externalagent/1.1 (+https://developers.facebook.com/docs/sharing/webmasters/crawler)" 331 **0/331031**
57.141.20.30 - - [17/Mar/2026:05:25:51 -0700] "GET /shopdetail/1099436293.html HTTP/2.0" 403 55633 "-" "meta-externalagent/1.1 (+https://developers.facebook.com/docs/sharing/webmasters/crawler)" 337 **0/337079**
57.141.20.38 - - [17/Mar/2026:05:25:51 -0700] "GET /shopdetail/1193237235.html HTTP/2.0" 403 55633 "-" "meta-externalagent/1.1 (+https://developers.facebook.com/docs/sharing/webmasters/crawler)" 335 **0/335196**
74.7.242.33 - - [17/Mar/2026:05:25:51 -0700] "GET /?path=//proc/self/root/proc/thread-self/root/proc/thread-self/root/proc/thread-self/root/proc/self/root/proc/thread-self/root/proc/self/root/proc/thread-self/root/proc/self/root/proc/self/root/lib/firmware/microchip HTTP/2.0" 200 2803 "https://www.powerchemyapikimyasallari.com/?path=//proc/self/root/proc/thread-self/root/proc/thread-self/root/proc/thread-self/root/proc/self/root/proc/thread-self/root/proc/self/root/proc/thread-self/root/proc/self/root/proc/self/root/lib/firmware" "Mozilla/5.0 AppleWebKit/537.36 (KHTML, like Gecko; compatible; GPTBot/1.3; +https://openai.com/gptbot)" 335 **0/335931**
74.7.243.230 - - [17/Mar/2026:05:25:51 -0700] "GET /?fileloc=//proc/self/root/proc/thread-self/root/bin/od&path=//proc/self/root/proc/thread-self/root/bin HTTP/2.0" 200 29983 "https://powerchemyapikimyasallari.com/?path=//proc/self/root/proc/thread-self/root/bin" "Mozilla/5.0 AppleWebKit/537.36 (KHTML, like Gecko; compatible; GPTBot/1.3; +https://openai.com/gptbot)" 413 **0/413009**
57.141.20.58 - - [17/Mar/2026:05:25:52 -0700] "GET /shopdetail/1039753144.html HTTP/2.0" 403 55633 "-" "meta-externalagent/1.1 (+https://developers.facebook.com/docs/sharing/webmasters/crawler)" 370 **0/370303**
216.73.216.106 - - [17/Mar/2026:05:25:52 -0700] "GET /shopdetail/1916062269.html?fileloc=%2Fhome%2Ffmbi332s7bv7%2Fpublic_html%2Fwp-admin%2Fimport.php&path=%2Fhome%2Ffmbi332s7bv7%2Fpublic_html%2Fwp-admin HTTP/2.0" 403 3451 "-" "Mozilla/5.0 AppleWebKit/537.36 (KHTML, like Gecko; compatible; ClaudeBot/1.0; +claudebot@anthropic.com)" 375 **0/375690**
57.141.20.20 - - [17/Mar/2026:05:25:52 -0700] "GET /shopdetail/203541773.html HTTP/2.0" 403 55633 "-" "meta-externalagent/1.1 (+https://developers.facebook.com/docs/sharing/webmasters/crawler)" 385 **0/385652**
57.141.20.1 - - [17/Mar/2026:05:25:52 -0700] "GET /shopdetail/3488935493.html HTTP/2.0" 403 55633 "-" "meta-externalagent/1.1 (+https://developers.facebook.com/docs/sharing/webmasters/crawler)" 339 **0/339016**
57.141.20.7 - - [17/Mar/2026:05:25:52 -0700] "GET /shopdetail/2067545997.html HTTP/2.0" 403 55633 "-" "meta-externalagent/1.1 (+https://developers.facebook.com/docs/sharing/webmasters/crawler)" 315 **0/315397**
57.141.20.19 - - [17/Mar/2026:05:25:53 -0700] "GET /shopdetail/1089211485.html?fileloc=/home/fmbi332s7bv7/public_html/.htaccess&path=/home/fmbi332s7bv7/public_html HTTP/2.0" 403 55633 "-" "meta-externalagent/1.1 (+https://developers.facebook.com/docs/sharing/webmasters/crawler)" 349 **0/349421**
57.141.20.37 - - [17/Mar/2026:05:25:53 -0700] "GET /shopdetail/2800593318.html?path=/home/fmbi332s7bv7/public_html/.tmb HTTP/2.0" 403 55633 "-" "meta-externalagent/1.1 (+https://developers.facebook.com/docs/sharing/webmasters/crawler)" 312 **0/312467**
57.141.20.41 - - [17/Mar/2026:05:25:53 -0700] "GET /shopdetail/2214151750.html HTTP/2.0" 403 55633 "-" "meta-externalagent/1.1 (+https://developers.facebook.com/docs/sharing/webmasters/crawler)" 332 **0/332770**
57.141.20.29 - - [17/Mar/2026:05:25:54 -0700] "GET /shopdetail/2957086286.html HTTP/2.0" 403 55633 "-" "meta-externalagent/1.1 (+https://developers.facebook.com/docs/sharing/webmasters/crawler)" 338 **0/338751**
57.141.20.44 - - [17/Mar/2026:05:25:54 -0700] "GET /shopdetail/3562404802.html HTTP/2.0" 403 55633 "-" "meta-externalagent/1.1 (+https://developers.facebook.com/docs/sharing/webmasters/crawler)" 515 **0/515322**
74.7.243.230 - - [17/Mar/2026:05:25:54 -0700] "GET /?fileloc=//proc/self/root/proc/thread-self/root/bin/more&path=//proc/self/root/proc/thread-self/root/bin HTTP/2.0" 200 19409 "https://powerchemyapikimyasallari.com/?path=//proc/self/root/proc/thread-self/root/bin" "Mozilla/5.0 AppleWebKit/537.36 (KHTML, like Gecko; compatible; GPTBot/1.3; +https://openai.com/gptbot)" 324 **0/324877**
74.7.242.33 - - [17/Mar/2026:05:25:54 -0700] "GET /?path=//proc/self/root/proc/thread-self/root/proc/thread-self/root/proc/thread-self/root/proc/self/root/proc/thread-self/root/proc/self/root/proc/thread-self/root/proc/self/root/proc/self/root/lib/firmware/slicoss HTTP/2.0" 200 2866 "https://www.powerchemyapikimyasallari.com/?path=//proc/self/root/proc/thread-self/root/proc/thread-self/root/proc/thread-self/root/proc/self/root/proc/thread-self/root/proc/self/root/proc/thread-self/root/proc/self/root/proc/self/root/lib/firmware" "Mozilla/5.0 AppleWebKit/537.36 (KHTML, like Gecko; compatible; GPTBot/1.3; +https://openai.com/gptbot)" 309 **0/309635**
57.141.20.57 - - [17/Mar/2026:05:25:54 -0700] "GET /shopdetail/1521378808.html HTTP/2.0" 403 55633 "-" "meta-externalagent/1.1 (+https://developers.facebook.com/docs/sharing/webmasters/crawler)" 291 **0/291906**
216.73.216.106 - - [17/Mar/2026:05:25:55 -0700] "GET /shopdetail/1326622539.html?fileloc=%2Fhome%2Ffmbi332s7bv7%2Fpublic_html%2Fwp-includes%2Fcss%2F.htaccess&path=%2Fhome%2Ffmbi332s7bv7%2Fpublic_html%2Fwp-includes%2Fcss HTTP/2.0" 403 3451 "-" "Mozilla/5.0 AppleWebKit/537.36 (KHTML, like Gecko; compatible; ClaudeBot/1.0; +claudebot@anthropic.com)" 490 **0/490095**
57.141.20.41 - - [17/Mar/2026:05:25:55 -0700] "GET /shopdetail/3832354770.html HTTP/2.0" 403 55633 "-" "meta-externalagent/1.1 (+https://developers.facebook.com/docs/sharing/webmasters/crawler)" 406 **0/406169**
57.141.20.55 - - [17/Mar/2026:05:25:55 -0700] "GET /shopdetail/2239819515.html HTTP/2.0" 403 55633 "-" "meta-externalagent/1.1 (+https://developers.facebook.com/docs/sharing/webmasters/crawler)" 305 **0/305871**
57.141.20.52 - - [17/Mar/2026:05:25:56 -0700] "GET /shopdetail/3976473123.html HTTP/2.0" 403 55633 "-" "meta-externalagent/1.1 (+https://developers.facebook.com/docs/sharing/webmasters/crawler)" 393 **0/393894**
57.141.20.2 - - [17/Mar/2026:05:25:56 -0700] "GET /shopdetail/1180046628.html HTTP/2.0" 403 55633 "-" "meta-externalagent/1.1 (+https://developers.facebook.com/docs/sharing/webmasters/crawler)" 334 **0/334586**
57.141.20.33 - - [17/Mar/2026:05:25:56 -0700] "GET /shopdetail/3985530675.html HTTP/2.0" 403 55633 "-" "meta-externalagent/1.1 (+https://developers.facebook.com/docs/sharing/webmasters/crawler)" 333 **0/333346**
57.141.20.14 - - [17/Mar/2026:05:25:56 -0700] "GET /shopdetail/2305046739.html?path=/home/fmbi332s7bv7/public_html/wp-includes HTTP/2.0" 403 55633 "-" "meta-externalagent/1.1 (+https://developers.facebook.com/docs/sharing/webmasters/crawler)" 392 **0/392317**
57.141.20.21 - - [17/Mar/2026:05:25:57 -0700] "GET /shopdetail/840228976.html HTTP/2.0" 403 55633 "-" "meta-externalagent/1.1 (+https://developers.facebook.com/docs/sharing/webmasters/crawler)" 295 **0/295888**
57.141.20.27 - - [17/Mar/2026:05:25:57 -0700] "GET /shopdetail/1743081746.html HTTP/2.0" 403 55633 "-" "meta-externalagent/1.1 (+https://developers.facebook.com/docs/sharing/webmasters/crawler)" 427 **0/427912**
57.141.20.41 - - [17/Mar/2026:05:25:58 -0700] "GET /shopdetail/839387180.html?path=/home/fmbi332s7bv7/public_html/wp-includes/blocks/query-no-results HTTP/2.0" 403 55633 "-" "meta-externalagent/1.1 (+https://developers.facebook.com/docs/sharing/webmasters/crawler)" 310 **0/310031**
74.7.242.33 - - [17/Mar/2026:05:25:58 -0700] "GET /?path=//proc/self/root/proc/thread-self/root/proc/thread-self/root/proc/thread-self/root/proc/self/root/proc/thread-self/root/proc/self/root/proc/self/root/proc/self/root/proc/thread-self/root/lib/firmware/intel-ucode HTTP/2.0" 200 2489 "https://www.powerchemyapikimyasallari.com/?path=//proc/self/root/proc/thread-self/root/proc/thread-self/root/proc/thread-self/root/proc/self/root/proc/thread-self/root/proc/self/root/proc/self/root/proc/self/root/proc/thread-self/root/lib/firmware" "Mozilla/5.0 AppleWebKit/537.36 (KHTML, like Gecko; compatible; GPTBot/1.3; +https://openai.com/gptbot)" 348 **0/348551**
74.7.243.230 - - [17/Mar/2026:05:25:57 -0700] "GET /?fileloc=//proc/self/root/proc/thread-self/root/bin/troff&path=//proc/self/root/proc/thread-self/root/bin HTTP/2.0" 200 225343 "https://powerchemyapikimyasallari.com/?path=//proc/self/root/proc/thread-self/root/bin" "Mozilla/5.0 AppleWebKit/537.36 (KHTML, like Gecko; compatible; GPTBot/1.3; +https://openai.com/gptbot)" 655 **0/655653**
57.141.20.22 - - [17/Mar/2026:05:25:58 -0700] "GET /shopdetail/664810125.html HTTP/2.0" 403 55633 "-" "meta-externalagent/1.1 (+https://developers.facebook.com/docs/sharing/webmasters/crawler)" 323 **0/323740**
216.73.216.106 - - [17/Mar/2026:05:25:58 -0700] "GET /shopdetail/1916062269.html?fileloc=%2Fhome%2Ffmbi332s7bv7%2Fpublic_html%2Fwp-admin%2Fcustom-background.php&path=%2Fhome%2Ffmbi332s7bv7%2Fpublic_html%2Fwp-admin HTTP/2.0" 403 3451 "-" "Mozilla/5.0 AppleWebKit/537.36 (KHTML, like Gecko; compatible; ClaudeBot/1.0; +claudebot@anthropic.com)" 332 **0/332324**
57.141.20.54 - - [17/Mar/2026:05:25:58 -0700] "GET /shopdetail/1712403954.html HTTP/2.0" 403 55633 "-" "meta-externalagent/1.1 (+https://developers.facebook.com/docs/sharing/webmasters/crawler)" 366 **0/366508**
57.141.20.51 - - [17/Mar/2026:05:25:58 -0700] "GET /shopdetail/3503456314.html HTTP/2.0" 403 55633 "-" "meta-externalagent/1.1 (+https://developers.facebook.com/docs/sharing/webmasters/crawler)" 323 **0/323293**
57.141.20.40 - - [17/Mar/2026:05:25:59 -0700] "GET /shopdetail/839387180.html?path=/home/fmbi332s7bv7/public_html/wp-includes/blocks/post-author HTTP/2.0" 403 55633 "-" "meta-externalagent/1.1 (+https://developers.facebook.com/docs/sharing/webmasters/crawler)" 355 **0/355107**
57.141.20.11 - - [17/Mar/2026:05:25:59 -0700] "GET /shopdetail/421229595.html HTTP/2.0" 403 55633 "-" "meta-externalagent/1.1 (+https://developers.facebook.com/docs/sharing/webmasters/crawler)" 305 **0/305136**
57.141.20.29 - - [17/Mar/2026:05:25:59 -0700] "GET /shopdetail/2362088251.html HTTP/2.0" 403 55633 "-" "meta-externalagent/1.1 (+https://developers.facebook.com/docs/sharing/webmasters/crawler)" 331 **0/331199**
57.141.20.35 - - [17/Mar/2026:05:26:00 -0700] "GET /shopdetail/1940578724.html HTTP/2.0" 403 55633 "-" "meta-externalagent/1.1 (+https://developers.facebook.com/docs/sharing/webmasters/crawler)" 507 **0/507307**
57.141.20.37 - - [17/Mar/2026:05:26:00 -0700] "GET /shopdetail/2647293382.html?path=/home/fmbi332s7bv7 HTTP/2.0" 403 55633 "-" "meta-externalagent/1.1 (+https://developers.facebook.com/docs/sharing/webmasters/crawler)" 406 **0/406365**
57.141.20.12 - - [17/Mar/2026:05:26:00 -0700] "GET /shopdetail/144523329.html HTTP/2.0" 403 55633 "-" "meta-externalagent/1.1 (+https://developers.facebook.com/docs/sharing/webmasters/crawler)" 333 **0/333748**
74.7.243.230 - - [17/Mar/2026:05:26:01 -0700] "GET /?fileloc=//proc/self/root/proc/thread-self/root/bin/groff&path=//proc/self/root/proc/thread-self/root/bin HTTP/2.0" 200 40802 "https://powerchemyapikimyasallari.com/?path=//proc/self/root/proc/thread-self/root/bin" "Mozilla/5.0 AppleWebKit/537.36 (KHTML, like Gecko; compatible; GPTBot/1.3; +https://openai.com/gptbot)" 375 **0/375668**
74.7.242.33 - - [17/Mar/2026:05:26:01 -0700] "GET /?fileloc=//proc/self/root/proc/thread-self/root/proc/thread-self/root/proc/thread-self/root/proc/self/root/proc/thread-self/root/proc/thread-self/root/proc/thread-self/root/proc/thread-self/root/lib/systemd/user/gpg-agent-ssh.socket&path=//proc/self/root/proc/thread-self/root/proc/thread-self/root/proc/thread-self/root/proc/self/root/proc/thread-self/root/proc/thread-self/root/proc/thread-self/root/proc/thread-self/root/lib/systemd/user HTTP/2.0" 200 2593 "https://www.powerchemyapikimyasallari.com/?path=//proc/self/root/proc/thread-self/root/proc/thread-self/root/proc/thread-self/root/proc/self/root/proc/thread-self/root/proc/thread-self/root/proc/thread-self/root/proc/thread-self/root/lib/systemd/user" "Mozilla/5.0 AppleWebKit/537.36 (KHTML, like Gecko; compatible; GPTBot/1.3; +https://openai.com/gptbot)" 314 **0/314114**
57.141.20.16 - - [17/Mar/2026:05:26:01 -0700] "GET /shopdetail/3749967229.html HTTP/2.0" 403 55633 "-" "meta-externalagent/1.1 (+https://developers.facebook.com/docs/sharing/webmasters/crawler)" 308 **0/308882**
216.73.216.106 - - [17/Mar/2026:05:26:01 -0700] "GET /shopdetail/1326622539.html?fileloc=%2Fhome%2Ffmbi332s7bv7%2Fpublic_html%2Fwp-includes%2Fcss%2Fbuttons-rtl.min.css&path=%2Fhome%2Ffmbi332s7bv7%2Fpublic_html%2Fwp-includes%2Fcss HTTP/2.0" 403 3451 "-" "Mozilla/5.0 AppleWebKit/537.36 (KHTML, like Gecko; compatible; ClaudeBot/1.0; +claudebot@anthropic.com)" 353 **0/353227**
57.141.20.15 - - [17/Mar/2026:05:26:01 -0700] "GET /shopdetail/3718150136.html?path=/home/fmbi332s7bv7/public_html HTTP/2.0" 403 55633 "-" "meta-externalagent/1.1 (+https://developers.facebook.com/docs/sharing/webmasters/crawler)" 409 **0/409284**
57.141.20.24 - - [17/Mar/2026:05:26:01 -0700] "GET /shopdetail/839387180.html?fileloc=/home/fmbi332s7bv7/public_html/wp-includes/blocks/query-title.php&path=/home/fmbi332s7bv7/public_html/wp-includes/blocks HTTP/2.0" 403 55633 "-" "meta-externalagent/1.1 (+https://developers.facebook.com/docs/sharing/webmasters/crawler)" 461 **0/461375**
57.141.20.57 - - [17/Mar/2026:05:26:02 -0700] "GET /shopdetail/4109784058.html HTTP/2.0" 403 55633 "-" "meta-externalagent/1.1 (+https://developers.facebook.com/docs/sharing/webmasters/crawler)" 404 **0/404522**
57.141.20.37 - - [17/Mar/2026:05:26:02 -0700] "GET /shopdetail/1501316373.html HTTP/2.0" 403 55633 "-" "meta-externalagent/1.1 (+https://developers.facebook.com/docs/sharing/webmasters/crawler)" 393 **0/393182**
57.141.20.36 - - [17/Mar/2026:05:26:02 -0700] "GET /shopdetail/3889881643.html HTTP/2.0" 403 55633 "-" "meta-externalagent/1.1 (+https://developers.facebook.com/docs/sharing/webmasters/crawler)" 416 **0/416855**
57.141.20.53 - - [17/Mar/2026:05:26:03 -0700] "GET /shopdetail/2009245029.html HTTP/2.0" 403 55633 "-" "meta-externalagent/1.1 (+https://developers.facebook.com/docs/sharing/webmasters/crawler)" 418 **0/418785**
