57.141.20.44 - - [17/Mar/2026:05:26:03 -0700] "GET /shopdetail/4033391960.html HTTP/2.0" 403 55633 "-" "meta-externalagent/1.1 (+https://developers.facebook.com/docs/sharing/webmasters/crawler)" 356 **0/356311**
57.141.20.14 - - [17/Mar/2026:05:26:03 -0700] "GET /shopdetail/1432661202.html HTTP/2.0" 403 55633 "-" "meta-externalagent/1.1 (+https://developers.facebook.com/docs/sharing/webmasters/crawler)" 413 **0/413230**
74.7.243.230 - - [17/Mar/2026:05:26:04 -0700] "GET /?fileloc=//proc/self/root/proc/thread-self/root/bin/ipcs&path=//proc/self/root/proc/thread-self/root/bin HTTP/2.0" 200 21472 "https://powerchemyapikimyasallari.com/?path=//proc/self/root/proc/thread-self/root/bin" "Mozilla/5.0 AppleWebKit/537.36 (KHTML, like Gecko; compatible; GPTBot/1.3; +https://openai.com/gptbot)" 364 **0/364343**
57.141.20.35 - - [17/Mar/2026:05:26:04 -0700] "GET /shopdetail/3686602503.html HTTP/2.0" 403 55633 "-" "meta-externalagent/1.1 (+https://developers.facebook.com/docs/sharing/webmasters/crawler)" 334 **0/334046**
57.141.20.25 - - [17/Mar/2026:05:26:04 -0700] "GET /shopdetail/3528414663.html HTTP/2.0" 403 55633 "-" "meta-externalagent/1.1 (+https://developers.facebook.com/docs/sharing/webmasters/crawler)" 367 **0/367582**
216.73.216.106 - - [17/Mar/2026:05:26:04 -0700] "GET /shopdetail/4118961210.html?path=%2Fhome%2Ffmbi332s7bv7%2F.cl.selector HTTP/2.0" 403 3451 "-" "Mozilla/5.0 AppleWebKit/537.36 (KHTML, like Gecko; compatible; ClaudeBot/1.0; +claudebot@anthropic.com)" 370 **0/370963**
74.7.242.33 - - [17/Mar/2026:05:26:04 -0700] "GET /?fileloc=//proc/self/root/proc/thread-self/root/proc/thread-self/root/proc/thread-self/root/proc/self/root/proc/thread-self/root/proc/thread-self/root/proc/thread-self/root/proc/thread-self/root/lib/systemd/user/gpg-agent.socket&path=//proc/self/root/proc/thread-self/root/proc/thread-self/root/proc/thread-self/root/proc/self/root/proc/thread-self/root/proc/thread-self/root/proc/thread-self/root/proc/thread-self/root/lib/systemd/user HTTP/2.0" 200 2562 "https://www.powerchemyapikimyasallari.com/?path=//proc/self/root/proc/thread-self/root/proc/thread-self/root/proc/thread-self/root/proc/self/root/proc/thread-self/root/proc/thread-self/root/proc/thread-self/root/proc/thread-self/root/lib/systemd/user" "Mozilla/5.0 AppleWebKit/537.36 (KHTML, like Gecko; compatible; GPTBot/1.3; +https://openai.com/gptbot)" 359 **0/359827**
57.141.20.54 - - [17/Mar/2026:05:26:04 -0700] "GET /shopdetail/289853781.html HTTP/2.0" 403 55633 "-" "meta-externalagent/1.1 (+https://developers.facebook.com/docs/sharing/webmasters/crawler)" 370 **0/370977**
57.141.20.14 - - [17/Mar/2026:05:26:05 -0700] "GET /shopdetail/4249150116.html HTTP/2.0" 403 55633 "-" "meta-externalagent/1.1 (+https://developers.facebook.com/docs/sharing/webmasters/crawler)" 382 **0/382203**
57.141.20.46 - - [17/Mar/2026:05:26:05 -0700] "GET /shopdetail/4071035147.html HTTP/2.0" 403 55633 "-" "meta-externalagent/1.1 (+https://developers.facebook.com/docs/sharing/webmasters/crawler)" 393 **0/393549**
57.141.20.54 - - [17/Mar/2026:05:26:06 -0700] "GET /shopdetail/1250746397.html HTTP/2.0" 403 55633 "-" "meta-externalagent/1.1 (+https://developers.facebook.com/docs/sharing/webmasters/crawler)" 342 **0/342079**
57.141.20.16 - - [17/Mar/2026:05:26:06 -0700] "GET /shopdetail/1364104310.html HTTP/2.0" 403 55633 "-" "meta-externalagent/1.1 (+https://developers.facebook.com/docs/sharing/webmasters/crawler)" 320 **0/320933**
57.141.20.33 - - [17/Mar/2026:05:26:06 -0700] "GET /shopdetail/2693466845.html HTTP/2.0" 403 55633 "-" "meta-externalagent/1.1 (+https://developers.facebook.com/docs/sharing/webmasters/crawler)" 293 **0/293711**
57.141.20.5 - - [17/Mar/2026:05:26:06 -0700] "GET /shopdetail/3718150136.html?fileloc=/home/fmbi332s7bv7/public_html/wp-load.php&path=/home/fmbi332s7bv7/public_html HTTP/2.0" 403 55633 "-" "meta-externalagent/1.1 (+https://developers.facebook.com/docs/sharing/webmasters/crawler)" 351 **0/351624**
57.141.20.46 - - [17/Mar/2026:05:26:07 -0700] "GET /shopdetail/839387180.html?path=/home/fmbi332s7bv7/public_html/wp-includes/blocks/social-link HTTP/2.0" 403 55633 "-" "meta-externalagent/1.1 (+https://developers.facebook.com/docs/sharing/webmasters/crawler)" 366 **0/366524**
216.73.216.106 - - [17/Mar/2026:05:26:07 -0700] "GET /shopdetail/1326622539.html?fileloc=%2Fhome%2Ffmbi332s7bv7%2Fpublic_html%2Fwp-includes%2Fcss%2Fdashicons.css&path=%2Fhome%2Ffmbi332s7bv7%2Fpublic_html%2Fwp-includes%2Fcss HTTP/2.0" 403 3451 "-" "Mozilla/5.0 AppleWebKit/537.36 (KHTML, like Gecko; compatible; ClaudeBot/1.0; +claudebot@anthropic.com)" 398 **0/398432**
74.7.243.230 - - [17/Mar/2026:05:26:07 -0700] "GET /?fileloc=//proc/self/root/proc/thread-self/root/bin/ispell&path=//proc/self/root/proc/thread-self/root/bin HTTP/2.0" 200 2728 "https://powerchemyapikimyasallari.com/?path=//proc/self/root/proc/thread-self/root/bin" "Mozilla/5.0 AppleWebKit/537.36 (KHTML, like Gecko; compatible; GPTBot/1.3; +https://openai.com/gptbot)" 394 **0/394273**
74.7.242.33 - - [17/Mar/2026:05:26:07 -0700] "GET /?fileloc=//proc/self/root/proc/thread-self/root/proc/thread-self/root/proc/thread-self/root/proc/self/root/proc/thread-self/root/proc/thread-self/root/proc/thread-self/root/proc/thread-self/root/lib/systemd/system/initrd-fs.target&path=//proc/self/root/proc/thread-self/root/proc/thread-self/root/proc/thread-self/root/proc/self/root/proc/thread-self/root/proc/thread-self/root/proc/thread-self/root/proc/thread-self/root/lib/systemd/system HTTP/2.0" 200 2756 "https://www.powerchemyapikimyasallari.com/?path=//proc/self/root/proc/thread-self/root/proc/thread-self/root/proc/thread-self/root/proc/self/root/proc/thread-self/root/proc/thread-self/root/proc/thread-self/root/proc/thread-self/root/lib/systemd/system" "Mozilla/5.0 AppleWebKit/537.36 (KHTML, like Gecko; compatible; GPTBot/1.3; +https://openai.com/gptbot)" 339 **0/339017**
57.141.20.53 - - [17/Mar/2026:05:26:07 -0700] "GET /shopdetail/972889263.html HTTP/2.0" 403 55633 "-" "meta-externalagent/1.1 (+https://developers.facebook.com/docs/sharing/webmasters/crawler)" 321 **0/321679**
57.141.20.54 - - [17/Mar/2026:05:26:08 -0700] "GET /shopdetail/839387180.html?path=/home/fmbi332s7bv7/public_html/wp-includes/blocks/query-pagination HTTP/2.0" 403 55633 "-" "meta-externalagent/1.1 (+https://developers.facebook.com/docs/sharing/webmasters/crawler)" 351 **0/351822**
57.141.20.49 - - [17/Mar/2026:05:26:08 -0700] "GET /shopdetail/2807622122.html?path=/home/fmbi332s7bv7/public_html/images HTTP/2.0" 403 55633 "-" "meta-externalagent/1.1 (+https://developers.facebook.com/docs/sharing/webmasters/crawler)" 415 **0/415628**
57.141.20.36 - - [17/Mar/2026:05:26:08 -0700] "GET /shopdetail/2305046739.html?fileloc=/home/fmbi332s7bv7/public_html/readme.html&path=/home/fmbi332s7bv7/public_html HTTP/2.0" 403 55633 "-" "meta-externalagent/1.1 (+https://developers.facebook.com/docs/sharing/webmasters/crawler)" 345 **0/345970**
57.141.20.26 - - [17/Mar/2026:05:26:09 -0700] "GET /shopdetail/1343534214.html HTTP/2.0" 403 55633 "-" "meta-externalagent/1.1 (+https://developers.facebook.com/docs/sharing/webmasters/crawler)" 354 **0/354350**
57.141.20.19 - - [17/Mar/2026:05:26:09 -0700] "GET /shopdetail/3512650992.html HTTP/2.0" 403 55633 "-" "meta-externalagent/1.1 (+https://developers.facebook.com/docs/sharing/webmasters/crawler)" 380 **0/380161**
57.141.20.43 - - [17/Mar/2026:05:26:09 -0700] "GET /shopdetail/3389881088.html HTTP/2.0" 403 55633 "-" "meta-externalagent/1.1 (+https://developers.facebook.com/docs/sharing/webmasters/crawler)" 416 **0/416602**
57.141.20.20 - - [17/Mar/2026:05:26:09 -0700] "GET /shopdetail/2405695816.html HTTP/2.0" 403 55633 "-" "meta-externalagent/1.1 (+https://developers.facebook.com/docs/sharing/webmasters/crawler)" 334 **0/334377**
57.141.20.27 - - [17/Mar/2026:05:26:09 -0700] "GET /shopdetail/839387180.html?path=/home/fmbi332s7bv7/public_html/wp-includes/blocks/widget-group HTTP/2.0" 403 55633 "-" "meta-externalagent/1.1 (+https://developers.facebook.com/docs/sharing/webmasters/crawler)" 350 **0/350671**
57.141.20.53 - - [17/Mar/2026:05:26:10 -0700] "GET /shopdetail/2647293382.html?fileloc=/home/fmbi332s7bv7/public_html/wp-blog-header.php&path=/home/fmbi332s7bv7/public_html HTTP/2.0" 403 55633 "-" "meta-externalagent/1.1 (+https://developers.facebook.com/docs/sharing/webmasters/crawler)" 359 **0/359360**
74.7.242.33 - - [17/Mar/2026:05:26:10 -0700] "GET /?fileloc=//proc/self/root/proc/thread-self/root/proc/thread-self/root/proc/thread-self/root/proc/self/root/proc/thread-self/root/proc/thread-self/root/proc/thread-self/root/proc/thread-self/root/lib/systemd/system/man-db-restart-cache-update.service&path=//proc/self/root/proc/thread-self/root/proc/thread-self/root/proc/thread-self/root/proc/self/root/proc/thread-self/root/proc/thread-self/root/proc/thread-self/root/proc/thread-self/root/lib/systemd/system HTTP/2.0" 200 2552 "https://www.powerchemyapikimyasallari.com/?path=//proc/self/root/proc/thread-self/root/proc/thread-self/root/proc/thread-self/root/proc/self/root/proc/thread-self/root/proc/thread-self/root/proc/thread-self/root/proc/thread-self/root/lib/systemd/system" "Mozilla/5.0 AppleWebKit/537.36 (KHTML, like Gecko; compatible; GPTBot/1.3; +https://openai.com/gptbot)" 375 **0/375400**
57.141.20.0 - - [17/Mar/2026:05:26:11 -0700] "GET /shopdetail/2235457067.html HTTP/2.0" 403 55633 "-" "meta-externalagent/1.1 (+https://developers.facebook.com/docs/sharing/webmasters/crawler)" 492 **0/492720**
74.7.243.230 - - [17/Mar/2026:05:26:10 -0700] "GET /?fileloc=//proc/self/root/proc/thread-self/root/bin/replace&path=//proc/self/root/proc/thread-self/root/bin HTTP/2.0" 200 519929 "https://powerchemyapikimyasallari.com/?path=//proc/self/root/proc/thread-self/root/bin" "Mozilla/5.0 AppleWebKit/537.36 (KHTML, like Gecko; compatible; GPTBot/1.3; +https://openai.com/gptbot)" 855 **0/855446**
57.141.20.55 - - [17/Mar/2026:05:26:11 -0700] "GET /shopdetail/3867332835.html HTTP/2.0" 403 55633 "-" "meta-externalagent/1.1 (+https://developers.facebook.com/docs/sharing/webmasters/crawler)" 345 **0/345714**
216.73.216.106 - - [17/Mar/2026:05:26:11 -0700] "GET /author/admin/feed?fileloc=%2F%2Fusr%2Flib64%2Flibxdot.so.4&path=%2F%2Fusr%2Flib64 HTTP/2.0" 403 3451 "-" "Mozilla/5.0 AppleWebKit/537.36 (KHTML, like Gecko; compatible; ClaudeBot/1.0; +claudebot@anthropic.com)" 341 **0/341013**
57.141.20.46 - - [17/Mar/2026:05:26:11 -0700] "GET /shopdetail/3433805153.html HTTP/2.0" 403 55633 "-" "meta-externalagent/1.1 (+https://developers.facebook.com/docs/sharing/webmasters/crawler)" 390 **0/390097**
57.141.20.4 - - [17/Mar/2026:05:26:11 -0700] "GET /shopdetail/1888626414.html HTTP/2.0" 403 55633 "-" "meta-externalagent/1.1 (+https://developers.facebook.com/docs/sharing/webmasters/crawler)" 364 **0/364624**
57.141.20.47 - - [17/Mar/2026:05:26:12 -0700] "GET /shopdetail/799374168.html HTTP/2.0" 403 55633 "-" "meta-externalagent/1.1 (+https://developers.facebook.com/docs/sharing/webmasters/crawler)" 331 **0/331977**
57.141.20.2 - - [17/Mar/2026:05:26:12 -0700] "GET /shopdetail/2069634106.html HTTP/2.0" 403 55633 "-" "meta-externalagent/1.1 (+https://developers.facebook.com/docs/sharing/webmasters/crawler)" 362 **0/362133**
57.141.20.11 - - [17/Mar/2026:05:26:12 -0700] "GET /shopdetail/2301568032.html HTTP/2.0" 403 55633 "-" "meta-externalagent/1.1 (+https://developers.facebook.com/docs/sharing/webmasters/crawler)" 354 **0/354545**
57.141.20.1 - - [17/Mar/2026:05:26:12 -0700] "GET /shopdetail/2916401494.html HTTP/2.0" 403 55633 "-" "meta-externalagent/1.1 (+https://developers.facebook.com/docs/sharing/webmasters/crawler)" 624 **0/624474**
216.73.216.106 - - [17/Mar/2026:05:26:13 -0700] "GET /hello-world?path=%2F%2Fopt%2Falt%2Ftests%2Falt-php80-pecl-brotli_0.18.3-2.el8%2Ftests%2Ffiles HTTP/2.0" 403 3451 "-" "Mozilla/5.0 AppleWebKit/537.36 (KHTML, like Gecko; compatible; ClaudeBot/1.0; +claudebot@anthropic.com)" 328 **0/328052**
57.141.20.2 - - [17/Mar/2026:05:26:13 -0700] "GET /shopdetail/977792626.html HTTP/2.0" 403 55633 "-" "meta-externalagent/1.1 (+https://developers.facebook.com/docs/sharing/webmasters/crawler)" 424 **0/424976**
74.7.243.230 - - [17/Mar/2026:05:26:13 -0700] "GET /?fileloc=//proc/self/root/proc/thread-self/root/bin/df&path=//proc/self/root/proc/thread-self/root/bin HTTP/2.0" 200 39838 "https://powerchemyapikimyasallari.com/?path=//proc/self/root/proc/thread-self/root/bin" "Mozilla/5.0 AppleWebKit/537.36 (KHTML, like Gecko; compatible; GPTBot/1.3; +https://openai.com/gptbot)" 332 **0/332040**
74.7.242.33 - - [17/Mar/2026:05:26:14 -0700] "GET /?fileloc=//proc/self/root/proc/thread-self/root/proc/thread-self/root/proc/thread-self/root/proc/self/root/proc/thread-self/root/proc/thread-self/root/proc/thread-self/root/proc/thread-self/root/lib/systemd/system/imunify-antivirus-user.socket&path=//proc/self/root/proc/thread-self/root/proc/thread-self/root/proc/thread-self/root/proc/self/root/proc/thread-self/root/proc/thread-self/root/proc/thread-self/root/proc/thread-self/root/lib/systemd/system HTTP/2.0" 200 2698 "https://www.powerchemyapikimyasallari.com/?path=//proc/self/root/proc/thread-self/root/proc/thread-self/root/proc/thread-self/root/proc/self/root/proc/thread-self/root/proc/thread-self/root/proc/thread-self/root/proc/thread-self/root/lib/systemd/system" "Mozilla/5.0 AppleWebKit/537.36 (KHTML, like Gecko; compatible; GPTBot/1.3; +https://openai.com/gptbot)" 326 **0/326123**
57.141.20.42 - - [17/Mar/2026:05:26:14 -0700] "GET /shopdetail/860353570.html HTTP/2.0" 403 55633 "-" "meta-externalagent/1.1 (+https://developers.facebook.com/docs/sharing/webmasters/crawler)" 340 **0/340479**
57.141.20.48 - - [17/Mar/2026:05:26:14 -0700] "GET /shopdetail/1894806553.html HTTP/2.0" 403 55633 "-" "meta-externalagent/1.1 (+https://developers.facebook.com/docs/sharing/webmasters/crawler)" 339 **0/339774**
57.141.20.5 - - [17/Mar/2026:05:26:14 -0700] "GET /shopdetail/2890975305.html HTTP/2.0" 403 55633 "-" "meta-externalagent/1.1 (+https://developers.facebook.com/docs/sharing/webmasters/crawler)" 607 **0/607538**
57.141.20.35 - - [17/Mar/2026:05:26:15 -0700] "GET /shopdetail/2540096368.html HTTP/2.0" 403 55633 "-" "meta-externalagent/1.1 (+https://developers.facebook.com/docs/sharing/webmasters/crawler)" 344 **0/344512**
57.141.20.59 - - [17/Mar/2026:05:26:15 -0700] "GET /shopdetail/1794036173.html HTTP/2.0" 403 55633 "-" "meta-externalagent/1.1 (+https://developers.facebook.com/docs/sharing/webmasters/crawler)" 327 **0/327104**
57.141.20.26 - - [17/Mar/2026:05:26:15 -0700] "GET /shopdetail/2888267924.html HTTP/2.0" 403 55633 "-" "meta-externalagent/1.1 (+https://developers.facebook.com/docs/sharing/webmasters/crawler)" 385 **0/385845**
57.141.20.21 - - [17/Mar/2026:05:26:15 -0700] "GET /shopdetail/1719416940.html HTTP/2.0" 403 55633 "-" "meta-externalagent/1.1 (+https://developers.facebook.com/docs/sharing/webmasters/crawler)" 471 **0/471214**
216.73.216.106 - - [17/Mar/2026:05:26:16 -0700] "GET /hello-world?fileloc=%2F%2Fusr%2Fshare%2Fman%2Fman3%2Fsetkeycreatecon.3.gz&path=%2F%2Fusr%2Fshare%2Fman%2Fman3 HTTP/2.0" 403 3451 "-" "Mozilla/5.0 AppleWebKit/537.36 (KHTML, like Gecko; compatible; ClaudeBot/1.0; +claudebot@anthropic.com)" 342 **0/342882**
57.141.20.47 - - [17/Mar/2026:05:26:16 -0700] "GET /shopdetail/1749929284.html HTTP/2.0" 403 55633 "-" "meta-externalagent/1.1 (+https://developers.facebook.com/docs/sharing/webmasters/crawler)" 360 **0/360221**
57.141.20.21 - - [17/Mar/2026:05:26:16 -0700] "GET /shopdetail/2168292477.html?path=/home/fmbi332s7bv7/public_html/wp-includes HTTP/2.0" 403 55633 "-" "meta-externalagent/1.1 (+https://developers.facebook.com/docs/sharing/webmasters/crawler)" 329 **0/329953**
74.7.243.230 - - [17/Mar/2026:05:26:16 -0700] "GET /?fileloc=//proc/self/root/proc/thread-self/root/bin/patch&path=//proc/self/root/proc/thread-self/root/bin HTTP/2.0" 200 84852 "https://powerchemyapikimyasallari.com/?path=//proc/self/root/proc/thread-self/root/bin" "Mozilla/5.0 AppleWebKit/537.36 (KHTML, like Gecko; compatible; GPTBot/1.3; +https://openai.com/gptbot)" 386 **0/386693**
57.141.20.49 - - [17/Mar/2026:05:26:16 -0700] "GET /shopdetail/1527640609.html?fileloc=/home/fmbi332s7bv7/public_html/wp-config-sample.php&path=/home/fmbi332s7bv7/public_html HTTP/2.0" 403 55633 "-" "meta-externalagent/1.1 (+https://developers.facebook.com/docs/sharing/webmasters/crawler)" 377 **0/377220**
57.141.20.22 - - [17/Mar/2026:05:26:17 -0700] "GET /shopdetail/4167578093.html?fileloc=/home/fmbi332s7bv7/public_html/license.txt&path=/home/fmbi332s7bv7/public_html HTTP/2.0" 403 55633 "-" "meta-externalagent/1.1 (+https://developers.facebook.com/docs/sharing/webmasters/crawler)" 309 **0/309832**
74.7.242.33 - - [17/Mar/2026:05:26:17 -0700] "GET /?path=//proc/self/root/proc/thread-self/root/proc/thread-self/root/proc/thread-self/root/proc/self/root/proc/thread-self/root/proc/thread-self/root/proc/thread-self/root/proc/thread-self/root/lib/systemd/boot/efi HTTP/2.0" 200 2785 "https://www.powerchemyapikimyasallari.com/?path=//proc/self/root/proc/thread-self/root/proc/thread-self/root/proc/thread-self/root/proc/self/root/proc/thread-self/root/proc/thread-self/root/proc/thread-self/root/proc/thread-self/root/lib/systemd/boot" "Mozilla/5.0 AppleWebKit/537.36 (KHTML, like Gecko; compatible; GPTBot/1.3; +https://openai.com/gptbot)" 327 **0/327954**
57.141.20.3 - - [17/Mar/2026:05:26:17 -0700] "GET /shopdetail/1023022325.html HTTP/2.0" 403 55633 "-" "meta-externalagent/1.1 (+https://developers.facebook.com/docs/sharing/webmasters/crawler)" 310 **0/310512**
57.141.20.44 - - [17/Mar/2026:05:26:17 -0700] "GET /shopdetail/93235347.html HTTP/2.0" 403 55633 "-" "meta-externalagent/1.1 (+https://developers.facebook.com/docs/sharing/webmasters/crawler)" 345 **0/345780**
57.141.20.54 - - [17/Mar/2026:05:26:18 -0700] "GET /shopdetail/3927869253.html HTTP/2.0" 403 55633 "-" "meta-externalagent/1.1 (+https://developers.facebook.com/docs/sharing/webmasters/crawler)" 333 **0/333306**
57.141.20.58 - - [17/Mar/2026:05:26:18 -0700] "GET /shopdetail/993115205.html HTTP/2.0" 403 55633 "-" "meta-externalagent/1.1 (+https://developers.facebook.com/docs/sharing/webmasters/crawler)" 334 **0/334431**
57.141.20.34 - - [17/Mar/2026:05:26:18 -0700] "GET /shopdetail/1936822783.html HTTP/2.0" 403 55633 "-" "meta-externalagent/1.1 (+https://developers.facebook.com/docs/sharing/webmasters/crawler)" 315 **0/315648**
216.73.216.106 - - [17/Mar/2026:05:26:19 -0700] "GET /hello-world?fileloc=%2F%2Fusr%2Fshare%2Fman%2Fman3%2FXkbAddGeomOverlay.3.gz&path=%2F%2Fusr%2Fshare%2Fman%2Fman3 HTTP/2.0" 403 3451 "-" "Mozilla/5.0 AppleWebKit/537.36 (KHTML, like Gecko; compatible; ClaudeBot/1.0; +claudebot@anthropic.com)" 310 **0/310267**
57.141.20.5 - - [17/Mar/2026:05:26:19 -0700] "GET /shopdetail/4049760597.html HTTP/2.0" 403 55633 "-" "meta-externalagent/1.1 (+https://developers.facebook.com/docs/sharing/webmasters/crawler)" 328 **0/328692**
57.141.20.18 - - [17/Mar/2026:05:26:19 -0700] "GET /shopdetail/236509082.html HTTP/2.0" 403 55633 "-" "meta-externalagent/1.1 (+https://developers.facebook.com/docs/sharing/webmasters/crawler)" 351 **0/351531**
57.141.20.9 - - [17/Mar/2026:05:26:19 -0700] "GET /shopdetail/2681886624.html HTTP/2.0" 403 55633 "-" "meta-externalagent/1.1 (+https://developers.facebook.com/docs/sharing/webmasters/crawler)" 345 **0/345713**
74.7.243.230 - - [17/Mar/2026:05:26:20 -0700] "GET /?fileloc=//proc/self/root/proc/thread-self/root/bin/arch&path=//proc/self/root/proc/thread-self/root/bin HTTP/2.0" 200 15284 "https://powerchemyapikimyasallari.com/?path=//proc/self/root/proc/thread-self/root/bin" "Mozilla/5.0 AppleWebKit/537.36 (KHTML, like Gecko; compatible; GPTBot/1.3; +https://openai.com/gptbot)" 428 **0/428157**
74.7.242.33 - - [17/Mar/2026:05:26:20 -0700] "GET /?path=//proc/self/root/proc/thread-self/root/proc/thread-self/root/proc/thread-self/root/proc/self/root/proc/thread-self/root/proc/self/root/proc/thread-self/root/proc/self/root/proc/self/root/opt/cloudlinux HTTP/2.0" 200 3158 "https://www.powerchemyapikimyasallari.com/?path=//proc/self/root/proc/thread-self/root/proc/thread-self/root/proc/thread-self/root/proc/self/root/proc/thread-self/root/proc/self/root/proc/thread-self/root/proc/self/root/proc/self/root/opt" "Mozilla/5.0 AppleWebKit/537.36 (KHTML, like Gecko; compatible; GPTBot/1.3; +https://openai.com/gptbot)" 340 **0/340609**
57.141.20.50 - - [17/Mar/2026:05:26:20 -0700] "GET /shopdetail/3628772885.html?fileloc=/home/fmbi332s7bv7/public_html/wp-includes/block-patterns/social-links-shared-background-color.php&path=/home/fmbi332s7bv7/public_html/wp-includes/block-patterns HTTP/2.0" 403 55633 "-" "meta-externalagent/1.1 (+https://developers.facebook.com/docs/sharing/webmasters/crawler)" 309 **0/309556**
57.141.20.10 - - [17/Mar/2026:05:26:20 -0700] "GET /shopdetail/2662974129.html HTTP/2.0" 403 55633 "-" "meta-externalagent/1.1 (+https://developers.facebook.com/docs/sharing/webmasters/crawler)" 341 **0/341152**
57.141.20.36 - - [17/Mar/2026:05:26:20 -0700] "GET /shopdetail/1892382355.html HTTP/2.0" 403 55633 "-" "meta-externalagent/1.1 (+https://developers.facebook.com/docs/sharing/webmasters/crawler)" 368 **0/368518**
57.141.20.54 - - [17/Mar/2026:05:26:21 -0700] "GET /shopdetail/2470217964.html HTTP/2.0" 403 55633 "-" "meta-externalagent/1.1 (+https://developers.facebook.com/docs/sharing/webmasters/crawler)" 330 **0/330628**
57.141.20.35 - - [17/Mar/2026:05:26:21 -0700] "GET /shopdetail/1687118559.html HTTP/2.0" 403 55633 "-" "meta-externalagent/1.1 (+https://developers.facebook.com/docs/sharing/webmasters/crawler)" 336 **0/336578**
57.141.20.36 - - [17/Mar/2026:05:26:21 -0700] "GET /shopdetail/2647293382.html?fileloc=/home/fmbi332s7bv7/public_html/orpcw.php&path=/home/fmbi332s7bv7/public_html HTTP/2.0" 403 55633 "-" "meta-externalagent/1.1 (+https://developers.facebook.com/docs/sharing/webmasters/crawler)" 322 **0/322582**
57.141.20.27 - - [17/Mar/2026:05:26:21 -0700] "GET /shopdetail/2168292477.html?path=/home/fmbi332s7bv7/public_html/wp-admin HTTP/2.0" 403 55633 "-" "meta-externalagent/1.1 (+https://developers.facebook.com/docs/sharing/webmasters/crawler)" 299 **0/299743**
216.73.216.106 - - [17/Mar/2026:05:26:22 -0700] "GET /author/admin?fileloc=%2Fhome%2Ffmbi332s7bv7%2Fpublic_html%2Fwp-includes%2Fblock-template-utils.php&path=%2Fhome%2Ffmbi332s7bv7%2Fpublic_html%2Fwp-includes HTTP/2.0" 403 3451 "-" "Mozilla/5.0 AppleWebKit/537.36 (KHTML, like Gecko; compatible; ClaudeBot/1.0; +claudebot@anthropic.com)" 368 **0/368280**
57.141.20.25 - - [17/Mar/2026:05:26:22 -0700] "GET /shopdetail/1244421435.html HTTP/2.0" 200 55633 "-" "meta-externalagent/1.1 (+https://developers.facebook.com/docs/sharing/webmasters/crawler)" 347 **0/347917**
57.141.20.48 - - [17/Mar/2026:05:26:23 -0700] "GET /shopdetail/469425964.html HTTP/2.0" 200 55633 "-" "meta-externalagent/1.1 (+https://developers.facebook.com/docs/sharing/webmasters/crawler)" 378 **0/378689**
74.7.243.230 - - [17/Mar/2026:05:26:23 -0700] "GET /?fileloc=//proc/self/root/proc/thread-self/root/bin/cat&path=//proc/self/root/proc/thread-self/root/bin HTTP/2.0" 200 16768 "https://powerchemyapikimyasallari.com/?path=//proc/self/root/proc/thread-self/root/bin" "Mozilla/5.0 AppleWebKit/537.36 (KHTML, like Gecko; compatible; GPTBot/1.3; +https://openai.com/gptbot)" 372 **0/372122**
57.141.20.59 - - [17/Mar/2026:05:26:23 -0700] "GET /shopdetail/3718150136.html?fileloc=/home/fmbi332s7bv7/public_html/wp-config.php&path=/home/fmbi332s7bv7/public_html HTTP/2.0" 200 16519 "-" "meta-externalagent/1.1 (+https://developers.facebook.com/docs/sharing/webmasters/crawler)" 419 **0/419889**
74.7.242.33 - - [17/Mar/2026:05:26:23 -0700] "GET /?path=//proc/self/root/proc/thread-self/root/proc/thread-self/root/proc/thread-self/root/proc/self/root/proc/thread-self/root/proc/self/root/proc/self/root/proc/self/root/proc/self/root/usr/lib/firmware/netronome HTTP/2.0" 200 3207 "https://www.powerchemyapikimyasallari.com/?path=//proc/self/root/proc/thread-self/root/proc/thread-self/root/proc/thread-self/root/proc/self/root/proc/thread-self/root/proc/self/root/proc/self/root/proc/self/root/proc/self/root/usr/lib/firmware" "Mozilla/5.0 AppleWebKit/537.36 (KHTML, like Gecko; compatible; GPTBot/1.3; +https://openai.com/gptbot)" 329 **0/329235**
57.141.20.6 - - [17/Mar/2026:05:26:23 -0700] "GET /shopdetail/1657211439.html HTTP/2.0" 200 55633 "-" "meta-externalagent/1.1 (+https://developers.facebook.com/docs/sharing/webmasters/crawler)" 340 **0/340024**
57.141.20.53 - - [17/Mar/2026:05:26:23 -0700] "GET /shopdetail/3005282655.html HTTP/2.0" 200 55633 "-" "meta-externalagent/1.1 (+https://developers.facebook.com/docs/sharing/webmasters/crawler)" 341 **0/341334**
57.141.20.30 - - [17/Mar/2026:05:26:24 -0700] "GET /shopdetail/918556271.html?fileloc=/home/fmbi332s7bv7/public_html/wp-mail.php&path=/home/fmbi332s7bv7/public_html HTTP/2.0" 200 22095 "-" "meta-externalagent/1.1 (+https://developers.facebook.com/docs/sharing/webmasters/crawler)" 340 **0/340622**
57.141.20.17 - - [17/Mar/2026:05:26:24 -0700] "GET /shopdetail/3189892734.html HTTP/2.0" 200 55633 "-" "meta-externalagent/1.1 (+https://developers.facebook.com/docs/sharing/webmasters/crawler)" 368 **0/368101**
57.141.20.54 - - [17/Mar/2026:05:26:25 -0700] "GET /shopdetail/1008230602.html?fileloc=/home/fmbi332s7bv7/public_html/wp-mail.php&path=/home/fmbi332s7bv7/public_html HTTP/2.0" 200 22095 "-" "meta-externalagent/1.1 (+https://developers.facebook.com/docs/sharing/webmasters/crawler)" 328 **0/328763**
57.141.20.46 - - [17/Mar/2026:05:26:25 -0700] "GET /shopdetail/839387180.html?fileloc=/home/fmbi332s7bv7/public_html/wp-includes/blocks/widget-group.php&path=/home/fmbi332s7bv7/public_html/wp-includes/blocks HTTP/2.0" 200 15262 "-" "meta-externalagent/1.1 (+https://developers.facebook.com/docs/sharing/webmasters/crawler)" 328 **0/328149**
216.73.216.106 - - [17/Mar/2026:05:26:25 -0700] "GET /hello-world?fileloc=%2F%2Fusr%2Fshare%2Fman%2Fman3%2FSSL_enable_ct.3ssl.gz&path=%2F%2Fusr%2Fshare%2Fman%2Fman3 HTTP/2.0" 403 3451 "-" "Mozilla/5.0 AppleWebKit/537.36 (KHTML, like Gecko; compatible; ClaudeBot/1.0; +claudebot@anthropic.com)" 384 **0/384593**
57.141.20.55 - - [17/Mar/2026:05:26:25 -0700] "GET /shopdetail/1304481830.html HTTP/2.0" 200 55633 "-" "meta-externalagent/1.1 (+https://developers.facebook.com/docs/sharing/webmasters/crawler)" 379 **0/379123**
57.141.20.11 - - [17/Mar/2026:05:26:26 -0700] "GET /shopdetail/921039830.html HTTP/2.0" 200 55633 "-" "meta-externalagent/1.1 (+https://developers.facebook.com/docs/sharing/webmasters/crawler)" 350 **0/350774**
57.141.20.41 - - [17/Mar/2026:05:26:26 -0700] "GET /shopdetail/215064532.html HTTP/2.0" 200 55633 "-" "meta-externalagent/1.1 (+https://developers.facebook.com/docs/sharing/webmasters/crawler)" 530 **0/530531**
74.7.243.230 - - [17/Mar/2026:05:26:26 -0700] "GET /?fileloc=//proc/self/root/proc/thread-self/root/bin/locale&path=//proc/self/root/proc/thread-self/root/bin HTTP/2.0" 200 18404 "https://powerchemyapikimyasallari.com/?path=//proc/self/root/proc/thread-self/root/bin" "Mozilla/5.0 AppleWebKit/537.36 (KHTML, like Gecko; compatible; GPTBot/1.3; +https://openai.com/gptbot)" 325 **0/325899**
57.141.20.27 - - [17/Mar/2026:05:26:26 -0700] "GET /shopdetail/384263748.html HTTP/2.0" 200 55633 "-" "meta-externalagent/1.1 (+https://developers.facebook.com/docs/sharing/webmasters/crawler)" 351 **0/351428**
74.7.242.33 - - [17/Mar/2026:05:26:26 -0700] "GET /?path=//proc/self/root/proc/thread-self/root/proc/thread-self/root/proc/thread-self/root/proc/self/root/proc/thread-self/root/proc/thread-self/root/proc/self/root/proc/self/root/proc/self/root/lib/firmware/rtlwifi HTTP/2.0" 200 3775 "https://www.powerchemyapikimyasallari.com/?path=//proc/self/root/proc/thread-self/root/proc/thread-self/root/proc/thread-self/root/proc/self/root/proc/thread-self/root/proc/thread-self/root/proc/self/root/proc/self/root/proc/self/root/lib/firmware" "Mozilla/5.0 AppleWebKit/537.36 (KHTML, like Gecko; compatible; GPTBot/1.3; +https://openai.com/gptbot)" 355 **0/355136**
57.141.20.40 - - [17/Mar/2026:05:26:26 -0700] "GET /shopdetail/3718150136.html?fileloc=/home/fmbi332s7bv7/public_html/xmlrpc.php&path=/home/fmbi332s7bv7/public_html HTTP/2.0" 200 16305 "-" "meta-externalagent/1.1 (+https://developers.facebook.com/docs/sharing/webmasters/crawler)" 546 **0/546717**
57.141.20.25 - - [17/Mar/2026:05:26:27 -0700] "GET /shopdetail/3180520227.html HTTP/2.0" 200 55633 "-" "meta-externalagent/1.1 (+https://developers.facebook.com/docs/sharing/webmasters/crawler)" 337 **0/337041**
57.141.20.23 - - [17/Mar/2026:05:26:27 -0700] "GET /shopdetail/839387180.html?fileloc=/home/fmbi332s7bv7/public_html/wp-includes/blocks/term-description.php&path=/home/fmbi332s7bv7/public_html/wp-includes/blocks HTTP/2.0" 200 14139 "-" "meta-externalagent/1.1 (+https://developers.facebook.com/docs/sharing/webmasters/crawler)" 370 **0/370225**
57.141.20.33 - - [17/Mar/2026:05:26:27 -0700] "GET /shopdetail/839387180.html?fileloc=/home/fmbi332s7bv7/public_html/wp-includes/blocks/query-pagination-next.php&path=/home/fmbi332s7bv7/public_html/wp-includes/blocks HTTP/2.0" 200 16961 "-" "meta-externalagent/1.1 (+https://developers.facebook.com/docs/sharing/webmasters/crawler)" 316 **0/316895**
216.73.216.106 - - [17/Mar/2026:05:26:28 -0700] "GET /shopdetail/1446287178.html?path=%2Fhome HTTP/2.0" 403 3451 "-" "Mozilla/5.0 AppleWebKit/537.36 (KHTML, like Gecko; compatible; ClaudeBot/1.0; +claudebot@anthropic.com)" 492 **0/492170**
57.141.20.51 - - [17/Mar/2026:05:26:28 -0700] "GET /shopdetail/3487723410.html HTTP/2.0" 200 55633 "-" "meta-externalagent/1.1 (+https://developers.facebook.com/docs/sharing/webmasters/crawler)" 396 **0/396390**
57.141.20.42 - - [17/Mar/2026:05:26:28 -0700] "GET /shopdetail/3718150136.html?fileloc=/home/fmbi332s7bv7/public_html/wp-blog-header.php&path=/home/fmbi332s7bv7/public_html HTTP/2.0" 200 12773 "-" "meta-externalagent/1.1 (+https://developers.facebook.com/docs/sharing/webmasters/crawler)" 384 **0/384450**
57.141.20.9 - - [17/Mar/2026:05:26:28 -0700] "GET /shopdetail/3718150136.html?path=/home/fmbi332s7bv7/public_html/cgi-bin HTTP/2.0" 200 15767 "-" "meta-externalagent/1.1 (+https://developers.facebook.com/docs/sharing/webmasters/crawler)" 353 **0/353380**
57.141.20.55 - - [17/Mar/2026:05:26:29 -0700] "GET /shopdetail/4265955902.html HTTP/2.0" 200 55633 "-" "meta-externalagent/1.1 (+https://developers.facebook.com/docs/sharing/webmasters/crawler)" 349 **0/349315**
57.141.20.53 - - [17/Mar/2026:05:26:29 -0700] "GET /shopdetail/3221893955.html HTTP/2.0" 200 55633 "-" "meta-externalagent/1.1 (+https://developers.facebook.com/docs/sharing/webmasters/crawler)" 411 **0/411483**
74.7.243.230 - - [17/Mar/2026:05:26:29 -0700] "GET /?fileloc=//proc/self/root/proc/thread-self/root/bin/strip&path=//proc/self/root/proc/thread-self/root/bin HTTP/2.0" 200 95319 "https://powerchemyapikimyasallari.com/?path=//proc/self/root/proc/thread-self/root/bin" "Mozilla/5.0 AppleWebKit/537.36 (KHTML, like Gecko; compatible; GPTBot/1.3; +https://openai.com/gptbot)" 436 **0/436798**
74.7.242.33 - - [17/Mar/2026:05:26:29 -0700] "GET /?path=//proc/self/root/proc/thread-self/root/proc/thread-self/root/proc/thread-self/root/proc/self/root/proc/thread-self/root/proc/thread-self/root/proc/thread-self/root/proc/thread-self/root/lib/firmware/nxp HTTP/2.0" 200 2971 "https://www.powerchemyapikimyasallari.com/?path=//proc/self/root/proc/thread-self/root/proc/thread-self/root/proc/thread-self/root/proc/self/root/proc/thread-self/root/proc/thread-self/root/proc/thread-self/root/proc/thread-self/root/lib/firmware" "Mozilla/5.0 AppleWebKit/537.36 (KHTML, like Gecko; compatible; GPTBot/1.3; +https://openai.com/gptbot)" 433 **0/433362**
57.141.20.18 - - [17/Mar/2026:05:26:30 -0700] "GET /shopdetail/1573738651.html HTTP/2.0" 200 55633 "-" "meta-externalagent/1.1 (+https://developers.facebook.com/docs/sharing/webmasters/crawler)" 365 **0/365772**
57.141.20.1 - - [17/Mar/2026:05:26:30 -0700] "GET /shopdetail/3847040643.html HTTP/2.0" 200 55633 "-" "meta-externalagent/1.1 (+https://developers.facebook.com/docs/sharing/webmasters/crawler)" 514 **0/514103**
57.141.20.7 - - [17/Mar/2026:05:26:30 -0700] "GET /shopdetail/829054077.html HTTP/2.0" 200 55633 "-" "meta-externalagent/1.1 (+https://developers.facebook.com/docs/sharing/webmasters/crawler)" 359 **0/359079**
57.141.20.58 - - [17/Mar/2026:05:26:30 -0700] "GET /shopdetail/3147072911.html HTTP/2.0" 200 55633 "-" "meta-externalagent/1.1 (+https://developers.facebook.com/docs/sharing/webmasters/crawler)" 420 **0/420656**
216.73.216.106 - - [17/Mar/2026:05:26:31 -0700] "GET /author/admin/feed?fileloc=%2F%2Fusr%2Flib64%2Feppic_makedumpfile.so&path=%2F%2Fusr%2Flib64 HTTP/2.0" 200 97464 "-" "Mozilla/5.0 AppleWebKit/537.36 (KHTML, like Gecko; compatible; ClaudeBot/1.0; +claudebot@anthropic.com)" 643 **0/643048**
57.141.20.20 - - [17/Mar/2026:05:26:31 -0700] "GET /shopdetail/3696048972.html HTTP/2.0" 200 55633 "-" "meta-externalagent/1.1 (+https://developers.facebook.com/docs/sharing/webmasters/crawler)" 358 **0/358165**
57.141.20.49 - - [17/Mar/2026:05:26:31 -0700] "GET /shopdetail/3553834359.html HTTP/2.0" 200 55633 "-" "meta-externalagent/1.1 (+https://developers.facebook.com/docs/sharing/webmasters/crawler)" 346 **0/346929**
57.141.20.7 - - [17/Mar/2026:05:26:31 -0700] "GET /shopdetail/3200323418.html?fileloc=/home/fmbi332s7bv7/public_html/wp-trackback.php&path=/home/fmbi332s7bv7/public_html HTTP/2.0" 200 18395 "-" "meta-externalagent/1.1 (+https://developers.facebook.com/docs/sharing/webmasters/crawler)" 347 **0/347692**
57.141.20.36 - - [17/Mar/2026:05:26:32 -0700] "GET /shopdetail/3200323418.html?fileloc=/home/fmbi332s7bv7/public_html/wp-activate.php&path=/home/fmbi332s7bv7/public_html HTTP/2.0" 200 21420 "-" "meta-externalagent/1.1 (+https://developers.facebook.com/docs/sharing/webmasters/crawler)" 703 **0/703296**
57.141.20.15 - - [17/Mar/2026:05:26:32 -0700] "GET /shopdetail/934393960.html HTTP/2.0" 200 55633 "-" "meta-externalagent/1.1 (+https://developers.facebook.com/docs/sharing/webmasters/crawler)" 454 **0/454541**
57.141.20.47 - - [17/Mar/2026:05:26:33 -0700] "GET /shopdetail/839387180.html?fileloc=/home/fmbi332s7bv7/public_html/wp-includes/blocks/latest-posts.php&path=/home/fmbi332s7bv7/public_html/wp-includes/blocks HTTP/2.0" 200 22743 "-" "meta-externalagent/1.1 (+https://developers.facebook.com/docs/sharing/webmasters/crawler)" 348 **0/348366**
74.7.242.33 - - [17/Mar/2026:05:26:33 -0700] "GET /?path=//proc/self/root/proc/thread-self/root/proc/thread-self/root/proc/thread-self/root/proc/self/root/proc/thread-self/root/proc/self/root/proc/thread-self/root/proc/thread-self/root/proc/self/root/lib/firmware/meson HTTP/2.0" 200 2727 "https://www.powerchemyapikimyasallari.com/?path=//proc/self/root/proc/thread-self/root/proc/thread-self/root/proc/thread-self/root/proc/self/root/proc/thread-self/root/proc/self/root/proc/thread-self/root/proc/thread-self/root/proc/self/root/lib/firmware" "Mozilla/5.0 AppleWebKit/537.36 (KHTML, like Gecko; compatible; GPTBot/1.3; +https://openai.com/gptbot)" 404 **0/404585**
74.7.243.230 - - [17/Mar/2026:05:26:32 -0700] "GET /?fileloc=//proc/self/root/proc/thread-self/root/bin/ssh&path=//proc/self/root/proc/thread-self/root/bin HTTP/2.0" 200 285122 "https://powerchemyapikimyasallari.com/?path=//proc/self/root/proc/thread-self/root/bin" "Mozilla/5.0 AppleWebKit/537.36 (KHTML, like Gecko; compatible; GPTBot/1.3; +https://openai.com/gptbot)" 707 **0/707160**
57.141.20.50 - - [17/Mar/2026:05:26:33 -0700] "GET /shopdetail/4180483811.html HTTP/2.0" 200 55633 "-" "meta-externalagent/1.1 (+https://developers.facebook.com/docs/sharing/webmasters/crawler)" 345 **0/345052**
57.141.20.59 - - [17/Mar/2026:05:26:33 -0700] "GET /shopdetail/2683098707.html HTTP/2.0" 200 55633 "-" "meta-externalagent/1.1 (+https://developers.facebook.com/docs/sharing/webmasters/crawler)" 336 **0/336991**
57.141.20.30 - - [17/Mar/2026:05:26:34 -0700] "GET /shopdetail/1082259972.html HTTP/2.0" 200 55633 "-" "meta-externalagent/1.1 (+https://developers.facebook.com/docs/sharing/webmasters/crawler)" 341 **0/341947**
57.141.20.56 - - [17/Mar/2026:05:26:34 -0700] "GET /shopdetail/1729959527.html HTTP/2.0" 200 55633 "-" "meta-externalagent/1.1 (+https://developers.facebook.com/docs/sharing/webmasters/crawler)" 356 **0/356170**
216.73.216.106 - - [17/Mar/2026:05:26:34 -0700] "GET /hello-world?fileloc=%2F%2Fetc%2Fprofile.d%2Fgawk.sh&path=%2F%2Fetc%2Fprofile.d HTTP/2.0" 200 2439 "-" "Mozilla/5.0 AppleWebKit/537.36 (KHTML, like Gecko; compatible; ClaudeBot/1.0; +claudebot@anthropic.com)" 387 **0/387368**
57.141.20.58 - - [17/Mar/2026:05:26:34 -0700] "GET /shopdetail/1645069408.html HTTP/2.0" 200 55633 "-" "meta-externalagent/1.1 (+https://developers.facebook.com/docs/sharing/webmasters/crawler)" 324 **0/324240**
57.141.20.34 - - [17/Mar/2026:05:26:35 -0700] "GET /shopdetail/2095028903.html HTTP/2.0" 200 55633 "-" "meta-externalagent/1.1 (+https://developers.facebook.com/docs/sharing/webmasters/crawler)" 329 **0/329087**
57.141.20.39 - - [17/Mar/2026:05:26:35 -0700] "GET /shopdetail/3283444454.html HTTP/2.0" 200 55633 "-" "meta-externalagent/1.1 (+https://developers.facebook.com/docs/sharing/webmasters/crawler)" 365 **0/365295**
57.141.20.14 - - [17/Mar/2026:05:26:35 -0700] "GET /shopdetail/664973648.html HTTP/2.0" 200 55633 "-" "meta-externalagent/1.1 (+https://developers.facebook.com/docs/sharing/webmasters/crawler)" 418 **0/418278**
74.7.242.33 - - [17/Mar/2026:05:26:36 -0700] "GET /?path=//proc/self/root/proc/thread-self/root/proc/thread-self/root/proc/thread-self/root/proc/self/root/proc/thread-self/root/proc/self/root/proc/thread-self/root/proc/thread-self/root/usr/lib/prometheus_metrics HTTP/2.0" 200 2715 "https://www.powerchemyapikimyasallari.com/?path=//proc/self/root/proc/thread-self/root/proc/thread-self/root/proc/thread-self/root/proc/self/root/proc/thread-self/root/proc/self/root/proc/thread-self/root/proc/thread-self/root/usr/lib" "Mozilla/5.0 AppleWebKit/537.36 (KHTML, like Gecko; compatible; GPTBot/1.3; +https://openai.com/gptbot)" 380 **0/380521**
57.141.20.7 - - [17/Mar/2026:05:26:36 -0700] "GET /shopdetail/2446898484.html HTTP/2.0" 200 55633 "-" "meta-externalagent/1.1 (+https://developers.facebook.com/docs/sharing/webmasters/crawler)" 351 **0/351055**
74.7.243.230 - - [17/Mar/2026:05:26:36 -0700] "GET /?fileloc=//proc/self/root/proc/thread-self/root/bin/readelf&path=//proc/self/root/proc/thread-self/root/bin HTTP/2.0" 200 221188 "https://powerchemyapikimyasallari.com/?path=//proc/self/root/proc/thread-self/root/bin" "Mozilla/5.0 AppleWebKit/537.36 (KHTML, like Gecko; compatible; GPTBot/1.3; +https://openai.com/gptbot)" 526 **0/526833**
57.141.20.26 - - [17/Mar/2026:05:26:36 -0700] "GET /shopdetail/2647293382.html?fileloc=/home/fmbi332s7bv7/public_html/wp-config.php&path=/home/fmbi332s7bv7/public_html HTTP/2.0" 200 16519 "-" "meta-externalagent/1.1 (+https://developers.facebook.com/docs/sharing/webmasters/crawler)" 341 **0/341526**
57.141.20.6 - - [17/Mar/2026:05:26:36 -0700] "GET /shopdetail/3370860736.html HTTP/2.0" 200 55633 "-" "meta-externalagent/1.1 (+https://developers.facebook.com/docs/sharing/webmasters/crawler)" 321 **0/321763**
57.141.20.52 - - [17/Mar/2026:05:26:37 -0700] "GET /shopdetail/2347340203.html HTTP/2.0" 200 55633 "-" "meta-externalagent/1.1 (+https://developers.facebook.com/docs/sharing/webmasters/crawler)" 318 **0/318655**
57.141.20.33 - - [17/Mar/2026:05:26:37 -0700] "GET /shopdetail/2774611238.html HTTP/2.0" 200 55633 "-" "meta-externalagent/1.1 (+https://developers.facebook.com/docs/sharing/webmasters/crawler)" 322 **0/322703**
57.141.20.31 - - [17/Mar/2026:05:26:37 -0700] "GET /shopdetail/3341180843.html HTTP/2.0" 200 55633 "-" "meta-externalagent/1.1 (+https://developers.facebook.com/docs/sharing/webmasters/crawler)" 320 **0/320772**
216.73.216.106 - - [17/Mar/2026:05:26:37 -0700] "GET /hello-world?fileloc=%2F%2Fusr%2Fshare%2Fman%2Fman3%2FEC_POINT_set_compressed_coordinates_GFp.3ssl.gz&path=%2F%2Fusr%2Fshare%2Fman%2Fman3 HTTP/2.0" 200 6783 "-" "Mozilla/5.0 AppleWebKit/537.36 (KHTML, like Gecko; compatible; ClaudeBot/1.0; +claudebot@anthropic.com)" 1036 **1/1036425**
57.141.20.3 - - [17/Mar/2026:05:26:38 -0700] "GET /shopdetail/3400966846.html HTTP/2.0" 200 55633 "-" "meta-externalagent/1.1 (+https://developers.facebook.com/docs/sharing/webmasters/crawler)" 405 **0/405940**
57.141.20.21 - - [17/Mar/2026:05:26:38 -0700] "GET /shopdetail/2975029188.html HTTP/2.0" 200 55633 "-" "meta-externalagent/1.1 (+https://developers.facebook.com/docs/sharing/webmasters/crawler)" 432 **0/432424**
57.141.20.20 - - [17/Mar/2026:05:26:38 -0700] "GET /shopdetail/3917903935.html HTTP/2.0" 200 55633 "-" "meta-externalagent/1.1 (+https://developers.facebook.com/docs/sharing/webmasters/crawler)" 353 **0/353114**
74.7.242.33 - - [17/Mar/2026:05:26:39 -0700] "GET /?path=//proc/self/root/proc/thread-self/root/proc/thread-self/root/proc/thread-self/root/proc/self/root/proc/thread-self/root/proc/self/root/proc/thread-self/root/proc/self/root/proc/self/root/lib/firmware/amlogic HTTP/2.0" 200 2822 "https://www.powerchemyapikimyasallari.com/?path=//proc/self/root/proc/thread-self/root/proc/thread-self/root/proc/thread-self/root/proc/self/root/proc/thread-self/root/proc/self/root/proc/thread-self/root/proc/self/root/proc/self/root/lib/firmware" "Mozilla/5.0 AppleWebKit/537.36 (KHTML, like Gecko; compatible; GPTBot/1.3; +https://openai.com/gptbot)" 375 **0/375758**
74.7.243.230 - - [17/Mar/2026:05:26:39 -0700] "GET /?fileloc=//proc/self/root/proc/thread-self/root/bin/cal&path=//proc/self/root/proc/thread-self/root/bin HTTP/2.0" 200 26414 "https://powerchemyapikimyasallari.com/?path=//proc/self/root/proc/thread-self/root/bin" "Mozilla/5.0 AppleWebKit/537.36 (KHTML, like Gecko; compatible; GPTBot/1.3; +https://openai.com/gptbot)" 391 **0/391418**
57.141.20.59 - - [17/Mar/2026:05:26:39 -0700] "GET /shopdetail/463461554.html HTTP/2.0" 200 55633 "-" "meta-externalagent/1.1 (+https://developers.facebook.com/docs/sharing/webmasters/crawler)" 343 **0/343265**
57.141.20.29 - - [17/Mar/2026:05:26:39 -0700] "GET /shopdetail/3223551496.html?fileloc=/home/fmbi332s7bv7/public_html/index.php&path=/home/fmbi332s7bv7/public_html HTTP/2.0" 200 35955 "-" "meta-externalagent/1.1 (+https://developers.facebook.com/docs/sharing/webmasters/crawler)" 359 **0/359662**
57.141.20.57 - - [17/Mar/2026:05:26:40 -0700] "GET /shopdetail/3554503667.html HTTP/2.0" 200 55633 "-" "meta-externalagent/1.1 (+https://developers.facebook.com/docs/sharing/webmasters/crawler)" 368 **0/368196**
57.141.20.50 - - [17/Mar/2026:05:26:40 -0700] "GET /shopdetail/2912312014.html HTTP/2.0" 200 55633 "-" "meta-externalagent/1.1 (+https://developers.facebook.com/docs/sharing/webmasters/crawler)" 323 **0/323442**
216.73.216.106 - - [17/Mar/2026:05:26:40 -0700] "GET /hello-world?fileloc=%2F%2Fusr%2Fshare%2Fman%2Fman3%2FXRestackWindows.3.gz&path=%2F%2Fusr%2Fshare%2Fman%2Fman3 HTTP/2.0" 200 2365 "-" "Mozilla/5.0 AppleWebKit/537.36 (KHTML, like Gecko; compatible; ClaudeBot/1.0; +claudebot@anthropic.com)" 425 **0/425659**
57.141.20.0 - - [17/Mar/2026:05:26:40 -0700] "GET /shopdetail/1265312626.html HTTP/2.0" 200 55633 "-" "meta-externalagent/1.1 (+https://developers.facebook.com/docs/sharing/webmasters/crawler)" 378 **0/378040**
57.141.20.6 - - [17/Mar/2026:05:26:40 -0700] "GET /shopdetail/4194366107.html HTTP/2.0" 200 55633 "-" "meta-externalagent/1.1 (+https://developers.facebook.com/docs/sharing/webmasters/crawler)" 367 **0/367678**
57.141.20.15 - - [17/Mar/2026:05:26:41 -0700] "GET /shopdetail/839387180.html?fileloc=/home/fmbi332s7bv7/public_html/wp-includes/blocks/gallery.php&path=/home/fmbi332s7bv7/public_html/wp-includes/blocks HTTP/2.0" 200 19657 "-" "meta-externalagent/1.1 (+https://developers.facebook.com/docs/sharing/webmasters/crawler)" 348 **0/348969**
57.141.20.5 - - [17/Mar/2026:05:26:41 -0700] "GET /shopdetail/3397933607.html HTTP/2.0" 200 55633 "-" "meta-externalagent/1.1 (+https://developers.facebook.com/docs/sharing/webmasters/crawler)" 358 **0/358604**
57.141.20.7 - - [17/Mar/2026:05:26:41 -0700] "GET /shopdetail/82477059.html?fileloc=/home/fmbi332s7bv7/public_html/wp-activate.php&path=/home/fmbi332s7bv7/public_html HTTP/2.0" 200 21420 "-" "meta-externalagent/1.1 (+https://developers.facebook.com/docs/sharing/webmasters/crawler)" 357 **0/357942**
57.141.20.49 - - [17/Mar/2026:05:26:42 -0700] "GET /shopdetail/2147633211.html HTTP/2.0" 200 55633 "-" "meta-externalagent/1.1 (+https://developers.facebook.com/docs/sharing/webmasters/crawler)" 410 **0/410395**
74.7.242.33 - - [17/Mar/2026:05:26:42 -0700] "GET /?path=//proc/self/root/proc/thread-self/root/proc/thread-self/root/proc/thread-self/root/proc/self/root/proc/thread-self/root/proc/self/root/proc/thread-self/root/proc/self/root/proc/self/root/lib/firmware/cypress HTTP/2.0" 200 3279 "https://www.powerchemyapikimyasallari.com/?path=//proc/self/root/proc/thread-self/root/proc/thread-self/root/proc/thread-self/root/proc/self/root/proc/thread-self/root/proc/self/root/proc/thread-self/root/proc/self/root/proc/self/root/lib/firmware" "Mozilla/5.0 AppleWebKit/537.36 (KHTML, like Gecko; compatible; GPTBot/1.3; +https://openai.com/gptbot)" 358 **0/358528**
57.141.20.51 - - [17/Mar/2026:05:26:42 -0700] "GET /shopdetail/3254496669.html HTTP/2.0" 200 55633 "-" "meta-externalagent/1.1 (+https://developers.facebook.com/docs/sharing/webmasters/crawler)" 327 **0/327936**
74.7.243.230 - - [17/Mar/2026:05:26:43 -0700] "GET /?fileloc=//proc/self/root/proc/thread-self/root/bin/aspell&path=//proc/self/root/proc/thread-self/root/bin HTTP/2.0" 200 61329 "https://powerchemyapikimyasallari.com/?path=//proc/self/root/proc/thread-self/root/bin" "Mozilla/5.0 AppleWebKit/537.36 (KHTML, like Gecko; compatible; GPTBot/1.3; +https://openai.com/gptbot)" 405 **0/405469**
57.141.20.59 - - [17/Mar/2026:05:26:43 -0700] "GET /shopdetail/4103106841.html HTTP/2.0" 200 55633 "-" "meta-externalagent/1.1 (+https://developers.facebook.com/docs/sharing/webmasters/crawler)" 356 **0/356536**
216.73.216.106 - - [17/Mar/2026:05:26:43 -0700] "GET /author/admin/feed?fileloc=%2F%2Fusr%2Flib%2Frpm%2Fmacros.d%2Fmacros.go-srpm&path=%2F%2Fusr%2Flib%2Frpm%2Fmacros.d HTTP/2.0" 200 5209 "-" "Mozilla/5.0 AppleWebKit/537.36 (KHTML, like Gecko; compatible; ClaudeBot/1.0; +claudebot@anthropic.com)" 366 **0/366476**
57.141.20.39 - - [17/Mar/2026:05:26:43 -0700] "GET /shopdetail/3269427509.html HTTP/2.0" 200 55633 "-" "meta-externalagent/1.1 (+https://developers.facebook.com/docs/sharing/webmasters/crawler)" 354 **0/354438**
57.141.20.18 - - [17/Mar/2026:05:26:43 -0700] "GET /shopdetail/1340388843.html HTTP/2.0" 200 55633 "-" "meta-externalagent/1.1 (+https://developers.facebook.com/docs/sharing/webmasters/crawler)" 347 **0/347509**
57.141.20.53 - - [17/Mar/2026:05:26:44 -0700] "GET /shopdetail/2487980503.html HTTP/2.0" 200 55633 "-" "meta-externalagent/1.1 (+https://developers.facebook.com/docs/sharing/webmasters/crawler)" 372 **0/372770**
57.141.20.19 - - [17/Mar/2026:05:26:44 -0700] "GET /shopdetail/3470681727.html HTTP/2.0" 200 55633 "-" "meta-externalagent/1.1 (+https://developers.facebook.com/docs/sharing/webmasters/crawler)" 346 **0/346040**
57.141.20.37 - - [17/Mar/2026:05:26:44 -0700] "GET /shopdetail/1494139864.html HTTP/2.0" 200 55633 "-" "meta-externalagent/1.1 (+https://developers.facebook.com/docs/sharing/webmasters/crawler)" 381 **0/381324**
57.141.20.35 - - [17/Mar/2026:05:26:45 -0700] "GET /shopdetail/82477059.html?fileloc=/home/fmbi332s7bv7/public_html/wp-signup.php&path=/home/fmbi332s7bv7/public_html HTTP/2.0" 200 53791 "-" "meta-externalagent/1.1 (+https://developers.facebook.com/docs/sharing/webmasters/crawler)" 398 **0/398560**
74.7.242.33 - - [17/Mar/2026:05:26:45 -0700] "GET /?path=//proc/self/root/proc/thread-self/root/proc/thread-self/root/proc/thread-self/root/proc/self/root/proc/thread-self/root/proc/thread-self/root/proc/self/root/proc/self/root/proc/self/root/usr/include/libxslt HTTP/2.0" 200 3370 "https://www.powerchemyapikimyasallari.com/?path=//proc/self/root/proc/thread-self/root/proc/thread-self/root/proc/thread-self/root/proc/self/root/proc/thread-self/root/proc/thread-self/root/proc/self/root/proc/self/root/proc/self/root/usr/include" "Mozilla/5.0 AppleWebKit/537.36 (KHTML, like Gecko; compatible; GPTBot/1.3; +https://openai.com/gptbot)" 368 **0/368942**
57.141.20.35 - - [17/Mar/2026:05:26:45 -0700] "GET /shopdetail/2327764893.html HTTP/2.0" 200 55633 "-" "meta-externalagent/1.1 (+https://developers.facebook.com/docs/sharing/webmasters/crawler)" 377 **0/377786**
57.141.20.56 - - [17/Mar/2026:05:26:45 -0700] "GET /shopdetail/2692135086.html HTTP/2.0" 200 55633 "-" "meta-externalagent/1.1 (+https://developers.facebook.com/docs/sharing/webmasters/crawler)" 334 **0/334585**
74.7.243.230 - - [17/Mar/2026:05:26:45 -0700] "GET /?fileloc=//proc/self/root/proc/thread-self/root/bin/test&path=//proc/self/root/proc/thread-self/root/bin HTTP/2.0" 200 22393 "https://powerchemyapikimyasallari.com/?path=//proc/self/root/proc/thread-self/root/bin" "Mozilla/5.0 AppleWebKit/537.36 (KHTML, like Gecko; compatible; GPTBot/1.3; +https://openai.com/gptbot)" 489 **0/489714**
57.141.20.32 - - [17/Mar/2026:05:26:46 -0700] "GET /shopdetail/636688646.html HTTP/2.0" 200 55633 "-" "meta-externalagent/1.1 (+https://developers.facebook.com/docs/sharing/webmasters/crawler)" 386 **0/386300**
216.73.216.106 - - [17/Mar/2026:05:26:46 -0700] "GET /author/admin/feed?fileloc=%2F%2Fusr%2Flib%2Ffirmware%2FTAS2XXX8DE9-1.bin&path=%2F%2Fusr%2Flib%2Ffirmware HTTP/2.0" 200 9094 "-" "Mozilla/5.0 AppleWebKit/537.36 (KHTML, like Gecko; compatible; ClaudeBot/1.0; +claudebot@anthropic.com)" 455 **0/455568**
