57.141.20.20 - - [17/Mar/2026:05:24:34 -0700] "GET /shopdetail/3266713635.html HTTP/2.0" 403 55633 "-" "meta-externalagent/1.1 (+https://developers.facebook.com/docs/sharing/webmasters/crawler)" 342 **0/342727**
216.73.216.106 - - [17/Mar/2026:05:24:34 -0700] "GET /hello-world?fileloc=%2F%2Flib%2F.build-id%2Fc3%2F8900f5d80deed1925988f5baa38d6453a2ad2b&path=%2F%2Flib%2F.build-id%2Fc3 HTTP/2.0" 200 6546 "-" "Mozilla/5.0 AppleWebKit/537.36 (KHTML, like Gecko; compatible; ClaudeBot/1.0; +claudebot@anthropic.com)" 365 **0/365085**
57.141.20.7 - - [17/Mar/2026:05:24:35 -0700] "GET /shopdetail/950719739.html HTTP/2.0" 403 55633 "-" "meta-externalagent/1.1 (+https://developers.facebook.com/docs/sharing/webmasters/crawler)" 356 **0/356295**
57.141.20.29 - - [17/Mar/2026:05:24:35 -0700] "GET /shopdetail/2221955596.html HTTP/2.0" 403 55633 "-" "meta-externalagent/1.1 (+https://developers.facebook.com/docs/sharing/webmasters/crawler)" 314 **0/314731**
57.141.20.43 - - [17/Mar/2026:05:24:35 -0700] "GET /shopdetail/1089211485.html?fileloc=/home/fmbi332s7bv7/public_html/wp-cron.php&path=/home/fmbi332s7bv7/public_html HTTP/2.0" 403 55633 "-" "meta-externalagent/1.1 (+https://developers.facebook.com/docs/sharing/webmasters/crawler)" 327 **0/327986**
57.141.20.24 - - [17/Mar/2026:05:24:35 -0700] "GET /shopdetail/2800593318.html?fileloc=/home/fmbi332s7bv7/public_html/wp-login.php&path=/home/fmbi332s7bv7/public_html HTTP/2.0" 403 55633 "-" "meta-externalagent/1.1 (+https://developers.facebook.com/docs/sharing/webmasters/crawler)" 322 **0/322550**
74.7.243.230 - - [17/Mar/2026:05:24:35 -0700] "GET /?fileloc=//proc/self/root/proc/thread-self/root/bin/arpaname&path=//proc/self/root/proc/thread-self/root/bin HTTP/2.0" 200 5741 "https://powerchemyapikimyasallari.com/?path=//proc/self/root/proc/thread-self/root/bin" "Mozilla/5.0 AppleWebKit/537.36 (KHTML, like Gecko; compatible; GPTBot/1.3; +https://openai.com/gptbot)" 328 **0/328295**
74.7.242.33 - - [17/Mar/2026:05:24:36 -0700] "GET /?path=//proc/self/root/proc/thread-self/root/proc/thread-self/root/proc/thread-self/root/proc/self/root/proc/thread-self/root/proc/thread-self/root/proc/thread-self/root/proc/thread-self/root/var/cloudlinux HTTP/2.0" 200 2700 "https://www.powerchemyapikimyasallari.com/?path=//proc/self/root/proc/thread-self/root/proc/thread-self/root/proc/thread-self/root/proc/self/root/proc/thread-self/root/proc/thread-self/root/proc/thread-self/root/proc/thread-self/root/var" "Mozilla/5.0 AppleWebKit/537.36 (KHTML, like Gecko; compatible; GPTBot/1.3; +https://openai.com/gptbot)" 363 **0/363589**
57.141.20.43 - - [17/Mar/2026:05:24:36 -0700] "GET /shopdetail/2527806980.html HTTP/2.0" 403 55633 "-" "meta-externalagent/1.1 (+https://developers.facebook.com/docs/sharing/webmasters/crawler)" 332 **0/332483**
57.141.20.35 - - [17/Mar/2026:05:24:36 -0700] "GET /shopdetail/631557083.html HTTP/2.0" 403 55633 "-" "meta-externalagent/1.1 (+https://developers.facebook.com/docs/sharing/webmasters/crawler)" 351 **0/351633**
57.141.20.56 - - [17/Mar/2026:05:24:36 -0700] "GET /shopdetail/1850990053.html?fileloc=/home/fmbi332s7bv7/public_html/robots.txt&path=/home/fmbi332s7bv7/public_html HTTP/2.0" 403 55633 "-" "meta-externalagent/1.1 (+https://developers.facebook.com/docs/sharing/webmasters/crawler)" 392 **0/392852**
57.141.20.30 - - [17/Mar/2026:05:24:36 -0700] "GET /shopdetail/299563933.html HTTP/2.0" 403 55633 "-" "meta-externalagent/1.1 (+https://developers.facebook.com/docs/sharing/webmasters/crawler)" 328 **0/328392**
216.73.216.106 - - [17/Mar/2026:05:24:37 -0700] "GET /shopdetail/1373172049.html?fileloc=%2Fhome%2Ffmbi332s7bv7%2Fpublic_html%2F.htaccess&path=%2Fhome%2Ffmbi332s7bv7%2Fpublic_html HTTP/2.0" 200 3035 "-" "Mozilla/5.0 AppleWebKit/537.36 (KHTML, like Gecko; compatible; ClaudeBot/1.0; +claudebot@anthropic.com)" 344 **0/344962**
57.141.20.15 - - [17/Mar/2026:05:24:37 -0700] "GET /shopdetail/3785308325.html HTTP/2.0" 403 55633 "-" "meta-externalagent/1.1 (+https://developers.facebook.com/docs/sharing/webmasters/crawler)" 343 **0/343603**
57.141.20.29 - - [17/Mar/2026:05:24:37 -0700] "GET /shopdetail/2973817105.html HTTP/2.0" 403 55633 "-" "meta-externalagent/1.1 (+https://developers.facebook.com/docs/sharing/webmasters/crawler)" 335 **0/335004**
57.141.20.48 - - [17/Mar/2026:05:24:38 -0700] "GET /shopdetail/570808632.html HTTP/2.0" 403 55633 "-" "meta-externalagent/1.1 (+https://developers.facebook.com/docs/sharing/webmasters/crawler)" 327 **0/327531**
57.141.20.27 - - [17/Mar/2026:05:24:38 -0700] "GET /shopdetail/3466936001.html HTTP/2.0" 403 55633 "-" "meta-externalagent/1.1 (+https://developers.facebook.com/docs/sharing/webmasters/crawler)" 328 **0/328369**
74.7.243.230 - - [17/Mar/2026:05:24:38 -0700] "GET /?fileloc=//proc/self/root/proc/thread-self/root/bin/mkdir&path=//proc/self/root/proc/thread-self/root/bin HTTP/2.0" 200 36859 "https://powerchemyapikimyasallari.com/?path=//proc/self/root/proc/thread-self/root/bin" "Mozilla/5.0 AppleWebKit/537.36 (KHTML, like Gecko; compatible; GPTBot/1.3; +https://openai.com/gptbot)" 361 **0/361176**
57.141.20.50 - - [17/Mar/2026:05:24:38 -0700] "GET /shopdetail/1333102889.html HTTP/2.0" 403 55633 "-" "meta-externalagent/1.1 (+https://developers.facebook.com/docs/sharing/webmasters/crawler)" 338 **0/338791**
57.141.20.41 - - [17/Mar/2026:05:24:38 -0700] "GET /shopdetail/3052529603.html HTTP/2.0" 403 55633 "-" "meta-externalagent/1.1 (+https://developers.facebook.com/docs/sharing/webmasters/crawler)" 395 **0/395540**
57.141.20.49 - - [17/Mar/2026:05:24:39 -0700] "GET /shopdetail/4132767449.html HTTP/2.0" 403 55633 "-" "meta-externalagent/1.1 (+https://developers.facebook.com/docs/sharing/webmasters/crawler)" 373 **0/373732**
74.7.242.33 - - [17/Mar/2026:05:24:39 -0700] "GET /?path=//proc/self/root/proc/thread-self/root/proc/thread-self/root/proc/thread-self/root/proc/self/root/proc/thread-self/root/proc/self/root/proc/self/root/proc/self/root/proc/thread-self/root/usr/lib/kbd/consolefonts HTTP/2.0" 200 7030 "https://www.powerchemyapikimyasallari.com/?path=//proc/self/root/proc/thread-self/root/proc/thread-self/root/proc/thread-self/root/proc/self/root/proc/thread-self/root/proc/self/root/proc/self/root/proc/self/root/proc/thread-self/root/usr/lib/kbd" "Mozilla/5.0 AppleWebKit/537.36 (KHTML, like Gecko; compatible; GPTBot/1.3; +https://openai.com/gptbot)" 449 **0/449852**
57.141.20.33 - - [17/Mar/2026:05:24:40 -0700] "GET /shopdetail/1152217391.html HTTP/2.0" 403 55633 "-" "meta-externalagent/1.1 (+https://developers.facebook.com/docs/sharing/webmasters/crawler)" 381 **0/381172**
57.141.20.35 - - [17/Mar/2026:05:24:40 -0700] "GET /shopdetail/3143153415.html HTTP/2.0" 403 55633 "-" "meta-externalagent/1.1 (+https://developers.facebook.com/docs/sharing/webmasters/crawler)" 318 **0/318616**
57.141.20.28 - - [17/Mar/2026:05:24:40 -0700] "GET /shopdetail/1593681426.html HTTP/2.0" 403 55633 "-" "meta-externalagent/1.1 (+https://developers.facebook.com/docs/sharing/webmasters/crawler)" 367 **0/367595**
57.141.20.58 - - [17/Mar/2026:05:24:41 -0700] "GET /shopdetail/886034068.html HTTP/2.0" 403 55633 "-" "meta-externalagent/1.1 (+https://developers.facebook.com/docs/sharing/webmasters/crawler)" 375 **0/375030**
57.141.20.43 - - [17/Mar/2026:05:24:41 -0700] "GET /shopdetail/3877294110.html HTTP/2.0" 403 55633 "-" "meta-externalagent/1.1 (+https://developers.facebook.com/docs/sharing/webmasters/crawler)" 368 **0/368500**
57.141.20.48 - - [17/Mar/2026:05:24:41 -0700] "GET /shopdetail/1786499096.html HTTP/2.0" 403 55633 "-" "meta-externalagent/1.1 (+https://developers.facebook.com/docs/sharing/webmasters/crawler)" 307 **0/307988**
74.7.243.230 - - [17/Mar/2026:05:24:41 -0700] "GET /?fileloc=//proc/self/root/proc/thread-self/root/bin/gpic&path=//proc/self/root/proc/thread-self/root/bin HTTP/2.0" 200 83271 "https://powerchemyapikimyasallari.com/?path=//proc/self/root/proc/thread-self/root/bin" "Mozilla/5.0 AppleWebKit/537.36 (KHTML, like Gecko; compatible; GPTBot/1.3; +https://openai.com/gptbot)" 405 **0/405952**
57.141.20.8 - - [17/Mar/2026:05:24:42 -0700] "GET /shopdetail/2120600031.html HTTP/2.0" 403 55633 "-" "meta-externalagent/1.1 (+https://developers.facebook.com/docs/sharing/webmasters/crawler)" 349 **0/349804**
74.7.242.33 - - [17/Mar/2026:05:24:42 -0700] "GET /?path=//proc/self/root/proc/thread-self/root/proc/thread-self/root/proc/thread-self/root/proc/self/root/proc/thread-self/root/proc/self/root/proc/thread-self/root/proc/self/root/proc/self/root/usr/include/libexslt HTTP/2.0" 200 2828 "https://www.powerchemyapikimyasallari.com/?path=//proc/self/root/proc/thread-self/root/proc/thread-self/root/proc/thread-self/root/proc/self/root/proc/thread-self/root/proc/self/root/proc/thread-self/root/proc/self/root/proc/self/root/usr/include" "Mozilla/5.0 AppleWebKit/537.36 (KHTML, like Gecko; compatible; GPTBot/1.3; +https://openai.com/gptbot)" 300 **0/300829**
57.141.20.43 - - [17/Mar/2026:05:24:42 -0700] "GET /shopdetail/1193400758.html HTTP/2.0" 403 55633 "-" "meta-externalagent/1.1 (+https://developers.facebook.com/docs/sharing/webmasters/crawler)" 307 **0/307335**
216.73.216.106 - - [17/Mar/2026:05:24:43 -0700] "GET /shopdetail/2620939065.html HTTP/2.0" 200 3451 "-" "Mozilla/5.0 AppleWebKit/537.36 (KHTML, like Gecko; compatible; ClaudeBot/1.0; +claudebot@anthropic.com)" 348 **0/348259**
57.141.20.24 - - [17/Mar/2026:05:24:43 -0700] "GET /shopdetail/1309547512.html HTTP/2.0" 403 55633 "-" "meta-externalagent/1.1 (+https://developers.facebook.com/docs/sharing/webmasters/crawler)" 350 **0/350803**
57.141.20.52 - - [17/Mar/2026:05:24:43 -0700] "GET /shopdetail/940999372.html HTTP/2.0" 403 55633 "-" "meta-externalagent/1.1 (+https://developers.facebook.com/docs/sharing/webmasters/crawler)" 338 **0/338244**
216.73.216.106 - - [17/Mar/2026:05:24:43 -0700] "GET /hello-world?path=%2F%2Fusr%2Flib%2F.build-id%2Fbc HTTP/2.0" 200 3028 "-" "Mozilla/5.0 AppleWebKit/537.36 (KHTML, like Gecko; compatible; ClaudeBot/1.0; +claudebot@anthropic.com)" 332 **0/332490**
57.141.20.6 - - [17/Mar/2026:05:24:44 -0700] "GET /shopdetail/593116532.html HTTP/2.0" 403 55633 "-" "meta-externalagent/1.1 (+https://developers.facebook.com/docs/sharing/webmasters/crawler)" 313 **0/313039**
57.141.20.34 - - [17/Mar/2026:05:24:44 -0700] "GET /shopdetail/2489192602.html HTTP/2.0" 403 55633 "-" "meta-externalagent/1.1 (+https://developers.facebook.com/docs/sharing/webmasters/crawler)" 313 **0/313836**
57.141.20.1 - - [17/Mar/2026:05:24:44 -0700] "GET /shopdetail/3180356720.html HTTP/2.0" 403 55633 "-" "meta-externalagent/1.1 (+https://developers.facebook.com/docs/sharing/webmasters/crawler)" 308 **0/308697**
57.141.20.42 - - [17/Mar/2026:05:24:44 -0700] "GET /shopdetail/1421034629.html HTTP/2.0" 403 55633 "-" "meta-externalagent/1.1 (+https://developers.facebook.com/docs/sharing/webmasters/crawler)" 329 **0/329368**
74.7.243.230 - - [17/Mar/2026:05:24:45 -0700] "GET /?fileloc=//proc/self/root/proc/thread-self/root/bin/gnroff&path=//proc/self/root/proc/thread-self/root/bin HTTP/2.0" 200 3810 "https://powerchemyapikimyasallari.com/?path=//proc/self/root/proc/thread-self/root/bin" "Mozilla/5.0 AppleWebKit/537.36 (KHTML, like Gecko; compatible; GPTBot/1.3; +https://openai.com/gptbot)" 337 **0/337106**
57.141.20.42 - - [17/Mar/2026:05:24:45 -0700] "GET /shopdetail/900977395.html HTTP/2.0" 403 55633 "-" "meta-externalagent/1.1 (+https://developers.facebook.com/docs/sharing/webmasters/crawler)" 367 **0/367478**
74.7.242.33 - - [17/Mar/2026:05:24:45 -0700] "GET /?path=//proc/self/root/proc/thread-self/root/proc/thread-self/root/proc/thread-self/root/proc/self/root/proc/thread-self/root/proc/thread-self/root/proc/thread-self/root/proc/thread-self/root/lib/systemd HTTP/2.0" 200 4564 "https://www.powerchemyapikimyasallari.com/?path=//proc/self/root/proc/thread-self/root/proc/thread-self/root/proc/thread-self/root/proc/self/root/proc/thread-self/root/proc/thread-self/root/proc/thread-self/root/proc/thread-self/root/lib" "Mozilla/5.0 AppleWebKit/537.36 (KHTML, like Gecko; compatible; GPTBot/1.3; +https://openai.com/gptbot)" 374 **0/374997**
57.141.20.49 - - [17/Mar/2026:05:24:45 -0700] "GET /shopdetail/781971163.html?fileloc=/home/fmbi332s7bv7/public_html/orpcw.php&path=/home/fmbi332s7bv7/public_html HTTP/2.0" 403 55633 "-" "meta-externalagent/1.1 (+https://developers.facebook.com/docs/sharing/webmasters/crawler)" 368 **0/368555**
57.141.20.42 - - [17/Mar/2026:05:24:45 -0700] "GET /shopdetail/1178834545.html HTTP/2.0" 403 55633 "-" "meta-externalagent/1.1 (+https://developers.facebook.com/docs/sharing/webmasters/crawler)" 320 **0/320200**
57.141.20.45 - - [17/Mar/2026:05:24:46 -0700] "GET /shopdetail/2511664025.html HTTP/2.0" 200 55633 "-" "meta-externalagent/1.1 (+https://developers.facebook.com/docs/sharing/webmasters/crawler)" 354 **0/354531**
57.141.20.30 - - [17/Mar/2026:05:24:46 -0700] "GET /shopdetail/3410668497.html HTTP/2.0" 200 55633 "-" "meta-externalagent/1.1 (+https://developers.facebook.com/docs/sharing/webmasters/crawler)" 348 **0/348008**
216.73.216.106 - - [17/Mar/2026:05:24:46 -0700] "GET /hello-world?path=%2F%2Flib%2Ffirmware%2Fnvidia%2Ftu104 HTTP/2.0" 200 2662 "-" "Mozilla/5.0 AppleWebKit/537.36 (KHTML, like Gecko; compatible; ClaudeBot/1.0; +claudebot@anthropic.com)" 396 **0/396030**
57.141.20.52 - - [17/Mar/2026:05:24:47 -0700] "GET /shopdetail/111966023.html HTTP/2.0" 200 55633 "-" "meta-externalagent/1.1 (+https://developers.facebook.com/docs/sharing/webmasters/crawler)" 316 **0/316784**
57.141.20.43 - - [17/Mar/2026:05:24:47 -0700] "GET /shopdetail/605468079.html HTTP/2.0" 200 55633 "-" "meta-externalagent/1.1 (+https://developers.facebook.com/docs/sharing/webmasters/crawler)" 341 **0/341735**
57.141.20.36 - - [17/Mar/2026:05:24:47 -0700] "GET /shopdetail/1014876255.html HTTP/2.0" 200 55633 "-" "meta-externalagent/1.1 (+https://developers.facebook.com/docs/sharing/webmasters/crawler)" 377 **0/377212**
74.7.243.230 - - [17/Mar/2026:05:24:48 -0700] "GET /?fileloc=//proc/self/root/proc/thread-self/root/bin/zcmp&path=//proc/self/root/proc/thread-self/root/bin HTTP/2.0" 200 3128 "https://powerchemyapikimyasallari.com/?path=//proc/self/root/proc/thread-self/root/bin" "Mozilla/5.0 AppleWebKit/537.36 (KHTML, like Gecko; compatible; GPTBot/1.3; +https://openai.com/gptbot)" 353 **0/353418**
57.141.20.37 - - [17/Mar/2026:05:24:48 -0700] "GET /shopdetail/3487060579.html HTTP/2.0" 200 55633 "-" "meta-externalagent/1.1 (+https://developers.facebook.com/docs/sharing/webmasters/crawler)" 401 **0/401107**
57.141.20.5 - - [17/Mar/2026:05:24:48 -0700] "GET /shopdetail/2010457128.html HTTP/2.0" 200 55633 "-" "meta-externalagent/1.1 (+https://developers.facebook.com/docs/sharing/webmasters/crawler)" 395 **0/395306**
74.7.242.33 - - [17/Mar/2026:05:24:48 -0700] "GET /?path=//proc/self/root/proc/thread-self/root/proc/thread-self/root/proc/thread-self/root/proc/self/root/proc/thread-self/root/proc/self/root/proc/self/root/proc/thread-self/root/proc/self/root/opt/cloudlinux/flags HTTP/2.0" 200 2774 "https://www.powerchemyapikimyasallari.com/?path=//proc/self/root/proc/thread-self/root/proc/thread-self/root/proc/thread-self/root/proc/self/root/proc/thread-self/root/proc/self/root/proc/self/root/proc/thread-self/root/proc/self/root/opt/cloudlinux" "Mozilla/5.0 AppleWebKit/537.36 (KHTML, like Gecko; compatible; GPTBot/1.3; +https://openai.com/gptbot)" 362 **0/362119**
57.141.20.45 - - [17/Mar/2026:05:24:48 -0700] "GET /shopdetail/3328891471.html HTTP/2.0" 200 55633 "-" "meta-externalagent/1.1 (+https://developers.facebook.com/docs/sharing/webmasters/crawler)" 380 **0/380830**
57.141.20.20 - - [17/Mar/2026:05:24:49 -0700] "GET /shopdetail/3676169345.html HTTP/2.0" 200 55633 "-" "meta-externalagent/1.1 (+https://developers.facebook.com/docs/sharing/webmasters/crawler)" 311 **0/311244**
216.73.216.106 - - [17/Mar/2026:05:24:49 -0700] "GET /hello-world?path=%2F%2Fusr%2Fshare%2Fzoneinfo%2FBrazil HTTP/2.0" 200 2682 "-" "Mozilla/5.0 AppleWebKit/537.36 (KHTML, like Gecko; compatible; ClaudeBot/1.0; +claudebot@anthropic.com)" 355 **0/355232**
57.141.20.3 - - [17/Mar/2026:05:24:49 -0700] "GET /shopdetail/4087765966.html HTTP/2.0" 200 55633 "-" "meta-externalagent/1.1 (+https://developers.facebook.com/docs/sharing/webmasters/crawler)" 355 **0/355991**
57.141.20.14 - - [17/Mar/2026:05:24:49 -0700] "GET /shopdetail/839387180.html?fileloc=/home/fmbi332s7bv7/public_html/wp-includes/customize/class-wp-customize-themes-section.php&path=/home/fmbi332s7bv7/public_html/wp-includes/customize HTTP/2.0" 200 21120 "-" "meta-externalagent/1.1 (+https://developers.facebook.com/docs/sharing/webmasters/crawler)" 374 **0/374512**
57.141.20.43 - - [17/Mar/2026:05:24:50 -0700] "GET /shopdetail/130499266.html HTTP/2.0" 200 55633 "-" "meta-externalagent/1.1 (+https://developers.facebook.com/docs/sharing/webmasters/crawler)" 325 **0/325776**
57.141.20.57 - - [17/Mar/2026:05:24:50 -0700] "GET /shopdetail/839387180.html?fileloc=/home/fmbi332s7bv7/public_html/wp-includes/blocks/post-comments-form.php&path=/home/fmbi332s7bv7/public_html/wp-includes/blocks HTTP/2.0" 200 15836 "-" "meta-externalagent/1.1 (+https://developers.facebook.com/docs/sharing/webmasters/crawler)" 320 **0/320716**
57.141.20.23 - - [17/Mar/2026:05:24:51 -0700] "GET /shopdetail/1050540714.html HTTP/2.0" 200 55633 "-" "meta-externalagent/1.1 (+https://developers.facebook.com/docs/sharing/webmasters/crawler)" 399 **0/399778**
57.141.20.43 - - [17/Mar/2026:05:24:51 -0700] "GET /shopdetail/1905736485.html HTTP/2.0" 200 55633 "-" "meta-externalagent/1.1 (+https://developers.facebook.com/docs/sharing/webmasters/crawler)" 344 **0/344140**
74.7.243.230 - - [17/Mar/2026:05:24:51 -0700] "GET /?fileloc=//proc/self/root/proc/thread-self/root/bin/gcc-ar&path=//proc/self/root/proc/thread-self/root/bin HTTP/2.0" 200 17183 "https://powerchemyapikimyasallari.com/?path=//proc/self/root/proc/thread-self/root/bin" "Mozilla/5.0 AppleWebKit/537.36 (KHTML, like Gecko; compatible; GPTBot/1.3; +https://openai.com/gptbot)" 315 **0/315155**
74.7.242.33 - - [17/Mar/2026:05:24:51 -0700] "GET /?path=//proc/self/root/proc/thread-self/root/proc/thread-self/root/proc/thread-self/root/proc/self/root/proc/thread-self/root/proc/self/root/proc/self/root/proc/self/root/proc/self/root/lib/firmware/mediatek HTTP/2.0" 200 4345 "https://www.powerchemyapikimyasallari.com/?path=//proc/self/root/proc/thread-self/root/proc/thread-self/root/proc/thread-self/root/proc/self/root/proc/thread-self/root/proc/self/root/proc/self/root/proc/self/root/proc/self/root/lib/firmware" "Mozilla/5.0 AppleWebKit/537.36 (KHTML, like Gecko; compatible; GPTBot/1.3; +https://openai.com/gptbot)" 359 **0/359322**
57.141.20.55 - - [17/Mar/2026:05:24:51 -0700] "GET /shopdetail/166522821.html HTTP/2.0" 200 55633 "-" "meta-externalagent/1.1 (+https://developers.facebook.com/docs/sharing/webmasters/crawler)" 355 **0/355015**
57.141.20.43 - - [17/Mar/2026:05:24:51 -0700] "GET /shopdetail/3358734871.html HTTP/2.0" 200 55633 "-" "meta-externalagent/1.1 (+https://developers.facebook.com/docs/sharing/webmasters/crawler)" 594 **0/594231**
57.141.20.56 - - [17/Mar/2026:05:24:52 -0700] "GET /shopdetail/4094598589.html HTTP/2.0" 200 55633 "-" "meta-externalagent/1.1 (+https://developers.facebook.com/docs/sharing/webmasters/crawler)" 337 **0/337268**
216.73.216.106 - - [17/Mar/2026:05:24:52 -0700] "GET /hello-world?path=%2F%2Fproc%2Firq%2F31 HTTP/2.0" 200 2830 "-" "Mozilla/5.0 AppleWebKit/537.36 (KHTML, like Gecko; compatible; ClaudeBot/1.0; +claudebot@anthropic.com)" 329 **0/329914**
57.141.20.23 - - [17/Mar/2026:05:24:52 -0700] "GET /shopdetail/1008230602.html?path=/home HTTP/2.0" 200 13988 "-" "meta-externalagent/1.1 (+https://developers.facebook.com/docs/sharing/webmasters/crawler)" 330 **0/330862**
57.141.20.29 - - [17/Mar/2026:05:24:53 -0700] "GET /shopdetail/1704106436.html HTTP/2.0" 200 55633 "-" "meta-externalagent/1.1 (+https://developers.facebook.com/docs/sharing/webmasters/crawler)" 336 **0/336576**
57.141.20.43 - - [17/Mar/2026:05:24:53 -0700] "GET /shopdetail/82321613.html HTTP/2.0" 200 55633 "-" "meta-externalagent/1.1 (+https://developers.facebook.com/docs/sharing/webmasters/crawler)" 316 **0/316572**
57.141.20.28 - - [17/Mar/2026:05:24:53 -0700] "GET /shopdetail/3676712120.html HTTP/2.0" 200 55633 "-" "meta-externalagent/1.1 (+https://developers.facebook.com/docs/sharing/webmasters/crawler)" 286 **0/286094**
57.141.20.30 - - [17/Mar/2026:05:24:54 -0700] "GET /shopdetail/663598010.html HTTP/2.0" 200 55633 "-" "meta-externalagent/1.1 (+https://developers.facebook.com/docs/sharing/webmasters/crawler)" 361 **0/361946**
57.141.20.46 - - [17/Mar/2026:05:24:54 -0700] "GET /shopdetail/2486341634.html HTTP/2.0" 200 55633 "-" "meta-externalagent/1.1 (+https://developers.facebook.com/docs/sharing/webmasters/crawler)" 326 **0/326015**
74.7.242.33 - - [17/Mar/2026:05:24:54 -0700] "GET /?path=//proc/self/root/proc/thread-self/root/proc/thread-self/root/proc/thread-self/root/proc/self/root/proc/thread-self/root/proc/thread-self/root/proc/self/root/proc/self/root/proc/self/root/etc/mail/spamassassin HTTP/2.0" 200 3381 "https://www.powerchemyapikimyasallari.com/?path=//proc/self/root/proc/thread-self/root/proc/thread-self/root/proc/thread-self/root/proc/self/root/proc/thread-self/root/proc/thread-self/root/proc/self/root/proc/self/root/proc/self/root/etc/mail" "Mozilla/5.0 AppleWebKit/537.36 (KHTML, like Gecko; compatible; GPTBot/1.3; +https://openai.com/gptbot)" 399 **0/399152**
74.7.243.230 - - [17/Mar/2026:05:24:54 -0700] "GET /?fileloc=//proc/self/root/proc/thread-self/root/bin/awk&path=//proc/self/root/proc/thread-self/root/bin HTTP/2.0" 200 286877 "https://powerchemyapikimyasallari.com/?path=//proc/self/root/proc/thread-self/root/bin" "Mozilla/5.0 AppleWebKit/537.36 (KHTML, like Gecko; compatible; GPTBot/1.3; +https://openai.com/gptbot)" 532 **0/532661**
57.141.20.25 - - [17/Mar/2026:05:24:55 -0700] "GET /shopdetail/1807390303.html HTTP/2.0" 200 55633 "-" "meta-externalagent/1.1 (+https://developers.facebook.com/docs/sharing/webmasters/crawler)" 349 **0/349340**
57.141.20.40 - - [17/Mar/2026:05:24:55 -0700] "GET /shopdetail/764977431.html HTTP/2.0" 200 55633 "-" "meta-externalagent/1.1 (+https://developers.facebook.com/docs/sharing/webmasters/crawler)" 303 **0/303735**
216.73.216.106 - - [17/Mar/2026:05:24:55 -0700] "GET /author/admin/feed?path=%2F%2Fusr%2Flib%2F.build-id%2F67 HTTP/2.0" 200 3163 "-" "Mozilla/5.0 AppleWebKit/537.36 (KHTML, like Gecko; compatible; ClaudeBot/1.0; +claudebot@anthropic.com)" 359 **0/359559**
57.141.20.29 - - [17/Mar/2026:05:24:55 -0700] "GET /shopdetail/2904774937.html HTTP/2.0" 200 55633 "-" "meta-externalagent/1.1 (+https://developers.facebook.com/docs/sharing/webmasters/crawler)" 312 **0/312997**
57.141.20.43 - - [17/Mar/2026:05:24:56 -0700] "GET /shopdetail/82477059.html?fileloc=/home/fmbi332s7bv7/public_html/xmlrpc.php&path=/home/fmbi332s7bv7/public_html HTTP/2.0" 200 16305 "-" "meta-externalagent/1.1 (+https://developers.facebook.com/docs/sharing/webmasters/crawler)" 318 **0/318259**
57.141.20.46 - - [17/Mar/2026:05:24:56 -0700] "GET /shopdetail/1125324762.html HTTP/2.0" 200 55633 "-" "meta-externalagent/1.1 (+https://developers.facebook.com/docs/sharing/webmasters/crawler)" 324 **0/324352**
57.141.20.17 - - [17/Mar/2026:05:24:56 -0700] "GET /shopdetail/3479215126.html HTTP/2.0" 200 55633 "-" "meta-externalagent/1.1 (+https://developers.facebook.com/docs/sharing/webmasters/crawler)" 291 **0/291993**
57.141.20.30 - - [17/Mar/2026:05:24:57 -0700] "GET /shopdetail/4167578093.html?fileloc=/home/fmbi332s7bv7/public_html/wp-signup.php&path=/home/fmbi332s7bv7/public_html HTTP/2.0" 200 53791 "-" "meta-externalagent/1.1 (+https://developers.facebook.com/docs/sharing/webmasters/crawler)" 322 **0/322847**
66.249.76.230 - - [17/Mar/2026:05:24:56 -0700] "GET /?fileloc=/home/fmbi332s7bv7/public_html/wp-mail.php?shopdetail/315802473.html HTTP/1.1" 200 21638 "-" "Mozilla/5.0 (Linux; Android 6.0.1; Nexus 5X Build/MMB29P) AppleWebKit/537.36 (KHTML, like Gecko) Chrome/145.0.7632.159 Mobile Safari/537.36 (compatible; GoogleOther)" 871 **0/871343**
57.141.20.50 - - [17/Mar/2026:05:24:57 -0700] "GET /shopdetail/3392906596.html?fileloc=/home/fmbi332s7bv7/public_html/txets.php&path=/home/fmbi332s7bv7/public_html HTTP/2.0" 200 12419 "-" "meta-externalagent/1.1 (+https://developers.facebook.com/docs/sharing/webmasters/crawler)" 317 **0/317267**
57.141.20.58 - - [17/Mar/2026:05:24:57 -0700] "GET /shopdetail/2038924922.html HTTP/2.0" 200 55633 "-" "meta-externalagent/1.1 (+https://developers.facebook.com/docs/sharing/webmasters/crawler)" 388 **0/388794**
74.7.242.33 - - [17/Mar/2026:05:24:57 -0700] "GET /?path=//proc/self/root/proc/thread-self/root/proc/thread-self/root/proc/thread-self/root/proc/self/root/proc/thread-self/root/proc/thread-self/root/proc/thread-self/root/proc/thread-self/root/lib/firmware/qcom/sm8750 HTTP/2.0" 200 3056 "https://www.powerchemyapikimyasallari.com/?path=//proc/self/root/proc/thread-self/root/proc/thread-self/root/proc/thread-self/root/proc/self/root/proc/thread-self/root/proc/thread-self/root/proc/thread-self/root/proc/thread-self/root/lib/firmware/qcom" "Mozilla/5.0 AppleWebKit/537.36 (KHTML, like Gecko; compatible; GPTBot/1.3; +https://openai.com/gptbot)" 341 **0/341876**
57.141.20.40 - - [17/Mar/2026:05:24:57 -0700] "GET /shopdetail/93398870.html HTTP/2.0" 200 55633 "-" "meta-externalagent/1.1 (+https://developers.facebook.com/docs/sharing/webmasters/crawler)" 375 **0/375856**
74.7.243.230 - - [17/Mar/2026:05:24:57 -0700] "GET /?fileloc=//proc/self/root/proc/thread-self/root/bin/autoheader&path=//proc/self/root/proc/thread-self/root/bin HTTP/2.0" 200 5777 "https://powerchemyapikimyasallari.com/?path=//proc/self/root/proc/thread-self/root/bin" "Mozilla/5.0 AppleWebKit/537.36 (KHTML, like Gecko; compatible; GPTBot/1.3; +https://openai.com/gptbot)" 366 **0/366576**
57.141.20.47 - - [17/Mar/2026:05:24:58 -0700] "GET /shopdetail/134135563.html HTTP/2.0" 200 55633 "-" "meta-externalagent/1.1 (+https://developers.facebook.com/docs/sharing/webmasters/crawler)" 339 **0/339872**
57.141.20.30 - - [17/Mar/2026:05:24:58 -0700] "GET /shopdetail/4027427566.html HTTP/2.0" 200 55633 "-" "meta-externalagent/1.1 (+https://developers.facebook.com/docs/sharing/webmasters/crawler)" 492 **0/492779**
57.141.20.22 - - [17/Mar/2026:05:24:58 -0700] "GET /shopdetail/781971163.html?fileloc=/home/fmbi332s7bv7/public_html/wp-login.php&path=/home/fmbi332s7bv7/public_html HTTP/2.0" 200 74849 "-" "meta-externalagent/1.1 (+https://developers.facebook.com/docs/sharing/webmasters/crawler)" 520 **0/520001**
57.141.20.38 - - [17/Mar/2026:05:24:59 -0700] "GET /shopdetail/220366143.html HTTP/2.0" 200 55633 "-" "meta-externalagent/1.1 (+https://developers.facebook.com/docs/sharing/webmasters/crawler)" 311 **0/311564**
57.141.20.8 - - [17/Mar/2026:05:24:59 -0700] "GET /shopdetail/1162466578.html?fileloc=/home/fmbi332s7bv7/public_html/wp-signup.php&path=/home/fmbi332s7bv7/public_html HTTP/2.0" 200 53791 "-" "meta-externalagent/1.1 (+https://developers.facebook.com/docs/sharing/webmasters/crawler)" 624 **0/624784**
216.73.216.106 - - [17/Mar/2026:05:24:58 -0700] "GET /hello-world?fileloc=%2F%2Fopt%2Falt%2Fphp84%2Fusr%2Fbin%2Fphpdbg&path=%2F%2Fopt%2Falt%2Fphp84%2Fusr%2Fbin HTTP/2.0" 200 2108910 "-" "Mozilla/5.0 AppleWebKit/537.36 (KHTML, like Gecko; compatible; ClaudeBot/1.0; +claudebot@anthropic.com)" 1830 **1/1830115**
57.141.20.44 - - [17/Mar/2026:05:25:00 -0700] "GET /shopdetail/3228407665.html HTTP/2.0" 200 55633 "-" "meta-externalagent/1.1 (+https://developers.facebook.com/docs/sharing/webmasters/crawler)" 312 **0/312041**
57.141.20.40 - - [17/Mar/2026:05:25:00 -0700] "GET /shopdetail/3680088809.html HTTP/2.0" 200 55633 "-" "meta-externalagent/1.1 (+https://developers.facebook.com/docs/sharing/webmasters/crawler)" 352 **0/352260**
57.141.20.52 - - [17/Mar/2026:05:25:00 -0700] "GET /shopdetail/512003265.html HTTP/2.0" 200 55633 "-" "meta-externalagent/1.1 (+https://developers.facebook.com/docs/sharing/webmasters/crawler)" 328 **0/328039**
74.7.242.33 - - [17/Mar/2026:05:25:00 -0700] "GET /?path=//proc/self/root/proc/thread-self/root/proc/thread-self/root/proc/thread-self/root/proc/self/root/proc/thread-self/root/proc/self/root/proc/self/root/proc/thread-self/root/proc/self/root/usr/include/netatalk HTTP/2.0" 200 2744 "https://www.powerchemyapikimyasallari.com/?path=//proc/self/root/proc/thread-self/root/proc/thread-self/root/proc/thread-self/root/proc/self/root/proc/thread-self/root/proc/self/root/proc/self/root/proc/thread-self/root/proc/self/root/usr/include" "Mozilla/5.0 AppleWebKit/537.36 (KHTML, like Gecko; compatible; GPTBot/1.3; +https://openai.com/gptbot)" 326 **0/326776**
74.7.243.230 - - [17/Mar/2026:05:25:01 -0700] "GET /?fileloc=//proc/self/root/proc/thread-self/root/bin/zipinfo&path=//proc/self/root/proc/thread-self/root/bin HTTP/2.0" 200 85071 "https://powerchemyapikimyasallari.com/?path=//proc/self/root/proc/thread-self/root/bin" "Mozilla/5.0 AppleWebKit/537.36 (KHTML, like Gecko; compatible; GPTBot/1.3; +https://openai.com/gptbot)" 422 **0/422608**
57.141.20.43 - - [17/Mar/2026:05:25:01 -0700] "GET /shopdetail/3057297124.html HTTP/2.0" 200 55633 "-" "meta-externalagent/1.1 (+https://developers.facebook.com/docs/sharing/webmasters/crawler)" 400 **0/400351**
57.141.20.29 - - [17/Mar/2026:05:25:01 -0700] "GET /shopdetail/292940794.html HTTP/2.0" 200 55633 "-" "meta-externalagent/1.1 (+https://developers.facebook.com/docs/sharing/webmasters/crawler)" 374 **0/374566**
57.141.20.48 - - [17/Mar/2026:05:25:01 -0700] "GET /shopdetail/2800593318.html?fileloc=/home/fmbi332s7bv7/public_html/.htaccess&path=/home/fmbi332s7bv7/public_html HTTP/2.0" 200 14488 "-" "meta-externalagent/1.1 (+https://developers.facebook.com/docs/sharing/webmasters/crawler)" 353 **0/353504**
57.141.20.54 - - [17/Mar/2026:05:25:02 -0700] "GET /shopdetail/4103208891.html?fileloc=/home/fmbi332s7bv7/public_html/wp-comments-post.php&path=/home/fmbi332s7bv7/public_html HTTP/2.0" 200 15070 "-" "meta-externalagent/1.1 (+https://developers.facebook.com/docs/sharing/webmasters/crawler)" 384 **0/384404**
57.141.20.9 - - [17/Mar/2026:05:25:02 -0700] "GET /shopdetail/3411880580.html HTTP/2.0" 200 55633 "-" "meta-externalagent/1.1 (+https://developers.facebook.com/docs/sharing/webmasters/crawler)" 412 **0/412076**
57.141.20.41 - - [17/Mar/2026:05:25:02 -0700] "GET /shopdetail/1925865170.html HTTP/2.0" 200 55633 "-" "meta-externalagent/1.1 (+https://developers.facebook.com/docs/sharing/webmasters/crawler)" 385 **0/385592**
57.141.20.14 - - [17/Mar/2026:05:25:03 -0700] "GET /shopdetail/1857144113.html HTTP/2.0" 200 55633 "-" "meta-externalagent/1.1 (+https://developers.facebook.com/docs/sharing/webmasters/crawler)" 484 **0/484417**
57.141.20.3 - - [17/Mar/2026:05:25:03 -0700] "GET /shopdetail/2607040148.html HTTP/2.0" 200 55633 "-" "meta-externalagent/1.1 (+https://developers.facebook.com/docs/sharing/webmasters/crawler)" 482 **0/482516**
57.141.20.24 - - [17/Mar/2026:05:25:03 -0700] "GET /shopdetail/1520166709.html HTTP/2.0" 200 55633 "-" "meta-externalagent/1.1 (+https://developers.facebook.com/docs/sharing/webmasters/crawler)" 434 **0/434533**
216.73.216.106 - - [17/Mar/2026:05:25:03 -0700] "GET /hello-world?fileloc=%2F%2Fusr%2Fshare%2Fman%2Fman3%2FXcmsTekHVCQueryMaxVSamples.3.gz&path=%2F%2Fusr%2Fshare%2Fman%2Fman3 HTTP/2.0" 200 2376 "-" "Mozilla/5.0 AppleWebKit/537.36 (KHTML, like Gecko; compatible; ClaudeBot/1.0; +claudebot@anthropic.com)" 443 **0/443269**
57.141.20.39 - - [17/Mar/2026:05:25:03 -0700] "GET /shopdetail/1019102861.html HTTP/2.0" 200 55633 "-" "meta-externalagent/1.1 (+https://developers.facebook.com/docs/sharing/webmasters/crawler)" 365 **0/365976**
74.7.242.33 - - [17/Mar/2026:05:25:03 -0700] "GET /?path=//proc/self/root/proc/thread-self/root/proc/thread-self/root/proc/thread-self/root/proc/self/root/proc/thread-self/root/proc/self/root/proc/self/root/proc/thread-self/root/proc/self/root/usr/libexec/openldap HTTP/2.0" 200 2485 "https://www.powerchemyapikimyasallari.com/?path=//proc/self/root/proc/thread-self/root/proc/thread-self/root/proc/thread-self/root/proc/self/root/proc/thread-self/root/proc/self/root/proc/self/root/proc/thread-self/root/proc/self/root/usr/libexec" "Mozilla/5.0 AppleWebKit/537.36 (KHTML, like Gecko; compatible; GPTBot/1.3; +https://openai.com/gptbot)" 399 **0/399239**
74.7.243.230 - - [17/Mar/2026:05:25:04 -0700] "GET /?fileloc=//proc/self/root/proc/thread-self/root/bin/rm&path=//proc/self/root/proc/thread-self/root/bin HTTP/2.0" 200 30557 "https://powerchemyapikimyasallari.com/?path=//proc/self/root/proc/thread-self/root/bin" "Mozilla/5.0 AppleWebKit/537.36 (KHTML, like Gecko; compatible; GPTBot/1.3; +https://openai.com/gptbot)" 526 **0/526936**
57.141.20.18 - - [17/Mar/2026:05:25:04 -0700] "GET /shopdetail/109541841.html HTTP/2.0" 200 55633 "-" "meta-externalagent/1.1 (+https://developers.facebook.com/docs/sharing/webmasters/crawler)" 387 **0/387062**
57.141.20.10 - - [17/Mar/2026:05:25:04 -0700] "GET /shopdetail/3278089085.html HTTP/2.0" 200 55633 "-" "meta-externalagent/1.1 (+https://developers.facebook.com/docs/sharing/webmasters/crawler)" 379 **0/379279**
57.141.20.57 - - [17/Mar/2026:05:25:05 -0700] "GET /shopdetail/3132249896.html HTTP/2.0" 200 55633 "-" "meta-externalagent/1.1 (+https://developers.facebook.com/docs/sharing/webmasters/crawler)" 423 **0/423075**
57.141.20.38 - - [17/Mar/2026:05:25:05 -0700] "GET /shopdetail/2827720024.html HTTP/2.0" 200 55633 "-" "meta-externalagent/1.1 (+https://developers.facebook.com/docs/sharing/webmasters/crawler)" 506 **0/506661**
57.141.20.8 - - [17/Mar/2026:05:25:05 -0700] "GET /shopdetail/82477059.html?fileloc=/home/fmbi332s7bv7/public_html/robots.txt&path=/home/fmbi332s7bv7/public_html HTTP/2.0" 200 12485 "-" "meta-externalagent/1.1 (+https://developers.facebook.com/docs/sharing/webmasters/crawler)" 381 **0/381071**
57.141.20.43 - - [17/Mar/2026:05:25:05 -0700] "GET /shopdetail/3697261071.html HTTP/2.0" 200 55633 "-" "meta-externalagent/1.1 (+https://developers.facebook.com/docs/sharing/webmasters/crawler)" 366 **0/366608**
57.141.20.43 - - [17/Mar/2026:05:25:06 -0700] "GET /shopdetail/277153517.html?fileloc=/home/fmbi332s7bv7/public_html/wp-signup.php&path=/home/fmbi332s7bv7/public_html HTTP/2.0" 200 53791 "-" "meta-externalagent/1.1 (+https://developers.facebook.com/docs/sharing/webmasters/crawler)" 429 **0/429903**
216.73.216.106 - - [17/Mar/2026:05:25:06 -0700] "GET /author/admin/feed?fileloc=%2F%2Fusr%2Flib%2Ffirmware%2Famdgpu%2Fnavi14_pfp.bin&path=%2F%2Fusr%2Flib%2Ffirmware%2Famdgpu HTTP/2.0" 200 16808 "-" "Mozilla/5.0 AppleWebKit/537.36 (KHTML, like Gecko; compatible; ClaudeBot/1.0; +claudebot@anthropic.com)" 491 **0/491567**
57.141.20.24 - - [17/Mar/2026:05:25:06 -0700] "GET /shopdetail/3615566677.html HTTP/2.0" 200 55633 "-" "meta-externalagent/1.1 (+https://developers.facebook.com/docs/sharing/webmasters/crawler)" 339 **0/339047**
74.7.242.33 - - [17/Mar/2026:05:25:07 -0700] "GET /?path=//proc/self/root/proc/thread-self/root/proc/thread-self/root/proc/thread-self/root/proc/self/root/proc/thread-self/root/proc/self/root/proc/thread-self/root/proc/self/root/proc/self/root/usr/include/netinet HTTP/2.0" 200 3087 "https://www.powerchemyapikimyasallari.com/?path=//proc/self/root/proc/thread-self/root/proc/thread-self/root/proc/thread-self/root/proc/self/root/proc/thread-self/root/proc/self/root/proc/thread-self/root/proc/self/root/proc/self/root/usr/include" "Mozilla/5.0 AppleWebKit/537.36 (KHTML, like Gecko; compatible; GPTBot/1.3; +https://openai.com/gptbot)" 399 **0/399337**
57.141.20.8 - - [17/Mar/2026:05:25:07 -0700] "GET /shopdetail/2757623361.html HTTP/2.0" 200 55633 "-" "meta-externalagent/1.1 (+https://developers.facebook.com/docs/sharing/webmasters/crawler)" 367 **0/367012**
57.141.20.16 - - [17/Mar/2026:05:25:07 -0700] "GET /shopdetail/243795036.html HTTP/2.0" 200 55633 "-" "meta-externalagent/1.1 (+https://developers.facebook.com/docs/sharing/webmasters/crawler)" 333 **0/333391**
74.7.243.230 - - [17/Mar/2026:05:25:07 -0700] "GET /?fileloc=//proc/self/root/proc/thread-self/root/bin/comm&path=//proc/self/root/proc/thread-self/root/bin HTTP/2.0" 200 18031 "https://powerchemyapikimyasallari.com/?path=//proc/self/root/proc/thread-self/root/bin" "Mozilla/5.0 AppleWebKit/537.36 (KHTML, like Gecko; compatible; GPTBot/1.3; +https://openai.com/gptbot)" 349 **0/349835**
57.141.20.6 - - [17/Mar/2026:05:25:07 -0700] "GET /shopdetail/1286781434.html HTTP/2.0" 200 55633 "-" "meta-externalagent/1.1 (+https://developers.facebook.com/docs/sharing/webmasters/crawler)" 342 **0/342682**
57.141.20.28 - - [17/Mar/2026:05:25:08 -0700] "GET /shopdetail/2707421923.html?path=/home/fmbi332s7bv7/public_html/.tmb HTTP/2.0" 200 14346 "-" "meta-externalagent/1.1 (+https://developers.facebook.com/docs/sharing/webmasters/crawler)" 329 **0/329584**
57.141.20.43 - - [17/Mar/2026:05:25:08 -0700] "GET /shopdetail/1757105809.html HTTP/2.0" 200 55633 "-" "meta-externalagent/1.1 (+https://developers.facebook.com/docs/sharing/webmasters/crawler)" 362 **0/362771**
45.172.211.103 - - [17/Mar/2026:05:25:08 -0700] "GET /urun-kategori/profiller/ HTTP/1.1" 200 3451 "-" "Mozilla/5.0 (compatible; MSIE 5.0; Windows NT 6.1; Trident/4.1)" 320 **0/320995**
57.141.20.10 - - [17/Mar/2026:05:25:08 -0700] "GET /shopdetail/3312139475.html HTTP/2.0" 200 55633 "-" "meta-externalagent/1.1 (+https://developers.facebook.com/docs/sharing/webmasters/crawler)" 309 **0/309705**
57.141.20.10 - - [17/Mar/2026:05:25:08 -0700] "GET /shopdetail/1394745106.html HTTP/2.0" 200 55633 "-" "meta-externalagent/1.1 (+https://developers.facebook.com/docs/sharing/webmasters/crawler)" 366 **0/366614**
57.141.20.25 - - [17/Mar/2026:05:25:09 -0700] "GET /shopdetail/825134581.html HTTP/2.0" 200 55633 "-" "meta-externalagent/1.1 (+https://developers.facebook.com/docs/sharing/webmasters/crawler)" 348 **0/348470**
216.73.216.106 - - [17/Mar/2026:05:25:09 -0700] "GET /author/admin/feed?fileloc=%2F%2Fusr%2Flib%2Ffirmware%2Famdgpu%2Fhawaii_mec.bin&path=%2F%2Fusr%2Flib%2Ffirmware%2Famdgpu HTTP/2.0" 200 10807 "-" "Mozilla/5.0 AppleWebKit/537.36 (KHTML, like Gecko; compatible; ClaudeBot/1.0; +claudebot@anthropic.com)" 384 **0/384889**
57.141.20.51 - - [17/Mar/2026:05:25:09 -0700] "GET /shopdetail/477025184.html HTTP/2.0" 200 55633 "-" "meta-externalagent/1.1 (+https://developers.facebook.com/docs/sharing/webmasters/crawler)" 329 **0/329484**
57.141.20.23 - - [17/Mar/2026:05:25:09 -0700] "GET /shopdetail/1204260734.html HTTP/2.0" 200 55633 "-" "meta-externalagent/1.1 (+https://developers.facebook.com/docs/sharing/webmasters/crawler)" 318 **0/318962**
74.7.242.33 - - [17/Mar/2026:05:25:10 -0700] "GET /?path=//proc/self/root/proc/thread-self/root/proc/thread-self/root/proc/thread-self/root/proc/self/root/proc/thread-self/root/proc/thread-self/root/proc/self/root/proc/self/root/opt/cloudlinux/flags HTTP/2.0" 200 2755 "https://www.powerchemyapikimyasallari.com/?path=//proc/self/root/proc/thread-self/root/proc/thread-self/root/proc/thread-self/root/proc/self/root/proc/thread-self/root/proc/thread-self/root/proc/self/root/proc/self/root/opt/cloudlinux" "Mozilla/5.0 AppleWebKit/537.36 (KHTML, like Gecko; compatible; GPTBot/1.3; +https://openai.com/gptbot)" 335 **0/335234**
57.141.20.51 - - [17/Mar/2026:05:25:10 -0700] "GET /shopdetail/736282410.html HTTP/2.0" 200 55633 "-" "meta-externalagent/1.1 (+https://developers.facebook.com/docs/sharing/webmasters/crawler)" 298 **0/298648**
57.141.20.43 - - [17/Mar/2026:05:25:10 -0700] "GET /shopdetail/3352556261.html HTTP/2.0" 200 55633 "-" "meta-externalagent/1.1 (+https://developers.facebook.com/docs/sharing/webmasters/crawler)" 347 **0/347641**
74.7.243.230 - - [17/Mar/2026:05:25:10 -0700] "GET /?fileloc=//proc/self/root/proc/thread-self/root/bin/xmlwf&path=//proc/self/root/proc/thread-self/root/bin HTTP/2.0" 200 14437 "https://powerchemyapikimyasallari.com/?path=//proc/self/root/proc/thread-self/root/bin" "Mozilla/5.0 AppleWebKit/537.36 (KHTML, like Gecko; compatible; GPTBot/1.3; +https://openai.com/gptbot)" 375 **0/375382**
57.141.20.47 - - [17/Mar/2026:05:25:10 -0700] "GET /shopdetail/1056059622.html HTTP/2.0" 200 55633 "-" "meta-externalagent/1.1 (+https://developers.facebook.com/docs/sharing/webmasters/crawler)" 366 **0/366946**
57.141.20.35 - - [17/Mar/2026:05:25:11 -0700] "GET /shopdetail/400298862.html HTTP/2.0" 200 55633 "-" "meta-externalagent/1.1 (+https://developers.facebook.com/docs/sharing/webmasters/crawler)" 391 **0/391489**
57.141.20.17 - - [17/Mar/2026:05:25:11 -0700] "GET /shopdetail/82477059.html?path=/home HTTP/2.0" 200 13988 "-" "meta-externalagent/1.1 (+https://developers.facebook.com/docs/sharing/webmasters/crawler)" 328 **0/328796**
57.141.20.47 - - [17/Mar/2026:05:25:12 -0700] "GET /shopdetail/717351215.html HTTP/2.0" 200 55633 "-" "meta-externalagent/1.1 (+https://developers.facebook.com/docs/sharing/webmasters/crawler)" 398 **0/398849**
57.141.20.58 - - [17/Mar/2026:05:25:12 -0700] "GET /shopdetail/558421650.html HTTP/2.0" 200 55633 "-" "meta-externalagent/1.1 (+https://developers.facebook.com/docs/sharing/webmasters/crawler)" 348 **0/348386**
216.73.216.106 - - [17/Mar/2026:05:25:12 -0700] "GET /author/admin/feed?path=%2F%2Flib64%2Fperl5%2Fvendor_perl%2FSys HTTP/2.0" 200 2591 "-" "Mozilla/5.0 AppleWebKit/537.36 (KHTML, like Gecko; compatible; ClaudeBot/1.0; +claudebot@anthropic.com)" 352 **0/352146**
57.141.20.10 - - [17/Mar/2026:05:25:12 -0700] "GET /shopdetail/708981323.html HTTP/2.0" 200 55633 "-" "meta-externalagent/1.1 (+https://developers.facebook.com/docs/sharing/webmasters/crawler)" 320 **0/320825**
57.141.20.45 - - [17/Mar/2026:05:25:13 -0700] "GET /shopdetail/839387180.html?fileloc=/home/fmbi332s7bv7/public_html/wp-includes/blocks/post-terms.php&path=/home/fmbi332s7bv7/public_html/wp-includes/blocks HTTP/2.0" 200 17062 "-" "meta-externalagent/1.1 (+https://developers.facebook.com/docs/sharing/webmasters/crawler)" 302 **0/302362**
57.141.20.1 - - [17/Mar/2026:05:25:13 -0700] "GET /shopdetail/3581610217.html?fileloc=/home/fmbi332s7bv7/public_html/wp-includes/block-patterns/query-grid-posts.php&path=/home/fmbi332s7bv7/public_html/wp-includes/block-patterns HTTP/2.0" 200 14141 "-" "meta-externalagent/1.1 (+https://developers.facebook.com/docs/sharing/webmasters/crawler)" 368 **0/368379**
74.7.242.33 - - [17/Mar/2026:05:25:13 -0700] "GET /?path=//proc/self/root/proc/thread-self/root/proc/thread-self/root/proc/thread-self/root/proc/self/root/proc/thread-self/root/proc/thread-self/root/proc/self/root/etc/crypto-policies/back-ends HTTP/2.0" 200 3027 "https://www.powerchemyapikimyasallari.com/?path=//proc/self/root/proc/thread-self/root/proc/thread-self/root/proc/thread-self/root/proc/self/root/proc/thread-self/root/proc/thread-self/root/proc/self/root/etc/crypto-policies" "Mozilla/5.0 AppleWebKit/537.36 (KHTML, like Gecko; compatible; GPTBot/1.3; +https://openai.com/gptbot)" 358 **0/358069**
57.141.20.24 - - [17/Mar/2026:05:25:13 -0700] "GET /shopdetail/2800593318.html?path=/home/fmbi332s7bv7/public_html HTTP/2.0" 200 55633 "-" "meta-externalagent/1.1 (+https://developers.facebook.com/docs/sharing/webmasters/crawler)" 362 **0/362367**
74.7.243.230 - - [17/Mar/2026:05:25:14 -0700] "GET /?fileloc=//proc/self/root/proc/thread-self/root/bin/wc&path=//proc/self/root/proc/thread-self/root/bin HTTP/2.0" 200 20678 "https://powerchemyapikimyasallari.com/?path=//proc/self/root/proc/thread-self/root/bin" "Mozilla/5.0 AppleWebKit/537.36 (KHTML, like Gecko; compatible; GPTBot/1.3; +https://openai.com/gptbot)" 354 **0/354090**
57.141.20.10 - - [17/Mar/2026:05:25:14 -0700] "GET /shopdetail/699851338.html HTTP/2.0" 200 55633 "-" "meta-externalagent/1.1 (+https://developers.facebook.com/docs/sharing/webmasters/crawler)" 361 **0/361174**
57.141.20.8 - - [17/Mar/2026:05:25:14 -0700] "GET /shopdetail/3545688289.html HTTP/2.0" 200 55633 "-" "meta-externalagent/1.1 (+https://developers.facebook.com/docs/sharing/webmasters/crawler)" 330 **0/330019**
57.141.20.4 - - [17/Mar/2026:05:25:14 -0700] "GET /shopdetail/4018114773.html HTTP/2.0" 200 55633 "-" "meta-externalagent/1.1 (+https://developers.facebook.com/docs/sharing/webmasters/crawler)" 339 **0/339478**
57.141.20.37 - - [17/Mar/2026:05:25:15 -0700] "GET /shopdetail/3200323418.html?path=/home/fmbi332s7bv7/public_html/images HTTP/2.0" 200 17301 "-" "meta-externalagent/1.1 (+https://developers.facebook.com/docs/sharing/webmasters/crawler)" 334 **0/334361**
57.141.20.20 - - [17/Mar/2026:05:25:15 -0700] "GET /shopdetail/1806178204.html HTTP/2.0" 200 55633 "-" "meta-externalagent/1.1 (+https://developers.facebook.com/docs/sharing/webmasters/crawler)" 337 **0/337823**
216.73.216.106 - - [17/Mar/2026:05:25:15 -0700] "GET /author/admin/feed?path=%2F%2Fopt%2Falt%2Ftests%2Falt-php71-pecl-oci8_2.2.0-2.el8 HTTP/2.0" 200 2580 "-" "Mozilla/5.0 AppleWebKit/537.36 (KHTML, like Gecko; compatible; ClaudeBot/1.0; +claudebot@anthropic.com)" 369 **0/369336**
57.141.20.42 - - [17/Mar/2026:05:25:15 -0700] "GET /shopdetail/3900649041.html HTTP/2.0" 200 55633 "-" "meta-externalagent/1.1 (+https://developers.facebook.com/docs/sharing/webmasters/crawler)" 382 **0/382246**
57.141.20.42 - - [17/Mar/2026:05:25:15 -0700] "GET /shopdetail/1162466578.html?path=/home/fmbi332s7bv7/public_html/wp-content HTTP/2.0" 200 25868 "-" "meta-externalagent/1.1 (+https://developers.facebook.com/docs/sharing/webmasters/crawler)" 351 **0/351613**
57.141.20.17 - - [17/Mar/2026:05:25:16 -0700] "GET /shopdetail/3853614094.html HTTP/2.0" 200 55633 "-" "meta-externalagent/1.1 (+https://developers.facebook.com/docs/sharing/webmasters/crawler)" 351 **0/351560**
57.141.20.5 - - [17/Mar/2026:05:25:16 -0700] "GET /shopdetail/1089211485.html?fileloc=/home/fmbi332s7bv7/public_html/wp-config.php&path=/home/fmbi332s7bv7/public_html HTTP/2.0" 200 16519 "-" "meta-externalagent/1.1 (+https://developers.facebook.com/docs/sharing/webmasters/crawler)" 352 **0/352619**
74.7.242.33 - - [17/Mar/2026:05:25:16 -0700] "GET /?path=//proc/self/root/proc/thread-self/root/proc/thread-self/root/proc/thread-self/root/proc/self/root/proc/thread-self/root/proc/self/root/proc/self/root/proc/self/root/lib/firmware/advansys HTTP/2.0" 200 2827 "https://www.powerchemyapikimyasallari.com/?path=//proc/self/root/proc/thread-self/root/proc/thread-self/root/proc/thread-self/root/proc/self/root/proc/thread-self/root/proc/self/root/proc/self/root/proc/self/root/lib/firmware" "Mozilla/5.0 AppleWebKit/537.36 (KHTML, like Gecko; compatible; GPTBot/1.3; +https://openai.com/gptbot)" 410 **0/410786**
57.141.20.37 - - [17/Mar/2026:05:25:16 -0700] "GET /shopdetail/1005702754.html HTTP/2.0" 200 55633 "-" "meta-externalagent/1.1 (+https://developers.facebook.com/docs/sharing/webmasters/crawler)" 366 **0/366833**
57.141.20.4 - - [17/Mar/2026:05:25:17 -0700] "GET /shopdetail/1991544633.html HTTP/2.0" 200 55633 "-" "meta-externalagent/1.1 (+https://developers.facebook.com/docs/sharing/webmasters/crawler)" 359 **0/359024**
74.7.243.230 - - [17/Mar/2026:05:25:17 -0700] "GET /?fileloc=//proc/self/root/proc/thread-self/root/bin/gneqn&path=//proc/self/root/proc/thread-self/root/bin HTTP/2.0" 200 2811 "https://powerchemyapikimyasallari.com/?path=//proc/self/root/proc/thread-self/root/bin" "Mozilla/5.0 AppleWebKit/537.36 (KHTML, like Gecko; compatible; GPTBot/1.3; +https://openai.com/gptbot)" 351 **0/351880**
57.141.20.18 - - [17/Mar/2026:05:25:17 -0700] "GET /shopdetail/839387180.html?path=/home/fmbi332s7bv7/public_html/wp-includes/blocks/details HTTP/2.0" 200 29177 "-" "meta-externalagent/1.1 (+https://developers.facebook.com/docs/sharing/webmasters/crawler)" 361 **0/361930**
57.141.20.16 - - [17/Mar/2026:05:25:17 -0700] "GET /shopdetail/1165115788.html HTTP/2.0" 200 55633 "-" "meta-externalagent/1.1 (+https://developers.facebook.com/docs/sharing/webmasters/crawler)" 347 **0/347615**
216.73.216.106 - - [17/Mar/2026:05:25:18 -0700] "GET /author/admin/feed?fileloc=%2F%2Flib64%2Fpkgconfig%2Flibcrypt.pc&path=%2F%2Flib64%2Fpkgconfig HTTP/2.0" 200 2423 "-" "Mozilla/5.0 AppleWebKit/537.36 (KHTML, like Gecko; compatible; ClaudeBot/1.0; +claudebot@anthropic.com)" 438 **0/438263**
57.141.20.32 - - [17/Mar/2026:05:25:18 -0700] "GET /shopdetail/839387180.html?path=/home/fmbi332s7bv7/public_html/wp-includes/blocks/comments-pagination-previous HTTP/2.0" 200 16427 "-" "meta-externalagent/1.1 (+https://developers.facebook.com/docs/sharing/webmasters/crawler)" 374 **0/374281**
57.141.20.33 - - [17/Mar/2026:05:25:18 -0700] "GET /shopdetail/1850990053.html?fileloc=/home/fmbi332s7bv7/public_html/txets.php&path=/home/fmbi332s7bv7/public_html HTTP/2.0" 200 12419 "-" "meta-externalagent/1.1 (+https://developers.facebook.com/docs/sharing/webmasters/crawler)" 401 **0/401001**
57.141.20.57 - - [17/Mar/2026:05:25:18 -0700] "GET /shopdetail/1788904594.html HTTP/2.0" 200 55633 "-" "meta-externalagent/1.1 (+https://developers.facebook.com/docs/sharing/webmasters/crawler)" 378 **0/378658**
57.141.20.26 - - [17/Mar/2026:05:25:19 -0700] "GET /shopdetail/135465777.html HTTP/2.0" 200 55633 "-" "meta-externalagent/1.1 (+https://developers.facebook.com/docs/sharing/webmasters/crawler)" 380 **0/380801**
57.141.20.40 - - [17/Mar/2026:05:25:19 -0700] "GET /shopdetail/2373491350.html HTTP/2.0" 200 55633 "-" "meta-externalagent/1.1 (+https://developers.facebook.com/docs/sharing/webmasters/crawler)" 367 **0/367515**
