File: /home/fmbi332s7bv7/access-logs/powerchemyapikimyasallari.com-ssl_log
57.141.20.33 - - [17/Mar/2026:05:16:29 -0700] "GET /shopdetail/3628772885.html?fileloc=/home/fmbi332s7bv7/public_html/wp-includes/block-patterns/query-small-posts.php&path=/home/fmbi332s7bv7/public_html/wp-includes/block-patterns HTTP/2.0" 403 55633 "-" "meta-externalagent/1.1 (+https://developers.facebook.com/docs/sharing/webmasters/crawler)" 345 **0/345500**
57.141.20.38 - - [17/Mar/2026:05:16:30 -0700] "GET /shopdetail/2137424401.html HTTP/2.0" 403 55633 "-" "meta-externalagent/1.1 (+https://developers.facebook.com/docs/sharing/webmasters/crawler)" 359 **0/359986**
216.73.216.106 - - [17/Mar/2026:05:16:30 -0700] "GET /shopdetail/4127186295.html?path=%2Fhome%2Ffmbi332s7bv7%2Fpublic_html%2Fcgi-bin HTTP/2.0" 200 2642 "-" "Mozilla/5.0 AppleWebKit/537.36 (KHTML, like Gecko; compatible; ClaudeBot/1.0; +claudebot@anthropic.com)" 328 **0/328548**
74.7.242.33 - - [17/Mar/2026:05:16:30 -0700] "GET /?path=//proc/self/root/proc/thread-self/root/proc/thread-self/root/proc/thread-self/root/proc/self/root/proc/thread-self/root/proc/self/root/proc/self/root/proc/self/root/proc/self/root/usr/lib/firmware/microchip HTTP/2.0" 200 2812 "https://www.powerchemyapikimyasallari.com/?path=//proc/self/root/proc/thread-self/root/proc/thread-self/root/proc/thread-self/root/proc/self/root/proc/thread-self/root/proc/self/root/proc/self/root/proc/self/root/proc/self/root/usr/lib/firmware" "Mozilla/5.0 AppleWebKit/537.36 (KHTML, like Gecko; compatible; GPTBot/1.3; +https://openai.com/gptbot)" 376 **0/376955**
57.141.20.32 - - [17/Mar/2026:05:16:30 -0700] "GET /shopdetail/2649545032.html HTTP/2.0" 403 55633 "-" "meta-externalagent/1.1 (+https://developers.facebook.com/docs/sharing/webmasters/crawler)" 345 **0/345547**
57.141.20.16 - - [17/Mar/2026:05:16:30 -0700] "GET /shopdetail/2501790382.html HTTP/2.0" 403 55633 "-" "meta-externalagent/1.1 (+https://developers.facebook.com/docs/sharing/webmasters/crawler)" 334 **0/334676**
57.141.20.16 - - [17/Mar/2026:05:16:31 -0700] "GET /shopdetail/1233940611.html HTTP/2.0" 403 55633 "-" "meta-externalagent/1.1 (+https://developers.facebook.com/docs/sharing/webmasters/crawler)" 338 **0/338339**
57.141.20.53 - - [17/Mar/2026:05:16:31 -0700] "GET /shopdetail/3079087016.html HTTP/2.0" 403 55633 "-" "meta-externalagent/1.1 (+https://developers.facebook.com/docs/sharing/webmasters/crawler)" 377 **0/377125**
57.141.20.39 - - [17/Mar/2026:05:16:31 -0700] "GET /shopdetail/1483236345.html HTTP/2.0" 403 55633 "-" "meta-externalagent/1.1 (+https://developers.facebook.com/docs/sharing/webmasters/crawler)" 332 **0/332442**
57.141.20.31 - - [17/Mar/2026:05:16:32 -0700] "GET /shopdetail/2938508875.html HTTP/2.0" 403 55633 "-" "meta-externalagent/1.1 (+https://developers.facebook.com/docs/sharing/webmasters/crawler)" 305 **0/305984**
57.141.20.15 - - [17/Mar/2026:05:16:32 -0700] "GET /shopdetail/4079713415.html HTTP/2.0" 403 55633 "-" "meta-externalagent/1.1 (+https://developers.facebook.com/docs/sharing/webmasters/crawler)" 374 **0/374351**
216.73.216.106 - - [17/Mar/2026:05:16:33 -0700] "GET /shopdetail/170772276.html?path=%2Fhome%2Ffmbi332s7bv7%2Fpublic_html%2Fwp-includes%2Fblocks%2Faudio HTTP/2.0" 200 2919 "-" "Mozilla/5.0 AppleWebKit/537.36 (KHTML, like Gecko; compatible; ClaudeBot/1.0; +claudebot@anthropic.com)" 363 **0/363147**
57.141.20.32 - - [17/Mar/2026:05:16:33 -0700] "GET /shopdetail/2821646185.html HTTP/2.0" 403 55633 "-" "meta-externalagent/1.1 (+https://developers.facebook.com/docs/sharing/webmasters/crawler)" 318 **0/318782**
57.141.20.48 - - [17/Mar/2026:05:16:33 -0700] "GET /shopdetail/1257423614.html HTTP/2.0" 403 55633 "-" "meta-externalagent/1.1 (+https://developers.facebook.com/docs/sharing/webmasters/crawler)" 333 **0/333642**
57.141.20.21 - - [17/Mar/2026:05:16:33 -0700] "GET /shopdetail/1989669719.html HTTP/2.0" 403 55633 "-" "meta-externalagent/1.1 (+https://developers.facebook.com/docs/sharing/webmasters/crawler)" 323 **0/323248**
74.7.242.33 - - [17/Mar/2026:05:16:33 -0700] "GET /?path=//proc/self/root/proc/thread-self/root/proc/thread-self/root/proc/thread-self/root/proc/self/root/proc/thread-self/root/proc/thread-self/root/proc/thread-self/root/proc/thread-self/root/opt/cloudlinux HTTP/2.0" 200 3145 "https://www.powerchemyapikimyasallari.com/?path=//proc/self/root/proc/thread-self/root/proc/thread-self/root/proc/thread-self/root/proc/self/root/proc/thread-self/root/proc/thread-self/root/proc/thread-self/root/proc/thread-self/root/opt" "Mozilla/5.0 AppleWebKit/537.36 (KHTML, like Gecko; compatible; GPTBot/1.3; +https://openai.com/gptbot)" 396 **0/396955**
57.141.20.38 - - [17/Mar/2026:05:16:33 -0700] "GET /shopdetail/1325926396.html HTTP/2.0" 403 55633 "-" "meta-externalagent/1.1 (+https://developers.facebook.com/docs/sharing/webmasters/crawler)" 323 **0/323281**
74.7.243.230 - - [17/Mar/2026:05:16:31 -0700] "GET /?fileloc=//proc/self/root/proc/thread-self/root/bin/perlml&path=//proc/self/root/proc/thread-self/root/bin HTTP/2.0" 200 4183 "https://powerchemyapikimyasallari.com/?path=//proc/self/root/proc/thread-self/root/bin" "Mozilla/5.0 AppleWebKit/537.36 (KHTML, like Gecko; compatible; GPTBot/1.3; +https://openai.com/gptbot)" 3235 **3/3235020**
57.141.20.17 - - [17/Mar/2026:05:16:34 -0700] "GET /shopdetail/3297073970.html HTTP/2.0" 403 55633 "-" "meta-externalagent/1.1 (+https://developers.facebook.com/docs/sharing/webmasters/crawler)" 316 **0/316131**
57.141.20.31 - - [17/Mar/2026:05:16:34 -0700] "GET /shopdetail/1109668932.html HTTP/2.0" 403 55633 "-" "meta-externalagent/1.1 (+https://developers.facebook.com/docs/sharing/webmasters/crawler)" 319 **0/319355**
74.7.243.230 - - [17/Mar/2026:05:16:34 -0700] "GET /?fileloc=//proc/self/root/proc/thread-self/root/bin/ex&path=//proc/self/root/proc/thread-self/root/bin HTTP/2.0" 200 485690 "https://powerchemyapikimyasallari.com/?path=//proc/self/root/proc/thread-self/root/bin" "Mozilla/5.0 AppleWebKit/537.36 (KHTML, like Gecko; compatible; GPTBot/1.3; +https://openai.com/gptbot)" 616 **0/616169**
57.141.20.21 - - [17/Mar/2026:05:16:35 -0700] "GET /shopdetail/2624831666.html HTTP/2.0" 403 55633 "-" "meta-externalagent/1.1 (+https://developers.facebook.com/docs/sharing/webmasters/crawler)" 302 **0/302484**
57.141.20.59 - - [17/Mar/2026:05:16:35 -0700] "GET /shopdetail/262598086.html HTTP/2.0" 403 55633 "-" "meta-externalagent/1.1 (+https://developers.facebook.com/docs/sharing/webmasters/crawler)" 317 **0/317819**
57.141.20.57 - - [17/Mar/2026:05:16:35 -0700] "GET /shopdetail/3985694198.html HTTP/2.0" 403 55633 "-" "meta-externalagent/1.1 (+https://developers.facebook.com/docs/sharing/webmasters/crawler)" 299 **0/299247**
57.141.20.2 - - [17/Mar/2026:05:16:36 -0700] "GET /shopdetail/1484448460.html HTTP/2.0" 403 55633 "-" "meta-externalagent/1.1 (+https://developers.facebook.com/docs/sharing/webmasters/crawler)" 288 **0/288765**
216.73.216.106 - - [17/Mar/2026:05:16:36 -0700] "GET /shopdetail/170772276.html?path=%2Fhome%2Ffmbi332s7bv7%2Fpublic_html%2Fwp-includes%2Fsitemaps HTTP/2.0" 200 2843 "-" "Mozilla/5.0 AppleWebKit/537.36 (KHTML, like Gecko; compatible; ClaudeBot/1.0; +claudebot@anthropic.com)" 316 **0/316087**
57.141.20.44 - - [17/Mar/2026:05:16:36 -0700] "GET /shopdetail/3644370560.html HTTP/2.0" 403 55633 "-" "meta-externalagent/1.1 (+https://developers.facebook.com/docs/sharing/webmasters/crawler)" 313 **0/313325**
74.7.242.33 - - [17/Mar/2026:05:16:36 -0700] "GET /?path=//proc/self/root/proc/thread-self/root/proc/thread-self/root/proc/thread-self/root/proc/self/root/proc/thread-self/root/proc/self/root/proc/self/root/proc/thread-self/root/usr/lib/firmware/mellanox HTTP/2.0" 200 4370 "https://www.powerchemyapikimyasallari.com/?path=//proc/self/root/proc/thread-self/root/proc/thread-self/root/proc/thread-self/root/proc/self/root/proc/thread-self/root/proc/self/root/proc/self/root/proc/thread-self/root/usr/lib/firmware" "Mozilla/5.0 AppleWebKit/537.36 (KHTML, like Gecko; compatible; GPTBot/1.3; +https://openai.com/gptbot)" 350 **0/350198**
57.141.20.43 - - [17/Mar/2026:05:16:36 -0700] "GET /shopdetail/613477055.html HTTP/2.0" 403 55633 "-" "meta-externalagent/1.1 (+https://developers.facebook.com/docs/sharing/webmasters/crawler)" 286 **0/286253**
57.141.20.52 - - [17/Mar/2026:05:16:37 -0700] "GET /shopdetail/1379089276.html HTTP/2.0" 403 55633 "-" "meta-externalagent/1.1 (+https://developers.facebook.com/docs/sharing/webmasters/crawler)" 282 **0/282029**
74.7.243.230 - - [17/Mar/2026:05:16:37 -0700] "GET /?fileloc=//proc/self/root/proc/thread-self/root/bin/chown&path=//proc/self/root/proc/thread-self/root/bin HTTP/2.0" 200 30382 "https://powerchemyapikimyasallari.com/?path=//proc/self/root/proc/thread-self/root/bin" "Mozilla/5.0 AppleWebKit/537.36 (KHTML, like Gecko; compatible; GPTBot/1.3; +https://openai.com/gptbot)" 335 **0/335490**
57.141.20.36 - - [17/Mar/2026:05:16:37 -0700] "GET /shopdetail/3755268808.html HTTP/2.0" 403 55633 "-" "meta-externalagent/1.1 (+https://developers.facebook.com/docs/sharing/webmasters/crawler)" 296 **0/296599**
57.141.20.56 - - [17/Mar/2026:05:16:37 -0700] "GET /shopdetail/2320751891.html HTTP/2.0" 403 55633 "-" "meta-externalagent/1.1 (+https://developers.facebook.com/docs/sharing/webmasters/crawler)" 386 **0/386784**
57.141.20.4 - - [17/Mar/2026:05:16:38 -0700] "GET /shopdetail/1092150355.html HTTP/2.0" 403 55633 "-" "meta-externalagent/1.1 (+https://developers.facebook.com/docs/sharing/webmasters/crawler)" 311 **0/311281**
57.141.20.16 - - [17/Mar/2026:05:16:38 -0700] "GET /shopdetail/1008230602.html?fileloc=/home/fmbi332s7bv7/public_html/index.php&path=/home/fmbi332s7bv7/public_html HTTP/2.0" 403 55633 "-" "meta-externalagent/1.1 (+https://developers.facebook.com/docs/sharing/webmasters/crawler)" 296 **0/296816**
57.141.20.27 - - [17/Mar/2026:05:16:38 -0700] "GET /shopdetail/1008230602.html?fileloc=/home/fmbi332s7bv7/public_html/wp-config.php&path=/home/fmbi332s7bv7/public_html HTTP/2.0" 403 55633 "-" "meta-externalagent/1.1 (+https://developers.facebook.com/docs/sharing/webmasters/crawler)" 312 **0/312036**
57.141.20.59 - - [17/Mar/2026:05:16:39 -0700] "GET /shopdetail/3374950216.html HTTP/2.0" 403 55633 "-" "meta-externalagent/1.1 (+https://developers.facebook.com/docs/sharing/webmasters/crawler)" 297 **0/297499**
216.73.216.106 - - [17/Mar/2026:05:16:39 -0700] "GET /shopdetail/3592743261.html?path=%2Fhome%2Ffmbi332s7bv7%2Fapplication_backups HTTP/2.0" 200 2309 "-" "Mozilla/5.0 AppleWebKit/537.36 (KHTML, like Gecko; compatible; ClaudeBot/1.0; +claudebot@anthropic.com)" 305 **0/305252**
57.141.20.46 - - [17/Mar/2026:05:16:39 -0700] "GET /shopdetail/3628772885.html?fileloc=/home/fmbi332s7bv7/public_html/wp-includes/block-patterns/query-grid-posts.php&path=/home/fmbi332s7bv7/public_html/wp-includes/block-patterns HTTP/2.0" 403 55633 "-" "meta-externalagent/1.1 (+https://developers.facebook.com/docs/sharing/webmasters/crawler)" 301 **0/301513**
74.7.242.33 - - [17/Mar/2026:05:16:39 -0700] "GET /?path=//proc/self/root/proc/thread-self/root/proc/thread-self/root/proc/thread-self/root/proc/self/root/proc/thread-self/root/proc/self/root/proc/self/root/proc/thread-self/root/usr/lib/firmware/ositech HTTP/2.0" 200 2749 "https://www.powerchemyapikimyasallari.com/?path=//proc/self/root/proc/thread-self/root/proc/thread-self/root/proc/thread-self/root/proc/self/root/proc/thread-self/root/proc/self/root/proc/self/root/proc/thread-self/root/usr/lib/firmware" "Mozilla/5.0 AppleWebKit/537.36 (KHTML, like Gecko; compatible; GPTBot/1.3; +https://openai.com/gptbot)" 309 **0/309573**
57.141.20.12 - - [17/Mar/2026:05:16:40 -0700] "GET /shopdetail/3756480923.html HTTP/2.0" 403 55633 "-" "meta-externalagent/1.1 (+https://developers.facebook.com/docs/sharing/webmasters/crawler)" 275 **0/275181**
57.141.20.43 - - [17/Mar/2026:05:16:40 -0700] "GET /shopdetail/2096404541.html HTTP/2.0" 403 55633 "-" "meta-externalagent/1.1 (+https://developers.facebook.com/docs/sharing/webmasters/crawler)" 290 **0/290193**
57.141.20.51 - - [17/Mar/2026:05:16:40 -0700] "GET /shopdetail/185543173.html HTTP/2.0" 403 55633 "-" "meta-externalagent/1.1 (+https://developers.facebook.com/docs/sharing/webmasters/crawler)" 304 **0/304369**
74.7.243.230 - - [17/Mar/2026:05:16:40 -0700] "GET /?fileloc=//proc/self/root/proc/thread-self/root/bin/splain&path=//proc/self/root/proc/thread-self/root/bin HTTP/2.0" 200 9644 "https://powerchemyapikimyasallari.com/?path=//proc/self/root/proc/thread-self/root/bin" "Mozilla/5.0 AppleWebKit/537.36 (KHTML, like Gecko; compatible; GPTBot/1.3; +https://openai.com/gptbot)" 295 **0/295800**
57.141.20.11 - - [17/Mar/2026:05:16:40 -0700] "GET /shopdetail/2157902862.html HTTP/2.0" 403 55633 "-" "meta-externalagent/1.1 (+https://developers.facebook.com/docs/sharing/webmasters/crawler)" 294 **0/294518**
57.141.20.11 - - [17/Mar/2026:05:16:41 -0700] "GET /shopdetail/2397643297.html HTTP/2.0" 403 55633 "-" "meta-externalagent/1.1 (+https://developers.facebook.com/docs/sharing/webmasters/crawler)" 288 **0/288587**
57.141.20.7 - - [17/Mar/2026:05:16:41 -0700] "GET /shopdetail/1634228048.html HTTP/2.0" 403 55633 "-" "meta-externalagent/1.1 (+https://developers.facebook.com/docs/sharing/webmasters/crawler)" 297 **0/297112**
216.73.216.106 - - [17/Mar/2026:05:16:42 -0700] "GET /shopdetail/170772276.html?path=%2Fhome%2Ffmbi332s7bv7%2Fpublic_html%2Fwp-includes%2Fblocks%2Fquote HTTP/2.0" 200 2842 "-" "Mozilla/5.0 AppleWebKit/537.36 (KHTML, like Gecko; compatible; ClaudeBot/1.0; +claudebot@anthropic.com)" 304 **0/304931**
57.141.20.11 - - [17/Mar/2026:05:16:42 -0700] "GET /shopdetail/2845311007.html HTTP/2.0" 403 55633 "-" "meta-externalagent/1.1 (+https://developers.facebook.com/docs/sharing/webmasters/crawler)" 306 **0/306201**
57.141.20.50 - - [17/Mar/2026:05:16:42 -0700] "GET /shopdetail/805842454.html HTTP/2.0" 403 55633 "-" "meta-externalagent/1.1 (+https://developers.facebook.com/docs/sharing/webmasters/crawler)" 309 **0/309246**
74.7.242.33 - - [17/Mar/2026:05:16:42 -0700] "GET /?path=//proc/self/root/proc/thread-self/root/proc/thread-self/root/proc/thread-self/root/proc/self/root/proc/thread-self/root/proc/self/root/proc/self/root/proc/self/root/proc/self/root/lib/firmware/libertas HTTP/2.0" 200 3201 "https://www.powerchemyapikimyasallari.com/?path=//proc/self/root/proc/thread-self/root/proc/thread-self/root/proc/thread-self/root/proc/self/root/proc/thread-self/root/proc/self/root/proc/self/root/proc/self/root/proc/self/root/lib/firmware" "Mozilla/5.0 AppleWebKit/537.36 (KHTML, like Gecko; compatible; GPTBot/1.3; +https://openai.com/gptbot)" 328 **0/328317**
57.141.20.11 - - [17/Mar/2026:05:16:42 -0700] "GET /shopdetail/4256163118.html HTTP/2.0" 403 55633 "-" "meta-externalagent/1.1 (+https://developers.facebook.com/docs/sharing/webmasters/crawler)" 348 **0/348042**
57.141.20.55 - - [17/Mar/2026:05:16:43 -0700] "GET /shopdetail/3007996529.html HTTP/2.0" 403 55633 "-" "meta-externalagent/1.1 (+https://developers.facebook.com/docs/sharing/webmasters/crawler)" 337 **0/337497**
57.141.20.30 - - [17/Mar/2026:05:16:43 -0700] "GET /shopdetail/1283694421.html HTTP/2.0" 403 55633 "-" "meta-externalagent/1.1 (+https://developers.facebook.com/docs/sharing/webmasters/crawler)" 288 **0/288867**
57.141.20.32 - - [17/Mar/2026:05:16:43 -0700] "GET /shopdetail/1650534526.html HTTP/2.0" 403 55633 "-" "meta-externalagent/1.1 (+https://developers.facebook.com/docs/sharing/webmasters/crawler)" 297 **0/297333**
57.141.20.16 - - [17/Mar/2026:05:16:43 -0700] "GET /shopdetail/2305046739.html?path=/home/fmbi332s7bv7/public_html HTTP/2.0" 403 55633 "-" "meta-externalagent/1.1 (+https://developers.facebook.com/docs/sharing/webmasters/crawler)" 305 **0/305744**
74.7.243.230 - - [17/Mar/2026:05:16:43 -0700] "GET /?fileloc=//proc/self/root/proc/thread-self/root/bin/rvi&path=//proc/self/root/proc/thread-self/root/bin HTTP/2.0" 200 485690 "https://powerchemyapikimyasallari.com/?path=//proc/self/root/proc/thread-self/root/bin" "Mozilla/5.0 AppleWebKit/537.36 (KHTML, like Gecko; compatible; GPTBot/1.3; +https://openai.com/gptbot)" 606 **0/606842**
57.141.20.21 - - [17/Mar/2026:05:16:44 -0700] "GET /shopdetail/2305046739.html?fileloc=/home/fmbi332s7bv7/public_html/index.php&path=/home/fmbi332s7bv7/public_html HTTP/2.0" 403 55633 "-" "meta-externalagent/1.1 (+https://developers.facebook.com/docs/sharing/webmasters/crawler)" 299 **0/299118**
57.141.20.0 - - [17/Mar/2026:05:16:44 -0700] "GET /shopdetail/831931474.html HTTP/2.0" 403 55633 "-" "meta-externalagent/1.1 (+https://developers.facebook.com/docs/sharing/webmasters/crawler)" 307 **0/307479**
57.141.20.13 - - [17/Mar/2026:05:16:45 -0700] "GET /shopdetail/3846164617.html HTTP/2.0" 403 55633 "-" "meta-externalagent/1.1 (+https://developers.facebook.com/docs/sharing/webmasters/crawler)" 289 **0/289163**
57.141.20.36 - - [17/Mar/2026:05:16:45 -0700] "GET /shopdetail/3061386636.html HTTP/2.0" 403 55633 "-" "meta-externalagent/1.1 (+https://developers.facebook.com/docs/sharing/webmasters/crawler)" 306 **0/306971**
216.73.216.106 - - [17/Mar/2026:05:16:45 -0700] "GET /shopdetail/276294983.html?path=%2Fhome%2Ffmbi332s7bv7%2Fpublic_html%2Fcgi-bin HTTP/2.0" 403 3451 "-" "Mozilla/5.0 AppleWebKit/537.36 (KHTML, like Gecko; compatible; ClaudeBot/1.0; +claudebot@anthropic.com)" 309 **0/309505**
57.141.20.13 - - [17/Mar/2026:05:16:45 -0700] "GET /shopdetail/4273681695.html HTTP/2.0" 403 55633 "-" "meta-externalagent/1.1 (+https://developers.facebook.com/docs/sharing/webmasters/crawler)" 304 **0/304051**
57.141.20.4 - - [17/Mar/2026:05:16:45 -0700] "GET /shopdetail/2467130935.html HTTP/2.0" 403 55633 "-" "meta-externalagent/1.1 (+https://developers.facebook.com/docs/sharing/webmasters/crawler)" 301 **0/301567**
74.7.242.33 - - [17/Mar/2026:05:16:46 -0700] "GET /?path=//proc/self/root/proc/thread-self/root/proc/thread-self/root/proc/thread-self/root/proc/self/root/proc/thread-self/root/proc/self/root/proc/self/root/proc/self/root/proc/self/root/lib/systemd/system-shutdown HTTP/2.0" 200 2490 "https://www.powerchemyapikimyasallari.com/?path=//proc/self/root/proc/thread-self/root/proc/thread-self/root/proc/thread-self/root/proc/self/root/proc/thread-self/root/proc/self/root/proc/self/root/proc/self/root/proc/self/root/lib/systemd" "Mozilla/5.0 AppleWebKit/537.36 (KHTML, like Gecko; compatible; GPTBot/1.3; +https://openai.com/gptbot)" 291 **0/291475**
57.141.20.40 - - [17/Mar/2026:05:16:46 -0700] "GET /shopdetail/44965016.html HTTP/2.0" 403 55633 "-" "meta-externalagent/1.1 (+https://developers.facebook.com/docs/sharing/webmasters/crawler)" 307 **0/307080**
57.141.20.9 - - [17/Mar/2026:05:16:46 -0700] "GET /shopdetail/1162028759.html HTTP/2.0" 403 55633 "-" "meta-externalagent/1.1 (+https://developers.facebook.com/docs/sharing/webmasters/crawler)" 287 **0/287678**
74.7.243.230 - - [17/Mar/2026:05:16:47 -0700] "GET /?fileloc=//proc/self/root/proc/thread-self/root/bin/bzcat&path=//proc/self/root/proc/thread-self/root/bin HTTP/2.0" 200 16042 "https://powerchemyapikimyasallari.com/?path=//proc/self/root/proc/thread-self/root/bin" "Mozilla/5.0 AppleWebKit/537.36 (KHTML, like Gecko; compatible; GPTBot/1.3; +https://openai.com/gptbot)" 326 **0/326258**
57.141.20.40 - - [17/Mar/2026:05:16:47 -0700] "GET /shopdetail/1169041761.html HTTP/2.0" 403 55633 "-" "meta-externalagent/1.1 (+https://developers.facebook.com/docs/sharing/webmasters/crawler)" 301 **0/301338**
57.141.20.24 - - [17/Mar/2026:05:16:47 -0700] "GET /shopdetail/1676459991.html HTTP/2.0" 403 55633 "-" "meta-externalagent/1.1 (+https://developers.facebook.com/docs/sharing/webmasters/crawler)" 317 **0/317635**
57.141.20.20 - - [17/Mar/2026:05:16:47 -0700] "GET /shopdetail/242473492.html HTTP/2.0" 403 55633 "-" "meta-externalagent/1.1 (+https://developers.facebook.com/docs/sharing/webmasters/crawler)" 302 **0/302929**
57.141.20.30 - - [17/Mar/2026:05:16:48 -0700] "GET /shopdetail/97324859.html HTTP/2.0" 403 55633 "-" "meta-externalagent/1.1 (+https://developers.facebook.com/docs/sharing/webmasters/crawler)" 296 **0/296973**
216.73.216.106 - - [17/Mar/2026:05:16:48 -0700] "GET /shopdetail/3032798889.html?path=%2Fhome%2Ffmbi332s7bv7%2Fpublic_html%2Fwp-admin%2Fincludes HTTP/2.0" 403 3451 "-" "Mozilla/5.0 AppleWebKit/537.36 (KHTML, like Gecko; compatible; ClaudeBot/1.0; +claudebot@anthropic.com)" 295 **0/295990**
57.141.20.38 - - [17/Mar/2026:05:16:49 -0700] "GET /shopdetail/2544185848.html HTTP/2.0" 200 55633 "-" "meta-externalagent/1.1 (+https://developers.facebook.com/docs/sharing/webmasters/crawler)" 290 **0/290640**
74.7.242.33 - - [17/Mar/2026:05:16:49 -0700] "GET /?path=//proc/self/root/proc/thread-self/root/proc/thread-self/root/proc/thread-self/root/proc/self/root/proc/thread-self/root/proc/thread-self/root/proc/thread-self/root/proc/self/root/usr/lib/prometheus_metrics HTTP/2.0" 200 2717 "https://www.powerchemyapikimyasallari.com/?path=//proc/self/root/proc/thread-self/root/proc/thread-self/root/proc/thread-self/root/proc/self/root/proc/thread-self/root/proc/thread-self/root/proc/thread-self/root/proc/self/root/usr/lib" "Mozilla/5.0 AppleWebKit/537.36 (KHTML, like Gecko; compatible; GPTBot/1.3; +https://openai.com/gptbot)" 288 **0/288143**
57.141.20.3 - - [17/Mar/2026:05:16:49 -0700] "GET /shopdetail/221578242.html HTTP/2.0" 200 55633 "-" "meta-externalagent/1.1 (+https://developers.facebook.com/docs/sharing/webmasters/crawler)" 295 **0/295607**
57.141.20.49 - - [17/Mar/2026:05:16:49 -0700] "GET /shopdetail/1677672090.html HTTP/2.0" 200 55633 "-" "meta-externalagent/1.1 (+https://developers.facebook.com/docs/sharing/webmasters/crawler)" 306 **0/306188**
57.141.20.18 - - [17/Mar/2026:05:16:50 -0700] "GET /shopdetail/2305046739.html?fileloc=/home/fmbi332s7bv7/public_html/wp-blog-header.php&path=/home/fmbi332s7bv7/public_html HTTP/2.0" 200 12773 "-" "meta-externalagent/1.1 (+https://developers.facebook.com/docs/sharing/webmasters/crawler)" 288 **0/288647**
74.7.243.230 - - [17/Mar/2026:05:16:50 -0700] "GET /?fileloc=//proc/self/root/proc/thread-self/root/bin/readlink&path=//proc/self/root/proc/thread-self/root/bin HTTP/2.0" 200 20599 "https://powerchemyapikimyasallari.com/?path=//proc/self/root/proc/thread-self/root/bin" "Mozilla/5.0 AppleWebKit/537.36 (KHTML, like Gecko; compatible; GPTBot/1.3; +https://openai.com/gptbot)" 309 **0/309128**
57.141.20.43 - - [17/Mar/2026:05:16:50 -0700] "GET /shopdetail/1868004057.html HTTP/2.0" 200 55633 "-" "meta-externalagent/1.1 (+https://developers.facebook.com/docs/sharing/webmasters/crawler)" 283 **0/283521**
57.141.20.14 - - [17/Mar/2026:05:16:50 -0700] "GET /shopdetail/2590008696.html HTTP/2.0" 200 55633 "-" "meta-externalagent/1.1 (+https://developers.facebook.com/docs/sharing/webmasters/crawler)" 288 **0/288359**
57.141.20.14 - - [17/Mar/2026:05:16:51 -0700] "GET /shopdetail/2519308959.html HTTP/2.0" 200 55633 "-" "meta-externalagent/1.1 (+https://developers.facebook.com/docs/sharing/webmasters/crawler)" 290 **0/290272**
216.73.216.106 - - [17/Mar/2026:05:16:51 -0700] "GET /shopdetail/170772276.html?path=%2Fhome%2Ffmbi332s7bv7%2Fpublic_html%2Fwp-includes%2Fblocks%2Fverse HTTP/2.0" 403 3451 "-" "Mozilla/5.0 AppleWebKit/537.36 (KHTML, like Gecko; compatible; ClaudeBot/1.0; +claudebot@anthropic.com)" 297 **0/297621**
57.141.20.48 - - [17/Mar/2026:05:16:51 -0700] "GET /shopdetail/2310409839.html HTTP/2.0" 200 55633 "-" "meta-externalagent/1.1 (+https://developers.facebook.com/docs/sharing/webmasters/crawler)" 315 **0/315776**
57.141.20.43 - - [17/Mar/2026:05:16:51 -0700] "GET /shopdetail/2354035700.html HTTP/2.0" 200 55633 "-" "meta-externalagent/1.1 (+https://developers.facebook.com/docs/sharing/webmasters/crawler)" 304 **0/304646**
57.141.20.18 - - [17/Mar/2026:05:16:52 -0700] "GET /shopdetail/4038693555.html HTTP/2.0" 200 55633 "-" "meta-externalagent/1.1 (+https://developers.facebook.com/docs/sharing/webmasters/crawler)" 294 **0/294298**
57.141.20.7 - - [17/Mar/2026:05:16:52 -0700] "GET /shopdetail/2305046739.html?path=/home/fmbi332s7bv7/public_html/.tmb HTTP/2.0" 200 14346 "-" "meta-externalagent/1.1 (+https://developers.facebook.com/docs/sharing/webmasters/crawler)" 304 **0/304413**
74.7.242.33 - - [17/Mar/2026:05:16:52 -0700] "GET /?path=//proc/self/root/proc/thread-self/root/proc/thread-self/root/proc/thread-self/root/proc/self/root/proc/thread-self/root/proc/self/root/proc/self/root/proc/thread-self/root/proc/self/root/usr/include/netpacket HTTP/2.0" 200 2746 "https://www.powerchemyapikimyasallari.com/?path=//proc/self/root/proc/thread-self/root/proc/thread-self/root/proc/thread-self/root/proc/self/root/proc/thread-self/root/proc/self/root/proc/self/root/proc/thread-self/root/proc/self/root/usr/include" "Mozilla/5.0 AppleWebKit/537.36 (KHTML, like Gecko; compatible; GPTBot/1.3; +https://openai.com/gptbot)" 285 **0/285135**
57.141.20.43 - - [17/Mar/2026:05:16:52 -0700] "GET /shopdetail/2305046739.html?fileloc=/home/fmbi332s7bv7/public_html/wp-config.php&path=/home/fmbi332s7bv7/public_html HTTP/2.0" 200 16519 "-" "meta-externalagent/1.1 (+https://developers.facebook.com/docs/sharing/webmasters/crawler)" 296 **0/296116**
57.141.20.43 - - [17/Mar/2026:05:16:53 -0700] "GET /shopdetail/3718150136.html?fileloc=/home/fmbi332s7bv7/public_html/wp-links-opml.php&path=/home/fmbi332s7bv7/public_html HTTP/2.0" 200 15456 "-" "meta-externalagent/1.1 (+https://developers.facebook.com/docs/sharing/webmasters/crawler)" 320 **0/320571**
57.141.20.54 - - [17/Mar/2026:05:16:53 -0700] "GET /shopdetail/3718150136.html?path=/ HTTP/2.0" 200 30425 "-" "meta-externalagent/1.1 (+https://developers.facebook.com/docs/sharing/webmasters/crawler)" 302 **0/302360**
74.7.243.230 - - [17/Mar/2026:05:16:53 -0700] "GET /?fileloc=//proc/self/root/proc/thread-self/root/bin/mcookie&path=//proc/self/root/proc/thread-self/root/bin HTTP/2.0" 200 14784 "https://powerchemyapikimyasallari.com/?path=//proc/self/root/proc/thread-self/root/bin" "Mozilla/5.0 AppleWebKit/537.36 (KHTML, like Gecko; compatible; GPTBot/1.3; +https://openai.com/gptbot)" 339 **0/339001**
57.141.20.31 - - [17/Mar/2026:05:16:53 -0700] "GET /shopdetail/3718150136.html?path=/home/fmbi332s7bv7/public_html/wp-includes HTTP/2.0" 200 436967 "-" "meta-externalagent/1.1 (+https://developers.facebook.com/docs/sharing/webmasters/crawler)" 699 **0/699725**
57.141.20.27 - - [17/Mar/2026:05:16:54 -0700] "GET /shopdetail/2305046739.html?path=/home/fmbi332s7bv7/public_html/cgi-bin HTTP/2.0" 200 15767 "-" "meta-externalagent/1.1 (+https://developers.facebook.com/docs/sharing/webmasters/crawler)" 309 **0/309012**
57.141.20.22 - - [17/Mar/2026:05:16:54 -0700] "GET /shopdetail/2305046739.html?fileloc=/home/fmbi332s7bv7/public_html/wp-load.php&path=/home/fmbi332s7bv7/public_html HTTP/2.0" 200 16907 "-" "meta-externalagent/1.1 (+https://developers.facebook.com/docs/sharing/webmasters/crawler)" 462 **0/462148**
216.73.216.106 - - [17/Mar/2026:05:16:54 -0700] "GET /shopdetail/338139204.html?path=%2Fhome%2Ffmbi332s7bv7%2Fpublic_html%2Fcgi-bin HTTP/2.0" 403 3451 "-" "Mozilla/5.0 AppleWebKit/537.36 (KHTML, like Gecko; compatible; ClaudeBot/1.0; +claudebot@anthropic.com)" 366 **0/366819**
57.141.20.23 - - [17/Mar/2026:05:16:54 -0700] "GET /shopdetail/1241117136.html HTTP/2.0" 200 55633 "-" "meta-externalagent/1.1 (+https://developers.facebook.com/docs/sharing/webmasters/crawler)" 295 **0/295007**
57.141.20.2 - - [17/Mar/2026:05:16:54 -0700] "GET /shopdetail/2305046739.html?path=/home/fmbi332s7bv7/public_html/images HTTP/2.0" 200 17301 "-" "meta-externalagent/1.1 (+https://developers.facebook.com/docs/sharing/webmasters/crawler)" 340 **0/340598**
74.7.242.33 - - [17/Mar/2026:05:16:55 -0700] "GET /?path=//proc/self/root/proc/thread-self/root/proc/thread-self/root/proc/thread-self/root/proc/self/root/proc/thread-self/root/proc/self/root/proc/thread-self/root/proc/self/root/proc/self/root/lib/systemd/system-sleep HTTP/2.0" 200 2479 "https://www.powerchemyapikimyasallari.com/?path=//proc/self/root/proc/thread-self/root/proc/thread-self/root/proc/thread-self/root/proc/self/root/proc/thread-self/root/proc/self/root/proc/thread-self/root/proc/self/root/proc/self/root/lib/systemd" "Mozilla/5.0 AppleWebKit/537.36 (KHTML, like Gecko; compatible; GPTBot/1.3; +https://openai.com/gptbot)" 298 **0/298678**
57.141.20.55 - - [17/Mar/2026:05:16:55 -0700] "GET /shopdetail/3223551496.html?fileloc=/home/fmbi332s7bv7/public_html/wp-activate.php&path=/home/fmbi332s7bv7/public_html HTTP/2.0" 200 21420 "-" "meta-externalagent/1.1 (+https://developers.facebook.com/docs/sharing/webmasters/crawler)" 290 **0/290410**
57.141.20.55 - - [17/Mar/2026:05:16:55 -0700] "GET /shopdetail/3718150136.html?fileloc=/home/fmbi332s7bv7/public_html/error_log&path=/home/fmbi332s7bv7/public_html HTTP/2.0" 200 634236 "-" "meta-externalagent/1.1 (+https://developers.facebook.com/docs/sharing/webmasters/crawler)" 781 **0/781152**
57.141.20.9 - - [17/Mar/2026:05:16:55 -0700] "GET /shopdetail/3116819444.html HTTP/2.0" 200 55633 "-" "meta-externalagent/1.1 (+https://developers.facebook.com/docs/sharing/webmasters/crawler)" 312 **0/312750**
57.141.20.54 - - [17/Mar/2026:05:16:56 -0700] "GET /shopdetail/3718150136.html?fileloc=/home/fmbi332s7bv7/public_html/index.php&path=/home/fmbi332s7bv7/public_html HTTP/2.0" 200 35955 "-" "meta-externalagent/1.1 (+https://developers.facebook.com/docs/sharing/webmasters/crawler)" 325 **0/325379**
74.7.243.230 - - [17/Mar/2026:05:16:56 -0700] "GET /?fileloc=//proc/self/root/proc/thread-self/root/bin/gzip&path=//proc/self/root/proc/thread-self/root/bin HTTP/2.0" 200 43450 "https://powerchemyapikimyasallari.com/?path=//proc/self/root/proc/thread-self/root/bin" "Mozilla/5.0 AppleWebKit/537.36 (KHTML, like Gecko; compatible; GPTBot/1.3; +https://openai.com/gptbot)" 317 **0/317001**
57.141.20.38 - - [17/Mar/2026:05:16:56 -0700] "GET /shopdetail/3384214866.html HTTP/2.0" 200 55633 "-" "meta-externalagent/1.1 (+https://developers.facebook.com/docs/sharing/webmasters/crawler)" 300 **0/300511**
57.141.20.19 - - [17/Mar/2026:05:16:57 -0700] "GET /shopdetail/2305046739.html?fileloc=/home/fmbi332s7bv7/public_html/wp-trackback.php&path=/home/fmbi332s7bv7/public_html HTTP/2.0" 200 18395 "-" "meta-externalagent/1.1 (+https://developers.facebook.com/docs/sharing/webmasters/crawler)" 311 **0/311242**
57.141.20.52 - - [17/Mar/2026:05:16:57 -0700] "GET /shopdetail/3718150136.html?fileloc=/home/fmbi332s7bv7/public_html/wp-activate.php&path=/home/fmbi332s7bv7/public_html HTTP/2.0" 200 21420 "-" "meta-externalagent/1.1 (+https://developers.facebook.com/docs/sharing/webmasters/crawler)" 304 **0/304433**
216.73.216.106 - - [17/Mar/2026:05:16:57 -0700] "GET /shopdetail/3951927881.html?path=%2F%2Fopt%2Falt%2Flibmemcached HTTP/2.0" 403 3451 "-" "Mozilla/5.0 AppleWebKit/537.36 (KHTML, like Gecko; compatible; ClaudeBot/1.0; +claudebot@anthropic.com)" 360 **0/360811**
57.141.20.52 - - [17/Mar/2026:05:16:57 -0700] "GET /shopdetail/1462657579.html HTTP/2.0" 200 55633 "-" "meta-externalagent/1.1 (+https://developers.facebook.com/docs/sharing/webmasters/crawler)" 288 **0/288717**
57.141.20.22 - - [17/Mar/2026:05:16:57 -0700] "GET /shopdetail/857339047.html HTTP/2.0" 200 55633 "-" "meta-externalagent/1.1 (+https://developers.facebook.com/docs/sharing/webmasters/crawler)" 309 **0/309663**
57.141.20.32 - - [17/Mar/2026:05:16:58 -0700] "GET /shopdetail/3829340247.html HTTP/2.0" 200 55633 "-" "meta-externalagent/1.1 (+https://developers.facebook.com/docs/sharing/webmasters/crawler)" 326 **0/326664**
57.141.20.28 - - [17/Mar/2026:05:16:58 -0700] "GET /shopdetail/4009889688.html HTTP/2.0" 200 55633 "-" "meta-externalagent/1.1 (+https://developers.facebook.com/docs/sharing/webmasters/crawler)" 293 **0/293937**
57.141.20.22 - - [17/Mar/2026:05:16:58 -0700] "GET /shopdetail/2170707708.html HTTP/2.0" 200 55633 "-" "meta-externalagent/1.1 (+https://developers.facebook.com/docs/sharing/webmasters/crawler)" 292 **0/292751**
57.141.20.36 - - [17/Mar/2026:05:16:58 -0700] "GET /shopdetail/3354371434.html HTTP/2.0" 200 55633 "-" "meta-externalagent/1.1 (+https://developers.facebook.com/docs/sharing/webmasters/crawler)" 339 **0/339859**
74.7.242.33 - - [17/Mar/2026:05:16:58 -0700] "GET /?path=//proc/self/root/proc/thread-self/root/proc/thread-self/root/proc/thread-self/root/proc/self/root/proc/thread-self/root/proc/thread-self/root/proc/thread-self/root/proc/thread-self/root/lib/firmware HTTP/2.0" 200 13184 "https://www.powerchemyapikimyasallari.com/?path=//proc/self/root/proc/thread-self/root/proc/thread-self/root/proc/thread-self/root/proc/self/root/proc/thread-self/root/proc/thread-self/root/proc/thread-self/root/proc/thread-self/root/lib" "Mozilla/5.0 AppleWebKit/537.36 (KHTML, like Gecko; compatible; GPTBot/1.3; +https://openai.com/gptbot)" 614 **0/614972**
57.141.20.43 - - [17/Mar/2026:05:16:59 -0700] "GET /shopdetail/2800593318.html?path=/home/fmbi332s7bv7/public_html/cgi-bin HTTP/2.0" 200 15767 "-" "meta-externalagent/1.1 (+https://developers.facebook.com/docs/sharing/webmasters/crawler)" 310 **0/310381**
74.7.243.230 - - [17/Mar/2026:05:16:59 -0700] "GET /?fileloc=//proc/self/root/proc/thread-self/root/bin/mytop&path=//proc/self/root/proc/thread-self/root/bin HTTP/2.0" 200 23322 "https://powerchemyapikimyasallari.com/?path=//proc/self/root/proc/thread-self/root/bin" "Mozilla/5.0 AppleWebKit/537.36 (KHTML, like Gecko; compatible; GPTBot/1.3; +https://openai.com/gptbot)" 309 **0/309206**
57.141.20.22 - - [17/Mar/2026:05:16:59 -0700] "GET /shopdetail/3718150136.html?fileloc=/home/fmbi332s7bv7/public_html/wp-comments-post.php&path=/home/fmbi332s7bv7/public_html HTTP/2.0" 200 15070 "-" "meta-externalagent/1.1 (+https://developers.facebook.com/docs/sharing/webmasters/crawler)" 487 **0/487784**
216.73.216.106 - - [17/Mar/2026:05:17:00 -0700] "GET /shopdetail/1887990494.html?path=%2Fhome%2Ffmbi332s7bv7%2Fpublic_html%2Fcgi-bin HTTP/2.0" 403 3451 "-" "Mozilla/5.0 AppleWebKit/537.36 (KHTML, like Gecko; compatible; ClaudeBot/1.0; +claudebot@anthropic.com)" 362 **0/362330**
57.141.20.8 - - [17/Mar/2026:05:17:00 -0700] "GET /shopdetail/771544915.html HTTP/2.0" 200 55633 "-" "meta-externalagent/1.1 (+https://developers.facebook.com/docs/sharing/webmasters/crawler)" 357 **0/357126**
57.141.20.24 - - [17/Mar/2026:05:17:00 -0700] "GET /shopdetail/351132900.html HTTP/2.0" 200 55633 "-" "meta-externalagent/1.1 (+https://developers.facebook.com/docs/sharing/webmasters/crawler)" 341 **0/341043**
57.141.20.22 - - [17/Mar/2026:05:17:00 -0700] "GET /shopdetail/200772217.html HTTP/2.0" 200 55633 "-" "meta-externalagent/1.1 (+https://developers.facebook.com/docs/sharing/webmasters/crawler)" 323 **0/323691**
57.141.20.23 - - [17/Mar/2026:05:17:00 -0700] "GET /shopdetail/3088642331.html HTTP/2.0" 200 55633 "-" "meta-externalagent/1.1 (+https://developers.facebook.com/docs/sharing/webmasters/crawler)" 358 **0/358952**
195.178.110.64 - - [17/Mar/2026:05:17:00 -0700] "GET / HTTP/1.1" 200 3953 "-" "Mozilla/5.0" 344 **0/344790**
57.141.20.2 - - [17/Mar/2026:05:17:01 -0700] "GET /shopdetail/1100202890.html HTTP/2.0" 200 55633 "-" "meta-externalagent/1.1 (+https://developers.facebook.com/docs/sharing/webmasters/crawler)" 361 **0/361487**
57.141.20.5 - - [17/Mar/2026:05:17:01 -0700] "GET /shopdetail/2364512449.html HTTP/2.0" 200 55633 "-" "meta-externalagent/1.1 (+https://developers.facebook.com/docs/sharing/webmasters/crawler)" 606 **0/606535**
57.141.20.50 - - [17/Mar/2026:05:17:01 -0700] "GET /shopdetail/3353159335.html HTTP/2.0" 200 55633 "-" "meta-externalagent/1.1 (+https://developers.facebook.com/docs/sharing/webmasters/crawler)" 351 **0/351409**
74.7.242.33 - - [17/Mar/2026:05:17:02 -0700] "GET /?path=//proc/self/root/proc/thread-self/root/proc/thread-self/root/proc/thread-self/root/proc/self/root/proc/thread-self/root/proc/self/root/proc/self/root/proc/self/root/proc/thread-self/root/lib/firmware/amdtee HTTP/2.0" 200 2892 "https://www.powerchemyapikimyasallari.com/?path=//proc/self/root/proc/thread-self/root/proc/thread-self/root/proc/thread-self/root/proc/self/root/proc/thread-self/root/proc/self/root/proc/self/root/proc/self/root/proc/thread-self/root/lib/firmware" "Mozilla/5.0 AppleWebKit/537.36 (KHTML, like Gecko; compatible; GPTBot/1.3; +https://openai.com/gptbot)" 375 **0/375437**
57.141.20.48 - - [17/Mar/2026:05:17:02 -0700] "GET /shopdetail/3191104833.html HTTP/2.0" 200 55633 "-" "meta-externalagent/1.1 (+https://developers.facebook.com/docs/sharing/webmasters/crawler)" 329 **0/329619**
57.141.20.4 - - [17/Mar/2026:05:17:02 -0700] "GET /shopdetail/1414624733.html HTTP/2.0" 200 55633 "-" "meta-externalagent/1.1 (+https://developers.facebook.com/docs/sharing/webmasters/crawler)" 354 **0/354511**
57.141.20.44 - - [17/Mar/2026:05:17:03 -0700] "GET /shopdetail/2827274522.html HTTP/2.0" 200 55633 "-" "meta-externalagent/1.1 (+https://developers.facebook.com/docs/sharing/webmasters/crawler)" 371 **0/371211**
216.73.216.106 - - [17/Mar/2026:05:17:03 -0700] "GET /shopdetail/1843174351.html?path=%2Fhome%2Ffmbi332s7bv7%2Fpublic_html%2Fcgi-bin HTTP/2.0" 403 3451 "-" "Mozilla/5.0 AppleWebKit/537.36 (KHTML, like Gecko; compatible; ClaudeBot/1.0; +claudebot@anthropic.com)" 368 **0/368585**
57.141.20.7 - - [17/Mar/2026:05:17:03 -0700] "GET /shopdetail/2145476920.html HTTP/2.0" 200 55633 "-" "meta-externalagent/1.1 (+https://developers.facebook.com/docs/sharing/webmasters/crawler)" 383 **0/383404**
74.7.243.230 - - [17/Mar/2026:05:17:02 -0700] "GET /?fileloc=//proc/self/root/proc/thread-self/root/bin/rvim&path=//proc/self/root/proc/thread-self/root/bin HTTP/2.0" 200 1269534 "https://powerchemyapikimyasallari.com/?path=//proc/self/root/proc/thread-self/root/bin" "Mozilla/5.0 AppleWebKit/537.36 (KHTML, like Gecko; compatible; GPTBot/1.3; +https://openai.com/gptbot)" 1388 **1/1388378**
57.141.20.52 - - [17/Mar/2026:05:17:03 -0700] "GET /shopdetail/709584397.html HTTP/2.0" 200 55633 "-" "meta-externalagent/1.1 (+https://developers.facebook.com/docs/sharing/webmasters/crawler)" 402 **0/402837**
57.141.20.36 - - [17/Mar/2026:05:17:03 -0700] "GET /shopdetail/2904165912.html HTTP/2.0" 200 55633 "-" "meta-externalagent/1.1 (+https://developers.facebook.com/docs/sharing/webmasters/crawler)" 357 **0/357544**
57.141.20.24 - - [17/Mar/2026:05:17:03 -0700] "GET /shopdetail/2869506497.html HTTP/2.0" 200 55633 "-" "meta-externalagent/1.1 (+https://developers.facebook.com/docs/sharing/webmasters/crawler)" 354 **0/354962**
57.141.20.14 - - [17/Mar/2026:05:17:04 -0700] "GET /shopdetail/2554617173.html HTTP/2.0" 200 55633 "-" "meta-externalagent/1.1 (+https://developers.facebook.com/docs/sharing/webmasters/crawler)" 317 **0/317001**
57.141.20.52 - - [17/Mar/2026:05:17:04 -0700] "GET /shopdetail/2581918276.html HTTP/2.0" 200 55633 "-" "meta-externalagent/1.1 (+https://developers.facebook.com/docs/sharing/webmasters/crawler)" 339 **0/339590**
74.7.242.33 - - [17/Mar/2026:05:17:05 -0700] "GET /?path=//proc/self/root/proc/thread-self/root/proc/thread-self/root/proc/thread-self/root/proc/self/root/proc/thread-self/root/proc/self/root/proc/self/root/proc/thread-self/root/proc/self/root/usr/include/ncurses HTTP/2.0" 200 3293 "https://www.powerchemyapikimyasallari.com/?path=//proc/self/root/proc/thread-self/root/proc/thread-self/root/proc/thread-self/root/proc/self/root/proc/thread-self/root/proc/self/root/proc/self/root/proc/thread-self/root/proc/self/root/usr/include" "Mozilla/5.0 AppleWebKit/537.36 (KHTML, like Gecko; compatible; GPTBot/1.3; +https://openai.com/gptbot)" 381 **0/381561**
57.141.20.46 - - [17/Mar/2026:05:17:05 -0700] "GET /shopdetail/1098990791.html HTTP/2.0" 200 55633 "-" "meta-externalagent/1.1 (+https://developers.facebook.com/docs/sharing/webmasters/crawler)" 321 **0/321901**
57.141.20.0 - - [17/Mar/2026:05:17:05 -0700] "GET /shopdetail/2782500250.html HTTP/2.0" 200 55633 "-" "meta-externalagent/1.1 (+https://developers.facebook.com/docs/sharing/webmasters/crawler)" 308 **0/308728**
74.7.243.230 - - [17/Mar/2026:05:17:05 -0700] "GET /?fileloc=//proc/self/root/proc/thread-self/root/bin/tty&path=//proc/self/root/proc/thread-self/root/bin HTTP/2.0" 200 14591 "https://powerchemyapikimyasallari.com/?path=//proc/self/root/proc/thread-self/root/bin" "Mozilla/5.0 AppleWebKit/537.36 (KHTML, like Gecko; compatible; GPTBot/1.3; +https://openai.com/gptbot)" 316 **0/316021**
57.141.20.2 - - [17/Mar/2026:05:17:05 -0700] "GET /shopdetail/2800593318.html?path=/home/fmbi332s7bv7/public_html/wp-includes HTTP/2.0" 200 436967 "-" "meta-externalagent/1.1 (+https://developers.facebook.com/docs/sharing/webmasters/crawler)" 675 **0/675806**
216.73.216.106 - - [17/Mar/2026:05:17:06 -0700] "GET /hello-world?fileloc=%2F%2Fhome%2Ffmbi332s7bv7%2Fwww%2Fwp-admin%2Fnetwork%2Fsetup.php&path=%2F%2Fhome%2Ffmbi332s7bv7%2Fwww%2Fwp-admin%2Fnetwork HTTP/2.0" 403 3451 "-" "Mozilla/5.0 AppleWebKit/537.36 (KHTML, like Gecko; compatible; ClaudeBot/1.0; +claudebot@anthropic.com)" 308 **0/308141**
57.141.20.36 - - [17/Mar/2026:05:17:06 -0700] "GET /shopdetail/4821198.html HTTP/2.0" 200 55633 "-" "meta-externalagent/1.1 (+https://developers.facebook.com/docs/sharing/webmasters/crawler)" 335 **0/335019**
57.141.20.34 - - [17/Mar/2026:05:17:06 -0700] "GET /shopdetail/3777325778.html HTTP/2.0" 200 55633 "-" "meta-externalagent/1.1 (+https://developers.facebook.com/docs/sharing/webmasters/crawler)" 296 **0/296491**
57.141.20.24 - - [17/Mar/2026:05:17:07 -0700] "GET /shopdetail/4279146509.html HTTP/2.0" 200 55633 "-" "meta-externalagent/1.1 (+https://developers.facebook.com/docs/sharing/webmasters/crawler)" 322 **0/322682**
57.141.20.19 - - [17/Mar/2026:05:17:07 -0700] "GET /shopdetail/3358125846.html HTTP/2.0" 200 55633 "-" "meta-externalagent/1.1 (+https://developers.facebook.com/docs/sharing/webmasters/crawler)" 314 **0/314831**
57.141.20.38 - - [17/Mar/2026:05:17:08 -0700] "GET /shopdetail/3793468733.html HTTP/2.0" 200 55633 "-" "meta-externalagent/1.1 (+https://developers.facebook.com/docs/sharing/webmasters/crawler)" 309 **0/309649**
57.141.20.10 - - [17/Mar/2026:05:17:08 -0700] "GET /shopdetail/2798643205.html HTTP/2.0" 200 55633 "-" "meta-externalagent/1.1 (+https://developers.facebook.com/docs/sharing/webmasters/crawler)" 315 **0/315705**
74.7.242.33 - - [17/Mar/2026:05:17:08 -0700] "GET /?path=//proc/self/root/proc/thread-self/root/proc/thread-self/root/proc/thread-self/root/proc/self/root/proc/thread-self/root/proc/thread-self/root/proc/self/root/proc/self/root/proc/self/root/usr/include/netinet HTTP/2.0" 200 3084 "https://www.powerchemyapikimyasallari.com/?path=//proc/self/root/proc/thread-self/root/proc/thread-self/root/proc/thread-self/root/proc/self/root/proc/thread-self/root/proc/thread-self/root/proc/self/root/proc/self/root/proc/self/root/usr/include" "Mozilla/5.0 AppleWebKit/537.36 (KHTML, like Gecko; compatible; GPTBot/1.3; +https://openai.com/gptbot)" 348 **0/348527**
57.141.20.53 - - [17/Mar/2026:05:17:08 -0700] "GET /shopdetail/4187324247.html HTTP/2.0" 200 55633 "-" "meta-externalagent/1.1 (+https://developers.facebook.com/docs/sharing/webmasters/crawler)" 310 **0/310791**
57.141.20.59 - - [17/Mar/2026:05:17:08 -0700] "GET /shopdetail/1316278519.html HTTP/2.0" 200 55633 "-" "meta-externalagent/1.1 (+https://developers.facebook.com/docs/sharing/webmasters/crawler)" 318 **0/318656**
57.141.20.57 - - [17/Mar/2026:05:17:08 -0700] "GET /shopdetail/744243812.html HTTP/2.0" 200 55633 "-" "meta-externalagent/1.1 (+https://developers.facebook.com/docs/sharing/webmasters/crawler)" 292 **0/292883**
74.7.243.230 - - [17/Mar/2026:05:17:08 -0700] "GET /?fileloc=//proc/self/root/proc/thread-self/root/bin/shuf&path=//proc/self/root/proc/thread-self/root/bin HTTP/2.0" 200 25383 "https://powerchemyapikimyasallari.com/?path=//proc/self/root/proc/thread-self/root/bin" "Mozilla/5.0 AppleWebKit/537.36 (KHTML, like Gecko; compatible; GPTBot/1.3; +https://openai.com/gptbot)" 307 **0/307623**
216.73.216.106 - - [17/Mar/2026:05:17:09 -0700] "GET /shopdetail/170772276.html?fileloc=%2Fhome%2Ffmbi332s7bv7%2Fpublic_html%2Fwp-includes%2Fblocks%2Fshortcode.php&path=%2Fhome%2Ffmbi332s7bv7%2Fpublic_html%2Fwp-includes%2Fblocks HTTP/2.0" 403 3451 "-" "Mozilla/5.0 AppleWebKit/537.36 (KHTML, like Gecko; compatible; ClaudeBot/1.0; +claudebot@anthropic.com)" 324 **0/324156**
57.141.20.23 - - [17/Mar/2026:05:17:09 -0700] "GET /shopdetail/3208805229.html HTTP/2.0" 200 55633 "-" "meta-externalagent/1.1 (+https://developers.facebook.com/docs/sharing/webmasters/crawler)" 297 **0/297677**
57.141.20.31 - - [17/Mar/2026:05:17:09 -0700] "GET /shopdetail/979004709.html HTTP/2.0" 200 55633 "-" "meta-externalagent/1.1 (+https://developers.facebook.com/docs/sharing/webmasters/crawler)" 299 **0/299461**
57.141.20.52 - - [17/Mar/2026:05:17:10 -0700] "GET /shopdetail/3356913747.html HTTP/2.0" 200 55633 "-" "meta-externalagent/1.1 (+https://developers.facebook.com/docs/sharing/webmasters/crawler)" 553 **0/553923**
57.141.20.37 - - [17/Mar/2026:05:17:10 -0700] "GET /shopdetail/390940661.html HTTP/2.0" 200 55633 "-" "meta-externalagent/1.1 (+https://developers.facebook.com/docs/sharing/webmasters/crawler)" 293 **0/293352**
57.141.20.23 - - [17/Mar/2026:05:17:10 -0700] "GET /shopdetail/472798578.html HTTP/2.0" 200 55633 "-" "meta-externalagent/1.1 (+https://developers.facebook.com/docs/sharing/webmasters/crawler)" 312 **0/312855**
57.141.20.57 - - [17/Mar/2026:05:17:10 -0700] "GET /shopdetail/3236460184.html HTTP/2.0" 200 55633 "-" "meta-externalagent/1.1 (+https://developers.facebook.com/docs/sharing/webmasters/crawler)" 298 **0/298203**
57.141.20.58 - - [17/Mar/2026:05:17:11 -0700] "GET /shopdetail/3548112471.html HTTP/2.0" 200 55633 "-" "meta-externalagent/1.1 (+https://developers.facebook.com/docs/sharing/webmasters/crawler)" 321 **0/321515**
57.141.20.6 - - [17/Mar/2026:05:17:11 -0700] "GET /shopdetail/1005093729.html HTTP/2.0" 200 55633 "-" "meta-externalagent/1.1 (+https://developers.facebook.com/docs/sharing/webmasters/crawler)" 296 **0/296554**
74.7.242.33 - - [17/Mar/2026:05:17:11 -0700] "GET /?path=//proc/self/root/proc/thread-self/root/proc/thread-self/root/proc/thread-self/root/proc/self/root/proc/thread-self/root/proc/self/root/proc/thread-self/root/proc/self/root/proc/self/root/lib/firmware/qlogic HTTP/2.0" 200 2887 "https://www.powerchemyapikimyasallari.com/?path=//proc/self/root/proc/thread-self/root/proc/thread-self/root/proc/thread-self/root/proc/self/root/proc/thread-self/root/proc/self/root/proc/thread-self/root/proc/self/root/proc/self/root/lib/firmware" "Mozilla/5.0 AppleWebKit/537.36 (KHTML, like Gecko; compatible; GPTBot/1.3; +https://openai.com/gptbot)" 296 **0/296721**
74.7.243.230 - - [17/Mar/2026:05:17:12 -0700] "GET /?fileloc=//proc/self/root/proc/thread-self/root/bin/fc-validate&path=//proc/self/root/proc/thread-self/root/bin HTTP/2.0" 200 6995 "https://powerchemyapikimyasallari.com/?path=//proc/self/root/proc/thread-self/root/bin" "Mozilla/5.0 AppleWebKit/537.36 (KHTML, like Gecko; compatible; GPTBot/1.3; +https://openai.com/gptbot)" 367 **0/367334**
57.141.20.0 - - [17/Mar/2026:05:17:12 -0700] "GET /shopdetail/735673385.html HTTP/2.0" 200 55633 "-" "meta-externalagent/1.1 (+https://developers.facebook.com/docs/sharing/webmasters/crawler)" 309 **0/309442**
216.73.216.106 - - [17/Mar/2026:05:17:12 -0700] "GET /shopdetail/170772276.html?path=%2Fhome%2Ffmbi332s7bv7%2Fpublic_html%2Fwp-includes%2Fblocks%2Fquery-pagination-previous HTTP/2.0" 403 3451 "-" "Mozilla/5.0 AppleWebKit/537.36 (KHTML, like Gecko; compatible; ClaudeBot/1.0; +claudebot@anthropic.com)" 362 **0/362442**
57.141.20.16 - - [17/Mar/2026:05:17:12 -0700] "GET /shopdetail/2335817412.html HTTP/2.0" 200 55633 "-" "meta-externalagent/1.1 (+https://developers.facebook.com/docs/sharing/webmasters/crawler)" 342 **0/342279**
57.141.20.58 - - [17/Mar/2026:05:17:12 -0700] "GET /shopdetail/610599642.html HTTP/2.0" 200 55633 "-" "meta-externalagent/1.1 (+https://developers.facebook.com/docs/sharing/webmasters/crawler)" 303 **0/303744**
57.141.20.56 - - [17/Mar/2026:05:17:13 -0700] "GET /shopdetail/2705608876.html HTTP/2.0" 200 55633 "-" "meta-externalagent/1.1 (+https://developers.facebook.com/docs/sharing/webmasters/crawler)" 317 **0/317406**
57.141.20.32 - - [17/Mar/2026:05:17:13 -0700] "GET /shopdetail/407429963.html HTTP/2.0" 200 55633 "-" "meta-externalagent/1.1 (+https://developers.facebook.com/docs/sharing/webmasters/crawler)" 332 **0/332079**
57.141.20.25 - - [17/Mar/2026:05:17:13 -0700] "GET /shopdetail/4162447358.html HTTP/2.0" 200 55633 "-" "meta-externalagent/1.1 (+https://developers.facebook.com/docs/sharing/webmasters/crawler)" 341 **0/341703**
57.141.20.34 - - [17/Mar/2026:05:17:14 -0700] "GET /shopdetail/3888224026.html HTTP/2.0" 200 55633 "-" "meta-externalagent/1.1 (+https://developers.facebook.com/docs/sharing/webmasters/crawler)" 319 **0/319699**
74.7.242.33 - - [17/Mar/2026:05:17:14 -0700] "GET /?path=//proc/self/root/proc/thread-self/root/proc/thread-self/root/proc/thread-self/root/proc/self/root/proc/thread-self/root/proc/self/root/proc/self/root/proc/self/root/proc/self/root/lib/systemd/system-generators HTTP/2.0" 200 3250 "https://www.powerchemyapikimyasallari.com/?path=//proc/self/root/proc/thread-self/root/proc/thread-self/root/proc/thread-self/root/proc/self/root/proc/thread-self/root/proc/self/root/proc/self/root/proc/self/root/proc/self/root/lib/systemd" "Mozilla/5.0 AppleWebKit/537.36 (KHTML, like Gecko; compatible; GPTBot/1.3; +https://openai.com/gptbot)" 349 **0/349240**
57.141.20.4 - - [17/Mar/2026:05:17:14 -0700] "GET /shopdetail/1033788750.html HTTP/2.0" 200 55633 "-" "meta-externalagent/1.1 (+https://developers.facebook.com/docs/sharing/webmasters/crawler)" 320 **0/320276**
74.7.243.230 - - [17/Mar/2026:05:17:15 -0700] "GET /?fileloc=//proc/self/root/proc/thread-self/root/bin/truncate&path=//proc/self/root/proc/thread-self/root/bin HTTP/2.0" 200 17201 "https://powerchemyapikimyasallari.com/?path=//proc/self/root/proc/thread-self/root/bin" "Mozilla/5.0 AppleWebKit/537.36 (KHTML, like Gecko; compatible; GPTBot/1.3; +https://openai.com/gptbot)" 383 **0/383115**
