57.141.20.36 - - [17/Mar/2026:05:17:15 -0700] "GET /shopdetail/3870523646.html HTTP/2.0" 200 55633 "-" "meta-externalagent/1.1 (+https://developers.facebook.com/docs/sharing/webmasters/crawler)" 378 **0/378890**
57.141.20.55 - - [17/Mar/2026:05:17:15 -0700] "GET /shopdetail/1344746313.html HTTP/2.0" 200 55633 "-" "meta-externalagent/1.1 (+https://developers.facebook.com/docs/sharing/webmasters/crawler)" 322 **0/322952**
216.73.216.106 - - [17/Mar/2026:05:17:15 -0700] "GET /shopdetail/170772276.html?path=%2Fhome%2Ffmbi332s7bv7%2Fpublic_html%2Fwp-includes%2Fblocks%2Fcomments-pagination HTTP/2.0" 403 3451 "-" "Mozilla/5.0 AppleWebKit/537.36 (KHTML, like Gecko; compatible; ClaudeBot/1.0; +claudebot@anthropic.com)" 383 **0/383169**
57.141.20.20 - - [17/Mar/2026:05:17:15 -0700] "GET /shopdetail/2293585469.html HTTP/2.0" 200 55633 "-" "meta-externalagent/1.1 (+https://developers.facebook.com/docs/sharing/webmasters/crawler)" 334 **0/334883**
57.141.20.48 - - [17/Mar/2026:05:17:16 -0700] "GET /shopdetail/464228135.html HTTP/2.0" 200 55633 "-" "meta-externalagent/1.1 (+https://developers.facebook.com/docs/sharing/webmasters/crawler)" 319 **0/319155**
57.141.20.48 - - [17/Mar/2026:05:17:16 -0700] "GET /shopdetail/3045956168.html HTTP/2.0" 200 55633 "-" "meta-externalagent/1.1 (+https://developers.facebook.com/docs/sharing/webmasters/crawler)" 348 **0/348639**
57.141.20.42 - - [17/Mar/2026:05:17:16 -0700] "GET /shopdetail/2049509512.html HTTP/2.0" 200 55633 "-" "meta-externalagent/1.1 (+https://developers.facebook.com/docs/sharing/webmasters/crawler)" 311 **0/311805**
57.141.20.21 - - [17/Mar/2026:05:17:16 -0700] "GET /shopdetail/3258567565.html HTTP/2.0" 200 55633 "-" "meta-externalagent/1.1 (+https://developers.facebook.com/docs/sharing/webmasters/crawler)" 294 **0/294227**
57.141.20.15 - - [17/Mar/2026:05:17:16 -0700] "GET /shopdetail/1003881630.html HTTP/2.0" 200 55633 "-" "meta-externalagent/1.1 (+https://developers.facebook.com/docs/sharing/webmasters/crawler)" 313 **0/313645**
74.7.242.33 - - [17/Mar/2026:05:17:17 -0700] "GET /?path=//proc/self/root/proc/thread-self/root/proc/thread-self/root/proc/thread-self/root/proc/self/root/proc/thread-self/root/proc/thread-self/root/proc/thread-self/root/proc/self/root/etc/crypto-policies/back-ends HTTP/2.0" 200 3052 "https://www.powerchemyapikimyasallari.com/?path=//proc/self/root/proc/thread-self/root/proc/thread-self/root/proc/thread-self/root/proc/self/root/proc/thread-self/root/proc/thread-self/root/proc/thread-self/root/proc/self/root/etc/crypto-policies" "Mozilla/5.0 AppleWebKit/537.36 (KHTML, like Gecko; compatible; GPTBot/1.3; +https://openai.com/gptbot)" 315 **0/315091**
57.141.20.53 - - [17/Mar/2026:05:17:17 -0700] "GET /shopdetail/2144101314.html HTTP/2.0" 200 55633 "-" "meta-externalagent/1.1 (+https://developers.facebook.com/docs/sharing/webmasters/crawler)" 302 **0/302308**
74.7.243.230 - - [17/Mar/2026:05:17:18 -0700] "GET /?fileloc=//proc/self/root/proc/thread-self/root/bin/xsltproc&path=//proc/self/root/proc/thread-self/root/bin HTTP/2.0" 200 11930 "https://powerchemyapikimyasallari.com/?path=//proc/self/root/proc/thread-self/root/bin" "Mozilla/5.0 AppleWebKit/537.36 (KHTML, like Gecko; compatible; GPTBot/1.3; +https://openai.com/gptbot)" 351 **0/351640**
57.141.20.12 - - [17/Mar/2026:05:17:18 -0700] "GET /shopdetail/103819953.html HTTP/2.0" 200 55633 "-" "meta-externalagent/1.1 (+https://developers.facebook.com/docs/sharing/webmasters/crawler)" 296 **0/296285**
57.141.20.50 - - [17/Mar/2026:05:17:18 -0700] "GET /shopdetail/1032576651.html HTTP/2.0" 200 55633 "-" "meta-externalagent/1.1 (+https://developers.facebook.com/docs/sharing/webmasters/crawler)" 308 **0/308488**
57.141.20.21 - - [17/Mar/2026:05:17:18 -0700] "GET /shopdetail/3476200635.html HTTP/2.0" 200 55633 "-" "meta-externalagent/1.1 (+https://developers.facebook.com/docs/sharing/webmasters/crawler)" 312 **0/312066**
57.141.20.47 - - [17/Mar/2026:05:17:18 -0700] "GET /shopdetail/2728928324.html HTTP/2.0" 200 55633 "-" "meta-externalagent/1.1 (+https://developers.facebook.com/docs/sharing/webmasters/crawler)" 320 **0/320063**
57.141.20.50 - - [17/Mar/2026:05:17:19 -0700] "GET /shopdetail/227043056.html HTTP/2.0" 200 55633 "-" "meta-externalagent/1.1 (+https://developers.facebook.com/docs/sharing/webmasters/crawler)" 313 **0/313991**
57.141.20.10 - - [17/Mar/2026:05:17:19 -0700] "GET /shopdetail/3069439155.html HTTP/2.0" 200 55633 "-" "meta-externalagent/1.1 (+https://developers.facebook.com/docs/sharing/webmasters/crawler)" 296 **0/296814**
57.141.20.55 - - [17/Mar/2026:05:17:20 -0700] "GET /shopdetail/3276267945.html HTTP/2.0" 200 55633 "-" "meta-externalagent/1.1 (+https://developers.facebook.com/docs/sharing/webmasters/crawler)" 317 **0/317118**
57.141.20.35 - - [17/Mar/2026:05:17:20 -0700] "GET /shopdetail/694653525.html HTTP/2.0" 200 55633 "-" "meta-externalagent/1.1 (+https://developers.facebook.com/docs/sharing/webmasters/crawler)" 349 **0/349854**
57.141.20.2 - - [17/Mar/2026:05:17:20 -0700] "GET /shopdetail/1735478435.html HTTP/2.0" 200 55633 "-" "meta-externalagent/1.1 (+https://developers.facebook.com/docs/sharing/webmasters/crawler)" 362 **0/362845**
74.7.242.33 - - [17/Mar/2026:05:17:20 -0700] "GET /?path=//proc/self/root/proc/thread-self/root/proc/thread-self/root/proc/thread-self/root/proc/self/root/proc/thread-self/root/proc/self/root/proc/thread-self/root/proc/thread-self/root/var/cloudlinux HTTP/2.0" 200 2701 "https://www.powerchemyapikimyasallari.com/?path=//proc/self/root/proc/thread-self/root/proc/thread-self/root/proc/thread-self/root/proc/self/root/proc/thread-self/root/proc/self/root/proc/thread-self/root/proc/thread-self/root/var" "Mozilla/5.0 AppleWebKit/537.36 (KHTML, like Gecko; compatible; GPTBot/1.3; +https://openai.com/gptbot)" 450 **0/450691**
57.141.20.4 - - [17/Mar/2026:05:17:21 -0700] "GET /shopdetail/2450306565.html HTTP/2.0" 200 55633 "-" "meta-externalagent/1.1 (+https://developers.facebook.com/docs/sharing/webmasters/crawler)" 334 **0/334226**
57.141.20.55 - - [17/Mar/2026:05:17:21 -0700] "GET /shopdetail/229467238.html HTTP/2.0" 200 55633 "-" "meta-externalagent/1.1 (+https://developers.facebook.com/docs/sharing/webmasters/crawler)" 347 **0/347692**
74.7.243.230 - - [17/Mar/2026:05:17:21 -0700] "GET /?fileloc=//proc/self/root/proc/thread-self/root/bin/hostname&path=//proc/self/root/proc/thread-self/root/bin HTTP/2.0" 200 8607 "https://powerchemyapikimyasallari.com/?path=//proc/self/root/proc/thread-self/root/bin" "Mozilla/5.0 AppleWebKit/537.36 (KHTML, like Gecko; compatible; GPTBot/1.3; +https://openai.com/gptbot)" 353 **0/353633**
57.141.20.57 - - [17/Mar/2026:05:17:21 -0700] "GET /shopdetail/4039569597.html HTTP/2.0" 200 55633 "-" "meta-externalagent/1.1 (+https://developers.facebook.com/docs/sharing/webmasters/crawler)" 328 **0/328801**
57.141.20.49 - - [17/Mar/2026:05:17:21 -0700] "GET /shopdetail/1815960714.html HTTP/2.0" 200 55633 "-" "meta-externalagent/1.1 (+https://developers.facebook.com/docs/sharing/webmasters/crawler)" 348 **0/348423**
57.141.20.13 - - [17/Mar/2026:05:17:22 -0700] "GET /shopdetail/638884628.html HTTP/2.0" 200 55633 "-" "meta-externalagent/1.1 (+https://developers.facebook.com/docs/sharing/webmasters/crawler)" 345 **0/345742**
57.141.20.8 - - [17/Mar/2026:05:17:22 -0700] "GET /shopdetail/2286408960.html HTTP/2.0" 200 55633 "-" "meta-externalagent/1.1 (+https://developers.facebook.com/docs/sharing/webmasters/crawler)" 315 **0/315290**
57.141.20.43 - - [17/Mar/2026:05:17:22 -0700] "GET /shopdetail/1956538871.html HTTP/2.0" 200 55633 "-" "meta-externalagent/1.1 (+https://developers.facebook.com/docs/sharing/webmasters/crawler)" 303 **0/303798**
57.141.20.0 - - [17/Mar/2026:05:17:23 -0700] "GET /shopdetail/2396431198.html HTTP/2.0" 200 55633 "-" "meta-externalagent/1.1 (+https://developers.facebook.com/docs/sharing/webmasters/crawler)" 285 **0/285042**
216.73.216.106 - - [17/Mar/2026:05:17:18 -0700] "GET /shopdetail/2258619001.html?path=%2Fhome%2Ffmbi332s7bv7%2Fpublic_html%2Fwp-includes%2FRequests HTTP/2.0" 403 3451 "-" "Mozilla/5.0 AppleWebKit/537.36 (KHTML, like Gecko; compatible; ClaudeBot/1.0; +claudebot@anthropic.com)" 5327 **5/5327001**
57.141.20.21 - - [17/Mar/2026:05:17:23 -0700] "GET /shopdetail/420784093.html HTTP/2.0" 200 55633 "-" "meta-externalagent/1.1 (+https://developers.facebook.com/docs/sharing/webmasters/crawler)" 313 **0/313345**
74.7.242.33 - - [17/Mar/2026:05:17:24 -0700] "GET /?path=//proc/self/root/proc/thread-self/root/proc/thread-self/root/proc/thread-self/root/proc/self/root/proc/thread-self/root/proc/thread-self/root/proc/self/root/proc/self/root/proc/self/root/usr/include/finclude HTTP/2.0" 200 2747 "https://www.powerchemyapikimyasallari.com/?path=//proc/self/root/proc/thread-self/root/proc/thread-self/root/proc/thread-self/root/proc/self/root/proc/thread-self/root/proc/thread-self/root/proc/self/root/proc/self/root/proc/self/root/usr/include" "Mozilla/5.0 AppleWebKit/537.36 (KHTML, like Gecko; compatible; GPTBot/1.3; +https://openai.com/gptbot)" 334 **0/334930**
57.141.20.43 - - [17/Mar/2026:05:17:24 -0700] "GET /shopdetail/244561633.html HTTP/2.0" 200 55633 "-" "meta-externalagent/1.1 (+https://developers.facebook.com/docs/sharing/webmasters/crawler)" 356 **0/356708**
57.141.20.25 - - [17/Mar/2026:05:17:24 -0700] "GET /shopdetail/3900203523.html HTTP/2.0" 200 55633 "-" "meta-externalagent/1.1 (+https://developers.facebook.com/docs/sharing/webmasters/crawler)" 329 **0/329584**
216.73.216.106 - - [17/Mar/2026:05:17:24 -0700] "GET /shopdetail/3212070801.html?fileloc=%2Fhome%2Ffmbi332s7bv7%2Fpublic_html%2Fwp-includes%2Fdeprecated.php&path=%2Fhome%2Ffmbi332s7bv7%2Fpublic_html%2Fwp-includes HTTP/2.0" 403 3451 "-" "Mozilla/5.0 AppleWebKit/537.36 (KHTML, like Gecko; compatible; ClaudeBot/1.0; +claudebot@anthropic.com)" 330 **0/330610**
57.141.20.9 - - [17/Mar/2026:05:17:24 -0700] "GET /shopdetail/3328445969.html HTTP/2.0" 200 55633 "-" "meta-externalagent/1.1 (+https://developers.facebook.com/docs/sharing/webmasters/crawler)" 320 **0/320672**
74.7.243.230 - - [17/Mar/2026:05:17:24 -0700] "GET /?fileloc=//proc/self/root/proc/thread-self/root/bin/bzgrep&path=//proc/self/root/proc/thread-self/root/bin HTTP/2.0" 200 3110 "https://powerchemyapikimyasallari.com/?path=//proc/self/root/proc/thread-self/root/bin" "Mozilla/5.0 AppleWebKit/537.36 (KHTML, like Gecko; compatible; GPTBot/1.3; +https://openai.com/gptbot)" 309 **0/309453**
57.141.20.33 - - [17/Mar/2026:05:17:24 -0700] "GET /shopdetail/716760890.html HTTP/2.0" 403 55633 "-" "meta-externalagent/1.1 (+https://developers.facebook.com/docs/sharing/webmasters/crawler)" 318 **0/318959**
57.141.20.24 - - [17/Mar/2026:05:17:24 -0700] "GET /shopdetail/2800018843.html HTTP/2.0" 403 55633 "-" "meta-externalagent/1.1 (+https://developers.facebook.com/docs/sharing/webmasters/crawler)" 302 **0/302703**
57.141.20.54 - - [17/Mar/2026:05:17:25 -0700] "GET /shopdetail/858551146.html HTTP/2.0" 403 55633 "-" "meta-externalagent/1.1 (+https://developers.facebook.com/docs/sharing/webmasters/crawler)" 336 **0/336395**
57.141.20.28 - - [17/Mar/2026:05:17:25 -0700] "GET /shopdetail/3381790668.html HTTP/2.0" 403 55633 "-" "meta-externalagent/1.1 (+https://developers.facebook.com/docs/sharing/webmasters/crawler)" 289 **0/289480**
57.141.20.17 - - [17/Mar/2026:05:17:26 -0700] "GET /shopdetail/4157480847.html HTTP/2.0" 403 55633 "-" "meta-externalagent/1.1 (+https://developers.facebook.com/docs/sharing/webmasters/crawler)" 300 **0/300326**
57.141.20.21 - - [17/Mar/2026:05:17:26 -0700] "GET /shopdetail/2105505636.html HTTP/2.0" 403 55633 "-" "meta-externalagent/1.1 (+https://developers.facebook.com/docs/sharing/webmasters/crawler)" 305 **0/305347**
57.141.20.15 - - [17/Mar/2026:05:17:26 -0700] "GET /shopdetail/3099119048.html HTTP/2.0" 403 55633 "-" "meta-externalagent/1.1 (+https://developers.facebook.com/docs/sharing/webmasters/crawler)" 300 **0/300703**
57.141.20.39 - - [17/Mar/2026:05:17:27 -0700] "GET /shopdetail/322437879.html HTTP/2.0" 403 55633 "-" "meta-externalagent/1.1 (+https://developers.facebook.com/docs/sharing/webmasters/crawler)" 315 **0/315437**
74.7.242.33 - - [17/Mar/2026:05:17:27 -0700] "GET /?path=//proc/self/root/proc/thread-self/root/proc/thread-self/root/proc/thread-self/root/proc/self/root/proc/thread-self/root/proc/self/root/proc/self/root/proc/thread-self/root/proc/self/root/usr/libexec/utempter HTTP/2.0" 200 2749 "https://www.powerchemyapikimyasallari.com/?path=//proc/self/root/proc/thread-self/root/proc/thread-self/root/proc/thread-self/root/proc/self/root/proc/thread-self/root/proc/self/root/proc/self/root/proc/thread-self/root/proc/self/root/usr/libexec" "Mozilla/5.0 AppleWebKit/537.36 (KHTML, like Gecko; compatible; GPTBot/1.3; +https://openai.com/gptbot)" 328 **0/328280**
216.73.216.106 - - [17/Mar/2026:05:17:27 -0700] "GET /shopdetail/1676304545.html?fileloc=%2Fhome%2Ffmbi332s7bv7%2Fpublic_html%2Fwp-admin%2Fupgrade.php&path=%2Fhome%2Ffmbi332s7bv7%2Fpublic_html%2Fwp-admin HTTP/2.0" 200 4111 "-" "Mozilla/5.0 AppleWebKit/537.36 (KHTML, like Gecko; compatible; ClaudeBot/1.0; +claudebot@anthropic.com)" 300 **0/300297**
74.7.243.230 - - [17/Mar/2026:05:17:27 -0700] "GET /?fileloc=//proc/self/root/proc/thread-self/root/bin/ld.bfd&path=//proc/self/root/proc/thread-self/root/bin HTTP/2.0" 200 206440 "https://powerchemyapikimyasallari.com/?path=//proc/self/root/proc/thread-self/root/bin" "Mozilla/5.0 AppleWebKit/537.36 (KHTML, like Gecko; compatible; GPTBot/1.3; +https://openai.com/gptbot)" 550 **0/550491**
57.141.20.57 - - [17/Mar/2026:05:17:27 -0700] "GET /shopdetail/2509842901.html HTTP/2.0" 403 55633 "-" "meta-externalagent/1.1 (+https://developers.facebook.com/docs/sharing/webmasters/crawler)" 302 **0/302628**
57.141.20.41 - - [17/Mar/2026:05:17:27 -0700] "GET /shopdetail/3652423079.html HTTP/2.0" 403 55633 "-" "meta-externalagent/1.1 (+https://developers.facebook.com/docs/sharing/webmasters/crawler)" 290 **0/290265**
57.141.20.43 - - [17/Mar/2026:05:17:27 -0700] "GET /shopdetail/174683229.html HTTP/2.0" 403 55633 "-" "meta-externalagent/1.1 (+https://developers.facebook.com/docs/sharing/webmasters/crawler)" 334 **0/334053**
57.141.20.51 - - [17/Mar/2026:05:17:28 -0700] "GET /shopdetail/1728301926.html HTTP/2.0" 403 55633 "-" "meta-externalagent/1.1 (+https://developers.facebook.com/docs/sharing/webmasters/crawler)" 318 **0/318877**
57.141.20.34 - - [17/Mar/2026:05:17:28 -0700] "GET /shopdetail/2800593318.html?fileloc=/home/fmbi332s7bv7/public_html/license.txt&path=/home/fmbi332s7bv7/public_html HTTP/2.0" 403 55633 "-" "meta-externalagent/1.1 (+https://developers.facebook.com/docs/sharing/webmasters/crawler)" 301 **0/301681**
57.141.20.50 - - [17/Mar/2026:05:17:29 -0700] "GET /shopdetail/1075326001.html HTTP/2.0" 403 55633 "-" "meta-externalagent/1.1 (+https://developers.facebook.com/docs/sharing/webmasters/crawler)" 313 **0/313859**
57.141.20.43 - - [17/Mar/2026:05:17:29 -0700] "GET /shopdetail/2475183486.html HTTP/2.0" 403 55633 "-" "meta-externalagent/1.1 (+https://developers.facebook.com/docs/sharing/webmasters/crawler)" 304 **0/304517**
57.141.20.36 - - [17/Mar/2026:05:17:29 -0700] "GET /shopdetail/3869311547.html HTTP/2.0" 403 55633 "-" "meta-externalagent/1.1 (+https://developers.facebook.com/docs/sharing/webmasters/crawler)" 322 **0/322164**
57.141.20.40 - - [17/Mar/2026:05:17:30 -0700] "GET /shopdetail/2947773493.html HTTP/2.0" 403 55633 "-" "meta-externalagent/1.1 (+https://developers.facebook.com/docs/sharing/webmasters/crawler)" 310 **0/310250**
74.7.242.33 - - [17/Mar/2026:05:17:30 -0700] "GET /?path=//proc/self/root/proc/thread-self/root/proc/thread-self/root/proc/thread-self/root/proc/self/root/proc/thread-self/root/proc/self/root/proc/thread-self/root/proc/self/root/proc/self/root/lib/firmware/kaweth HTTP/2.0" 200 2853 "https://www.powerchemyapikimyasallari.com/?path=//proc/self/root/proc/thread-self/root/proc/thread-self/root/proc/thread-self/root/proc/self/root/proc/thread-self/root/proc/self/root/proc/thread-self/root/proc/self/root/proc/self/root/lib/firmware" "Mozilla/5.0 AppleWebKit/537.36 (KHTML, like Gecko; compatible; GPTBot/1.3; +https://openai.com/gptbot)" 314 **0/314340**
57.141.20.24 - - [17/Mar/2026:05:17:30 -0700] "GET /shopdetail/199560118.html HTTP/2.0" 403 55633 "-" "meta-externalagent/1.1 (+https://developers.facebook.com/docs/sharing/webmasters/crawler)" 317 **0/317751**
74.7.243.230 - - [17/Mar/2026:05:17:30 -0700] "GET /?fileloc=//proc/self/root/proc/thread-self/root/bin/montage&path=//proc/self/root/proc/thread-self/root/bin HTTP/2.0" 200 5460 "https://powerchemyapikimyasallari.com/?path=//proc/self/root/proc/thread-self/root/bin" "Mozilla/5.0 AppleWebKit/537.36 (KHTML, like Gecko; compatible; GPTBot/1.3; +https://openai.com/gptbot)" 314 **0/314318**
57.141.20.0 - - [17/Mar/2026:05:17:30 -0700] "GET /shopdetail/2580542670.html HTTP/2.0" 403 55633 "-" "meta-externalagent/1.1 (+https://developers.facebook.com/docs/sharing/webmasters/crawler)" 306 **0/306252**
57.141.20.13 - - [17/Mar/2026:05:17:31 -0700] "GET /shopdetail/4064101144.html HTTP/2.0" 403 55633 "-" "meta-externalagent/1.1 (+https://developers.facebook.com/docs/sharing/webmasters/crawler)" 323 **0/323323**
57.141.20.41 - - [17/Mar/2026:05:17:31 -0700] "GET /shopdetail/2074386433.html HTTP/2.0" 403 55633 "-" "meta-externalagent/1.1 (+https://developers.facebook.com/docs/sharing/webmasters/crawler)" 326 **0/326306**
57.141.20.16 - - [17/Mar/2026:05:17:31 -0700] "GET /shopdetail/3627546190.html HTTP/2.0" 403 55633 "-" "meta-externalagent/1.1 (+https://developers.facebook.com/docs/sharing/webmasters/crawler)" 331 **0/331200**
98.98.33.52 - - [17/Mar/2026:05:17:31 -0700] "POST /xmlrpc.php HTTP/1.1" 200 55633 "-" "Mozilla/5.0 (Windows NT 10.0; Win64; x64) AppleWebKit/537.36 (KHTML, like Gecko) Chrome/114.0.0.0 Safari/537.36" 840 **0/840274**
57.141.20.45 - - [17/Mar/2026:05:17:32 -0700] "GET /shopdetail/3794680832.html HTTP/2.0" 403 55633 "-" "meta-externalagent/1.1 (+https://developers.facebook.com/docs/sharing/webmasters/crawler)" 369 **0/369417**
57.141.20.2 - - [17/Mar/2026:05:17:32 -0700] "GET /shopdetail/1659635621.html HTTP/2.0" 403 55633 "-" "meta-externalagent/1.1 (+https://developers.facebook.com/docs/sharing/webmasters/crawler)" 322 **0/322092**
57.141.20.15 - - [17/Mar/2026:05:17:32 -0700] "GET /shopdetail/1778877101.html HTTP/2.0" 403 55633 "-" "meta-externalagent/1.1 (+https://developers.facebook.com/docs/sharing/webmasters/crawler)" 293 **0/293635**
57.141.20.35 - - [17/Mar/2026:05:17:32 -0700] "GET /shopdetail/4238126633.html HTTP/2.0" 403 55633 "-" "meta-externalagent/1.1 (+https://developers.facebook.com/docs/sharing/webmasters/crawler)" 361 **0/361036**
57.141.20.51 - - [17/Mar/2026:05:17:33 -0700] "GET /shopdetail/2921684489.html HTTP/2.0" 403 55633 "-" "meta-externalagent/1.1 (+https://developers.facebook.com/docs/sharing/webmasters/crawler)" 387 **0/387492**
216.73.216.106 - - [17/Mar/2026:05:17:30 -0700] "GET /hello-world?fileloc=%2F%2Fhome%2Ffmbi332s7bv7%2Fwww%2Fwp-includes%2Fclass-wp-locale-switcher.php&path=%2F%2Fhome%2Ffmbi332s7bv7%2Fwww%2Fwp-includes HTTP/2.0" 200 3972 "-" "Mozilla/5.0 AppleWebKit/537.36 (KHTML, like Gecko; compatible; ClaudeBot/1.0; +claudebot@anthropic.com)" 3002 **3/3002722**
74.7.242.33 - - [17/Mar/2026:05:17:33 -0700] "GET /?fileloc=//proc/self/root/proc/thread-self/root/proc/thread-self/root/proc/thread-self/root/proc/self/root/proc/thread-self/root/proc/thread-self/root/proc/thread-self/root/proc/thread-self/root/lib/firmware/carl9170-1.fw&path=//proc/self/root/proc/thread-self/root/proc/thread-self/root/proc/thread-self/root/proc/self/root/proc/thread-self/root/proc/thread-self/root/proc/thread-self/root/proc/thread-self/root/lib/firmware HTTP/2.0" 200 11449 "https://www.powerchemyapikimyasallari.com/?path=//proc/self/root/proc/thread-self/root/proc/thread-self/root/proc/thread-self/root/proc/self/root/proc/thread-self/root/proc/thread-self/root/proc/thread-self/root/proc/thread-self/root/lib/firmware" "Mozilla/5.0 AppleWebKit/537.36 (KHTML, like Gecko; compatible; GPTBot/1.3; +https://openai.com/gptbot)" 325 **0/325277**
216.73.216.106 - - [17/Mar/2026:05:17:33 -0700] "GET /shopdetail/1943300659.html?fileloc=%2F%2Fsbin%2Fcracklib-unpacker&path=%2F%2Fsbin HTTP/2.0" 200 5354 "-" "Mozilla/5.0 AppleWebKit/537.36 (KHTML, like Gecko; compatible; ClaudeBot/1.0; +claudebot@anthropic.com)" 307 **0/307302**
74.7.243.230 - - [17/Mar/2026:05:17:33 -0700] "GET /?fileloc=//proc/self/root/proc/thread-self/root/bin/whoami&path=//proc/self/root/proc/thread-self/root/bin HTTP/2.0" 200 14604 "https://powerchemyapikimyasallari.com/?path=//proc/self/root/proc/thread-self/root/bin" "Mozilla/5.0 AppleWebKit/537.36 (KHTML, like Gecko; compatible; GPTBot/1.3; +https://openai.com/gptbot)" 349 **0/349320**
57.141.20.56 - - [17/Mar/2026:05:17:33 -0700] "GET /shopdetail/3668566050.html HTTP/2.0" 403 55633 "-" "meta-externalagent/1.1 (+https://developers.facebook.com/docs/sharing/webmasters/crawler)" 364 **0/364710**
57.141.20.12 - - [17/Mar/2026:05:17:34 -0700] "GET /shopdetail/472962085.html HTTP/2.0" 403 55633 "-" "meta-externalagent/1.1 (+https://developers.facebook.com/docs/sharing/webmasters/crawler)" 331 **0/331982**
57.141.20.25 - - [17/Mar/2026:05:17:34 -0700] "GET /shopdetail/2673904061.html HTTP/2.0" 403 55633 "-" "meta-externalagent/1.1 (+https://developers.facebook.com/docs/sharing/webmasters/crawler)" 298 **0/298592**
98.98.33.52 - - [17/Mar/2026:05:17:34 -0700] "POST /xmlrpc.php HTTP/1.1" 200 55633 "-" "Mozilla/5.0 (Windows NT 10.0; Win64; x64) AppleWebKit/537.36 (KHTML, like Gecko) Chrome/114.0.0.0 Safari/537.36" 762 **0/762516**
57.141.20.50 - - [17/Mar/2026:05:17:34 -0700] "GET /shopdetail/2800593318.html?fileloc=/home/fmbi332s7bv7/public_html/wp-cron.php&path=/home/fmbi332s7bv7/public_html HTTP/2.0" 403 55633 "-" "meta-externalagent/1.1 (+https://developers.facebook.com/docs/sharing/webmasters/crawler)" 330 **0/330176**
57.141.20.54 - - [17/Mar/2026:05:17:35 -0700] "GET /shopdetail/1658423538.html HTTP/2.0" 403 55633 "-" "meta-externalagent/1.1 (+https://developers.facebook.com/docs/sharing/webmasters/crawler)" 311 **0/311576**
57.141.20.57 - - [17/Mar/2026:05:17:35 -0700] "GET /shopdetail/1561003777.html HTTP/2.0" 403 55633 "-" "meta-externalagent/1.1 (+https://developers.facebook.com/docs/sharing/webmasters/crawler)" 337 **0/337202**
57.141.20.2 - - [17/Mar/2026:05:17:36 -0700] "GET /shopdetail/3234036002.html HTTP/2.0" 403 55633 "-" "meta-externalagent/1.1 (+https://developers.facebook.com/docs/sharing/webmasters/crawler)" 332 **0/332716**
57.141.20.11 - - [17/Mar/2026:05:17:36 -0700] "GET /shopdetail/3096694866.html HTTP/2.0" 403 55633 "-" "meta-externalagent/1.1 (+https://developers.facebook.com/docs/sharing/webmasters/crawler)" 338 **0/338214**
74.7.242.33 - - [17/Mar/2026:05:17:36 -0700] "GET /?path=//proc/self/root/proc/thread-self/root/proc/thread-self/root/proc/thread-self/root/proc/self/root/proc/thread-self/root/proc/thread-self/root/proc/thread-self/root/proc/thread-self/root/lib/firmware/e100 HTTP/2.0" 200 2787 "https://www.powerchemyapikimyasallari.com/?path=//proc/self/root/proc/thread-self/root/proc/thread-self/root/proc/thread-self/root/proc/self/root/proc/thread-self/root/proc/thread-self/root/proc/thread-self/root/proc/thread-self/root/lib/firmware" "Mozilla/5.0 AppleWebKit/537.36 (KHTML, like Gecko; compatible; GPTBot/1.3; +https://openai.com/gptbot)" 303 **0/303640**
216.73.216.106 - - [17/Mar/2026:05:17:36 -0700] "GET /shopdetail/3957892291.html?fileloc=%2Fhome%2Ffmbi332s7bv7%2Fpublic_html%2Fwp-includes%2Fcategory.php&path=%2Fhome%2Ffmbi332s7bv7%2Fpublic_html%2Fwp-includes HTTP/2.0" 200 5720 "-" "Mozilla/5.0 AppleWebKit/537.36 (KHTML, like Gecko; compatible; ClaudeBot/1.0; +claudebot@anthropic.com)" 305 **0/305899**
57.141.20.5 - - [17/Mar/2026:05:17:36 -0700] "GET /shopdetail/29698087.html HTTP/2.0" 403 55633 "-" "meta-externalagent/1.1 (+https://developers.facebook.com/docs/sharing/webmasters/crawler)" 283 **0/283206**
57.141.20.15 - - [17/Mar/2026:05:17:36 -0700] "GET /shopdetail/2633932761.html HTTP/2.0" 403 55633 "-" "meta-externalagent/1.1 (+https://developers.facebook.com/docs/sharing/webmasters/crawler)" 311 **0/311648**
74.7.243.230 - - [17/Mar/2026:05:17:36 -0700] "GET /?fileloc=//proc/self/root/proc/thread-self/root/bin/identify&path=//proc/self/root/proc/thread-self/root/bin HTTP/2.0" 200 5602 "https://powerchemyapikimyasallari.com/?path=//proc/self/root/proc/thread-self/root/bin" "Mozilla/5.0 AppleWebKit/537.36 (KHTML, like Gecko; compatible; GPTBot/1.3; +https://openai.com/gptbot)" 314 **0/314519**
57.141.20.2 - - [17/Mar/2026:05:17:37 -0700] "GET /shopdetail/2527361478.html HTTP/2.0" 403 55633 "-" "meta-externalagent/1.1 (+https://developers.facebook.com/docs/sharing/webmasters/crawler)" 297 **0/297153**
57.141.20.15 - - [17/Mar/2026:05:17:37 -0700] "GET /shopdetail/3068227072.html HTTP/2.0" 403 55633 "-" "meta-externalagent/1.1 (+https://developers.facebook.com/docs/sharing/webmasters/crawler)" 321 **0/321477**
57.141.20.43 - - [17/Mar/2026:05:17:37 -0700] "GET /shopdetail/1757981835.html HTTP/2.0" 403 55633 "-" "meta-externalagent/1.1 (+https://developers.facebook.com/docs/sharing/webmasters/crawler)" 297 **0/297638**
57.141.20.44 - - [17/Mar/2026:05:17:38 -0700] "GET /shopdetail/3897779341.html HTTP/2.0" 403 55633 "-" "meta-externalagent/1.1 (+https://developers.facebook.com/docs/sharing/webmasters/crawler)" 287 **0/287725**
57.141.20.13 - - [17/Mar/2026:05:17:38 -0700] "GET /shopdetail/3327070347.html HTTP/2.0" 403 55633 "-" "meta-externalagent/1.1 (+https://developers.facebook.com/docs/sharing/webmasters/crawler)" 311 **0/311969**
57.141.20.11 - - [17/Mar/2026:05:17:38 -0700] "GET /shopdetail/4161235259.html HTTP/2.0" 403 55633 "-" "meta-externalagent/1.1 (+https://developers.facebook.com/docs/sharing/webmasters/crawler)" 303 **0/303048**
57.141.20.14 - - [17/Mar/2026:05:17:39 -0700] "GET /shopdetail/3546900372.html HTTP/2.0" 403 55633 "-" "meta-externalagent/1.1 (+https://developers.facebook.com/docs/sharing/webmasters/crawler)" 302 **0/302217**
57.141.20.14 - - [17/Mar/2026:05:17:39 -0700] "GET /shopdetail/2456270991.html HTTP/2.0" 403 55633 "-" "meta-externalagent/1.1 (+https://developers.facebook.com/docs/sharing/webmasters/crawler)" 296 **0/296618**
216.73.216.106 - - [17/Mar/2026:05:17:39 -0700] "GET /hello-world?fileloc=%2F%2Fhome%2Ffmbi332s7bv7%2Fwww%2Fwp-includes%2Fjs%2Fbackbone.js&path=%2F%2Fhome%2Ffmbi332s7bv7%2Fwww%2Fwp-includes%2Fjs HTTP/2.0" 200 24345 "-" "Mozilla/5.0 AppleWebKit/537.36 (KHTML, like Gecko; compatible; ClaudeBot/1.0; +claudebot@anthropic.com)" 311 **0/311687**
74.7.242.33 - - [17/Mar/2026:05:17:39 -0700] "GET /?path=//proc/self/root/proc/thread-self/root/proc/thread-self/root/proc/thread-self/root/proc/self/root/proc/thread-self/root/proc/thread-self/root/proc/thread-self/root/proc/thread-self/root/lib/firmware/tigon HTTP/2.0" 200 2834 "https://www.powerchemyapikimyasallari.com/?path=//proc/self/root/proc/thread-self/root/proc/thread-self/root/proc/thread-self/root/proc/self/root/proc/thread-self/root/proc/thread-self/root/proc/thread-self/root/proc/thread-self/root/lib/firmware" "Mozilla/5.0 AppleWebKit/537.36 (KHTML, like Gecko; compatible; GPTBot/1.3; +https://openai.com/gptbot)" 328 **0/328033**
57.141.20.22 - - [17/Mar/2026:05:17:39 -0700] "GET /shopdetail/3738444438.html HTTP/2.0" 403 55633 "-" "meta-externalagent/1.1 (+https://developers.facebook.com/docs/sharing/webmasters/crawler)" 294 **0/294968**
74.7.243.230 - - [17/Mar/2026:05:17:40 -0700] "GET /?fileloc=//proc/self/root/proc/thread-self/root/bin/wget&path=//proc/self/root/proc/thread-self/root/bin HTTP/2.0" 200 206592 "https://powerchemyapikimyasallari.com/?path=//proc/self/root/proc/thread-self/root/bin" "Mozilla/5.0 AppleWebKit/537.36 (KHTML, like Gecko; compatible; GPTBot/1.3; +https://openai.com/gptbot)" 434 **0/434131**
57.141.20.28 - - [17/Mar/2026:05:17:40 -0700] "GET /shopdetail/2526149379.html HTTP/2.0" 403 55633 "-" "meta-externalagent/1.1 (+https://developers.facebook.com/docs/sharing/webmasters/crawler)" 297 **0/297119**
57.141.20.35 - - [17/Mar/2026:05:17:40 -0700] "GET /shopdetail/1439338099.html HTTP/2.0" 403 55633 "-" "meta-externalagent/1.1 (+https://developers.facebook.com/docs/sharing/webmasters/crawler)" 324 **0/324569**
57.141.20.34 - - [17/Mar/2026:05:17:40 -0700] "GET /shopdetail/1245188032.html HTTP/2.0" 403 55633 "-" "meta-externalagent/1.1 (+https://developers.facebook.com/docs/sharing/webmasters/crawler)" 314 **0/314615**
57.141.20.35 - - [17/Mar/2026:05:17:41 -0700] "GET /shopdetail/2512267115.html HTTP/2.0" 403 55633 "-" "meta-externalagent/1.1 (+https://developers.facebook.com/docs/sharing/webmasters/crawler)" 293 **0/293414**
57.141.20.43 - - [17/Mar/2026:05:17:41 -0700] "GET /shopdetail/4158856453.html HTTP/2.0" 403 55633 "-" "meta-externalagent/1.1 (+https://developers.facebook.com/docs/sharing/webmasters/crawler)" 281 **0/281099**
57.141.20.27 - - [17/Mar/2026:05:17:41 -0700] "GET /shopdetail/3217030298.html HTTP/2.0" 403 55633 "-" "meta-externalagent/1.1 (+https://developers.facebook.com/docs/sharing/webmasters/crawler)" 276 **0/276804**
57.141.20.43 - - [17/Mar/2026:05:17:42 -0700] "GET /shopdetail/1414461194.html HTTP/2.0" 403 55633 "-" "meta-externalagent/1.1 (+https://developers.facebook.com/docs/sharing/webmasters/crawler)" 301 **0/301948**
57.141.20.13 - - [17/Mar/2026:05:17:42 -0700] "GET /shopdetail/2598061247.html HTTP/2.0" 403 55633 "-" "meta-externalagent/1.1 (+https://developers.facebook.com/docs/sharing/webmasters/crawler)" 296 **0/296081**
216.73.216.106 - - [17/Mar/2026:05:17:42 -0700] "GET /shopdetail/3812561839.html?fileloc=%2F%2Fbin%2Finfocmp&path=%2F%2Fbin HTTP/2.0" 200 26842 "-" "Mozilla/5.0 AppleWebKit/537.36 (KHTML, like Gecko; compatible; ClaudeBot/1.0; +claudebot@anthropic.com)" 302 **0/302989**
57.141.20.11 - - [17/Mar/2026:05:17:42 -0700] "GET /shopdetail/2800593318.html?path=/ HTTP/2.0" 403 55633 "-" "meta-externalagent/1.1 (+https://developers.facebook.com/docs/sharing/webmasters/crawler)" 293 **0/293110**
74.7.242.33 - - [17/Mar/2026:05:17:42 -0700] "GET /?fileloc=//proc/self/root/proc/thread-self/root/proc/thread-self/root/proc/thread-self/root/proc/self/root/proc/thread-self/root/proc/thread-self/root/proc/self/root/proc/self/root/proc/self/root/usr/include/netinet/in.h&path=//proc/self/root/proc/thread-self/root/proc/thread-self/root/proc/thread-self/root/proc/self/root/proc/thread-self/root/proc/thread-self/root/proc/self/root/proc/self/root/proc/self/root/usr/include/netinet HTTP/2.0" 200 7734 "https://www.powerchemyapikimyasallari.com/?path=//proc/self/root/proc/thread-self/root/proc/thread-self/root/proc/thread-self/root/proc/self/root/proc/thread-self/root/proc/thread-self/root/proc/self/root/proc/self/root/proc/self/root/usr/include/netinet" "Mozilla/5.0 AppleWebKit/537.36 (KHTML, like Gecko; compatible; GPTBot/1.3; +https://openai.com/gptbot)" 300 **0/300820**
57.141.20.21 - - [17/Mar/2026:05:17:43 -0700] "GET /shopdetail/2800593318.html?fileloc=/home/fmbi332s7bv7/public_html/error_log&path=/home/fmbi332s7bv7/public_html HTTP/2.0" 403 55633 "-" "meta-externalagent/1.1 (+https://developers.facebook.com/docs/sharing/webmasters/crawler)" 319 **0/319749**
74.7.243.230 - - [17/Mar/2026:05:17:43 -0700] "GET /?fileloc=//proc/self/root/proc/thread-self/root/bin/column&path=//proc/self/root/proc/thread-self/root/bin HTTP/2.0" 200 20310 "https://powerchemyapikimyasallari.com/?path=//proc/self/root/proc/thread-self/root/bin" "Mozilla/5.0 AppleWebKit/537.36 (KHTML, like Gecko; compatible; GPTBot/1.3; +https://openai.com/gptbot)" 303 **0/303777**
57.141.20.56 - - [17/Mar/2026:05:17:43 -0700] "GET /shopdetail/3778537861.html HTTP/2.0" 403 55633 "-" "meta-externalagent/1.1 (+https://developers.facebook.com/docs/sharing/webmasters/crawler)" 310 **0/310660**
57.141.20.49 - - [17/Mar/2026:05:17:43 -0700] "GET /shopdetail/4045533991.html HTTP/2.0" 403 55633 "-" "meta-externalagent/1.1 (+https://developers.facebook.com/docs/sharing/webmasters/crawler)" 290 **0/290276**
57.141.20.19 - - [17/Mar/2026:05:17:44 -0700] "GET /shopdetail/3277480060.html HTTP/2.0" 403 55633 "-" "meta-externalagent/1.1 (+https://developers.facebook.com/docs/sharing/webmasters/crawler)" 296 **0/296563**
57.141.20.17 - - [17/Mar/2026:05:17:44 -0700] "GET /shopdetail/2050721627.html HTTP/2.0" 403 55633 "-" "meta-externalagent/1.1 (+https://developers.facebook.com/docs/sharing/webmasters/crawler)" 305 **0/305813**
57.141.20.15 - - [17/Mar/2026:05:17:44 -0700] "GET /shopdetail/4011101803.html HTTP/2.0" 403 55633 "-" "meta-externalagent/1.1 (+https://developers.facebook.com/docs/sharing/webmasters/crawler)" 314 **0/314482**
57.141.20.14 - - [17/Mar/2026:05:17:45 -0700] "GET /shopdetail/2212939651.html HTTP/2.0" 403 55633 "-" "meta-externalagent/1.1 (+https://developers.facebook.com/docs/sharing/webmasters/crawler)" 317 **0/317747**
57.141.20.51 - - [17/Mar/2026:05:17:45 -0700] "GET /shopdetail/1533520839.html HTTP/2.0" 403 55633 "-" "meta-externalagent/1.1 (+https://developers.facebook.com/docs/sharing/webmasters/crawler)" 348 **0/348845**
216.73.216.106 - - [17/Mar/2026:05:17:45 -0700] "GET /hello-world?fileloc=%2F%2Fhome%2Ffmbi332s7bv7%2Fwww%2Fwp-admin%2Foptions-writing.php&path=%2F%2Fhome%2Ffmbi332s7bv7%2Fwww%2Fwp-admin HTTP/2.0" 200 5245 "-" "Mozilla/5.0 AppleWebKit/537.36 (KHTML, like Gecko; compatible; ClaudeBot/1.0; +claudebot@anthropic.com)" 350 **0/350050**
57.141.20.8 - - [17/Mar/2026:05:17:45 -0700] "GET /shopdetail/2171919807.html HTTP/2.0" 403 55633 "-" "meta-externalagent/1.1 (+https://developers.facebook.com/docs/sharing/webmasters/crawler)" 340 **0/340097**
57.141.20.28 - - [17/Mar/2026:05:17:46 -0700] "GET /shopdetail/2328640903.html HTTP/2.0" 403 55633 "-" "meta-externalagent/1.1 (+https://developers.facebook.com/docs/sharing/webmasters/crawler)" 291 **0/291959**
74.7.242.33 - - [17/Mar/2026:05:17:46 -0700] "GET /?path=//proc/self/root/proc/thread-self/root/proc/thread-self/root/proc/thread-self/root/proc/self/root/proc/thread-self/root/proc/thread-self/root/proc/thread-self/root/proc/thread-self/root/lib/firmware/cnm HTTP/2.0" 200 2789 "https://www.powerchemyapikimyasallari.com/?path=//proc/self/root/proc/thread-self/root/proc/thread-self/root/proc/thread-self/root/proc/self/root/proc/thread-self/root/proc/thread-self/root/proc/thread-self/root/proc/thread-self/root/lib/firmware" "Mozilla/5.0 AppleWebKit/537.36 (KHTML, like Gecko; compatible; GPTBot/1.3; +https://openai.com/gptbot)" 334 **0/334885**
57.141.20.30 - - [17/Mar/2026:05:17:46 -0700] "GET /shopdetail/2800593318.html?fileloc=/home/fmbi332s7bv7/public_html/wp-blog-header.php&path=/home/fmbi332s7bv7/public_html HTTP/2.0" 403 55633 "-" "meta-externalagent/1.1 (+https://developers.facebook.com/docs/sharing/webmasters/crawler)" 320 **0/320228**
74.7.243.230 - - [17/Mar/2026:05:17:46 -0700] "GET /?fileloc=//proc/self/root/proc/thread-self/root/bin/pkill&path=//proc/self/root/proc/thread-self/root/bin HTTP/2.0" 200 12268 "https://powerchemyapikimyasallari.com/?path=//proc/self/root/proc/thread-self/root/bin" "Mozilla/5.0 AppleWebKit/537.36 (KHTML, like Gecko; compatible; GPTBot/1.3; +https://openai.com/gptbot)" 347 **0/347645**
57.141.20.28 - - [17/Mar/2026:05:17:47 -0700] "GET /shopdetail/980216808.html HTTP/2.0" 403 55633 "-" "meta-externalagent/1.1 (+https://developers.facebook.com/docs/sharing/webmasters/crawler)" 306 **0/306362**
57.141.20.21 - - [17/Mar/2026:05:17:47 -0700] "GET /shopdetail/2946561410.html HTTP/2.0" 403 55633 "-" "meta-externalagent/1.1 (+https://developers.facebook.com/docs/sharing/webmasters/crawler)" 302 **0/302914**
57.141.20.57 - - [17/Mar/2026:05:17:47 -0700] "GET /shopdetail/693441442.html HTTP/2.0" 403 55633 "-" "meta-externalagent/1.1 (+https://developers.facebook.com/docs/sharing/webmasters/crawler)" 319 **0/319759**
57.141.20.1 - - [17/Mar/2026:05:17:47 -0700] "GET /shopdetail/4131555350.html HTTP/2.0" 403 55633 "-" "meta-externalagent/1.1 (+https://developers.facebook.com/docs/sharing/webmasters/crawler)" 313 **0/313955**
57.141.20.26 - - [17/Mar/2026:05:17:48 -0700] "GET /shopdetail/2204887132.html HTTP/2.0" 403 55633 "-" "meta-externalagent/1.1 (+https://developers.facebook.com/docs/sharing/webmasters/crawler)" 335 **0/335419**
216.73.216.106 - - [17/Mar/2026:05:17:48 -0700] "GET /shopdetail/3466780539.html?fileloc=%2F%2Fetc%2Fgroup&path=%2F%2Fetc HTTP/2.0" 200 2557 "-" "Mozilla/5.0 AppleWebKit/537.36 (KHTML, like Gecko; compatible; ClaudeBot/1.0; +claudebot@anthropic.com)" 307 **0/307124**
57.141.20.29 - - [17/Mar/2026:05:17:48 -0700] "GET /shopdetail/2486178111.html HTTP/2.0" 403 55633 "-" "meta-externalagent/1.1 (+https://developers.facebook.com/docs/sharing/webmasters/crawler)" 297 **0/297524**
57.141.20.2 - - [17/Mar/2026:05:17:48 -0700] "GET /shopdetail/3968706321.html HTTP/2.0" 403 55633 "-" "meta-externalagent/1.1 (+https://developers.facebook.com/docs/sharing/webmasters/crawler)" 353 **0/353622**
74.7.242.33 - - [17/Mar/2026:05:17:49 -0700] "GET /?path=//proc/self/root/proc/thread-self/root/proc/thread-self/root/proc/thread-self/root/proc/self/root/proc/thread-self/root/proc/thread-self/root/proc/thread-self/root/proc/thread-self/root/lib/firmware/realtek HTTP/2.0" 200 2711 "https://www.powerchemyapikimyasallari.com/?path=//proc/self/root/proc/thread-self/root/proc/thread-self/root/proc/thread-self/root/proc/self/root/proc/thread-self/root/proc/thread-self/root/proc/thread-self/root/proc/thread-self/root/lib/firmware" "Mozilla/5.0 AppleWebKit/537.36 (KHTML, like Gecko; compatible; GPTBot/1.3; +https://openai.com/gptbot)" 285 **0/285816**
57.141.20.19 - - [17/Mar/2026:05:17:49 -0700] "GET /shopdetail/839387180.html?path=/home/fmbi332s7bv7/public_html/wp-includes/blocks/gallery HTTP/2.0" 403 55633 "-" "meta-externalagent/1.1 (+https://developers.facebook.com/docs/sharing/webmasters/crawler)" 340 **0/340604**
57.141.20.50 - - [17/Mar/2026:05:17:49 -0700] "GET /shopdetail/106189515.html?fileloc=/home/fmbi332s7bv7/public_html/license.txt&path=/home/fmbi332s7bv7/public_html HTTP/2.0" 403 55633 "-" "meta-externalagent/1.1 (+https://developers.facebook.com/docs/sharing/webmasters/crawler)" 322 **0/322868**
74.7.243.230 - - [17/Mar/2026:05:17:49 -0700] "GET /?fileloc=//proc/self/root/proc/thread-self/root/bin/piconv&path=//proc/self/root/proc/thread-self/root/bin HTTP/2.0" 200 5236 "https://powerchemyapikimyasallari.com/?path=//proc/self/root/proc/thread-self/root/bin" "Mozilla/5.0 AppleWebKit/537.36 (KHTML, like Gecko; compatible; GPTBot/1.3; +https://openai.com/gptbot)" 307 **0/307799**
57.141.20.59 - - [17/Mar/2026:05:17:49 -0700] "GET /shopdetail/1384554074.html HTTP/2.0" 403 55633 "-" "meta-externalagent/1.1 (+https://developers.facebook.com/docs/sharing/webmasters/crawler)" 310 **0/310996**
57.141.20.5 - - [17/Mar/2026:05:17:50 -0700] "GET /shopdetail/106189515.html?path=/ HTTP/2.0" 403 55633 "-" "meta-externalagent/1.1 (+https://developers.facebook.com/docs/sharing/webmasters/crawler)" 309 **0/309177**
57.141.20.51 - - [17/Mar/2026:05:17:50 -0700] "GET /shopdetail/839387180.html?fileloc=/home/fmbi332s7bv7/public_html/wp-includes/blocks/comments-title.php&path=/home/fmbi332s7bv7/public_html/wp-includes/blocks HTTP/2.0" 403 55633 "-" "meta-externalagent/1.1 (+https://developers.facebook.com/docs/sharing/webmasters/crawler)" 352 **0/352844**
57.141.20.42 - - [17/Mar/2026:05:17:50 -0700] "GET /shopdetail/419571978.html HTTP/2.0" 403 55633 "-" "meta-externalagent/1.1 (+https://developers.facebook.com/docs/sharing/webmasters/crawler)" 327 **0/327055**
57.141.20.43 - - [17/Mar/2026:05:17:51 -0700] "GET /shopdetail/839387180.html?fileloc=/home/fmbi332s7bv7/public_html/wp-includes/blocks/query-pagination-previous.php&path=/home/fmbi332s7bv7/public_html/wp-includes/blocks HTTP/2.0" 403 55633 "-" "meta-externalagent/1.1 (+https://developers.facebook.com/docs/sharing/webmasters/crawler)" 309 **0/309374**
57.141.20.0 - - [17/Mar/2026:05:17:51 -0700] "GET /shopdetail/839387180.html?path=/home/fmbi332s7bv7/public_html/wp-includes/blocks/avatar HTTP/2.0" 403 55633 "-" "meta-externalagent/1.1 (+https://developers.facebook.com/docs/sharing/webmasters/crawler)" 324 **0/324083**
57.141.20.34 - - [17/Mar/2026:05:17:51 -0700] "GET /shopdetail/106189515.html?fileloc=/home/fmbi332s7bv7/public_html/xmlrpc.php&path=/home/fmbi332s7bv7/public_html HTTP/2.0" 403 55633 "-" "meta-externalagent/1.1 (+https://developers.facebook.com/docs/sharing/webmasters/crawler)" 312 **0/312867**
216.73.216.106 - - [17/Mar/2026:05:17:51 -0700] "GET /shopdetail/1285963157.html?fileloc=%2F%2Fbin%2Fwatch&path=%2F%2Fbin HTTP/2.0" 200 11567 "-" "Mozilla/5.0 AppleWebKit/537.36 (KHTML, like Gecko; compatible; ClaudeBot/1.0; +claudebot@anthropic.com)" 352 **0/352327**
57.141.20.51 - - [17/Mar/2026:05:17:52 -0700] "GET /shopdetail/839387180.html?path=/home/fmbi332s7bv7/public_html/wp-includes/blocks/post-author-biography HTTP/2.0" 403 55633 "-" "meta-externalagent/1.1 (+https://developers.facebook.com/docs/sharing/webmasters/crawler)" 322 **0/322560**
57.141.20.30 - - [17/Mar/2026:05:17:52 -0700] "GET /shopdetail/839387180.html?path=/home/fmbi332s7bv7/public_html/wp-includes/blocks/navigation-submenu HTTP/2.0" 403 55633 "-" "meta-externalagent/1.1 (+https://developers.facebook.com/docs/sharing/webmasters/crawler)" 392 **0/392692**
74.7.242.33 - - [17/Mar/2026:05:17:52 -0700] "GET /?path=//proc/self/root/proc/thread-self/root/proc/thread-self/root/proc/thread-self/root/proc/self/root/proc/thread-self/root/proc/thread-self/root/proc/thread-self/root/proc/thread-self/root/lib/firmware/powervr HTTP/2.0" 200 2788 "https://www.powerchemyapikimyasallari.com/?path=//proc/self/root/proc/thread-self/root/proc/thread-self/root/proc/thread-self/root/proc/self/root/proc/thread-self/root/proc/thread-self/root/proc/thread-self/root/proc/thread-self/root/lib/firmware" "Mozilla/5.0 AppleWebKit/537.36 (KHTML, like Gecko; compatible; GPTBot/1.3; +https://openai.com/gptbot)" 317 **0/317196**
57.141.20.59 - - [17/Mar/2026:05:17:52 -0700] "GET /shopdetail/839387180.html?path=/home/fmbi332s7bv7/public_html/wp-includes/blocks/post-title HTTP/2.0" 403 55633 "-" "meta-externalagent/1.1 (+https://developers.facebook.com/docs/sharing/webmasters/crawler)" 343 **0/343201**
74.7.243.230 - - [17/Mar/2026:05:17:52 -0700] "GET /?fileloc=//proc/self/root/proc/thread-self/root/bin/pwd&path=//proc/self/root/proc/thread-self/root/bin HTTP/2.0" 200 16109 "https://powerchemyapikimyasallari.com/?path=//proc/self/root/proc/thread-self/root/bin" "Mozilla/5.0 AppleWebKit/537.36 (KHTML, like Gecko; compatible; GPTBot/1.3; +https://openai.com/gptbot)" 310 **0/310301**
57.141.20.1 - - [17/Mar/2026:05:17:53 -0700] "GET /shopdetail/839387180.html?path=/home/fmbi332s7bv7/public_html/wp-includes/blocks/comments-pagination-numbers HTTP/2.0" 403 55633 "-" "meta-externalagent/1.1 (+https://developers.facebook.com/docs/sharing/webmasters/crawler)" 318 **0/318315**
57.141.20.19 - - [17/Mar/2026:05:17:53 -0700] "GET /shopdetail/243349534.html HTTP/2.0" 403 55633 "-" "meta-externalagent/1.1 (+https://developers.facebook.com/docs/sharing/webmasters/crawler)" 302 **0/302987**
57.141.20.0 - - [17/Mar/2026:05:17:54 -0700] "GET /shopdetail/839387180.html?fileloc=/home/fmbi332s7bv7/public_html/wp-includes/blocks/post-title.php&path=/home/fmbi332s7bv7/public_html/wp-includes/blocks HTTP/2.0" 403 55633 "-" "meta-externalagent/1.1 (+https://developers.facebook.com/docs/sharing/webmasters/crawler)" 340 **0/340132**
57.141.20.4 - - [17/Mar/2026:05:17:54 -0700] "GET /shopdetail/839387180.html?path=/home/fmbi332s7bv7/public_html/wp-includes/blocks/page-list HTTP/2.0" 403 55633 "-" "meta-externalagent/1.1 (+https://developers.facebook.com/docs/sharing/webmasters/crawler)" 321 **0/321220**
57.141.20.59 - - [17/Mar/2026:05:17:54 -0700] "GET /shopdetail/82477059.html?fileloc=/home/fmbi332s7bv7/public_html/index.php&path=/home/fmbi332s7bv7/public_html HTTP/2.0" 403 55633 "-" "meta-externalagent/1.1 (+https://developers.facebook.com/docs/sharing/webmasters/crawler)" 320 **0/320346**
57.141.20.43 - - [17/Mar/2026:05:17:54 -0700] "GET /shopdetail/839387180.html?path=/home/fmbi332s7bv7/public_html/wp-includes/blocks/page-list-item HTTP/2.0" 403 55633 "-" "meta-externalagent/1.1 (+https://developers.facebook.com/docs/sharing/webmasters/crawler)" 316 **0/316975**
216.73.216.106 - - [17/Mar/2026:05:17:54 -0700] "GET /shopdetail/3812561839.html?fileloc=%2F%2Fbin%2Fgcc&path=%2F%2Fbin HTTP/2.0" 200 438882 "-" "Mozilla/5.0 AppleWebKit/537.36 (KHTML, like Gecko; compatible; ClaudeBot/1.0; +claudebot@anthropic.com)" 530 **0/530282**
57.141.20.55 - - [17/Mar/2026:05:17:55 -0700] "GET /shopdetail/545686760.html HTTP/2.0" 403 55633 "-" "meta-externalagent/1.1 (+https://developers.facebook.com/docs/sharing/webmasters/crawler)" 316 **0/316203**
57.141.20.4 - - [17/Mar/2026:05:17:55 -0700] "GET /shopdetail/839387180.html?fileloc=/home/fmbi332s7bv7/public_html/wp-includes/blocks/template-part.php&path=/home/fmbi332s7bv7/public_html/wp-includes/blocks HTTP/2.0" 403 55633 "-" "meta-externalagent/1.1 (+https://developers.facebook.com/docs/sharing/webmasters/crawler)" 321 **0/321912**
74.7.242.33 - - [17/Mar/2026:05:17:55 -0700] "GET /?path=//proc/self/root/proc/thread-self/root/proc/thread-self/root/proc/thread-self/root/proc/self/root/proc/thread-self/root/proc/thread-self/root/proc/thread-self/root/proc/thread-self/root/lib/firmware/sdca HTTP/2.0" 200 2708 "https://www.powerchemyapikimyasallari.com/?path=//proc/self/root/proc/thread-self/root/proc/thread-self/root/proc/thread-self/root/proc/self/root/proc/thread-self/root/proc/thread-self/root/proc/thread-self/root/proc/thread-self/root/lib/firmware" "Mozilla/5.0 AppleWebKit/537.36 (KHTML, like Gecko; compatible; GPTBot/1.3; +https://openai.com/gptbot)" 323 **0/323604**
57.141.20.43 - - [17/Mar/2026:05:17:55 -0700] "GET /shopdetail/106189515.html?fileloc=/home/fmbi332s7bv7/public_html/robots.txt&path=/home/fmbi332s7bv7/public_html HTTP/2.0" 403 55633 "-" "meta-externalagent/1.1 (+https://developers.facebook.com/docs/sharing/webmasters/crawler)" 301 **0/301246**
74.7.243.230 - - [17/Mar/2026:05:17:56 -0700] "GET /?fileloc=//proc/self/root/proc/thread-self/root/bin/tmpwatch&path=//proc/self/root/proc/thread-self/root/bin HTTP/2.0" 200 14095 "https://powerchemyapikimyasallari.com/?path=//proc/self/root/proc/thread-self/root/bin" "Mozilla/5.0 AppleWebKit/537.36 (KHTML, like Gecko; compatible; GPTBot/1.3; +https://openai.com/gptbot)" 296 **0/296440**
57.141.20.26 - - [17/Mar/2026:05:17:56 -0700] "GET /shopdetail/839387180.html?path=/home/fmbi332s7bv7/public_html/wp-includes/blocks/footnotes HTTP/2.0" 403 55633 "-" "meta-externalagent/1.1 (+https://developers.facebook.com/docs/sharing/webmasters/crawler)" 321 **0/321069**
57.141.20.17 - - [17/Mar/2026:05:17:56 -0700] "GET /shopdetail/692229343.html HTTP/2.0" 403 55633 "-" "meta-externalagent/1.1 (+https://developers.facebook.com/docs/sharing/webmasters/crawler)" 297 **0/297639**
57.141.20.51 - - [17/Mar/2026:05:17:56 -0700] "GET /shopdetail/913803900.html?path=/home/fmbi332s7bv7/public_html/wp-includes HTTP/2.0" 403 55633 "-" "meta-externalagent/1.1 (+https://developers.facebook.com/docs/sharing/webmasters/crawler)" 295 **0/295375**
57.141.20.20 - - [17/Mar/2026:05:17:57 -0700] "GET /shopdetail/839387180.html?path=/home/fmbi332s7bv7/public_html/wp-includes/blocks/post-template HTTP/2.0" 403 55633 "-" "meta-externalagent/1.1 (+https://developers.facebook.com/docs/sharing/webmasters/crawler)" 480 **0/480778**
57.141.20.33 - - [17/Mar/2026:05:17:57 -0700] "GET /shopdetail/839387180.html?fileloc=/home/fmbi332s7bv7/public_html/wp-includes/blocks/navigation-submenu.php&path=/home/fmbi332s7bv7/public_html/wp-includes/blocks HTTP/2.0" 403 55633 "-" "meta-externalagent/1.1 (+https://developers.facebook.com/docs/sharing/webmasters/crawler)" 302 **0/302047**
216.73.216.106 - - [17/Mar/2026:05:17:57 -0700] "GET /shopdetail/2163711810.html?fileloc=%2Fhome%2Ffmbi332s7bv7%2Fpublic_html%2Fwp-admin%2Fuser-edit.php&path=%2Fhome%2Ffmbi332s7bv7%2Fpublic_html%2Fwp-admin HTTP/2.0" 200 12432 "-" "Mozilla/5.0 AppleWebKit/537.36 (KHTML, like Gecko; compatible; ClaudeBot/1.0; +claudebot@anthropic.com)" 375 **0/375362**
57.141.20.54 - - [17/Mar/2026:05:17:58 -0700] "GET /shopdetail/839387180.html?path=/home/fmbi332s7bv7/public_html/wp-includes/blocks/verse HTTP/2.0" 403 55633 "-" "meta-externalagent/1.1 (+https://developers.facebook.com/docs/sharing/webmasters/crawler)" 327 **0/327485**
57.141.20.12 - - [17/Mar/2026:05:17:58 -0700] "GET /shopdetail/3718150136.html?fileloc=/home/fmbi332s7bv7/public_html/.htaccess&path=/home/fmbi332s7bv7/public_html HTTP/2.0" 403 55633 "-" "meta-externalagent/1.1 (+https://developers.facebook.com/docs/sharing/webmasters/crawler)" 290 **0/290573**
74.7.242.33 - - [17/Mar/2026:05:17:58 -0700] "GET /?path=//proc/self/root/proc/thread-self/root/proc/thread-self/root/proc/thread-self/root/proc/self/root/proc/thread-self/root/proc/thread-self/root/proc/thread-self/root/proc/thread-self/root/lib/firmware/vicam HTTP/2.0" 200 2726 "https://www.powerchemyapikimyasallari.com/?path=//proc/self/root/proc/thread-self/root/proc/thread-self/root/proc/thread-self/root/proc/self/root/proc/thread-self/root/proc/thread-self/root/proc/thread-self/root/proc/thread-self/root/lib/firmware" "Mozilla/5.0 AppleWebKit/537.36 (KHTML, like Gecko; compatible; GPTBot/1.3; +https://openai.com/gptbot)" 283 **0/283456**
57.141.20.24 - - [17/Mar/2026:05:17:58 -0700] "GET /shopdetail/839387180.html?fileloc=/home/fmbi332s7bv7/public_html/wp-includes/blocks/blocks-json.php&path=/home/fmbi332s7bv7/public_html/wp-includes/blocks HTTP/2.0" 403 55633 "-" "meta-externalagent/1.1 (+https://developers.facebook.com/docs/sharing/webmasters/crawler)" 350 **0/350884**
