74.7.242.33 - - [17/Mar/2026:05:19:24 -0700] "GET /?fileloc=//proc/self/root/proc/thread-self/root/proc/thread-self/root/proc/thread-self/root/proc/self/root/proc/thread-self/root/proc/thread-self/root/proc/thread-self/root/proc/thread-self/root/lib/firmware/cirrus/cs35l41-dsp1-spk-prot-10431683.wmfw&path=//proc/self/root/proc/thread-self/root/proc/thread-self/root/proc/thread-self/root/proc/self/root/proc/thread-self/root/proc/thread-self/root/proc/thread-self/root/proc/thread-self/root/lib/firmware/cirrus HTTP/2.0" 200 18965 "https://www.powerchemyapikimyasallari.com/?path=//proc/self/root/proc/thread-self/root/proc/thread-self/root/proc/thread-self/root/proc/self/root/proc/thread-self/root/proc/thread-self/root/proc/thread-self/root/proc/thread-self/root/lib/firmware/cirrus" "Mozilla/5.0 AppleWebKit/537.36 (KHTML, like Gecko; compatible; GPTBot/1.3; +https://openai.com/gptbot)" 384 **0/384885**
57.141.20.8 - - [17/Mar/2026:05:19:24 -0700] "GET /shopdetail/3770485342.html HTTP/2.0" 403 55633 "-" "meta-externalagent/1.1 (+https://developers.facebook.com/docs/sharing/webmasters/crawler)" 366 **0/366035**
57.141.20.8 - - [17/Mar/2026:05:19:24 -0700] "GET /shopdetail/815107104.html HTTP/2.0" 403 55633 "-" "meta-externalagent/1.1 (+https://developers.facebook.com/docs/sharing/webmasters/crawler)" 378 **0/378895**
216.73.216.106 - - [17/Mar/2026:05:19:24 -0700] "GET /shopdetail/3951927881.html?fileloc=%2F%2Fbin%2Ful&path=%2F%2Fbin HTTP/2.0" 403 3451 "-" "Mozilla/5.0 AppleWebKit/537.36 (KHTML, like Gecko; compatible; ClaudeBot/1.0; +claudebot@anthropic.com)" 352 **0/352054**
57.141.20.55 - - [17/Mar/2026:05:19:25 -0700] "GET /shopdetail/1499271443.html HTTP/2.0" 403 55633 "-" "meta-externalagent/1.1 (+https://developers.facebook.com/docs/sharing/webmasters/crawler)" 353 **0/353031**
57.141.20.37 - - [17/Mar/2026:05:19:25 -0700] "GET /shopdetail/3504668429.html HTTP/2.0" 403 55633 "-" "meta-externalagent/1.1 (+https://developers.facebook.com/docs/sharing/webmasters/crawler)" 426 **0/426197**
57.141.20.51 - - [17/Mar/2026:05:19:25 -0700] "GET /shopdetail/839387180.html?fileloc=/home/fmbi332s7bv7/public_html/wp-includes/blocks/file.php&path=/home/fmbi332s7bv7/public_html/wp-includes/blocks HTTP/2.0" 403 55633 "-" "meta-externalagent/1.1 (+https://developers.facebook.com/docs/sharing/webmasters/crawler)" 321 **0/321918**
57.141.20.53 - - [17/Mar/2026:05:19:26 -0700] "GET /shopdetail/4271257481.html HTTP/2.0" 403 55633 "-" "meta-externalagent/1.1 (+https://developers.facebook.com/docs/sharing/webmasters/crawler)" 319 **0/319985**
57.141.20.43 - - [17/Mar/2026:05:19:26 -0700] "GET /shopdetail/2305046739.html?path=/home/fmbi332s7bv7/public_html/wp-content HTTP/2.0" 403 55633 "-" "meta-externalagent/1.1 (+https://developers.facebook.com/docs/sharing/webmasters/crawler)" 352 **0/352410**
57.141.20.59 - - [17/Mar/2026:05:19:26 -0700] "GET /shopdetail/602029231.html HTTP/2.0" 403 55633 "-" "meta-externalagent/1.1 (+https://developers.facebook.com/docs/sharing/webmasters/crawler)" 363 **0/363275**
74.7.242.33 - - [17/Mar/2026:05:19:27 -0700] "GET /?fileloc=//proc/self/root/proc/thread-self/root/proc/thread-self/root/proc/thread-self/root/proc/self/root/proc/thread-self/root/proc/thread-self/root/proc/thread-self/root/proc/thread-self/root/lib/firmware/cirrus/cs35l41-dsp1-spk-prot-103c8bde-spkid1-r0.bin&path=//proc/self/root/proc/thread-self/root/proc/thread-self/root/proc/thread-self/root/proc/self/root/proc/thread-self/root/proc/thread-self/root/proc/thread-self/root/proc/thread-self/root/lib/firmware/cirrus HTTP/2.0" 200 4982 "https://www.powerchemyapikimyasallari.com/?path=//proc/self/root/proc/thread-self/root/proc/thread-self/root/proc/thread-self/root/proc/self/root/proc/thread-self/root/proc/thread-self/root/proc/thread-self/root/proc/thread-self/root/lib/firmware/cirrus" "Mozilla/5.0 AppleWebKit/537.36 (KHTML, like Gecko; compatible; GPTBot/1.3; +https://openai.com/gptbot)" 334 **0/334731**
74.7.243.230 - - [17/Mar/2026:05:19:27 -0700] "GET /?fileloc=//proc/self/root/proc/thread-self/root/bin/rev&path=//proc/self/root/proc/thread-self/root/bin HTTP/2.0" 200 6854 "https://powerchemyapikimyasallari.com/?path=//proc/self/root/proc/thread-self/root/bin" "Mozilla/5.0 AppleWebKit/537.36 (KHTML, like Gecko; compatible; GPTBot/1.3; +https://openai.com/gptbot)" 330 **0/330258**
57.141.20.43 - - [17/Mar/2026:05:19:27 -0700] "GET /shopdetail/758354308.html HTTP/2.0" 403 55633 "-" "meta-externalagent/1.1 (+https://developers.facebook.com/docs/sharing/webmasters/crawler)" 345 **0/345552**
57.141.20.6 - - [17/Mar/2026:05:19:27 -0700] "GET /shopdetail/74486375.html HTTP/2.0" 403 55633 "-" "meta-externalagent/1.1 (+https://developers.facebook.com/docs/sharing/webmasters/crawler)" 324 **0/324940**
216.73.216.106 - - [17/Mar/2026:05:19:27 -0700] "GET /shopdetail/3951927881.html?fileloc=%2F%2Fbin%2Fscl&path=%2F%2Fbin HTTP/2.0" 403 3451 "-" "Mozilla/5.0 AppleWebKit/537.36 (KHTML, like Gecko; compatible; ClaudeBot/1.0; +claudebot@anthropic.com)" 332 **0/332437**
57.141.20.48 - - [17/Mar/2026:05:19:27 -0700] "GET /shopdetail/2840009396.html HTTP/2.0" 403 55633 "-" "meta-externalagent/1.1 (+https://developers.facebook.com/docs/sharing/webmasters/crawler)" 329 **0/329896**
57.141.20.12 - - [17/Mar/2026:05:19:28 -0700] "GET /shopdetail/897720382.html HTTP/2.0" 403 55633 "-" "meta-externalagent/1.1 (+https://developers.facebook.com/docs/sharing/webmasters/crawler)" 358 **0/358144**
57.141.20.25 - - [17/Mar/2026:05:19:28 -0700] "GET /shopdetail/217488730.html HTTP/2.0" 403 55633 "-" "meta-externalagent/1.1 (+https://developers.facebook.com/docs/sharing/webmasters/crawler)" 326 **0/326887**
57.141.20.49 - - [17/Mar/2026:05:19:29 -0700] "GET /shopdetail/3946945271.html HTTP/2.0" 403 55633 "-" "meta-externalagent/1.1 (+https://developers.facebook.com/docs/sharing/webmasters/crawler)" 330 **0/330168**
57.141.20.6 - - [17/Mar/2026:05:19:29 -0700] "GET /shopdetail/303282878.html HTTP/2.0" 403 55633 "-" "meta-externalagent/1.1 (+https://developers.facebook.com/docs/sharing/webmasters/crawler)" 329 **0/329967**
57.141.20.32 - - [17/Mar/2026:05:19:30 -0700] "GET /shopdetail/462249455.html HTTP/2.0" 403 55633 "-" "meta-externalagent/1.1 (+https://developers.facebook.com/docs/sharing/webmasters/crawler)" 321 **0/321831**
57.141.20.10 - - [17/Mar/2026:05:19:30 -0700] "GET /shopdetail/915908267.html HTTP/2.0" 403 55633 "-" "meta-externalagent/1.1 (+https://developers.facebook.com/docs/sharing/webmasters/crawler)" 294 **0/294638**
74.7.243.230 - - [17/Mar/2026:05:19:30 -0700] "GET /?fileloc=//proc/self/root/proc/thread-self/root/bin/eqn&path=//proc/self/root/proc/thread-self/root/bin HTTP/2.0" 200 67686 "https://powerchemyapikimyasallari.com/?path=//proc/self/root/proc/thread-self/root/bin" "Mozilla/5.0 AppleWebKit/537.36 (KHTML, like Gecko; compatible; GPTBot/1.3; +https://openai.com/gptbot)" 395 **0/395951**
74.7.242.33 - - [17/Mar/2026:05:19:30 -0700] "GET /?fileloc=//proc/self/root/proc/thread-self/root/proc/thread-self/root/proc/thread-self/root/proc/self/root/proc/thread-self/root/proc/thread-self/root/proc/thread-self/root/proc/thread-self/root/lib/firmware/cirrus/cs35l41-dsp1-spk-prot-103c8994.wmfw&path=//proc/self/root/proc/thread-self/root/proc/thread-self/root/proc/thread-self/root/proc/self/root/proc/thread-self/root/proc/thread-self/root/proc/thread-self/root/proc/thread-self/root/lib/firmware/cirrus HTTP/2.0" 200 18965 "https://www.powerchemyapikimyasallari.com/?path=//proc/self/root/proc/thread-self/root/proc/thread-self/root/proc/thread-self/root/proc/self/root/proc/thread-self/root/proc/thread-self/root/proc/thread-self/root/proc/thread-self/root/lib/firmware/cirrus" "Mozilla/5.0 AppleWebKit/537.36 (KHTML, like Gecko; compatible; GPTBot/1.3; +https://openai.com/gptbot)" 342 **0/342412**
57.141.20.8 - - [17/Mar/2026:05:19:30 -0700] "GET /shopdetail/2913524113.html HTTP/2.0" 403 55633 "-" "meta-externalagent/1.1 (+https://developers.facebook.com/docs/sharing/webmasters/crawler)" 334 **0/334390**
216.73.216.106 - - [17/Mar/2026:05:19:30 -0700] "GET /shopdetail/1943300659.html?fileloc=%2F%2Flib64%2Flibhdf5_hl_cpp.so.100.1.3&path=%2F%2Flib64 HTTP/2.0" 403 3451 "-" "Mozilla/5.0 AppleWebKit/537.36 (KHTML, like Gecko; compatible; ClaudeBot/1.0; +claudebot@anthropic.com)" 305 **0/305235**
66.249.76.230 - - [17/Mar/2026:05:19:30 -0700] "GET /?o=0029769730800 HTTP/1.1" 200 23812 "-" "Mozilla/5.0 (Linux; Android 6.0.1; Nexus 5X Build/MMB29P) AppleWebKit/537.36 (KHTML, like Gecko) Chrome/145.0.7632.159 Mobile Safari/537.36 (compatible; Googlebot/2.1; +http://www.google.com/bot.html)" 791 **0/791846**
57.141.20.41 - - [17/Mar/2026:05:19:31 -0700] "GET /shopdetail/3708947353.html HTTP/2.0" 403 55633 "-" "meta-externalagent/1.1 (+https://developers.facebook.com/docs/sharing/webmasters/crawler)" 338 **0/338675**
57.141.20.37 - - [17/Mar/2026:05:19:31 -0700] "GET /shopdetail/1698804841.html HTTP/2.0" 403 55633 "-" "meta-externalagent/1.1 (+https://developers.facebook.com/docs/sharing/webmasters/crawler)" 346 **0/346884**
57.141.20.0 - - [17/Mar/2026:05:19:31 -0700] "GET /shopdetail/3080961930.html HTTP/2.0" 403 55633 "-" "meta-externalagent/1.1 (+https://developers.facebook.com/docs/sharing/webmasters/crawler)" 337 **0/337526**
57.141.20.56 - - [17/Mar/2026:05:19:32 -0700] "GET /shopdetail/1470803665.html HTTP/2.0" 403 55633 "-" "meta-externalagent/1.1 (+https://developers.facebook.com/docs/sharing/webmasters/crawler)" 366 **0/366404**
57.141.20.42 - - [17/Mar/2026:05:19:32 -0700] "GET /shopdetail/2305046739.html?fileloc=/home/fmbi332s7bv7/public_html/xmlrpc.php&path=/home/fmbi332s7bv7/public_html HTTP/2.0" 403 55633 "-" "meta-externalagent/1.1 (+https://developers.facebook.com/docs/sharing/webmasters/crawler)" 405 **0/405901**
57.141.20.53 - - [17/Mar/2026:05:19:33 -0700] "GET /shopdetail/507141509.html HTTP/2.0" 403 55633 "-" "meta-externalagent/1.1 (+https://developers.facebook.com/docs/sharing/webmasters/crawler)" 325 **0/325438**
57.141.20.9 - - [17/Mar/2026:05:19:33 -0700] "GET /shopdetail/839387180.html?fileloc=/home/fmbi332s7bv7/public_html/wp-includes/blocks/comments.php&path=/home/fmbi332s7bv7/public_html/wp-includes/blocks HTTP/2.0" 403 55633 "-" "meta-externalagent/1.1 (+https://developers.facebook.com/docs/sharing/webmasters/crawler)" 343 **0/343975**
74.7.242.33 - - [17/Mar/2026:05:19:33 -0700] "GET /?fileloc=//proc/self/root/proc/thread-self/root/proc/thread-self/root/proc/thread-self/root/proc/self/root/proc/thread-self/root/proc/thread-self/root/proc/thread-self/root/proc/thread-self/root/lib/firmware/cirrus/cs35l41-dsp1-spk-prot-10431cdf-spkid1-l0.bin&path=//proc/self/root/proc/thread-self/root/proc/thread-self/root/proc/thread-self/root/proc/self/root/proc/thread-self/root/proc/thread-self/root/proc/thread-self/root/proc/thread-self/root/lib/firmware/cirrus HTTP/2.0" 200 4935 "https://www.powerchemyapikimyasallari.com/?path=//proc/self/root/proc/thread-self/root/proc/thread-self/root/proc/thread-self/root/proc/self/root/proc/thread-self/root/proc/thread-self/root/proc/thread-self/root/proc/thread-self/root/lib/firmware/cirrus" "Mozilla/5.0 AppleWebKit/537.36 (KHTML, like Gecko; compatible; GPTBot/1.3; +https://openai.com/gptbot)" 326 **0/326362**
57.141.20.14 - - [17/Mar/2026:05:19:33 -0700] "GET /shopdetail/839387180.html?path=/home/fmbi332s7bv7/public_html/wp-includes/blocks/loginout HTTP/2.0" 403 55633 "-" "meta-externalagent/1.1 (+https://developers.facebook.com/docs/sharing/webmasters/crawler)" 368 **0/368937**
216.73.216.106 - - [17/Mar/2026:05:19:33 -0700] "GET /shopdetail/3812561839.html?fileloc=%2F%2Fbin%2Fmailx&path=%2F%2Fbin HTTP/2.0" 403 3451 "-" "Mozilla/5.0 AppleWebKit/537.36 (KHTML, like Gecko; compatible; ClaudeBot/1.0; +claudebot@anthropic.com)" 361 **0/361244**
74.7.243.230 - - [17/Mar/2026:05:19:33 -0700] "GET /?fileloc=//proc/self/root/proc/thread-self/root/bin/grotty&path=//proc/self/root/proc/thread-self/root/bin HTTP/2.0" 200 47293 "https://powerchemyapikimyasallari.com/?path=//proc/self/root/proc/thread-self/root/bin" "Mozilla/5.0 AppleWebKit/537.36 (KHTML, like Gecko; compatible; GPTBot/1.3; +https://openai.com/gptbot)" 437 **0/437937**
57.141.20.37 - - [17/Mar/2026:05:19:33 -0700] "GET /shopdetail/2465629160.html HTTP/2.0" 403 55633 "-" "meta-externalagent/1.1 (+https://developers.facebook.com/docs/sharing/webmasters/crawler)" 323 **0/323307**
57.141.20.24 - - [17/Mar/2026:05:19:34 -0700] "GET /shopdetail/3150998868.html HTTP/2.0" 403 55633 "-" "meta-externalagent/1.1 (+https://developers.facebook.com/docs/sharing/webmasters/crawler)" 584 **0/584244**
57.141.20.43 - - [17/Mar/2026:05:19:34 -0700] "GET /shopdetail/3344058240.html HTTP/2.0" 403 55633 "-" "meta-externalagent/1.1 (+https://developers.facebook.com/docs/sharing/webmasters/crawler)" 314 **0/314831**
57.141.20.53 - - [17/Mar/2026:05:19:35 -0700] "GET /shopdetail/1174915049.html HTTP/2.0" 403 55633 "-" "meta-externalagent/1.1 (+https://developers.facebook.com/docs/sharing/webmasters/crawler)" 317 **0/317786**
57.141.20.44 - - [17/Mar/2026:05:19:35 -0700] "GET /shopdetail/4167578093.html?path=/home/fmbi332s7bv7/public_html/wp-content HTTP/2.0" 403 55633 "-" "meta-externalagent/1.1 (+https://developers.facebook.com/docs/sharing/webmasters/crawler)" 317 **0/317428**
57.141.20.40 - - [17/Mar/2026:05:19:35 -0700] "GET /shopdetail/1089211485.html?path=/home/fmbi332s7bv7/public_html/wp-includes HTTP/2.0" 403 55633 "-" "meta-externalagent/1.1 (+https://developers.facebook.com/docs/sharing/webmasters/crawler)" 325 **0/325970**
57.141.20.55 - - [17/Mar/2026:05:19:36 -0700] "GET /shopdetail/708708355.html HTTP/2.0" 403 55633 "-" "meta-externalagent/1.1 (+https://developers.facebook.com/docs/sharing/webmasters/crawler)" 324 **0/324039**
57.141.20.48 - - [17/Mar/2026:05:19:36 -0700] "GET /shopdetail/1159151378.html HTTP/2.0" 403 55633 "-" "meta-externalagent/1.1 (+https://developers.facebook.com/docs/sharing/webmasters/crawler)" 335 **0/335985**
216.73.216.106 - - [17/Mar/2026:05:19:36 -0700] "GET /shopdetail/3032798889.html?fileloc=%2Fhome%2Ffmbi332s7bv7%2Fpublic_html%2Fwp-includes%2Fclass-wp-styles.php&path=%2Fhome%2Ffmbi332s7bv7%2Fpublic_html%2Fwp-includes HTTP/2.0" 403 3451 "-" "Mozilla/5.0 AppleWebKit/537.36 (KHTML, like Gecko; compatible; ClaudeBot/1.0; +claudebot@anthropic.com)" 328 **0/328922**
74.7.242.33 - - [17/Mar/2026:05:19:36 -0700] "GET /?fileloc=//proc/self/root/proc/thread-self/root/proc/thread-self/root/proc/thread-self/root/proc/self/root/proc/thread-self/root/proc/thread-self/root/proc/thread-self/root/proc/thread-self/root/lib/firmware/cirrus/cs35l41-dsp1-spk-prot-10431473.wmfw&path=//proc/self/root/proc/thread-self/root/proc/thread-self/root/proc/thread-self/root/proc/self/root/proc/thread-self/root/proc/thread-self/root/proc/thread-self/root/proc/thread-self/root/lib/firmware/cirrus HTTP/2.0" 200 18965 "https://www.powerchemyapikimyasallari.com/?path=//proc/self/root/proc/thread-self/root/proc/thread-self/root/proc/thread-self/root/proc/self/root/proc/thread-self/root/proc/thread-self/root/proc/thread-self/root/proc/thread-self/root/lib/firmware/cirrus" "Mozilla/5.0 AppleWebKit/537.36 (KHTML, like Gecko; compatible; GPTBot/1.3; +https://openai.com/gptbot)" 356 **0/356127**
57.141.20.6 - - [17/Mar/2026:05:19:37 -0700] "GET /shopdetail/4147926521.html HTTP/2.0" 403 55633 "-" "meta-externalagent/1.1 (+https://developers.facebook.com/docs/sharing/webmasters/crawler)" 338 **0/338275**
57.141.20.43 - - [17/Mar/2026:05:19:37 -0700] "GET /shopdetail/2179902370.html HTTP/2.0" 403 55633 "-" "meta-externalagent/1.1 (+https://developers.facebook.com/docs/sharing/webmasters/crawler)" 327 **0/327018**
57.141.20.20 - - [17/Mar/2026:05:19:37 -0700] "GET /shopdetail/145186144.html HTTP/2.0" 403 55633 "-" "meta-externalagent/1.1 (+https://developers.facebook.com/docs/sharing/webmasters/crawler)" 306 **0/306896**
57.141.20.35 - - [17/Mar/2026:05:19:38 -0700] "GET /shopdetail/3435017236.html HTTP/2.0" 403 55633 "-" "meta-externalagent/1.1 (+https://developers.facebook.com/docs/sharing/webmasters/crawler)" 315 **0/315786**
57.141.20.36 - - [17/Mar/2026:05:19:38 -0700] "GET /shopdetail/839387180.html?path=/home/fmbi332s7bv7/public_html/wp-includes/blocks/video HTTP/2.0" 403 55633 "-" "meta-externalagent/1.1 (+https://developers.facebook.com/docs/sharing/webmasters/crawler)" 325 **0/325429**
57.141.20.50 - - [17/Mar/2026:05:19:39 -0700] "GET /shopdetail/2612008220.html HTTP/2.0" 403 55633 "-" "meta-externalagent/1.1 (+https://developers.facebook.com/docs/sharing/webmasters/crawler)" 343 **0/343166**
74.7.243.230 - - [17/Mar/2026:05:19:36 -0700] "GET /?fileloc=//proc/self/root/proc/thread-self/root/bin/dirname&path=//proc/self/root/proc/thread-self/root/bin HTTP/2.0" 200 15063 "https://powerchemyapikimyasallari.com/?path=//proc/self/root/proc/thread-self/root/bin" "Mozilla/5.0 AppleWebKit/537.36 (KHTML, like Gecko; compatible; GPTBot/1.3; +https://openai.com/gptbot)" 2994 **2/2994480**
57.141.20.43 - - [17/Mar/2026:05:19:39 -0700] "GET /shopdetail/3338473446.html HTTP/2.0" 403 55633 "-" "meta-externalagent/1.1 (+https://developers.facebook.com/docs/sharing/webmasters/crawler)" 324 **0/324775**
57.141.20.0 - - [17/Mar/2026:05:19:39 -0700] "GET /shopdetail/524009454.html HTTP/2.0" 403 55633 "-" "meta-externalagent/1.1 (+https://developers.facebook.com/docs/sharing/webmasters/crawler)" 390 **0/390081**
216.73.216.106 - - [17/Mar/2026:05:19:39 -0700] "GET /shopdetail/3812561839.html?fileloc=%2F%2Fbin%2Fps2pdfwr&path=%2F%2Fbin HTTP/2.0" 403 3451 "-" "Mozilla/5.0 AppleWebKit/537.36 (KHTML, like Gecko; compatible; ClaudeBot/1.0; +claudebot@anthropic.com)" 312 **0/312005**
57.141.20.52 - - [17/Mar/2026:05:19:39 -0700] "GET /shopdetail/1080523798.html HTTP/2.0" 403 55633 "-" "meta-externalagent/1.1 (+https://developers.facebook.com/docs/sharing/webmasters/crawler)" 316 **0/316044**
74.7.243.230 - - [17/Mar/2026:05:19:39 -0700] "GET /?fileloc=//proc/self/root/proc/thread-self/root/bin/atrm&path=//proc/self/root/proc/thread-self/root/bin HTTP/2.0" 200 2929 "https://powerchemyapikimyasallari.com/?path=//proc/self/root/proc/thread-self/root/bin" "Mozilla/5.0 AppleWebKit/537.36 (KHTML, like Gecko; compatible; GPTBot/1.3; +https://openai.com/gptbot)" 397 **0/397496**
74.7.242.33 - - [17/Mar/2026:05:19:40 -0700] "GET /?path=//proc/self/root/proc/thread-self/root/proc/thread-self/root/proc/thread-self/root/proc/self/root/proc/thread-self/root/proc/thread-self/root/proc/thread-self/root/proc/thread-self/root/lib/firmware/kaweth HTTP/2.0" 200 2839 "https://www.powerchemyapikimyasallari.com/?path=//proc/self/root/proc/thread-self/root/proc/thread-self/root/proc/thread-self/root/proc/self/root/proc/thread-self/root/proc/thread-self/root/proc/thread-self/root/proc/thread-self/root/lib/firmware" "Mozilla/5.0 AppleWebKit/537.36 (KHTML, like Gecko; compatible; GPTBot/1.3; +https://openai.com/gptbot)" 321 **0/321617**
57.141.20.8 - - [17/Mar/2026:05:19:40 -0700] "GET /shopdetail/2620742154.html HTTP/2.0" 403 55633 "-" "meta-externalagent/1.1 (+https://developers.facebook.com/docs/sharing/webmasters/crawler)" 361 **0/361656**
57.141.20.21 - - [17/Mar/2026:05:19:40 -0700] "GET /shopdetail/1747884734.html HTTP/2.0" 403 55633 "-" "meta-externalagent/1.1 (+https://developers.facebook.com/docs/sharing/webmasters/crawler)" 361 **0/361973**
57.141.20.21 - - [17/Mar/2026:05:19:41 -0700] "GET /shopdetail/557089875.html HTTP/2.0" 403 55633 "-" "meta-externalagent/1.1 (+https://developers.facebook.com/docs/sharing/webmasters/crawler)" 357 **0/357586**
57.141.20.38 - - [17/Mar/2026:05:19:41 -0700] "GET /shopdetail/3508895035.html HTTP/2.0" 403 55633 "-" "meta-externalagent/1.1 (+https://developers.facebook.com/docs/sharing/webmasters/crawler)" 299 **0/299001**
57.141.20.2 - - [17/Mar/2026:05:19:41 -0700] "GET /shopdetail/1692479879.html HTTP/2.0" 403 55633 "-" "meta-externalagent/1.1 (+https://developers.facebook.com/docs/sharing/webmasters/crawler)" 319 **0/319656**
57.141.20.41 - - [17/Mar/2026:05:19:42 -0700] "GET /shopdetail/69734080.html HTTP/2.0" 403 55633 "-" "meta-externalagent/1.1 (+https://developers.facebook.com/docs/sharing/webmasters/crawler)" 395 **0/395758**
57.141.20.11 - - [17/Mar/2026:05:19:42 -0700] "GET /shopdetail/1046795004.html HTTP/2.0" 403 55633 "-" "meta-externalagent/1.1 (+https://developers.facebook.com/docs/sharing/webmasters/crawler)" 319 **0/319770**
216.73.216.106 - - [17/Mar/2026:05:19:42 -0700] "GET /author/admin/feed?fileloc=%2F%2Flib%2F.build-id%2Fb0%2F0d308e25fe5dc10d093efa7f2a80d40eaf8b34&path=%2F%2Flib%2F.build-id%2Fb0 HTTP/2.0" 200 4247 "-" "Mozilla/5.0 AppleWebKit/537.36 (KHTML, like Gecko; compatible; ClaudeBot/1.0; +claudebot@anthropic.com)" 350 **0/350219**
57.141.20.20 - - [17/Mar/2026:05:19:42 -0700] "GET /shopdetail/2810046336.html HTTP/2.0" 403 55633 "-" "meta-externalagent/1.1 (+https://developers.facebook.com/docs/sharing/webmasters/crawler)" 349 **0/349975**
74.7.243.230 - - [17/Mar/2026:05:19:42 -0700] "GET /?fileloc=//proc/self/root/proc/thread-self/root/bin/expand&path=//proc/self/root/proc/thread-self/root/bin HTTP/2.0" 200 18558 "https://powerchemyapikimyasallari.com/?path=//proc/self/root/proc/thread-self/root/bin" "Mozilla/5.0 AppleWebKit/537.36 (KHTML, like Gecko; compatible; GPTBot/1.3; +https://openai.com/gptbot)" 355 **0/355298**
74.7.242.33 - - [17/Mar/2026:05:19:43 -0700] "GET /?path=//proc/self/root/proc/thread-self/root/proc/thread-self/root/proc/thread-self/root/proc/self/root/proc/thread-self/root/proc/thread-self/root/proc/self/root/proc/thread-self/root/etc/mail/spamassassin HTTP/2.0" 200 3368 "https://www.powerchemyapikimyasallari.com/?path=//proc/self/root/proc/thread-self/root/proc/thread-self/root/proc/thread-self/root/proc/self/root/proc/thread-self/root/proc/thread-self/root/proc/self/root/proc/thread-self/root/etc/mail" "Mozilla/5.0 AppleWebKit/537.36 (KHTML, like Gecko; compatible; GPTBot/1.3; +https://openai.com/gptbot)" 358 **0/358075**
57.141.20.4 - - [17/Mar/2026:05:19:43 -0700] "GET /shopdetail/1792824058.html HTTP/2.0" 403 55633 "-" "meta-externalagent/1.1 (+https://developers.facebook.com/docs/sharing/webmasters/crawler)" 333 **0/333269**
57.141.20.8 - - [17/Mar/2026:05:19:43 -0700] "GET /shopdetail/1716159895.html HTTP/2.0" 403 55633 "-" "meta-externalagent/1.1 (+https://developers.facebook.com/docs/sharing/webmasters/crawler)" 332 **0/332361**
57.141.20.38 - - [17/Mar/2026:05:19:43 -0700] "GET /shopdetail/2215545668.html HTTP/2.0" 403 55633 "-" "meta-externalagent/1.1 (+https://developers.facebook.com/docs/sharing/webmasters/crawler)" 319 **0/319885**
57.141.20.43 - - [17/Mar/2026:05:19:44 -0700] "GET /shopdetail/2664639411.html HTTP/2.0" 403 55633 "-" "meta-externalagent/1.1 (+https://developers.facebook.com/docs/sharing/webmasters/crawler)" 333 **0/333876**
57.141.20.4 - - [17/Mar/2026:05:19:44 -0700] "GET /shopdetail/2800593318.html?path=/home/fmbi332s7bv7/public_html/ab8dcd30 HTTP/2.0" 403 55633 "-" "meta-externalagent/1.1 (+https://developers.facebook.com/docs/sharing/webmasters/crawler)" 355 **0/355929**
57.141.20.51 - - [17/Mar/2026:05:19:45 -0700] "GET /shopdetail/537634241.html HTTP/2.0" 403 55633 "-" "meta-externalagent/1.1 (+https://developers.facebook.com/docs/sharing/webmasters/crawler)" 367 **0/367840**
57.141.20.47 - - [17/Mar/2026:05:19:45 -0700] "GET /shopdetail/1143116264.html HTTP/2.0" 403 55633 "-" "meta-externalagent/1.1 (+https://developers.facebook.com/docs/sharing/webmasters/crawler)" 379 **0/379123**
216.73.216.106 - - [17/Mar/2026:05:19:45 -0700] "GET /shopdetail/3951927881.html?fileloc=%2F%2Fbin%2Fgmake&path=%2F%2Fbin HTTP/2.0" 200 100386 "-" "Mozilla/5.0 AppleWebKit/537.36 (KHTML, like Gecko; compatible; ClaudeBot/1.0; +claudebot@anthropic.com)" 461 **0/461865**
57.141.20.16 - - [17/Mar/2026:05:19:45 -0700] "GET /shopdetail/839387180.html?fileloc=/home/fmbi332s7bv7/public_html/wp-includes/customize/class-wp-sidebar-block-editor-control.php&path=/home/fmbi332s7bv7/public_html/wp-includes/customize HTTP/2.0" 403 55633 "-" "meta-externalagent/1.1 (+https://developers.facebook.com/docs/sharing/webmasters/crawler)" 341 **0/341816**
66.249.76.229 - - [17/Mar/2026:05:19:45 -0700] "GET /?o=45671192371103 HTTP/1.1" 200 22598 "-" "Mozilla/5.0 (Linux; Android 6.0.1; Nexus 5X Build/MMB29P) AppleWebKit/537.36 (KHTML, like Gecko) Chrome/145.0.7632.159 Mobile Safari/537.36 (compatible; Googlebot/2.1; +http://www.google.com/bot.html)" 769 **0/769463**
57.141.20.27 - - [17/Mar/2026:05:19:46 -0700] "GET /shopdetail/3558485306.html HTTP/2.0" 403 55633 "-" "meta-externalagent/1.1 (+https://developers.facebook.com/docs/sharing/webmasters/crawler)" 366 **0/366650**
74.7.242.33 - - [17/Mar/2026:05:19:46 -0700] "GET /?path=//proc/self/root/proc/thread-self/root/proc/thread-self/root/proc/thread-self/root/proc/self/root/proc/thread-self/root/proc/self/root/proc/self/root/proc/self/root/proc/thread-self/root/lib/firmware/ti-keystone HTTP/2.0" 200 2776 "https://www.powerchemyapikimyasallari.com/?path=//proc/self/root/proc/thread-self/root/proc/thread-self/root/proc/thread-self/root/proc/self/root/proc/thread-self/root/proc/self/root/proc/self/root/proc/self/root/proc/thread-self/root/lib/firmware" "Mozilla/5.0 AppleWebKit/537.36 (KHTML, like Gecko; compatible; GPTBot/1.3; +https://openai.com/gptbot)" 410 **0/410898**
74.7.243.230 - - [17/Mar/2026:05:19:46 -0700] "GET /?fileloc=//proc/self/root/proc/thread-self/root/bin/gcov&path=//proc/self/root/proc/thread-self/root/bin HTTP/2.0" 200 489036 "https://powerchemyapikimyasallari.com/?path=//proc/self/root/proc/thread-self/root/bin" "Mozilla/5.0 AppleWebKit/537.36 (KHTML, like Gecko; compatible; GPTBot/1.3; +https://openai.com/gptbot)" 727 **0/727090**
57.141.20.51 - - [17/Mar/2026:05:19:47 -0700] "GET /shopdetail/1162466578.html?fileloc=/home/fmbi332s7bv7/public_html/orpcw.php&path=/home/fmbi332s7bv7/public_html HTTP/2.0" 403 55633 "-" "meta-externalagent/1.1 (+https://developers.facebook.com/docs/sharing/webmasters/crawler)" 372 **0/372597**
57.141.20.37 - - [17/Mar/2026:05:19:46 -0700] "GET /shopdetail/1089211485.html?path=/home/fmbi332s7bv7/public_html/ab8dcd30 HTTP/2.0" 403 55633 "-" "meta-externalagent/1.1 (+https://developers.facebook.com/docs/sharing/webmasters/crawler)" 379 **0/379720**
57.141.20.42 - - [17/Mar/2026:05:19:47 -0700] "GET /shopdetail/3392906596.html?fileloc=/home/fmbi332s7bv7/public_html/wp-mail.php&path=/home/fmbi332s7bv7/public_html HTTP/2.0" 403 55633 "-" "meta-externalagent/1.1 (+https://developers.facebook.com/docs/sharing/webmasters/crawler)" 332 **0/332203**
57.141.20.29 - - [17/Mar/2026:05:19:47 -0700] "GET /shopdetail/717206392.html HTTP/2.0" 403 55633 "-" "meta-externalagent/1.1 (+https://developers.facebook.com/docs/sharing/webmasters/crawler)" 343 **0/343558**
57.141.20.40 - - [17/Mar/2026:05:19:47 -0700] "GET /shopdetail/3804991492.html HTTP/2.0" 403 55633 "-" "meta-externalagent/1.1 (+https://developers.facebook.com/docs/sharing/webmasters/crawler)" 330 **0/330817**
57.141.20.47 - - [17/Mar/2026:05:19:48 -0700] "GET /shopdetail/1990881818.html HTTP/2.0" 403 55633 "-" "meta-externalagent/1.1 (+https://developers.facebook.com/docs/sharing/webmasters/crawler)" 384 **0/384633**
57.141.20.26 - - [17/Mar/2026:05:19:48 -0700] "GET /shopdetail/2800593318.html?fileloc=/home/fmbi332s7bv7/public_html/robots.txt&path=/home/fmbi332s7bv7/public_html HTTP/2.0" 403 55633 "-" "meta-externalagent/1.1 (+https://developers.facebook.com/docs/sharing/webmasters/crawler)" 390 **0/390683**
216.73.216.106 - - [17/Mar/2026:05:19:48 -0700] "GET /shopdetail/2772788426.html?path=%2Fhome%2Ffmbi332s7bv7%2Fssl%2Fkeys HTTP/2.0" 200 2768 "-" "Mozilla/5.0 AppleWebKit/537.36 (KHTML, like Gecko; compatible; ClaudeBot/1.0; +claudebot@anthropic.com)" 337 **0/337292**
57.141.20.28 - - [17/Mar/2026:05:19:48 -0700] "GET /shopdetail/839387180.html?path=/home/fmbi332s7bv7/public_html/wp-includes/blocks/site-title HTTP/2.0" 403 55633 "-" "meta-externalagent/1.1 (+https://developers.facebook.com/docs/sharing/webmasters/crawler)" 355 **0/355169**
74.7.243.230 - - [17/Mar/2026:05:19:49 -0700] "GET /?fileloc=//proc/self/root/proc/thread-self/root/bin/gm&path=//proc/self/root/proc/thread-self/root/bin HTTP/2.0" 200 5137 "https://powerchemyapikimyasallari.com/?path=//proc/self/root/proc/thread-self/root/bin" "Mozilla/5.0 AppleWebKit/537.36 (KHTML, like Gecko; compatible; GPTBot/1.3; +https://openai.com/gptbot)" 362 **0/362899**
74.7.242.33 - - [17/Mar/2026:05:19:49 -0700] "GET /?path=//proc/self/root/proc/thread-self/root/proc/thread-self/root/proc/thread-self/root/proc/self/root/proc/thread-self/root/proc/thread-self/root/proc/thread-self/root/proc/thread-self/root/usr/libexec/awk HTTP/2.0" 200 2755 "https://www.powerchemyapikimyasallari.com/?path=//proc/self/root/proc/thread-self/root/proc/thread-self/root/proc/thread-self/root/proc/self/root/proc/thread-self/root/proc/thread-self/root/proc/thread-self/root/proc/thread-self/root/usr/libexec" "Mozilla/5.0 AppleWebKit/537.36 (KHTML, like Gecko; compatible; GPTBot/1.3; +https://openai.com/gptbot)" 358 **0/358080**
57.141.20.36 - - [17/Mar/2026:05:19:49 -0700] "GET /shopdetail/3200323418.html?path=/home/fmbi332s7bv7/public_html/wp-content HTTP/2.0" 403 55633 "-" "meta-externalagent/1.1 (+https://developers.facebook.com/docs/sharing/webmasters/crawler)" 358 **0/358014**
57.141.20.6 - - [17/Mar/2026:05:19:50 -0700] "GET /shopdetail/2716848452.html HTTP/2.0" 403 55633 "-" "meta-externalagent/1.1 (+https://developers.facebook.com/docs/sharing/webmasters/crawler)" 373 **0/373817**
57.141.20.18 - - [17/Mar/2026:05:19:50 -0700] "GET /shopdetail/2248044584.html HTTP/2.0" 403 55633 "-" "meta-externalagent/1.1 (+https://developers.facebook.com/docs/sharing/webmasters/crawler)" 338 **0/338074**
57.141.20.59 - - [17/Mar/2026:05:19:51 -0700] "GET /shopdetail/2172365309.html HTTP/2.0" 403 55633 "-" "meta-externalagent/1.1 (+https://developers.facebook.com/docs/sharing/webmasters/crawler)" 569 **0/569218**
57.141.20.41 - - [17/Mar/2026:05:19:51 -0700] "GET /shopdetail/800586283.html HTTP/2.0" 403 55633 "-" "meta-externalagent/1.1 (+https://developers.facebook.com/docs/sharing/webmasters/crawler)" 345 **0/345108**
216.73.216.106 - - [17/Mar/2026:05:19:51 -0700] "GET /shopdetail/3957892291.html?fileloc=%2Fhome%2Ffmbi332s7bv7%2Fpublic_html%2Fwp-includes%2Fpost-thumbnail-template.php&path=%2Fhome%2Ffmbi332s7bv7%2Fpublic_html%2Fwp-includes HTTP/2.0" 200 4507 "-" "Mozilla/5.0 AppleWebKit/537.36 (KHTML, like Gecko; compatible; ClaudeBot/1.0; +claudebot@anthropic.com)" 310 **0/310865**
57.141.20.0 - - [17/Mar/2026:05:19:51 -0700] "GET /shopdetail/2871327605.html HTTP/2.0" 403 55633 "-" "meta-externalagent/1.1 (+https://developers.facebook.com/docs/sharing/webmasters/crawler)" 333 **0/333455**
57.141.20.34 - - [17/Mar/2026:05:19:52 -0700] "GET /shopdetail/1292192458.html HTTP/2.0" 403 55633 "-" "meta-externalagent/1.1 (+https://developers.facebook.com/docs/sharing/webmasters/crawler)" 311 **0/311254**
74.7.243.230 - - [17/Mar/2026:05:19:52 -0700] "GET /?fileloc=//proc/self/root/proc/thread-self/root/bin/xmllint&path=//proc/self/root/proc/thread-self/root/bin HTTP/2.0" 200 25599 "https://powerchemyapikimyasallari.com/?path=//proc/self/root/proc/thread-self/root/bin" "Mozilla/5.0 AppleWebKit/537.36 (KHTML, like Gecko; compatible; GPTBot/1.3; +https://openai.com/gptbot)" 371 **0/371234**
74.7.242.33 - - [17/Mar/2026:05:19:52 -0700] "GET /?path=//proc/self/root/proc/thread-self/root/proc/thread-self/root/proc/thread-self/root/proc/self/root/proc/thread-self/root/proc/thread-self/root/proc/self/root/proc/thread-self/root/usr/lib/prometheus_metrics HTTP/2.0" 200 2716 "https://www.powerchemyapikimyasallari.com/?path=//proc/self/root/proc/thread-self/root/proc/thread-self/root/proc/thread-self/root/proc/self/root/proc/thread-self/root/proc/thread-self/root/proc/self/root/proc/thread-self/root/usr/lib" "Mozilla/5.0 AppleWebKit/537.36 (KHTML, like Gecko; compatible; GPTBot/1.3; +https://openai.com/gptbot)" 317 **0/317960**
57.141.20.46 - - [17/Mar/2026:05:19:52 -0700] "GET /shopdetail/3289064994.html HTTP/2.0" 403 55633 "-" "meta-externalagent/1.1 (+https://developers.facebook.com/docs/sharing/webmasters/crawler)" 366 **0/366426**
57.141.20.55 - - [17/Mar/2026:05:19:52 -0700] "GET /shopdetail/470983405.html HTTP/2.0" 403 55633 "-" "meta-externalagent/1.1 (+https://developers.facebook.com/docs/sharing/webmasters/crawler)" 339 **0/339783**
57.141.20.14 - - [17/Mar/2026:05:19:52 -0700] "GET /shopdetail/909962573.html HTTP/2.0" 403 55633 "-" "meta-externalagent/1.1 (+https://developers.facebook.com/docs/sharing/webmasters/crawler)" 340 **0/340838**
57.141.20.1 - - [17/Mar/2026:05:19:53 -0700] "GET /shopdetail/2923342090.html HTTP/2.0" 403 55633 "-" "meta-externalagent/1.1 (+https://developers.facebook.com/docs/sharing/webmasters/crawler)" 371 **0/371076**
57.141.20.8 - - [17/Mar/2026:05:19:53 -0700] "GET /shopdetail/160179143.html HTTP/2.0" 403 55633 "-" "meta-externalagent/1.1 (+https://developers.facebook.com/docs/sharing/webmasters/crawler)" 332 **0/332285**
57.141.20.50 - - [17/Mar/2026:05:19:53 -0700] "GET /shopdetail/1713616037.html HTTP/2.0" 403 55633 "-" "meta-externalagent/1.1 (+https://developers.facebook.com/docs/sharing/webmasters/crawler)" 317 **0/317948**
57.141.20.8 - - [17/Mar/2026:05:19:54 -0700] "GET /shopdetail/3373738117.html HTTP/2.0" 403 55633 "-" "meta-externalagent/1.1 (+https://developers.facebook.com/docs/sharing/webmasters/crawler)" 356 **0/356331**
216.73.216.106 - - [17/Mar/2026:05:19:54 -0700] "GET /shopdetail/3812561839.html?fileloc=%2F%2Fbin%2Fcaptoinfo&path=%2F%2Fbin HTTP/2.0" 200 34321 "-" "Mozilla/5.0 AppleWebKit/537.36 (KHTML, like Gecko; compatible; ClaudeBot/1.0; +claudebot@anthropic.com)" 343 **0/343649**
57.141.20.42 - - [17/Mar/2026:05:19:54 -0700] "GET /shopdetail/2244649195.html HTTP/2.0" 403 55633 "-" "meta-externalagent/1.1 (+https://developers.facebook.com/docs/sharing/webmasters/crawler)" 302 **0/302136**
57.141.20.43 - - [17/Mar/2026:05:19:55 -0700] "GET /shopdetail/1980448644.html HTTP/2.0" 403 55633 "-" "meta-externalagent/1.1 (+https://developers.facebook.com/docs/sharing/webmasters/crawler)" 302 **0/302271**
57.141.20.15 - - [17/Mar/2026:05:19:55 -0700] "GET /shopdetail/3669778133.html HTTP/2.0" 403 55633 "-" "meta-externalagent/1.1 (+https://developers.facebook.com/docs/sharing/webmasters/crawler)" 292 **0/292862**
74.7.243.230 - - [17/Mar/2026:05:19:55 -0700] "GET /?fileloc=//proc/self/root/proc/thread-self/root/bin/nslookup&path=//proc/self/root/proc/thread-self/root/bin HTTP/2.0" 200 54123 "https://powerchemyapikimyasallari.com/?path=//proc/self/root/proc/thread-self/root/bin" "Mozilla/5.0 AppleWebKit/537.36 (KHTML, like Gecko; compatible; GPTBot/1.3; +https://openai.com/gptbot)" 338 **0/338556**
74.7.242.33 - - [17/Mar/2026:05:19:55 -0700] "GET /?path=//proc/self/root/proc/thread-self/root/proc/thread-self/root/proc/thread-self/root/proc/self/root/proc/thread-self/root/proc/thread-self/root/proc/thread-self/root/proc/thread-self/root/lib/firmware/amlogic HTTP/2.0" 200 2809 "https://www.powerchemyapikimyasallari.com/?path=//proc/self/root/proc/thread-self/root/proc/thread-self/root/proc/thread-self/root/proc/self/root/proc/thread-self/root/proc/thread-self/root/proc/thread-self/root/proc/thread-self/root/lib/firmware" "Mozilla/5.0 AppleWebKit/537.36 (KHTML, like Gecko; compatible; GPTBot/1.3; +https://openai.com/gptbot)" 311 **0/311714**
57.141.20.14 - - [17/Mar/2026:05:19:55 -0700] "GET /shopdetail/3718150136.html?fileloc=/home/fmbi332s7bv7/public_html/robots.txt&path=/home/fmbi332s7bv7/public_html HTTP/2.0" 403 55633 "-" "meta-externalagent/1.1 (+https://developers.facebook.com/docs/sharing/webmasters/crawler)" 303 **0/303243**
57.141.20.3 - - [17/Mar/2026:05:19:56 -0700] "GET /shopdetail/645897630.html HTTP/2.0" 403 55633 "-" "meta-externalagent/1.1 (+https://developers.facebook.com/docs/sharing/webmasters/crawler)" 299 **0/299185**
57.141.20.20 - - [17/Mar/2026:05:19:56 -0700] "GET /shopdetail/3660513515.html HTTP/2.0" 403 55633 "-" "meta-externalagent/1.1 (+https://developers.facebook.com/docs/sharing/webmasters/crawler)" 280 **0/280911**
57.141.20.22 - - [17/Mar/2026:05:19:56 -0700] "GET /shopdetail/2222722193.html HTTP/2.0" 403 55633 "-" "meta-externalagent/1.1 (+https://developers.facebook.com/docs/sharing/webmasters/crawler)" 307 **0/307314**
57.141.20.14 - - [17/Mar/2026:05:19:57 -0700] "GET /shopdetail/2647293382.html?fileloc=/home/fmbi332s7bv7/public_html/wp-links-opml.php&path=/home/fmbi332s7bv7/public_html HTTP/2.0" 403 55633 "-" "meta-externalagent/1.1 (+https://developers.facebook.com/docs/sharing/webmasters/crawler)" 338 **0/338000**
57.141.20.24 - - [17/Mar/2026:05:19:57 -0700] "GET /shopdetail/2168292477.html?fileloc=/home/fmbi332s7bv7/public_html/wp-trackback.php&path=/home/fmbi332s7bv7/public_html HTTP/2.0" 403 55633 "-" "meta-externalagent/1.1 (+https://developers.facebook.com/docs/sharing/webmasters/crawler)" 341 **0/341148**
216.73.216.106 - - [17/Mar/2026:05:19:57 -0700] "GET /hello-world?fileloc=%2F%2Fhome%2Ffmbi332s7bv7%2Fwww%2Fwp-includes%2Fblocks%2Fquery-pagination%2Fstyle.css&path=%2F%2Fhome%2Ffmbi332s7bv7%2Fwww%2Fwp-includes%2Fblocks%2Fquery-pagination HTTP/2.0" 200 2464 "-" "Mozilla/5.0 AppleWebKit/537.36 (KHTML, like Gecko; compatible; ClaudeBot/1.0; +claudebot@anthropic.com)" 344 **0/344329**
57.141.20.38 - - [17/Mar/2026:05:19:57 -0700] "GET /shopdetail/1515577937.html HTTP/2.0" 403 55633 "-" "meta-externalagent/1.1 (+https://developers.facebook.com/docs/sharing/webmasters/crawler)" 327 **0/327662**
57.141.20.46 - - [17/Mar/2026:05:19:58 -0700] "GET /shopdetail/839387180.html?fileloc=/home/fmbi332s7bv7/public_html/wp-includes/blocks/comment-template.php&path=/home/fmbi332s7bv7/public_html/wp-includes/blocks HTTP/2.0" 403 55633 "-" "meta-externalagent/1.1 (+https://developers.facebook.com/docs/sharing/webmasters/crawler)" 310 **0/310272**
74.7.243.230 - - [17/Mar/2026:05:19:58 -0700] "GET /?fileloc=//proc/self/root/proc/thread-self/root/bin/prezip&path=//proc/self/root/proc/thread-self/root/bin HTTP/2.0" 200 4158 "https://powerchemyapikimyasallari.com/?path=//proc/self/root/proc/thread-self/root/bin" "Mozilla/5.0 AppleWebKit/537.36 (KHTML, like Gecko; compatible; GPTBot/1.3; +https://openai.com/gptbot)" 310 **0/310797**
57.141.20.43 - - [17/Mar/2026:05:19:58 -0700] "GET /shopdetail/2516884745.html HTTP/2.0" 403 55633 "-" "meta-externalagent/1.1 (+https://developers.facebook.com/docs/sharing/webmasters/crawler)" 316 **0/316273**
74.7.242.33 - - [17/Mar/2026:05:19:58 -0700] "GET /?path=//proc/self/root/proc/thread-self/root/proc/thread-self/root/proc/thread-self/root/proc/self/root/proc/thread-self/root/proc/self/root/proc/self/root/proc/thread-self/root/proc/thread-self/root/lib/sysimage HTTP/2.0" 200 2478 "https://www.powerchemyapikimyasallari.com/?path=//proc/self/root/proc/thread-self/root/proc/thread-self/root/proc/thread-self/root/proc/self/root/proc/thread-self/root/proc/self/root/proc/self/root/proc/thread-self/root/proc/thread-self/root/lib" "Mozilla/5.0 AppleWebKit/537.36 (KHTML, like Gecko; compatible; GPTBot/1.3; +https://openai.com/gptbot)" 321 **0/321625**
57.141.20.22 - - [17/Mar/2026:05:19:59 -0700] "GET /shopdetail/20813101.html HTTP/2.0" 403 55633 "-" "meta-externalagent/1.1 (+https://developers.facebook.com/docs/sharing/webmasters/crawler)" 331 **0/331815**
57.141.20.35 - - [17/Mar/2026:05:19:59 -0700] "GET /shopdetail/1008230602.html?fileloc=/home/fmbi332s7bv7/public_html/wp-trackback.php&path=/home/fmbi332s7bv7/public_html HTTP/2.0" 403 55633 "-" "meta-externalagent/1.1 (+https://developers.facebook.com/docs/sharing/webmasters/crawler)" 346 **0/346261**
57.141.20.43 - - [17/Mar/2026:05:19:59 -0700] "GET /shopdetail/3193955801.html HTTP/2.0" 403 55633 "-" "meta-externalagent/1.1 (+https://developers.facebook.com/docs/sharing/webmasters/crawler)" 311 **0/311139**
57.141.20.13 - - [17/Mar/2026:05:19:59 -0700] "GET /shopdetail/3796483224.html HTTP/2.0" 403 55633 "-" "meta-externalagent/1.1 (+https://developers.facebook.com/docs/sharing/webmasters/crawler)" 314 **0/314190**
216.73.216.106 - - [17/Mar/2026:05:20:00 -0700] "GET /hello-world?fileloc=%2F%2Fhome%2Ffmbi332s7bv7%2Fwww%2Fwp-includes%2Fms-files.php&path=%2F%2Fhome%2Ffmbi332s7bv7%2Fwww%2Fwp-includes HTTP/2.0" 200 3379 "-" "Mozilla/5.0 AppleWebKit/537.36 (KHTML, like Gecko; compatible; ClaudeBot/1.0; +claudebot@anthropic.com)" 337 **0/337539**
57.141.20.13 - - [17/Mar/2026:05:20:00 -0700] "GET /shopdetail/2251763529.html HTTP/2.0" 403 55633 "-" "meta-externalagent/1.1 (+https://developers.facebook.com/docs/sharing/webmasters/crawler)" 313 **0/313096**
57.141.20.32 - - [17/Mar/2026:05:20:00 -0700] "GET /shopdetail/1575114273.html HTTP/2.0" 403 55633 "-" "meta-externalagent/1.1 (+https://developers.facebook.com/docs/sharing/webmasters/crawler)" 319 **0/319962**
57.141.20.59 - - [17/Mar/2026:05:20:00 -0700] "GET /shopdetail/1060122721.html HTTP/2.0" 403 55633 "-" "meta-externalagent/1.1 (+https://developers.facebook.com/docs/sharing/webmasters/crawler)" 310 **0/310345**
57.141.20.25 - - [17/Mar/2026:05:20:01 -0700] "GET /shopdetail/2819221987.html HTTP/2.0" 200 55633 "-" "meta-externalagent/1.1 (+https://developers.facebook.com/docs/sharing/webmasters/crawler)" 435 **0/435552**
74.7.243.230 - - [17/Mar/2026:05:20:01 -0700] "GET /?fileloc=//proc/self/root/proc/thread-self/root/bin/zipcloak&path=//proc/self/root/proc/thread-self/root/bin HTTP/2.0" 200 42874 "https://powerchemyapikimyasallari.com/?path=//proc/self/root/proc/thread-self/root/bin" "Mozilla/5.0 AppleWebKit/537.36 (KHTML, like Gecko; compatible; GPTBot/1.3; +https://openai.com/gptbot)" 448 **0/448810**
74.7.242.33 - - [17/Mar/2026:05:20:01 -0700] "GET /?path=//proc/self/root/proc/thread-self/root/proc/thread-self/root/proc/thread-self/root/proc/self/root/proc/thread-self/root/proc/self/root/proc/thread-self/root/proc/thread-self/root/proc/self/root/lib/firmware/isci HTTP/2.0" 200 2748 "https://www.powerchemyapikimyasallari.com/?path=//proc/self/root/proc/thread-self/root/proc/thread-self/root/proc/thread-self/root/proc/self/root/proc/thread-self/root/proc/self/root/proc/thread-self/root/proc/thread-self/root/proc/self/root/lib/firmware" "Mozilla/5.0 AppleWebKit/537.36 (KHTML, like Gecko; compatible; GPTBot/1.3; +https://openai.com/gptbot)" 425 **0/425159**
57.141.20.44 - - [17/Mar/2026:05:20:02 -0700] "GET /shopdetail/2305046739.html?fileloc=/home/fmbi332s7bv7/public_html/error_log&path=/home/fmbi332s7bv7/public_html HTTP/2.0" 200 634236 "-" "meta-externalagent/1.1 (+https://developers.facebook.com/docs/sharing/webmasters/crawler)" 876 **0/876098**
57.141.20.0 - - [17/Mar/2026:05:20:02 -0700] "GET /shopdetail/501902073.html HTTP/2.0" 200 55633 "-" "meta-externalagent/1.1 (+https://developers.facebook.com/docs/sharing/webmasters/crawler)" 559 **0/559669**
57.141.20.37 - - [17/Mar/2026:05:20:03 -0700] "GET /shopdetail/1229851131.html HTTP/2.0" 200 55633 "-" "meta-externalagent/1.1 (+https://developers.facebook.com/docs/sharing/webmasters/crawler)" 397 **0/397833**
57.141.20.23 - - [17/Mar/2026:05:20:03 -0700] "GET /shopdetail/2700643338.html HTTP/2.0" 200 55633 "-" "meta-externalagent/1.1 (+https://developers.facebook.com/docs/sharing/webmasters/crawler)" 444 **0/444561**
57.141.20.40 - - [17/Mar/2026:05:20:03 -0700] "GET /shopdetail/4001837169.html HTTP/2.0" 200 55633 "-" "meta-externalagent/1.1 (+https://developers.facebook.com/docs/sharing/webmasters/crawler)" 413 **0/413426**
216.73.216.106 - - [17/Mar/2026:05:20:03 -0700] "GET /shopdetail/3032798889.html?fileloc=%2Fhome%2Ffmbi332s7bv7%2Fpublic_html%2Fwp-includes%2Fclass-wp-matchesmapregex.php&path=%2Fhome%2Ffmbi332s7bv7%2Fpublic_html%2Fwp-includes HTTP/2.0" 200 2925 "-" "Mozilla/5.0 AppleWebKit/537.36 (KHTML, like Gecko; compatible; ClaudeBot/1.0; +claudebot@anthropic.com)" 437 **0/437094**
57.141.20.35 - - [17/Mar/2026:05:20:03 -0700] "GET /shopdetail/2106095945.html HTTP/2.0" 200 55633 "-" "meta-externalagent/1.1 (+https://developers.facebook.com/docs/sharing/webmasters/crawler)" 497 **0/497029**
57.141.20.12 - - [17/Mar/2026:05:20:04 -0700] "GET /shopdetail/188630186.html HTTP/2.0" 200 55633 "-" "meta-externalagent/1.1 (+https://developers.facebook.com/docs/sharing/webmasters/crawler)" 415 **0/415187**
57.141.20.15 - - [17/Mar/2026:05:20:04 -0700] "GET /shopdetail/3527745371.html HTTP/2.0" 200 55633 "-" "meta-externalagent/1.1 (+https://developers.facebook.com/docs/sharing/webmasters/crawler)" 480 **0/480766**
57.141.20.24 - - [17/Mar/2026:05:20:05 -0700] "GET /shopdetail/1394581583.html HTTP/2.0" 200 55633 "-" "meta-externalagent/1.1 (+https://developers.facebook.com/docs/sharing/webmasters/crawler)" 424 **0/424398**
74.7.242.33 - - [17/Mar/2026:05:20:05 -0700] "GET /?path=//proc/self/root/proc/thread-self/root/proc/thread-self/root/proc/thread-self/root/proc/self/root/proc/thread-self/root/proc/thread-self/root/proc/self/root/proc/self/root/etc/security/console.apps HTTP/2.0" 200 2773 "https://www.powerchemyapikimyasallari.com/?path=//proc/self/root/proc/thread-self/root/proc/thread-self/root/proc/thread-self/root/proc/self/root/proc/thread-self/root/proc/thread-self/root/proc/self/root/proc/self/root/etc/security" "Mozilla/5.0 AppleWebKit/537.36 (KHTML, like Gecko; compatible; GPTBot/1.3; +https://openai.com/gptbot)" 401 **0/401327**
74.7.243.230 - - [17/Mar/2026:05:20:05 -0700] "GET /?fileloc=//proc/self/root/proc/thread-self/root/bin/animate&path=//proc/self/root/proc/thread-self/root/bin HTTP/2.0" 200 5473 "https://powerchemyapikimyasallari.com/?path=//proc/self/root/proc/thread-self/root/bin" "Mozilla/5.0 AppleWebKit/537.36 (KHTML, like Gecko; compatible; GPTBot/1.3; +https://openai.com/gptbot)" 397 **0/397332**
57.141.20.43 - - [17/Mar/2026:05:20:05 -0700] "GET /shopdetail/2326552778.html HTTP/2.0" 200 55633 "-" "meta-externalagent/1.1 (+https://developers.facebook.com/docs/sharing/webmasters/crawler)" 322 **0/322630**
57.141.20.20 - - [17/Mar/2026:05:20:06 -0700] "GET /shopdetail/839387180.html?path=/home/fmbi332s7bv7/public_html/wp-includes/blocks/query-pagination-next HTTP/2.0" 200 16357 "-" "meta-externalagent/1.1 (+https://developers.facebook.com/docs/sharing/webmasters/crawler)" 321 **0/321505**
57.141.20.57 - - [17/Mar/2026:05:20:06 -0700] "GET /shopdetail/4239338748.html HTTP/2.0" 200 55633 "-" "meta-externalagent/1.1 (+https://developers.facebook.com/docs/sharing/webmasters/crawler)" 308 **0/308829**
57.141.20.6 - - [17/Mar/2026:05:20:06 -0700] "GET /shopdetail/277153517.html?fileloc=/home/fmbi332s7bv7/public_html/txets.php&path=/home/fmbi332s7bv7/public_html HTTP/2.0" 200 12419 "-" "meta-externalagent/1.1 (+https://developers.facebook.com/docs/sharing/webmasters/crawler)" 338 **0/338710**
216.73.216.106 - - [17/Mar/2026:05:20:06 -0700] "GET /shopdetail/3251917009.html?fileloc=%2Fhome%2Ffmbi332s7bv7%2Fpublic_html%2Fwp-admin%2Fuser%2Findex.php&path=%2Fhome%2Ffmbi332s7bv7%2Fpublic_html%2Fwp-admin%2Fuser HTTP/2.0" 200 2412 "-" "Mozilla/5.0 AppleWebKit/537.36 (KHTML, like Gecko; compatible; ClaudeBot/1.0; +claudebot@anthropic.com)" 293 **0/293804**
57.141.20.41 - - [17/Mar/2026:05:20:06 -0700] "GET /shopdetail/2770521758.html HTTP/2.0" 200 55633 "-" "meta-externalagent/1.1 (+https://developers.facebook.com/docs/sharing/webmasters/crawler)" 320 **0/320085**
57.141.20.30 - - [17/Mar/2026:05:20:07 -0700] "GET /shopdetail/21645568.html HTTP/2.0" 200 55633 "-" "meta-externalagent/1.1 (+https://developers.facebook.com/docs/sharing/webmasters/crawler)" 314 **0/314429**
57.141.20.50 - - [17/Mar/2026:05:20:07 -0700] "GET /shopdetail/3596654182.html HTTP/2.0" 200 55633 "-" "meta-externalagent/1.1 (+https://developers.facebook.com/docs/sharing/webmasters/crawler)" 296 **0/296890**
74.7.242.33 - - [17/Mar/2026:05:20:08 -0700] "GET /?path=//proc/self/root/proc/thread-self/root/proc/thread-self/root/proc/thread-self/root/proc/self/root/proc/thread-self/root/proc/thread-self/root/proc/self/root/proc/self/root/proc/self/root/lib/tuned/network-latency HTTP/2.0" 200 2747 "https://www.powerchemyapikimyasallari.com/?path=//proc/self/root/proc/thread-self/root/proc/thread-self/root/proc/thread-self/root/proc/self/root/proc/thread-self/root/proc/thread-self/root/proc/self/root/proc/self/root/proc/self/root/lib/tuned" "Mozilla/5.0 AppleWebKit/537.36 (KHTML, like Gecko; compatible; GPTBot/1.3; +https://openai.com/gptbot)" 349 **0/349236**
57.141.20.57 - - [17/Mar/2026:05:20:07 -0700] "GET /shopdetail/1642280567.html HTTP/2.0" 200 55633 "-" "meta-externalagent/1.1 (+https://developers.facebook.com/docs/sharing/webmasters/crawler)" 580 **0/580434**
74.7.243.230 - - [17/Mar/2026:05:20:08 -0700] "GET /?fileloc=//proc/self/root/proc/thread-self/root/bin/getconf&path=//proc/self/root/proc/thread-self/root/bin HTTP/2.0" 200 10415 "https://powerchemyapikimyasallari.com/?path=//proc/self/root/proc/thread-self/root/bin" "Mozilla/5.0 AppleWebKit/537.36 (KHTML, like Gecko; compatible; GPTBot/1.3; +https://openai.com/gptbot)" 355 **0/355230**
57.141.20.24 - - [17/Mar/2026:05:20:08 -0700] "GET /shopdetail/491711073.html HTTP/2.0" 200 55633 "-" "meta-externalagent/1.1 (+https://developers.facebook.com/docs/sharing/webmasters/crawler)" 333 **0/333952**
57.141.20.41 - - [17/Mar/2026:05:20:08 -0700] "GET /shopdetail/1355606289.html HTTP/2.0" 200 55633 "-" "meta-externalagent/1.1 (+https://developers.facebook.com/docs/sharing/webmasters/crawler)" 322 **0/322031**
57.141.20.43 - - [17/Mar/2026:05:20:08 -0700] "GET /shopdetail/680087312.html HTTP/2.0" 200 55633 "-" "meta-externalagent/1.1 (+https://developers.facebook.com/docs/sharing/webmasters/crawler)" 369 **0/369133**
57.141.20.16 - - [17/Mar/2026:05:20:09 -0700] "GET /shopdetail/587315661.html HTTP/2.0" 200 55633 "-" "meta-externalagent/1.1 (+https://developers.facebook.com/docs/sharing/webmasters/crawler)" 395 **0/395428**
