74.7.242.33 - - [17/Mar/2026:05:34:29 -0700] "GET /?path=//proc/self/root/proc/thread-self/root/proc/thread-self/root/proc/thread-self/root/proc/self/root/proc/thread-self/root/proc/thread-self/root/proc/thread-self/root/proc/thread-self/root/usr/include/linux/spi HTTP/2.0" 200 2735 "https://www.powerchemyapikimyasallari.com/?path=//proc/self/root/proc/thread-self/root/proc/thread-self/root/proc/thread-self/root/proc/self/root/proc/thread-self/root/proc/thread-self/root/proc/thread-self/root/proc/thread-self/root/usr/include/linux" "Mozilla/5.0 AppleWebKit/537.36 (KHTML, like Gecko; compatible; GPTBot/1.3; +https://openai.com/gptbot)" 301 **0/301227**
57.141.20.34 - - [17/Mar/2026:05:34:29 -0700] "GET /shopdetail/3667601276.html?fileloc=/home/fmbi332s7bv7/public_html/wp-includes/blocks/latest-posts/editor.min.css&path=/home/fmbi332s7bv7/public_html/wp-includes/blocks/latest-posts HTTP/2.0" 200 12929 "-" "meta-externalagent/1.1 (+https://developers.facebook.com/docs/sharing/webmasters/crawler)" 299 **0/299319**
57.141.20.58 - - [17/Mar/2026:05:34:29 -0700] "GET /shopdetail/3881486950.html?path=//lib64/python2.7/idlelib HTTP/2.0" 200 299926 "-" "meta-externalagent/1.1 (+https://developers.facebook.com/docs/sharing/webmasters/crawler)" 562 **0/562612**
57.141.20.18 - - [17/Mar/2026:05:34:30 -0700] "GET /shopdetail/781061429.html?fileloc=//etc/host.conf&path=//etc HTTP/2.0" 200 12258 "-" "meta-externalagent/1.1 (+https://developers.facebook.com/docs/sharing/webmasters/crawler)" 307 **0/307437**
57.141.20.50 - - [17/Mar/2026:05:34:30 -0700] "GET /shopdetail/3881486950.html?fileloc=//lib64/python2.7/opcode.pyo&path=//lib64/python2.7 HTTP/2.0" 200 19113 "-" "meta-externalagent/1.1 (+https://developers.facebook.com/docs/sharing/webmasters/crawler)" 292 **0/292508**
57.141.20.56 - - [17/Mar/2026:05:34:31 -0700] "GET /shopdetail/3881486950.html?fileloc=//lib64/python2.7/tabnanny.pyo&path=//lib64/python2.7 HTTP/2.0" 200 20923 "-" "meta-externalagent/1.1 (+https://developers.facebook.com/docs/sharing/webmasters/crawler)" 304 **0/304595**
57.141.20.40 - - [17/Mar/2026:05:34:31 -0700] "GET /shopdetail/3881486950.html?fileloc=//lib64/python2.7/filecmp.pyc&path=//lib64/python2.7 HTTP/2.0" 200 22315 "-" "meta-externalagent/1.1 (+https://developers.facebook.com/docs/sharing/webmasters/crawler)" 332 **0/332254**
216.73.216.106 - - [17/Mar/2026:05:34:31 -0700] "GET /shopdetail/4031361600.html?fileloc=%2Fhome%2Ffmbi332s7bv7%2Fpublic_html%2Fwp-admin%2Fincludes%2Fcomment.php&path=%2Fhome%2Ffmbi332s7bv7%2Fpublic_html%2Fwp-admin%2Fincludes HTTP/2.0" 200 4355 "-" "Mozilla/5.0 AppleWebKit/537.36 (KHTML, like Gecko; compatible; ClaudeBot/1.0; +claudebot@anthropic.com)" 334 **0/334258**
57.141.20.28 - - [17/Mar/2026:05:34:32 -0700] "GET /shopdetail/2043247627.html?path=/home/fmbi332s7bv7/.cagefs/opt HTTP/2.0" 200 14189 "-" "meta-externalagent/1.1 (+https://developers.facebook.com/docs/sharing/webmasters/crawler)" 294 **0/294287**
57.141.20.10 - - [17/Mar/2026:05:34:32 -0700] "GET /shopdetail/3881486950.html?fileloc=//lib64/python2.7/profile.pyo&path=//lib64/python2.7 HTTP/2.0" 200 29240 "-" "meta-externalagent/1.1 (+https://developers.facebook.com/docs/sharing/webmasters/crawler)" 361 **0/361888**
74.7.243.230 - - [17/Mar/2026:05:34:32 -0700] "GET /?path=//proc/self/root/proc/thread-self/root/opt/alt/python39/lib/python3.9/site-packages/setuptools/command HTTP/2.0" 200 3501 "https://powerchemyapikimyasallari.com/?path=//proc/self/root/proc/thread-self/root/opt/alt/python39/lib/python3.9/site-packages/setuptools" "Mozilla/5.0 AppleWebKit/537.36 (KHTML, like Gecko; compatible; GPTBot/1.3; +https://openai.com/gptbot)" 353 **0/353939**
57.141.20.35 - - [17/Mar/2026:05:34:32 -0700] "GET /shopdetail/2043247627.html?fileloc=/home/fmbi332s7bv7/.quarantine/hostingsecurity_scan-120325.txt&path=/home/fmbi332s7bv7/.quarantine HTTP/2.0" 403 55633 "-" "meta-externalagent/1.1 (+https://developers.facebook.com/docs/sharing/webmasters/crawler)" 345 **0/345276**
74.7.242.33 - - [17/Mar/2026:05:34:32 -0700] "GET /?path=//proc/self/root/proc/thread-self/root/proc/thread-self/root/proc/thread-self/root/proc/self/root/proc/thread-self/root/proc/thread-self/root/proc/thread-self/root/proc/thread-self/root/usr/include/linux/hsi HTTP/2.0" 200 2791 "https://www.powerchemyapikimyasallari.com/?path=//proc/self/root/proc/thread-self/root/proc/thread-self/root/proc/thread-self/root/proc/self/root/proc/thread-self/root/proc/thread-self/root/proc/thread-self/root/proc/thread-self/root/usr/include/linux" "Mozilla/5.0 AppleWebKit/537.36 (KHTML, like Gecko; compatible; GPTBot/1.3; +https://openai.com/gptbot)" 319 **0/319064**
57.141.20.31 - - [17/Mar/2026:05:34:32 -0700] "GET /shopdetail/2043247627.html?fileloc=/home/fmbi332s7bv7/.sucuriquarantine/index.php&path=/home/fmbi332s7bv7/.sucuriquarantine HTTP/2.0" 200 12408 "-" "meta-externalagent/1.1 (+https://developers.facebook.com/docs/sharing/webmasters/crawler)" 348 **0/348332**
57.141.20.18 - - [17/Mar/2026:05:34:33 -0700] "GET /shopdetail/3667601276.html?fileloc=/home/fmbi332s7bv7/public_html/wp-includes/blocks/latest-posts/style-rtl.min.css&path=/home/fmbi332s7bv7/public_html/wp-includes/blocks/latest-posts HTTP/2.0" 200 14469 "-" "meta-externalagent/1.1 (+https://developers.facebook.com/docs/sharing/webmasters/crawler)" 314 **0/314724**
57.141.20.13 - - [17/Mar/2026:05:34:33 -0700] "GET /shopdetail/781061429.html?fileloc=//etc/.etc.version&path=//etc HTTP/2.0" 200 12252 "-" "meta-externalagent/1.1 (+https://developers.facebook.com/docs/sharing/webmasters/crawler)" 286 **0/286420**
57.141.20.17 - - [17/Mar/2026:05:34:33 -0700] "GET /shopdetail/3926261222.html?path=//run/dbus HTTP/2.0" 200 12699 "-" "meta-externalagent/1.1 (+https://developers.facebook.com/docs/sharing/webmasters/crawler)" 289 **0/289290**
57.141.20.38 - - [17/Mar/2026:05:34:34 -0700] "GET /shopdetail/2043247627.html?path=/home/fmbi332s7bv7/public_ftp/incoming HTTP/2.0" 200 12845 "-" "meta-externalagent/1.1 (+https://developers.facebook.com/docs/sharing/webmasters/crawler)" 282 **0/282441**
216.73.216.106 - - [17/Mar/2026:05:34:34 -0700] "GET /shopdetail/2190399462.html?path=%2Fhome%2Ffmbi332s7bv7%2Fpublic_html%2Fwp-includes%2FPHPMailer HTTP/2.0" 200 2708 "-" "Mozilla/5.0 AppleWebKit/537.36 (KHTML, like Gecko; compatible; ClaudeBot/1.0; +claudebot@anthropic.com)" 302 **0/302395**
57.141.20.24 - - [17/Mar/2026:05:34:34 -0700] "GET /shopdetail/1628366982.html?fileloc=/home/fmbi332s7bv7/public_html/wp-includes/blocks/button/style.min.css&path=/home/fmbi332s7bv7/public_html/wp-includes/blocks/button HTTP/2.0" 200 14904 "-" "meta-externalagent/1.1 (+https://developers.facebook.com/docs/sharing/webmasters/crawler)" 306 **0/306243**
57.141.20.38 - - [17/Mar/2026:05:34:34 -0700] "GET /shopdetail/1628366982.html?fileloc=/home/fmbi332s7bv7/public_html/wp-includes/blocks/more/editor-rtl.min.css&path=/home/fmbi332s7bv7/public_html/wp-includes/blocks/more HTTP/2.0" 200 13406 "-" "meta-externalagent/1.1 (+https://developers.facebook.com/docs/sharing/webmasters/crawler)" 297 **0/297870**
57.141.20.16 - - [17/Mar/2026:05:34:35 -0700] "GET /shopdetail/3881486950.html?fileloc=//lib64/python2.7/HTMLParser.pyc&path=//lib64/python2.7 HTTP/2.0" 200 27124 "-" "meta-externalagent/1.1 (+https://developers.facebook.com/docs/sharing/webmasters/crawler)" 296 **0/296820**
57.141.20.18 - - [17/Mar/2026:05:34:35 -0700] "GET /shopdetail/1628366982.html?fileloc=/home/fmbi332s7bv7/public_html/wp-includes/blocks/embed/.htaccess&path=/home/fmbi332s7bv7/public_html/wp-includes/blocks/embed HTTP/2.0" 200 12798 "-" "meta-externalagent/1.1 (+https://developers.facebook.com/docs/sharing/webmasters/crawler)" 292 **0/292440**
74.7.243.230 - - [17/Mar/2026:05:34:35 -0700] "GET /?path=//proc/self/root/proc/thread-self/root/opt/alt/python39/lib/python3.9/site-packages/setuptools/_distutils HTTP/2.0" 200 3670 "https://powerchemyapikimyasallari.com/?path=//proc/self/root/proc/thread-self/root/opt/alt/python39/lib/python3.9/site-packages/setuptools" "Mozilla/5.0 AppleWebKit/537.36 (KHTML, like Gecko; compatible; GPTBot/1.3; +https://openai.com/gptbot)" 301 **0/301079**
57.141.20.52 - - [17/Mar/2026:05:34:35 -0700] "GET /shopdetail/781061429.html?fileloc=//etc/ld.so.cache&path=//etc HTTP/2.0" 200 48759 "-" "meta-externalagent/1.1 (+https://developers.facebook.com/docs/sharing/webmasters/crawler)" 294 **0/294504**
74.7.242.33 - - [17/Mar/2026:05:34:36 -0700] "GET /?path=//proc/self/root/proc/thread-self/root/proc/thread-self/root/proc/thread-self/root/proc/self/root/proc/thread-self/root/proc/thread-self/root/proc/thread-self/root/proc/thread-self/root/usr/include/linux/cifs HTTP/2.0" 200 2786 "https://www.powerchemyapikimyasallari.com/?path=//proc/self/root/proc/thread-self/root/proc/thread-self/root/proc/thread-self/root/proc/self/root/proc/thread-self/root/proc/thread-self/root/proc/thread-self/root/proc/thread-self/root/usr/include/linux" "Mozilla/5.0 AppleWebKit/537.36 (KHTML, like Gecko; compatible; GPTBot/1.3; +https://openai.com/gptbot)" 316 **0/316658**
57.141.20.33 - - [17/Mar/2026:05:34:36 -0700] "GET /shopdetail/3881486950.html?fileloc=//lib64/python2.7/uuid.py&path=//lib64/python2.7 HTTP/2.0" 200 38160 "-" "meta-externalagent/1.1 (+https://developers.facebook.com/docs/sharing/webmasters/crawler)" 322 **0/322329**
57.141.20.37 - - [17/Mar/2026:05:34:36 -0700] "GET /shopdetail/3881486950.html?fileloc=//lib64/python2.7/whichdb.pyc&path=//lib64/python2.7 HTTP/2.0" 200 14699 "-" "meta-externalagent/1.1 (+https://developers.facebook.com/docs/sharing/webmasters/crawler)" 311 **0/311635**
57.141.20.28 - - [17/Mar/2026:05:34:36 -0700] "GET /shopdetail/3881486950.html?fileloc=//lib64/python2.7/pydoc.pyc&path=//lib64/python2.7 HTTP/2.0" 200 113260 "-" "meta-externalagent/1.1 (+https://developers.facebook.com/docs/sharing/webmasters/crawler)" 458 **0/458764**
57.141.20.8 - - [17/Mar/2026:05:34:37 -0700] "GET /shopdetail/3881486950.html?fileloc=//lib64/python2.7/HTMLParser.py&path=//lib64/python2.7 HTTP/2.0" 200 31068 "-" "meta-externalagent/1.1 (+https://developers.facebook.com/docs/sharing/webmasters/crawler)" 286 **0/286732**
57.141.20.54 - - [17/Mar/2026:05:34:37 -0700] "GET /shopdetail/2043247627.html?fileloc=/home/fmbi332s7bv7/.quarantine/hostingsecurity_scan-031426.txt&path=/home/fmbi332s7bv7/.quarantine HTTP/2.0" 403 55633 "-" "meta-externalagent/1.1 (+https://developers.facebook.com/docs/sharing/webmasters/crawler)" 291 **0/291547**
216.73.216.106 - - [17/Mar/2026:05:34:37 -0700] "GET /shopdetail/418540490.html?fileloc=%2Fhome%2Ffmbi332s7bv7%2Fpublic_html%2Fwp-admin%2Fincludes%2Fimage-edit.php&path=%2Fhome%2Ffmbi332s7bv7%2Fpublic_html%2Fwp-admin%2Fincludes HTTP/2.0" 200 11665 "-" "Mozilla/5.0 AppleWebKit/537.36 (KHTML, like Gecko; compatible; ClaudeBot/1.0; +claudebot@anthropic.com)" 325 **0/325563**
57.141.20.3 - - [17/Mar/2026:05:34:37 -0700] "GET /shopdetail/3881486950.html?fileloc=//lib64/python2.7/platform.py&path=//lib64/python2.7 HTTP/2.0" 200 70979 "-" "meta-externalagent/1.1 (+https://developers.facebook.com/docs/sharing/webmasters/crawler)" 326 **0/326621**
57.141.20.14 - - [17/Mar/2026:05:34:38 -0700] "GET /shopdetail/3881486950.html?fileloc=//lib64/python2.7/pipes.pyc&path=//lib64/python2.7 HTTP/2.0" 200 22131 "-" "meta-externalagent/1.1 (+https://developers.facebook.com/docs/sharing/webmasters/crawler)" 299 **0/299808**
57.141.20.24 - - [17/Mar/2026:05:34:38 -0700] "GET /shopdetail/781061429.html?fileloc=//etc/trusted-key.key&path=//etc HTTP/2.0" 200 12630 "-" "meta-externalagent/1.1 (+https://developers.facebook.com/docs/sharing/webmasters/crawler)" 298 **0/298574**
74.7.243.230 - - [17/Mar/2026:05:34:38 -0700] "GET /?path=//proc/self/root/proc/thread-self/root/opt/alt/python38/lib/python3.8/site-packages/setuptools/extern HTTP/2.0" 200 2759 "https://powerchemyapikimyasallari.com/?path=//proc/self/root/proc/thread-self/root/opt/alt/python38/lib/python3.8/site-packages/setuptools" "Mozilla/5.0 AppleWebKit/537.36 (KHTML, like Gecko; compatible; GPTBot/1.3; +https://openai.com/gptbot)" 297 **0/297119**
57.141.20.32 - - [17/Mar/2026:05:34:38 -0700] "GET /shopdetail/2043247627.html?path=/home/fmbi332s7bv7/.cagefs/tmp HTTP/2.0" 200 12826 "-" "meta-externalagent/1.1 (+https://developers.facebook.com/docs/sharing/webmasters/crawler)" 301 **0/301635**
57.141.20.30 - - [17/Mar/2026:05:34:39 -0700] "GET /shopdetail/3881486950.html?fileloc=//lib64/python2.7/contextlib.pyo&path=//lib64/python2.7 HTTP/2.0" 200 17120 "-" "meta-externalagent/1.1 (+https://developers.facebook.com/docs/sharing/webmasters/crawler)" 312 **0/312631**
74.7.242.33 - - [17/Mar/2026:05:34:39 -0700] "GET /?path=//proc/self/root/proc/thread-self/root/proc/thread-self/root/proc/thread-self/root/proc/self/root/proc/thread-self/root/proc/thread-self/root/proc/thread-self/root/proc/thread-self/root/usr/include/arpa HTTP/2.0" 200 2902 "https://www.powerchemyapikimyasallari.com/?path=//proc/self/root/proc/thread-self/root/proc/thread-self/root/proc/thread-self/root/proc/self/root/proc/thread-self/root/proc/thread-self/root/proc/thread-self/root/proc/thread-self/root/usr/include" "Mozilla/5.0 AppleWebKit/537.36 (KHTML, like Gecko; compatible; GPTBot/1.3; +https://openai.com/gptbot)" 301 **0/301274**
57.141.20.42 - - [17/Mar/2026:05:34:39 -0700] "GET /shopdetail/3958330516.html?fileloc=//etc/lftp.conf&path=//etc HTTP/2.0" 200 15675 "-" "meta-externalagent/1.1 (+https://developers.facebook.com/docs/sharing/webmasters/crawler)" 317 **0/317626**
57.141.20.46 - - [17/Mar/2026:05:34:39 -0700] "GET /shopdetail/3958330516.html?path=//etc/security HTTP/2.0" 200 38148 "-" "meta-externalagent/1.1 (+https://developers.facebook.com/docs/sharing/webmasters/crawler)" 313 **0/313926**
57.141.20.33 - - [17/Mar/2026:05:34:40 -0700] "GET /shopdetail/3881486950.html?fileloc=//lib64/python2.7/stringold.py&path=//lib64/python2.7 HTTP/2.0" 200 26148 "-" "meta-externalagent/1.1 (+https://developers.facebook.com/docs/sharing/webmasters/crawler)" 300 **0/300313**
216.73.216.106 - - [17/Mar/2026:05:34:40 -0700] "GET /shopdetail/170772276.html?fileloc=%2Fhome%2Ffmbi332s7bv7%2Fpublic_html%2Fwp-includes%2Fembed.php&path=%2Fhome%2Ffmbi332s7bv7%2Fpublic_html%2Fwp-includes HTTP/2.0" 200 12309 "-" "Mozilla/5.0 AppleWebKit/537.36 (KHTML, like Gecko; compatible; ClaudeBot/1.0; +claudebot@anthropic.com)" 343 **0/343994**
57.141.20.16 - - [17/Mar/2026:05:34:40 -0700] "GET /shopdetail/3667601276.html?fileloc=/home/fmbi332s7bv7/public_html/wp-includes/blocks/query-no-results/.htaccess&path=/home/fmbi332s7bv7/public_html/wp-includes/blocks/query-no-results HTTP/2.0" 200 12831 "-" "meta-externalagent/1.1 (+https://developers.facebook.com/docs/sharing/webmasters/crawler)" 301 **0/301328**
57.141.20.27 - - [17/Mar/2026:05:34:40 -0700] "GET /shopdetail/3667601276.html?fileloc=/home/fmbi332s7bv7/public_html/wp-includes/blocks/post-content/style-rtl.min.css&path=/home/fmbi332s7bv7/public_html/wp-includes/blocks/post-content HTTP/2.0" 200 12719 "-" "meta-externalagent/1.1 (+https://developers.facebook.com/docs/sharing/webmasters/crawler)" 308 **0/308268**
57.141.20.45 - - [17/Mar/2026:05:34:41 -0700] "GET /shopdetail/3881486950.html?fileloc=//lib64/python2.7/mimify.pyo&path=//lib64/python2.7 HTTP/2.0" 200 25102 "-" "meta-externalagent/1.1 (+https://developers.facebook.com/docs/sharing/webmasters/crawler)" 340 **0/340773**
74.7.243.230 - - [17/Mar/2026:05:34:41 -0700] "GET /?path=//proc/self/root/proc/thread-self/root/opt/alt/python39/lib/python3.9/site-packages/setuptools/extern HTTP/2.0" 200 2760 "https://powerchemyapikimyasallari.com/?path=//proc/self/root/proc/thread-self/root/opt/alt/python39/lib/python3.9/site-packages/setuptools" "Mozilla/5.0 AppleWebKit/537.36 (KHTML, like Gecko; compatible; GPTBot/1.3; +https://openai.com/gptbot)" 327 **0/327955**
57.141.20.24 - - [17/Mar/2026:05:34:41 -0700] "GET /shopdetail/3881486950.html?fileloc=//lib64/python2.7/_abcoll.py&path=//lib64/python2.7 HTTP/2.0" 200 32124 "-" "meta-externalagent/1.1 (+https://developers.facebook.com/docs/sharing/webmasters/crawler)" 318 **0/318969**
57.141.20.55 - - [17/Mar/2026:05:34:41 -0700] "GET /shopdetail/3881486950.html?fileloc=//lib64/python2.7/BaseHTTPServer.py&path=//lib64/python2.7 HTTP/2.0" 200 37746 "-" "meta-externalagent/1.1 (+https://developers.facebook.com/docs/sharing/webmasters/crawler)" 335 **0/335265**
57.141.20.7 - - [17/Mar/2026:05:34:42 -0700] "GET /shopdetail/1628366982.html?fileloc=/home/fmbi332s7bv7/public_html/wp-includes/blocks/query-pagination/block.json&path=/home/fmbi332s7bv7/public_html/wp-includes/blocks/query-pagination HTTP/2.0" 200 14972 "-" "meta-externalagent/1.1 (+https://developers.facebook.com/docs/sharing/webmasters/crawler)" 322 **0/322879**
74.7.242.33 - - [17/Mar/2026:05:34:42 -0700] "GET /?path=//proc/self/root/proc/thread-self/root/proc/thread-self/root/proc/thread-self/root/proc/self/root/proc/thread-self/root/proc/thread-self/root/proc/thread-self/root/proc/thread-self/root/usr/include/linux/nfsd HTTP/2.0" 200 2842 "https://www.powerchemyapikimyasallari.com/?path=//proc/self/root/proc/thread-self/root/proc/thread-self/root/proc/thread-self/root/proc/self/root/proc/thread-self/root/proc/thread-self/root/proc/thread-self/root/proc/thread-self/root/usr/include/linux" "Mozilla/5.0 AppleWebKit/537.36 (KHTML, like Gecko; compatible; GPTBot/1.3; +https://openai.com/gptbot)" 301 **0/301233**
57.141.20.40 - - [17/Mar/2026:05:34:42 -0700] "GET /shopdetail/3667601276.html?fileloc=/home/fmbi332s7bv7/public_html/wp-includes/blocks/post-excerpt/style-rtl.css&path=/home/fmbi332s7bv7/public_html/wp-includes/blocks/post-excerpt HTTP/2.0" 200 13051 "-" "meta-externalagent/1.1 (+https://developers.facebook.com/docs/sharing/webmasters/crawler)" 308 **0/308609**
57.141.20.4 - - [17/Mar/2026:05:34:42 -0700] "GET /shopdetail/1628366982.html?fileloc=/home/fmbi332s7bv7/public_html/wp-includes/blocks/button/style-rtl.css&path=/home/fmbi332s7bv7/public_html/wp-includes/blocks/button HTTP/2.0" 200 15061 "-" "meta-externalagent/1.1 (+https://developers.facebook.com/docs/sharing/webmasters/crawler)" 296 **0/296351**
57.141.20.45 - - [17/Mar/2026:05:34:42 -0700] "GET /shopdetail/3667601276.html?fileloc=/home/fmbi332s7bv7/public_html/wp-includes/blocks/pullquote/theme-rtl.min.css&path=/home/fmbi332s7bv7/public_html/wp-includes/blocks/pullquote HTTP/2.0" 200 12936 "-" "meta-externalagent/1.1 (+https://developers.facebook.com/docs/sharing/webmasters/crawler)" 317 **0/317470**
57.141.20.35 - - [17/Mar/2026:05:34:43 -0700] "GET /shopdetail/3958330516.html?path=//etc/imunify360 HTTP/2.0" 200 14056 "-" "meta-externalagent/1.1 (+https://developers.facebook.com/docs/sharing/webmasters/crawler)" 307 **0/307136**
216.73.216.106 - - [17/Mar/2026:05:34:43 -0700] "GET /shopdetail/35271544.html?path=%2Fhome%2Ffmbi332s7bv7%2Fpublic_html%2Fab8dcd30 HTTP/2.0" 200 2679 "-" "Mozilla/5.0 AppleWebKit/537.36 (KHTML, like Gecko; compatible; ClaudeBot/1.0; +claudebot@anthropic.com)" 332 **0/332976**
57.141.20.4 - - [17/Mar/2026:05:34:43 -0700] "GET /shopdetail/3881486950.html?fileloc=//lib64/python2.7/contextlib.py&path=//lib64/python2.7 HTTP/2.0" 200 17109 "-" "meta-externalagent/1.1 (+https://developers.facebook.com/docs/sharing/webmasters/crawler)" 340 **0/340658**
57.141.20.26 - - [17/Mar/2026:05:34:44 -0700] "GET /shopdetail/3881486950.html?fileloc=//lib64/python2.7/sndhdr.pyc&path=//lib64/python2.7 HTTP/2.0" 200 20100 "-" "meta-externalagent/1.1 (+https://developers.facebook.com/docs/sharing/webmasters/crawler)" 300 **0/300416**
57.141.20.14 - - [17/Mar/2026:05:34:44 -0700] "GET /shopdetail/3881486950.html?fileloc=//lib64/python2.7/dummy_threading.pyc&path=//lib64/python2.7 HTTP/2.0" 200 13653 "-" "meta-externalagent/1.1 (+https://developers.facebook.com/docs/sharing/webmasters/crawler)" 298 **0/298331**
74.7.243.230 - - [17/Mar/2026:05:34:44 -0700] "GET /?path=//proc/self/root/proc/thread-self/root/opt/alt/python38/lib/python3.8/site-packages/setuptools/_distutils HTTP/2.0" 200 3670 "https://powerchemyapikimyasallari.com/?path=//proc/self/root/proc/thread-self/root/opt/alt/python38/lib/python3.8/site-packages/setuptools" "Mozilla/5.0 AppleWebKit/537.36 (KHTML, like Gecko; compatible; GPTBot/1.3; +https://openai.com/gptbot)" 325 **0/325519**
57.141.20.28 - - [17/Mar/2026:05:34:44 -0700] "GET /shopdetail/3667601276.html?fileloc=/home/fmbi332s7bv7/public_html/wp-includes/blocks/pullquote/editor-rtl.min.css&path=/home/fmbi332s7bv7/public_html/wp-includes/blocks/pullquote HTTP/2.0" 200 12912 "-" "meta-externalagent/1.1 (+https://developers.facebook.com/docs/sharing/webmasters/crawler)" 303 **0/303214**
57.141.20.7 - - [17/Mar/2026:05:34:45 -0700] "GET /shopdetail/3881486950.html?fileloc=//lib64/python2.7/htmlentitydefs.pyc&path=//lib64/python2.7 HTTP/2.0" 200 19861 "-" "meta-externalagent/1.1 (+https://developers.facebook.com/docs/sharing/webmasters/crawler)" 302 **0/302257**
57.141.20.53 - - [17/Mar/2026:05:34:45 -0700] "GET /shopdetail/3881486950.html?fileloc=//lib64/python2.7/bisect.py&path=//lib64/python2.7 HTTP/2.0" 200 15146 "-" "meta-externalagent/1.1 (+https://developers.facebook.com/docs/sharing/webmasters/crawler)" 313 **0/313464**
74.7.242.33 - - [17/Mar/2026:05:34:45 -0700] "GET /?path=//proc/self/root/proc/thread-self/root/proc/thread-self/root/proc/thread-self/root/proc/self/root/proc/thread-self/root/proc/thread-self/root/proc/thread-self/root/proc/thread-self/root/usr/include/sound/intel HTTP/2.0" 200 2722 "https://www.powerchemyapikimyasallari.com/?path=//proc/self/root/proc/thread-self/root/proc/thread-self/root/proc/thread-self/root/proc/self/root/proc/thread-self/root/proc/thread-self/root/proc/thread-self/root/proc/thread-self/root/usr/include/sound" "Mozilla/5.0 AppleWebKit/537.36 (KHTML, like Gecko; compatible; GPTBot/1.3; +https://openai.com/gptbot)" 320 **0/320825**
57.141.20.43 - - [17/Mar/2026:05:34:45 -0700] "GET /shopdetail/781061429.html?path=//etc/sasl2 HTTP/2.0" 200 12701 "-" "meta-externalagent/1.1 (+https://developers.facebook.com/docs/sharing/webmasters/crawler)" 278 **0/278472**
57.141.20.48 - - [17/Mar/2026:05:34:46 -0700] "GET /shopdetail/3881486950.html?fileloc=//lib64/python2.7/traceback.py&path=//lib64/python2.7 HTTP/2.0" 200 24801 "-" "meta-externalagent/1.1 (+https://developers.facebook.com/docs/sharing/webmasters/crawler)" 299 **0/299929**
216.73.216.106 - - [17/Mar/2026:05:34:46 -0700] "GET /shopdetail/3032798889.html?fileloc=%2Fhome%2Ffmbi332s7bv7%2Fpublic_html%2Fwp-includes%2Fcss%2Fadmin-bar.min.css&path=%2Fhome%2Ffmbi332s7bv7%2Fpublic_html%2Fwp-includes%2Fcss HTTP/2.0" 200 5889 "-" "Mozilla/5.0 AppleWebKit/537.36 (KHTML, like Gecko; compatible; ClaudeBot/1.0; +claudebot@anthropic.com)" 340 **0/340212**
57.141.20.28 - - [17/Mar/2026:05:34:46 -0700] "GET /shopdetail/3881486950.html?fileloc=//lib64/python2.7/copy_reg.py&path=//lib64/python2.7 HTTP/2.0" 200 19796 "-" "meta-externalagent/1.1 (+https://developers.facebook.com/docs/sharing/webmasters/crawler)" 322 **0/322736**
57.141.20.42 - - [17/Mar/2026:05:34:46 -0700] "GET /shopdetail/4185469315.html?fileloc=/home/fmbi332s7bv7/public_html/wp-includes/js/plupload/handlers.js&path=/home/fmbi332s7bv7/public_html/wp-includes/js/plupload HTTP/2.0" 200 36168 "-" "meta-externalagent/1.1 (+https://developers.facebook.com/docs/sharing/webmasters/crawler)" 309 **0/309750**
57.141.20.55 - - [17/Mar/2026:05:34:47 -0700] "GET /shopdetail/1628366982.html?fileloc=/home/fmbi332s7bv7/public_html/wp-includes/blocks/categories/style.css&path=/home/fmbi332s7bv7/public_html/wp-includes/blocks/categories HTTP/2.0" 200 12989 "-" "meta-externalagent/1.1 (+https://developers.facebook.com/docs/sharing/webmasters/crawler)" 305 **0/305039**
57.141.20.31 - - [17/Mar/2026:05:34:47 -0700] "GET /shopdetail/3881486950.html?fileloc=//lib64/python2.7/SimpleXMLRPCServer.pyc&path=//lib64/python2.7 HTTP/2.0" 200 36337 "-" "meta-externalagent/1.1 (+https://developers.facebook.com/docs/sharing/webmasters/crawler)" 292 **0/292278**
74.7.243.230 - - [17/Mar/2026:05:34:47 -0700] "GET /?path=//proc/self/root/proc/thread-self/root/opt/alt/python36/lib/python3.6/site-packages/setuptools/extern HTTP/2.0" 200 2759 "https://powerchemyapikimyasallari.com/?path=//proc/self/root/proc/thread-self/root/opt/alt/python36/lib/python3.6/site-packages/setuptools" "Mozilla/5.0 AppleWebKit/537.36 (KHTML, like Gecko; compatible; GPTBot/1.3; +https://openai.com/gptbot)" 292 **0/292957**
57.141.20.28 - - [17/Mar/2026:05:34:48 -0700] "GET /shopdetail/3881486950.html?fileloc=//lib64/python2.7/sysconfig.py&path=//lib64/python2.7 HTTP/2.0" 200 38766 "-" "meta-externalagent/1.1 (+https://developers.facebook.com/docs/sharing/webmasters/crawler)" 317 **0/317991**
57.141.20.5 - - [17/Mar/2026:05:34:48 -0700] "GET /shopdetail/912644747.html?fileloc=/home/fmbi332s7bv7/public_html/wp-admin/images/freedom-2.svg&path=/home/fmbi332s7bv7/public_html/wp-admin/images HTTP/2.0" 200 22051 "-" "meta-externalagent/1.1 (+https://developers.facebook.com/docs/sharing/webmasters/crawler)" 310 **0/310169**
57.141.20.17 - - [17/Mar/2026:05:34:48 -0700] "GET /shopdetail/1628366982.html?fileloc=/home/fmbi332s7bv7/public_html/wp-includes/blocks/search/theme-rtl.min.css&path=/home/fmbi332s7bv7/public_html/wp-includes/blocks/search HTTP/2.0" 200 12786 "-" "meta-externalagent/1.1 (+https://developers.facebook.com/docs/sharing/webmasters/crawler)" 302 **0/302630**
57.141.20.4 - - [17/Mar/2026:05:34:48 -0700] "GET /shopdetail/1628366982.html?fileloc=/home/fmbi332s7bv7/public_html/wp-includes/blocks/search/style-rtl.min.css&path=/home/fmbi332s7bv7/public_html/wp-includes/blocks/search HTTP/2.0" 200 15114 "-" "meta-externalagent/1.1 (+https://developers.facebook.com/docs/sharing/webmasters/crawler)" 303 **0/303382**
74.7.242.33 - - [17/Mar/2026:05:34:48 -0700] "GET /?path=//proc/self/root/proc/thread-self/root/proc/thread-self/root/proc/thread-self/root/proc/self/root/proc/thread-self/root/proc/thread-self/root/proc/thread-self/root/proc/thread-self/root/usr/include/mtd HTTP/2.0" 200 2856 "https://www.powerchemyapikimyasallari.com/?path=//proc/self/root/proc/thread-self/root/proc/thread-self/root/proc/thread-self/root/proc/self/root/proc/thread-self/root/proc/thread-self/root/proc/thread-self/root/proc/thread-self/root/usr/include" "Mozilla/5.0 AppleWebKit/537.36 (KHTML, like Gecko; compatible; GPTBot/1.3; +https://openai.com/gptbot)" 313 **0/313340**
57.141.20.55 - - [17/Mar/2026:05:34:49 -0700] "GET /shopdetail/3881486950.html?fileloc=//lib64/python2.7/dis.pyc&path=//lib64/python2.7 HTTP/2.0" 200 18859 "-" "meta-externalagent/1.1 (+https://developers.facebook.com/docs/sharing/webmasters/crawler)" 282 **0/282697**
216.73.216.106 - - [17/Mar/2026:05:34:49 -0700] "GET /shopdetail/170772276.html?path=%2Fhome%2Ffmbi332s7bv7%2Fpublic_html%2Fwp-includes%2Fblocks%2Fhome-link HTTP/2.0" 403 3451 "-" "Mozilla/5.0 AppleWebKit/537.36 (KHTML, like Gecko; compatible; ClaudeBot/1.0; +claudebot@anthropic.com)" 294 **0/294421**
57.141.20.7 - - [17/Mar/2026:05:34:49 -0700] "GET /shopdetail/3881486950.html?fileloc=//lib64/python2.7/cgitb.py&path=//lib64/python2.7 HTTP/2.0" 200 26607 "-" "meta-externalagent/1.1 (+https://developers.facebook.com/docs/sharing/webmasters/crawler)" 311 **0/311087**
57.141.20.30 - - [17/Mar/2026:05:34:49 -0700] "GET /shopdetail/3881486950.html?fileloc=//lib64/python2.7/xmlrpclib.pyo&path=//lib64/python2.7 HTTP/2.0" 200 59227 "-" "meta-externalagent/1.1 (+https://developers.facebook.com/docs/sharing/webmasters/crawler)" 294 **0/294259**
57.141.20.19 - - [17/Mar/2026:05:34:50 -0700] "GET /shopdetail/4185469315.html?fileloc=/home/fmbi332s7bv7/public_html/wp-includes/js/crop/cropper.css&path=/home/fmbi332s7bv7/public_html/wp-includes/js/crop HTTP/2.0" 200 15592 "-" "meta-externalagent/1.1 (+https://developers.facebook.com/docs/sharing/webmasters/crawler)" 295 **0/295252**
57.141.20.37 - - [17/Mar/2026:05:34:50 -0700] "GET /shopdetail/4185469315.html?fileloc=/home/fmbi332s7bv7/public_html/wp-includes/js/dist/escape-html.min.js&path=/home/fmbi332s7bv7/public_html/wp-includes/js/dist HTTP/2.0" 200 13851 "-" "meta-externalagent/1.1 (+https://developers.facebook.com/docs/sharing/webmasters/crawler)" 295 **0/295196**
57.141.20.11 - - [17/Mar/2026:05:34:50 -0700] "GET /shopdetail/4185469315.html?fileloc=/home/fmbi332s7bv7/public_html/wp-includes/js/dist/core-commands.js&path=/home/fmbi332s7bv7/public_html/wp-includes/js/dist HTTP/2.0" 200 40184 "-" "meta-externalagent/1.1 (+https://developers.facebook.com/docs/sharing/webmasters/crawler)" 291 **0/291489**
74.7.243.230 - - [17/Mar/2026:05:34:50 -0700] "GET /?path=//proc/self/root/proc/thread-self/root/opt/alt/python36/lib/python3.6/site-packages/setuptools/command HTTP/2.0" 200 3542 "https://powerchemyapikimyasallari.com/?path=//proc/self/root/proc/thread-self/root/opt/alt/python36/lib/python3.6/site-packages/setuptools" "Mozilla/5.0 AppleWebKit/537.36 (KHTML, like Gecko; compatible; GPTBot/1.3; +https://openai.com/gptbot)" 330 **0/330027**
57.141.20.31 - - [17/Mar/2026:05:34:50 -0700] "GET /shopdetail/4185469315.html?fileloc=/home/fmbi332s7bv7/public_html/wp-includes/js/swfupload/swfupload.js&path=/home/fmbi332s7bv7/public_html/wp-includes/js/swfupload HTTP/2.0" 200 17299 "-" "meta-externalagent/1.1 (+https://developers.facebook.com/docs/sharing/webmasters/crawler)" 323 **0/323667**
57.141.20.20 - - [17/Mar/2026:05:34:51 -0700] "GET /shopdetail/3881486950.html?path=//lib64/python2.7/multiprocessing HTTP/2.0" 200 68414 "-" "meta-externalagent/1.1 (+https://developers.facebook.com/docs/sharing/webmasters/crawler)" 300 **0/300602**
57.141.20.13 - - [17/Mar/2026:05:34:51 -0700] "GET /shopdetail/4185469315.html?fileloc=/home/fmbi332s7bv7/public_html/wp-includes/js/dist/url.min.js&path=/home/fmbi332s7bv7/public_html/wp-includes/js/dist HTTP/2.0" 200 26481 "-" "meta-externalagent/1.1 (+https://developers.facebook.com/docs/sharing/webmasters/crawler)" 304 **0/304041**
74.7.242.33 - - [17/Mar/2026:05:34:51 -0700] "GET /?path=//proc/self/root/proc/thread-self/root/proc/thread-self/root/proc/thread-self/root/proc/self/root/proc/thread-self/root/proc/thread-self/root/proc/thread-self/root/proc/thread-self/root/usr/include/mysql HTTP/2.0" 200 3359 "https://www.powerchemyapikimyasallari.com/?path=//proc/self/root/proc/thread-self/root/proc/thread-self/root/proc/thread-self/root/proc/self/root/proc/thread-self/root/proc/thread-self/root/proc/thread-self/root/proc/thread-self/root/usr/include" "Mozilla/5.0 AppleWebKit/537.36 (KHTML, like Gecko; compatible; GPTBot/1.3; +https://openai.com/gptbot)" 313 **0/313122**
57.141.20.12 - - [17/Mar/2026:05:34:52 -0700] "GET /shopdetail/4185469315.html?fileloc=/home/fmbi332s7bv7/public_html/wp-includes/js/dist/data.js&path=/home/fmbi332s7bv7/public_html/wp-includes/js/dist HTTP/2.0" 200 176660 "-" "meta-externalagent/1.1 (+https://developers.facebook.com/docs/sharing/webmasters/crawler)" 533 **0/533364**
216.73.216.106 - - [17/Mar/2026:05:34:52 -0700] "GET /shopdetail/400617425.html?fileloc=%2Fhome%2Ffmbi332s7bv7%2Fpublic_html%2Fwp-includes%2Fclass-wp-embed.php&path=%2Fhome%2Ffmbi332s7bv7%2Fpublic_html%2Fwp-includes HTTP/2.0" 403 3451 "-" "Mozilla/5.0 AppleWebKit/537.36 (KHTML, like Gecko; compatible; ClaudeBot/1.0; +claudebot@anthropic.com)" 307 **0/307894**
57.141.20.3 - - [17/Mar/2026:05:34:52 -0700] "GET /shopdetail/3881486950.html?fileloc=//lib64/python2.7/stat.pyc&path=//lib64/python2.7 HTTP/2.0" 200 15145 "-" "meta-externalagent/1.1 (+https://developers.facebook.com/docs/sharing/webmasters/crawler)" 288 **0/288158**
57.141.20.50 - - [17/Mar/2026:05:34:52 -0700] "GET /shopdetail/912644747.html?fileloc=/home/fmbi332s7bv7/public_html/wp-admin/images/align-right-2x.png&path=/home/fmbi332s7bv7/public_html/wp-admin/images HTTP/2.0" 200 12763 "-" "meta-externalagent/1.1 (+https://developers.facebook.com/docs/sharing/webmasters/crawler)" 352 **0/352113**
57.141.20.42 - - [17/Mar/2026:05:34:53 -0700] "GET /shopdetail/3881486950.html?fileloc=//lib64/python2.7/mailcap.pyo&path=//lib64/python2.7 HTTP/2.0" 200 20680 "-" "meta-externalagent/1.1 (+https://developers.facebook.com/docs/sharing/webmasters/crawler)" 292 **0/292030**
57.141.20.11 - - [17/Mar/2026:05:34:53 -0700] "GET /shopdetail/781061429.html?fileloc=//etc/spammeripblocks&path=//etc HTTP/2.0" 200 12255 "-" "meta-externalagent/1.1 (+https://developers.facebook.com/docs/sharing/webmasters/crawler)" 388 **0/388843**
57.141.20.25 - - [17/Mar/2026:05:34:53 -0700] "GET /shopdetail/4185469315.html?fileloc=/home/fmbi332s7bv7/public_html/wp-includes/js/dist/undo-manager.js&path=/home/fmbi332s7bv7/public_html/wp-includes/js/dist HTTP/2.0" 200 21344 "-" "meta-externalagent/1.1 (+https://developers.facebook.com/docs/sharing/webmasters/crawler)" 287 **0/287048**
74.7.243.230 - - [17/Mar/2026:05:34:54 -0700] "GET /?path=//proc/self/root/proc/thread-self/root/opt/alt/python39/lib/python3.9/site-packages/pip/_vendor HTTP/2.0" 200 3385 "https://powerchemyapikimyasallari.com/?path=//proc/self/root/proc/thread-self/root/opt/alt/python39/lib/python3.9/site-packages/pip" "Mozilla/5.0 AppleWebKit/537.36 (KHTML, like Gecko; compatible; GPTBot/1.3; +https://openai.com/gptbot)" 319 **0/319322**
57.141.20.55 - - [17/Mar/2026:05:34:54 -0700] "GET /shopdetail/3881486950.html?fileloc=//lib64/python2.7/netrc.py&path=//lib64/python2.7 HTTP/2.0" 200 18849 "-" "meta-externalagent/1.1 (+https://developers.facebook.com/docs/sharing/webmasters/crawler)" 306 **0/306919**
57.141.20.59 - - [17/Mar/2026:05:34:54 -0700] "GET /shopdetail/3881486950.html?fileloc=//lib64/python2.7/re.pyo&path=//lib64/python2.7 HTTP/2.0" 200 26282 "-" "meta-externalagent/1.1 (+https://developers.facebook.com/docs/sharing/webmasters/crawler)" 295 **0/295254**
57.141.20.52 - - [17/Mar/2026:05:34:54 -0700] "GET /shopdetail/3881486950.html?fileloc=//lib64/python2.7/crypt.py&path=//lib64/python2.7 HTTP/2.0" 200 14885 "-" "meta-externalagent/1.1 (+https://developers.facebook.com/docs/sharing/webmasters/crawler)" 295 **0/295326**
57.141.20.32 - - [17/Mar/2026:05:34:54 -0700] "GET /shopdetail/3881486950.html?fileloc=//lib64/python2.7/locale.pyc&path=//lib64/python2.7 HTTP/2.0" 200 72751 "-" "meta-externalagent/1.1 (+https://developers.facebook.com/docs/sharing/webmasters/crawler)" 290 **0/290383**
74.7.242.33 - - [17/Mar/2026:05:34:55 -0700] "GET /?path=//proc/self/root/proc/thread-self/root/proc/thread-self/root/proc/thread-self/root/proc/self/root/proc/thread-self/root/proc/thread-self/root/proc/thread-self/root/proc/thread-self/root/usr/include/linux/can HTTP/2.0" 200 2917 "https://www.powerchemyapikimyasallari.com/?path=//proc/self/root/proc/thread-self/root/proc/thread-self/root/proc/thread-self/root/proc/self/root/proc/thread-self/root/proc/thread-self/root/proc/thread-self/root/proc/thread-self/root/usr/include/linux" "Mozilla/5.0 AppleWebKit/537.36 (KHTML, like Gecko; compatible; GPTBot/1.3; +https://openai.com/gptbot)" 306 **0/306639**
57.141.20.7 - - [17/Mar/2026:05:34:55 -0700] "GET /shopdetail/781061429.html?fileloc=//etc/hosts&path=//etc HTTP/2.0" 200 12545 "-" "meta-externalagent/1.1 (+https://developers.facebook.com/docs/sharing/webmasters/crawler)" 317 **0/317124**
57.141.20.50 - - [17/Mar/2026:05:34:55 -0700] "GET /shopdetail/912644747.html?fileloc=/home/fmbi332s7bv7/public_html/wp-admin/images/align-left.png&path=/home/fmbi332s7bv7/public_html/wp-admin/images HTTP/2.0" 200 13521 "-" "meta-externalagent/1.1 (+https://developers.facebook.com/docs/sharing/webmasters/crawler)" 303 **0/303453**
57.141.20.11 - - [17/Mar/2026:05:34:56 -0700] "GET /shopdetail/3881486950.html?fileloc=//lib64/python2.7/tokenize.pyo&path=//lib64/python2.7 HTTP/2.0" 200 28782 "-" "meta-externalagent/1.1 (+https://developers.facebook.com/docs/sharing/webmasters/crawler)" 289 **0/289003**
57.141.20.11 - - [17/Mar/2026:05:34:56 -0700] "GET /shopdetail/3881486950.html?fileloc=//lib64/python2.7/hashlib.pyo&path=//lib64/python2.7 HTTP/2.0" 403 55633 "-" "meta-externalagent/1.1 (+https://developers.facebook.com/docs/sharing/webmasters/crawler)" 303 **0/303281**
216.73.216.106 - - [17/Mar/2026:05:34:56 -0700] "GET /shopdetail/1285963157.html?fileloc=%2F%2Flib64%2Flibnsl.so.1&path=%2F%2Flib64 HTTP/2.0" 403 3451 "-" "Mozilla/5.0 AppleWebKit/537.36 (KHTML, like Gecko; compatible; ClaudeBot/1.0; +claudebot@anthropic.com)" 284 **0/284712**
57.141.20.34 - - [17/Mar/2026:05:34:56 -0700] "GET /shopdetail/3881486950.html?fileloc=//lib64/python2.7/glob.pyo&path=//lib64/python2.7 HTTP/2.0" 403 55633 "-" "meta-externalagent/1.1 (+https://developers.facebook.com/docs/sharing/webmasters/crawler)" 332 **0/332718**
57.141.20.2 - - [17/Mar/2026:05:34:57 -0700] "GET /shopdetail/3881486950.html?fileloc=//lib64/python2.7/_MozillaCookieJar.py&path=//lib64/python2.7 HTTP/2.0" 403 55633 "-" "meta-externalagent/1.1 (+https://developers.facebook.com/docs/sharing/webmasters/crawler)" 304 **0/304587**
74.7.243.230 - - [17/Mar/2026:05:34:57 -0700] "GET /?path=//proc/self/root/proc/thread-self/root/opt/alt/python38/lib/python3.8/site-packages/pip/_vendor HTTP/2.0" 200 3403 "https://powerchemyapikimyasallari.com/?path=//proc/self/root/proc/thread-self/root/opt/alt/python38/lib/python3.8/site-packages/pip" "Mozilla/5.0 AppleWebKit/537.36 (KHTML, like Gecko; compatible; GPTBot/1.3; +https://openai.com/gptbot)" 299 **0/299900**
57.141.20.38 - - [17/Mar/2026:05:34:57 -0700] "GET /shopdetail/3881486950.html?fileloc=//lib64/python2.7/sre_constants.py&path=//lib64/python2.7 HTTP/2.0" 403 55633 "-" "meta-externalagent/1.1 (+https://developers.facebook.com/docs/sharing/webmasters/crawler)" 305 **0/305030**
57.141.20.50 - - [17/Mar/2026:05:34:57 -0700] "GET /shopdetail/3958330516.html?fileloc=//etc/bashrc&path=//etc HTTP/2.0" 403 55633 "-" "meta-externalagent/1.1 (+https://developers.facebook.com/docs/sharing/webmasters/crawler)" 295 **0/295687**
57.141.20.27 - - [17/Mar/2026:05:34:57 -0700] "GET /shopdetail/3667601276.html?fileloc=/home/fmbi332s7bv7/public_html/wp-includes/blocks/gallery/theme-rtl.min.css&path=/home/fmbi332s7bv7/public_html/wp-includes/blocks/gallery HTTP/2.0" 403 55633 "-" "meta-externalagent/1.1 (+https://developers.facebook.com/docs/sharing/webmasters/crawler)" 293 **0/293915**
74.7.242.33 - - [17/Mar/2026:05:34:58 -0700] "GET /?path=//proc/self/root/proc/thread-self/root/proc/thread-self/root/proc/thread-self/root/proc/self/root/proc/thread-self/root/proc/thread-self/root/proc/thread-self/root/proc/thread-self/root/usr/include/uuid HTTP/2.0" 200 2719 "https://www.powerchemyapikimyasallari.com/?path=//proc/self/root/proc/thread-self/root/proc/thread-self/root/proc/thread-self/root/proc/self/root/proc/thread-self/root/proc/thread-self/root/proc/thread-self/root/proc/thread-self/root/usr/include" "Mozilla/5.0 AppleWebKit/537.36 (KHTML, like Gecko; compatible; GPTBot/1.3; +https://openai.com/gptbot)" 297 **0/297069**
57.141.20.40 - - [17/Mar/2026:05:34:58 -0700] "GET /shopdetail/3667601276.html?fileloc=/home/fmbi332s7bv7/public_html/wp-includes/blocks/post-author-biography/style-rtl.min.css&path=/home/fmbi332s7bv7/public_html/wp-includes/blocks/post-author-biography HTTP/2.0" 403 55633 "-" "meta-externalagent/1.1 (+https://developers.facebook.com/docs/sharing/webmasters/crawler)" 290 **0/290265**
57.141.20.7 - - [17/Mar/2026:05:34:58 -0700] "GET /shopdetail/781061429.html?path=//etc/cl.python HTTP/2.0" 403 55633 "-" "meta-externalagent/1.1 (+https://developers.facebook.com/docs/sharing/webmasters/crawler)" 320 **0/320764**
57.141.20.12 - - [17/Mar/2026:05:34:59 -0700] "GET /shopdetail/3881486950.html?fileloc=//lib64/python2.7/Cookie.py&path=//lib64/python2.7 HTTP/2.0" 403 55633 "-" "meta-externalagent/1.1 (+https://developers.facebook.com/docs/sharing/webmasters/crawler)" 295 **0/295568**
216.73.216.106 - - [17/Mar/2026:05:34:59 -0700] "GET /shopdetail/1687959933.html?fileloc=%2Fhome%2Ffmbi332s7bv7%2Fpublic_html%2Fwp-includes%2Fjs%2Fmedia-audiovideo.js&path=%2Fhome%2Ffmbi332s7bv7%2Fpublic_html%2Fwp-includes%2Fjs HTTP/2.0" 403 3451 "-" "Mozilla/5.0 AppleWebKit/537.36 (KHTML, like Gecko; compatible; ClaudeBot/1.0; +claudebot@anthropic.com)" 302 **0/302916**
57.141.20.52 - - [17/Mar/2026:05:34:59 -0700] "GET /shopdetail/1628366982.html?fileloc=/home/fmbi332s7bv7/public_html/wp-includes/blocks/embed/style.css&path=/home/fmbi332s7bv7/public_html/wp-includes/blocks/embed HTTP/2.0" 403 55633 "-" "meta-externalagent/1.1 (+https://developers.facebook.com/docs/sharing/webmasters/crawler)" 295 **0/295668**
57.141.20.38 - - [17/Mar/2026:05:34:59 -0700] "GET /shopdetail/1628366982.html?fileloc=/home/fmbi332s7bv7/public_html/wp-includes/blocks/media-text/.htaccess&path=/home/fmbi332s7bv7/public_html/wp-includes/blocks/media-text HTTP/2.0" 403 55633 "-" "meta-externalagent/1.1 (+https://developers.facebook.com/docs/sharing/webmasters/crawler)" 310 **0/310026**
57.141.20.31 - - [17/Mar/2026:05:35:00 -0700] "GET /shopdetail/912644747.html?fileloc=/home/fmbi332s7bv7/public_html/wp-admin/images/post-formats.png&path=/home/fmbi332s7bv7/public_html/wp-admin/images HTTP/2.0" 403 55633 "-" "meta-externalagent/1.1 (+https://developers.facebook.com/docs/sharing/webmasters/crawler)" 315 **0/315732**
74.7.243.230 - - [17/Mar/2026:05:35:00 -0700] "GET /?fileloc=//proc/self/root/proc/thread-self/root/opt/alt/python34/lib/python3.4/site-packages/setuptools/command/alias.py&path=//proc/self/root/proc/thread-self/root/opt/alt/python34/lib/python3.4/site-packages/setuptools/command HTTP/2.0" 200 3240 "https://powerchemyapikimyasallari.com/?path=//proc/self/root/proc/thread-self/root/opt/alt/python34/lib/python3.4/site-packages/setuptools/command" "Mozilla/5.0 AppleWebKit/537.36 (KHTML, like Gecko; compatible; GPTBot/1.3; +https://openai.com/gptbot)" 349 **0/349555**
57.141.20.30 - - [17/Mar/2026:05:35:00 -0700] "GET /shopdetail/3881486950.html?fileloc=//lib64/python2.7/dircache.py&path=//lib64/python2.7 HTTP/2.0" 403 55633 "-" "meta-externalagent/1.1 (+https://developers.facebook.com/docs/sharing/webmasters/crawler)" 308 **0/308910**
57.141.20.30 - - [17/Mar/2026:05:35:00 -0700] "GET /shopdetail/3881486950.html?fileloc=//lib64/python2.7/argparse.pyc&path=//lib64/python2.7 HTTP/2.0" 403 55633 "-" "meta-externalagent/1.1 (+https://developers.facebook.com/docs/sharing/webmasters/crawler)" 317 **0/317714**
74.7.242.33 - - [17/Mar/2026:05:35:01 -0700] "GET /?path=//proc/self/root/proc/thread-self/root/proc/thread-self/root/proc/thread-self/root/proc/self/root/proc/thread-self/root/proc/thread-self/root/proc/thread-self/root/proc/thread-self/root/usr/include/bits HTTP/2.0" 200 6653 "https://www.powerchemyapikimyasallari.com/?path=//proc/self/root/proc/thread-self/root/proc/thread-self/root/proc/thread-self/root/proc/self/root/proc/thread-self/root/proc/thread-self/root/proc/thread-self/root/proc/thread-self/root/usr/include" "Mozilla/5.0 AppleWebKit/537.36 (KHTML, like Gecko; compatible; GPTBot/1.3; +https://openai.com/gptbot)" 402 **0/402718**
57.141.20.52 - - [17/Mar/2026:05:35:01 -0700] "GET /shopdetail/4185469315.html?fileloc=/home/fmbi332s7bv7/public_html/wp-includes/js/dist/router.min.js&path=/home/fmbi332s7bv7/public_html/wp-includes/js/dist HTTP/2.0" 403 55633 "-" "meta-externalagent/1.1 (+https://developers.facebook.com/docs/sharing/webmasters/crawler)" 323 **0/323647**
57.141.20.33 - - [17/Mar/2026:05:35:01 -0700] "GET /shopdetail/3881486950.html?fileloc=//lib64/python2.7/UserList.pyc&path=//lib64/python2.7 HTTP/2.0" 403 55633 "-" "meta-externalagent/1.1 (+https://developers.facebook.com/docs/sharing/webmasters/crawler)" 389 **0/389675**
57.141.20.19 - - [17/Mar/2026:05:35:01 -0700] "GET /shopdetail/3881486950.html?fileloc=//lib64/python2.7/robotparser.pyc&path=//lib64/python2.7 HTTP/2.0" 403 55633 "-" "meta-externalagent/1.1 (+https://developers.facebook.com/docs/sharing/webmasters/crawler)" 365 **0/365768**
57.141.20.31 - - [17/Mar/2026:05:35:02 -0700] "GET /shopdetail/4185469315.html?fileloc=/home/fmbi332s7bv7/public_html/wp-includes/js/plupload/handlers.min.js&path=/home/fmbi332s7bv7/public_html/wp-includes/js/plupload HTTP/2.0" 403 55633 "-" "meta-externalagent/1.1 (+https://developers.facebook.com/docs/sharing/webmasters/crawler)" 386 **0/386481**
216.73.216.106 - - [17/Mar/2026:05:35:02 -0700] "GET /shopdetail/1943300659.html?fileloc=%2F%2Flib64%2Fliblftp-tasks.so.0&path=%2F%2Flib64 HTTP/2.0" 403 3451 "-" "Mozilla/5.0 AppleWebKit/537.36 (KHTML, like Gecko; compatible; ClaudeBot/1.0; +claudebot@anthropic.com)" 346 **0/346926**
57.141.20.31 - - [17/Mar/2026:05:35:02 -0700] "GET /shopdetail/3958330516.html?path=//etc/cl.php.d HTTP/2.0" 403 55633 "-" "meta-externalagent/1.1 (+https://developers.facebook.com/docs/sharing/webmasters/crawler)" 318 **0/318407**
57.141.20.0 - - [17/Mar/2026:05:35:02 -0700] "GET /shopdetail/3881486950.html?fileloc=//lib64/python2.7/this.pyc&path=//lib64/python2.7 HTTP/2.0" 403 55633 "-" "meta-externalagent/1.1 (+https://developers.facebook.com/docs/sharing/webmasters/crawler)" 430 **0/430655**
57.141.20.2 - - [17/Mar/2026:05:35:02 -0700] "GET /shopdetail/1628366982.html?fileloc=/home/fmbi332s7bv7/public_html/wp-includes/blocks/query-pagination/editor-rtl.css&path=/home/fmbi332s7bv7/public_html/wp-includes/blocks/query-pagination HTTP/2.0" 403 55633 "-" "meta-externalagent/1.1 (+https://developers.facebook.com/docs/sharing/webmasters/crawler)" 390 **0/390679**
74.7.243.230 - - [17/Mar/2026:05:35:03 -0700] "GET /?path=//proc/self/root/proc/thread-self/root/opt/alt/python34/lib/python3.4/site-packages/pip/vcs HTTP/2.0" 200 2896 "https://powerchemyapikimyasallari.com/?path=//proc/self/root/proc/thread-self/root/opt/alt/python34/lib/python3.4/site-packages/pip" "Mozilla/5.0 AppleWebKit/537.36 (KHTML, like Gecko; compatible; GPTBot/1.3; +https://openai.com/gptbot)" 430 **0/430100**
57.141.20.53 - - [17/Mar/2026:05:35:03 -0700] "GET /shopdetail/3881486950.html?fileloc=//lib64/python2.7/bdb.py&path=//lib64/python2.7 HTTP/2.0" 403 55633 "-" "meta-externalagent/1.1 (+https://developers.facebook.com/docs/sharing/webmasters/crawler)" 351 **0/351451**
57.141.20.20 - - [17/Mar/2026:05:35:03 -0700] "GET /shopdetail/3881486950.html?fileloc=//lib64/python2.7/stringprep.pyo&path=//lib64/python2.7 HTTP/2.0" 403 55633 "-" "meta-externalagent/1.1 (+https://developers.facebook.com/docs/sharing/webmasters/crawler)" 404 **0/404663**
57.141.20.38 - - [17/Mar/2026:05:35:04 -0700] "GET /shopdetail/912644747.html?fileloc=/home/fmbi332s7bv7/public_html/wp-admin/images/align-right.png&path=/home/fmbi332s7bv7/public_html/wp-admin/images HTTP/2.0" 403 55633 "-" "meta-externalagent/1.1 (+https://developers.facebook.com/docs/sharing/webmasters/crawler)" 340 **0/340009**
74.7.242.33 - - [17/Mar/2026:05:35:04 -0700] "GET /?path=//proc/self/root/proc/thread-self/root/proc/thread-self/root/proc/thread-self/root/proc/self/root/proc/thread-self/root/proc/thread-self/root/proc/thread-self/root/proc/thread-self/root/usr/include/linux/android HTTP/2.0" 200 2737 "https://www.powerchemyapikimyasallari.com/?path=//proc/self/root/proc/thread-self/root/proc/thread-self/root/proc/thread-self/root/proc/self/root/proc/thread-self/root/proc/thread-self/root/proc/thread-self/root/proc/thread-self/root/usr/include/linux" "Mozilla/5.0 AppleWebKit/537.36 (KHTML, like Gecko; compatible; GPTBot/1.3; +https://openai.com/gptbot)" 335 **0/335543**
57.141.20.18 - - [17/Mar/2026:05:35:04 -0700] "GET /shopdetail/3881486950.html?fileloc=//lib64/python2.7/_strptime.pyo&path=//lib64/python2.7 HTTP/2.0" 403 55633 "-" "meta-externalagent/1.1 (+https://developers.facebook.com/docs/sharing/webmasters/crawler)" 348 **0/348514**
57.141.20.44 - - [17/Mar/2026:05:35:04 -0700] "GET /shopdetail/3881486950.html?fileloc=//lib64/python2.7/modulefinder.pyc&path=//lib64/python2.7 HTTP/2.0" 403 55633 "-" "meta-externalagent/1.1 (+https://developers.facebook.com/docs/sharing/webmasters/crawler)" 359 **0/359478**
216.73.216.106 - - [17/Mar/2026:05:35:05 -0700] "GET /shopdetail/3175964843.html?fileloc=%2Fhome%2Ffmbi332s7bv7%2Fpublic_html%2F.htaccess&path=%2Fhome%2Ffmbi332s7bv7%2Fpublic_html HTTP/2.0" 403 3451 "-" "Mozilla/5.0 AppleWebKit/537.36 (KHTML, like Gecko; compatible; ClaudeBot/1.0; +claudebot@anthropic.com)" 352 **0/352557**
57.141.20.2 - - [17/Mar/2026:05:35:05 -0700] "GET /shopdetail/3881486950.html?fileloc=//lib64/python2.7/new.py&path=//lib64/python2.7 HTTP/2.0" 403 55633 "-" "meta-externalagent/1.1 (+https://developers.facebook.com/docs/sharing/webmasters/crawler)" 354 **0/354964**
57.141.20.26 - - [17/Mar/2026:05:35:05 -0700] "GET /shopdetail/3881486950.html?fileloc=//lib64/python2.7/textwrap.py&path=//lib64/python2.7 HTTP/2.0" 403 55633 "-" "meta-externalagent/1.1 (+https://developers.facebook.com/docs/sharing/webmasters/crawler)" 347 **0/347794**
57.141.20.12 - - [17/Mar/2026:05:35:05 -0700] "GET /shopdetail/3881486950.html?fileloc=//lib64/python2.7/_strptime.pyc&path=//lib64/python2.7 HTTP/2.0" 403 55633 "-" "meta-externalagent/1.1 (+https://developers.facebook.com/docs/sharing/webmasters/crawler)" 358 **0/358755**
57.141.20.33 - - [17/Mar/2026:05:35:06 -0700] "GET /shopdetail/3881486950.html?path=//lib64/python2.7/lib-dynload HTTP/2.0" 403 55633 "-" "meta-externalagent/1.1 (+https://developers.facebook.com/docs/sharing/webmasters/crawler)" 354 **0/354413**
57.141.20.40 - - [17/Mar/2026:05:35:06 -0700] "GET /shopdetail/3667601276.html?fileloc=/home/fmbi332s7bv7/public_html/wp-includes/blocks/gallery/editor.min.css&path=/home/fmbi332s7bv7/public_html/wp-includes/blocks/gallery HTTP/2.0" 403 55633 "-" "meta-externalagent/1.1 (+https://developers.facebook.com/docs/sharing/webmasters/crawler)" 427 **0/427513**
57.141.20.49 - - [17/Mar/2026:05:35:06 -0700] "GET /shopdetail/3881486950.html?fileloc=//lib64/python2.7/_osx_support.pyc&path=//lib64/python2.7 HTTP/2.0" 403 55633 "-" "meta-externalagent/1.1 (+https://developers.facebook.com/docs/sharing/webmasters/crawler)" 382 **0/382379**
