57.141.20.54 - - [17/Mar/2026:05:21:37 -0700] "GET /shopdetail/2764557332.html HTTP/2.0" 200 55633 "-" "meta-externalagent/1.1 (+https://developers.facebook.com/docs/sharing/webmasters/crawler)" 338 **0/338051**
57.141.20.36 - - [17/Mar/2026:05:21:37 -0700] "GET /shopdetail/1479146865.html HTTP/2.0" 200 55633 "-" "meta-externalagent/1.1 (+https://developers.facebook.com/docs/sharing/webmasters/crawler)" 340 **0/340446**
216.73.216.106 - - [17/Mar/2026:05:21:37 -0700] "GET /shopdetail/1943300659.html?fileloc=%2F%2Flib64%2Flibcrypto.so.1.1.1k&path=%2F%2Flib64 HTTP/2.0" 403 3451 "-" "Mozilla/5.0 AppleWebKit/537.36 (KHTML, like Gecko; compatible; ClaudeBot/1.0; +claudebot@anthropic.com)" 375 **0/375617**
57.141.20.38 - - [17/Mar/2026:05:21:38 -0700] "GET /shopdetail/1700016956.html HTTP/2.0" 200 55633 "-" "meta-externalagent/1.1 (+https://developers.facebook.com/docs/sharing/webmasters/crawler)" 296 **0/296790**
57.141.20.21 - - [17/Mar/2026:05:21:38 -0700] "GET /shopdetail/1480358948.html HTTP/2.0" 200 55633 "-" "meta-externalagent/1.1 (+https://developers.facebook.com/docs/sharing/webmasters/crawler)" 356 **0/356550**
57.141.20.52 - - [17/Mar/2026:05:21:38 -0700] "GET /shopdetail/1162466578.html?fileloc=/home/fmbi332s7bv7/public_html/robots.txt&path=/home/fmbi332s7bv7/public_html HTTP/2.0" 200 12485 "-" "meta-externalagent/1.1 (+https://developers.facebook.com/docs/sharing/webmasters/crawler)" 322 **0/322374**
74.7.243.230 - - [17/Mar/2026:05:21:38 -0700] "GET /?fileloc=//proc/self/root/proc/thread-self/root/bin/scl_source&path=//proc/self/root/proc/thread-self/root/bin HTTP/2.0" 200 3041 "https://powerchemyapikimyasallari.com/?path=//proc/self/root/proc/thread-self/root/bin" "Mozilla/5.0 AppleWebKit/537.36 (KHTML, like Gecko; compatible; GPTBot/1.3; +https://openai.com/gptbot)" 311 **0/311741**
57.141.20.8 - - [17/Mar/2026:05:21:39 -0700] "GET /shopdetail/3440739124.html HTTP/2.0" 200 55633 "-" "meta-externalagent/1.1 (+https://developers.facebook.com/docs/sharing/webmasters/crawler)" 347 **0/347771**
57.141.20.29 - - [17/Mar/2026:05:21:39 -0700] "GET /shopdetail/4176557854.html HTTP/2.0" 200 55633 "-" "meta-externalagent/1.1 (+https://developers.facebook.com/docs/sharing/webmasters/crawler)" 386 **0/386863**
57.141.20.43 - - [17/Mar/2026:05:21:39 -0700] "GET /shopdetail/3392906596.html?path=/home/fmbi332s7bv7/public_html/wp-admin HTTP/2.0" 200 170119 "-" "meta-externalagent/1.1 (+https://developers.facebook.com/docs/sharing/webmasters/crawler)" 564 **0/564246**
74.7.242.33 - - [17/Mar/2026:05:21:39 -0700] "GET /?path=//proc/self/root/proc/thread-self/root/proc/thread-self/root/proc/thread-self/root/proc/self/root/proc/thread-self/root/proc/self/root/proc/thread-self/root/proc/thread-self/root/lib/firmware/amd-ucode HTTP/2.0" 200 2878 "https://www.powerchemyapikimyasallari.com/?path=//proc/self/root/proc/thread-self/root/proc/thread-self/root/proc/thread-self/root/proc/self/root/proc/thread-self/root/proc/self/root/proc/thread-self/root/proc/thread-self/root/lib/firmware" "Mozilla/5.0 AppleWebKit/537.36 (KHTML, like Gecko; compatible; GPTBot/1.3; +https://openai.com/gptbot)" 346 **0/346221**
57.141.20.3 - - [17/Mar/2026:05:21:39 -0700] "GET /shopdetail/3493738497.html HTTP/2.0" 200 55633 "-" "meta-externalagent/1.1 (+https://developers.facebook.com/docs/sharing/webmasters/crawler)" 346 **0/346635**
57.141.20.36 - - [17/Mar/2026:05:21:40 -0700] "GET /shopdetail/2144710323.html HTTP/2.0" 200 55633 "-" "meta-externalagent/1.1 (+https://developers.facebook.com/docs/sharing/webmasters/crawler)" 371 **0/371616**
216.73.216.106 - - [17/Mar/2026:05:21:40 -0700] "GET /shopdetail/1285963157.html?fileloc=%2F%2Flib64%2Flibcairo.so.2.11512.0&path=%2F%2Flib64 HTTP/2.0" 403 3451 "-" "Mozilla/5.0 AppleWebKit/537.36 (KHTML, like Gecko; compatible; ClaudeBot/1.0; +claudebot@anthropic.com)" 361 **0/361381**
57.141.20.35 - - [17/Mar/2026:05:21:40 -0700] "GET /shopdetail/3787353255.html HTTP/2.0" 200 55633 "-" "meta-externalagent/1.1 (+https://developers.facebook.com/docs/sharing/webmasters/crawler)" 330 **0/330631**
57.141.20.19 - - [17/Mar/2026:05:21:40 -0700] "GET /shopdetail/1963093590.html HTTP/2.0" 200 55633 "-" "meta-externalagent/1.1 (+https://developers.facebook.com/docs/sharing/webmasters/crawler)" 320 **0/320429**
57.141.20.48 - - [17/Mar/2026:05:21:41 -0700] "GET /shopdetail/839387180.html?fileloc=/home/fmbi332s7bv7/public_html/wp-includes/blocks/navigation-link.php&path=/home/fmbi332s7bv7/public_html/wp-includes/blocks HTTP/2.0" 200 28450 "-" "meta-externalagent/1.1 (+https://developers.facebook.com/docs/sharing/webmasters/crawler)" 343 **0/343673**
57.141.20.40 - - [17/Mar/2026:05:21:41 -0700] "GET /shopdetail/35907464.html HTTP/2.0" 200 55633 "-" "meta-externalagent/1.1 (+https://developers.facebook.com/docs/sharing/webmasters/crawler)" 298 **0/298844**
57.141.20.46 - - [17/Mar/2026:05:21:42 -0700] "GET /shopdetail/173916616.html HTTP/2.0" 200 55633 "-" "meta-externalagent/1.1 (+https://developers.facebook.com/docs/sharing/webmasters/crawler)" 345 **0/345231**
74.7.243.230 - - [17/Mar/2026:05:21:42 -0700] "GET /?fileloc=//proc/self/root/proc/thread-self/root/bin/skill&path=//proc/self/root/proc/thread-self/root/bin HTTP/2.0" 200 12056 "https://powerchemyapikimyasallari.com/?path=//proc/self/root/proc/thread-self/root/bin" "Mozilla/5.0 AppleWebKit/537.36 (KHTML, like Gecko; compatible; GPTBot/1.3; +https://openai.com/gptbot)" 341 **0/341295**
57.141.20.54 - - [17/Mar/2026:05:21:42 -0700] "GET /shopdetail/3246770876.html HTTP/2.0" 200 55633 "-" "meta-externalagent/1.1 (+https://developers.facebook.com/docs/sharing/webmasters/crawler)" 387 **0/387510**
74.7.242.33 - - [17/Mar/2026:05:21:42 -0700] "GET /?path=//proc/self/root/proc/thread-self/root/proc/thread-self/root/proc/thread-self/root/proc/self/root/proc/thread-self/root/proc/thread-self/root/proc/self/root/proc/self/root/opt/cloudlinux/rhn_hooks/post.d HTTP/2.0" 200 2753 "https://www.powerchemyapikimyasallari.com/?path=//proc/self/root/proc/thread-self/root/proc/thread-self/root/proc/thread-self/root/proc/self/root/proc/thread-self/root/proc/thread-self/root/proc/self/root/proc/self/root/opt/cloudlinux/rhn_hooks" "Mozilla/5.0 AppleWebKit/537.36 (KHTML, like Gecko; compatible; GPTBot/1.3; +https://openai.com/gptbot)" 365 **0/365522**
57.141.20.28 - - [17/Mar/2026:05:21:42 -0700] "GET /shopdetail/1687727584.html HTTP/2.0" 200 55633 "-" "meta-externalagent/1.1 (+https://developers.facebook.com/docs/sharing/webmasters/crawler)" 319 **0/319083**
57.141.20.59 - - [17/Mar/2026:05:21:42 -0700] "GET /shopdetail/3759382860.html HTTP/2.0" 200 55633 "-" "meta-externalagent/1.1 (+https://developers.facebook.com/docs/sharing/webmasters/crawler)" 372 **0/372840**
216.73.216.106 - - [17/Mar/2026:05:21:43 -0700] "GET /shopdetail/1787056499.html?fileloc=%2Fhome%2Ffmbi332s7bv7%2Fpublic_html%2Ftxets.php&path=%2Fhome%2Ffmbi332s7bv7%2Fpublic_html HTTP/2.0" 403 3451 "-" "Mozilla/5.0 AppleWebKit/537.36 (KHTML, like Gecko; compatible; ClaudeBot/1.0; +claudebot@anthropic.com)" 337 **0/337129**
57.141.20.29 - - [17/Mar/2026:05:21:43 -0700] "GET /shopdetail/2319539808.html HTTP/2.0" 200 55633 "-" "meta-externalagent/1.1 (+https://developers.facebook.com/docs/sharing/webmasters/crawler)" 308 **0/308238**
57.141.20.20 - - [17/Mar/2026:05:21:43 -0700] "GET /shopdetail/1427359591.html HTTP/2.0" 200 55633 "-" "meta-externalagent/1.1 (+https://developers.facebook.com/docs/sharing/webmasters/crawler)" 313 **0/313137**
57.141.20.23 - - [17/Mar/2026:05:21:44 -0700] "GET /shopdetail/839387180.html?path=/home/fmbi332s7bv7/public_html/wp-includes/blocks/pullquote HTTP/2.0" 200 35765 "-" "meta-externalagent/1.1 (+https://developers.facebook.com/docs/sharing/webmasters/crawler)" 314 **0/314691**
57.141.20.59 - - [17/Mar/2026:05:21:44 -0700] "GET /shopdetail/106189515.html?fileloc=/home/fmbi332s7bv7/public_html/wp-activate.php&path=/home/fmbi332s7bv7/public_html HTTP/2.0" 200 21420 "-" "meta-externalagent/1.1 (+https://developers.facebook.com/docs/sharing/webmasters/crawler)" 304 **0/304192**
57.141.20.15 - - [17/Mar/2026:05:21:44 -0700] "GET /shopdetail/2828486637.html HTTP/2.0" 200 55633 "-" "meta-externalagent/1.1 (+https://developers.facebook.com/docs/sharing/webmasters/crawler)" 327 **0/327150**
57.141.20.42 - - [17/Mar/2026:05:21:44 -0700] "GET /shopdetail/635476547.html HTTP/2.0" 200 55633 "-" "meta-externalagent/1.1 (+https://developers.facebook.com/docs/sharing/webmasters/crawler)" 308 **0/308169**
57.141.20.7 - - [17/Mar/2026:05:21:45 -0700] "GET /shopdetail/2305046739.html?fileloc=/home/fmbi332s7bv7/public_html/wp-comments-post.php&path=/home/fmbi332s7bv7/public_html HTTP/2.0" 200 15070 "-" "meta-externalagent/1.1 (+https://developers.facebook.com/docs/sharing/webmasters/crawler)" 329 **0/329325**
74.7.243.230 - - [17/Mar/2026:05:21:45 -0700] "GET /?fileloc=//proc/self/root/proc/thread-self/root/bin/podchecker&path=//proc/self/root/proc/thread-self/root/bin HTTP/2.0" 200 3914 "https://powerchemyapikimyasallari.com/?path=//proc/self/root/proc/thread-self/root/bin" "Mozilla/5.0 AppleWebKit/537.36 (KHTML, like Gecko; compatible; GPTBot/1.3; +https://openai.com/gptbot)" 361 **0/361421**
57.141.20.6 - - [17/Mar/2026:05:21:45 -0700] "GET /shopdetail/1159357238.html?fileloc=/home/fmbi332s7bv7/public_html/wp-config.php&path=/home/fmbi332s7bv7/public_html HTTP/2.0" 200 16519 "-" "meta-externalagent/1.1 (+https://developers.facebook.com/docs/sharing/webmasters/crawler)" 376 **0/376082**
57.141.20.55 - - [17/Mar/2026:05:21:45 -0700] "GET /shopdetail/2542973749.html HTTP/2.0" 200 55633 "-" "meta-externalagent/1.1 (+https://developers.facebook.com/docs/sharing/webmasters/crawler)" 355 **0/355800**
57.141.20.40 - - [17/Mar/2026:05:21:45 -0700] "GET /shopdetail/1208514422.html HTTP/2.0" 200 55633 "-" "meta-externalagent/1.1 (+https://developers.facebook.com/docs/sharing/webmasters/crawler)" 320 **0/320286**
74.7.242.33 - - [17/Mar/2026:05:21:46 -0700] "GET /?path=//proc/self/root/proc/thread-self/root/proc/thread-self/root/proc/thread-self/root/proc/self/root/proc/thread-self/root/proc/self/root/proc/thread-self/root/proc/thread-self/root/lib/firmware/qcom HTTP/2.0" 200 4415 "https://www.powerchemyapikimyasallari.com/?path=//proc/self/root/proc/thread-self/root/proc/thread-self/root/proc/thread-self/root/proc/self/root/proc/thread-self/root/proc/self/root/proc/thread-self/root/proc/thread-self/root/lib/firmware" "Mozilla/5.0 AppleWebKit/537.36 (KHTML, like Gecko; compatible; GPTBot/1.3; +https://openai.com/gptbot)" 382 **0/382695**
216.73.216.106 - - [17/Mar/2026:05:21:46 -0700] "GET /shopdetail/1285963157.html?fileloc=%2F%2Flib64%2Flibvpx.so.5.0.0&path=%2F%2Flib64 HTTP/2.0" 403 3451 "-" "Mozilla/5.0 AppleWebKit/537.36 (KHTML, like Gecko; compatible; ClaudeBot/1.0; +claudebot@anthropic.com)" 326 **0/326565**
57.141.20.22 - - [17/Mar/2026:05:21:46 -0700] "GET /shopdetail/3568369212.html HTTP/2.0" 200 55633 "-" "meta-externalagent/1.1 (+https://developers.facebook.com/docs/sharing/webmasters/crawler)" 289 **0/289447**
57.141.20.45 - - [17/Mar/2026:05:21:46 -0700] "GET /shopdetail/24732565.html HTTP/2.0" 200 55633 "-" "meta-externalagent/1.1 (+https://developers.facebook.com/docs/sharing/webmasters/crawler)" 337 **0/337675**
57.141.20.50 - - [17/Mar/2026:05:21:47 -0700] "GET /shopdetail/82477059.html?fileloc=/home/fmbi332s7bv7/public_html/.htaccess&path=/home/fmbi332s7bv7/public_html HTTP/2.0" 200 14488 "-" "meta-externalagent/1.1 (+https://developers.facebook.com/docs/sharing/webmasters/crawler)" 318 **0/318961**
57.141.20.34 - - [17/Mar/2026:05:21:48 -0700] "GET /shopdetail/4268380084.html HTTP/2.0" 200 55633 "-" "meta-externalagent/1.1 (+https://developers.facebook.com/docs/sharing/webmasters/crawler)" 315 **0/315254**
57.141.20.27 - - [17/Mar/2026:05:21:48 -0700] "GET /shopdetail/3824755550.html HTTP/2.0" 200 55633 "-" "meta-externalagent/1.1 (+https://developers.facebook.com/docs/sharing/webmasters/crawler)" 294 **0/294292**
74.7.243.230 - - [17/Mar/2026:05:21:48 -0700] "GET /?fileloc=//proc/self/root/proc/thread-self/root/bin/link&path=//proc/self/root/proc/thread-self/root/bin HTTP/2.0" 200 14721 "https://powerchemyapikimyasallari.com/?path=//proc/self/root/proc/thread-self/root/bin" "Mozilla/5.0 AppleWebKit/537.36 (KHTML, like Gecko; compatible; GPTBot/1.3; +https://openai.com/gptbot)" 337 **0/337964**
57.141.20.41 - - [17/Mar/2026:05:21:48 -0700] "GET /shopdetail/4167578093.html?path=/home/fmbi332s7bv7/public_html/images HTTP/2.0" 200 17301 "-" "meta-externalagent/1.1 (+https://developers.facebook.com/docs/sharing/webmasters/crawler)" 320 **0/320609**
57.141.20.29 - - [17/Mar/2026:05:21:48 -0700] "GET /shopdetail/106189515.html?fileloc=/home/fmbi332s7bv7/public_html/wp-mail.php&path=/home/fmbi332s7bv7/public_html HTTP/2.0" 200 22095 "-" "meta-externalagent/1.1 (+https://developers.facebook.com/docs/sharing/webmasters/crawler)" 306 **0/306190**
74.7.242.33 - - [17/Mar/2026:05:21:49 -0700] "GET /?path=//proc/self/root/proc/thread-self/root/proc/thread-self/root/proc/thread-self/root/proc/self/root/proc/thread-self/root/proc/self/root/proc/thread-self/root/proc/thread-self/root/lib/firmware/isci HTTP/2.0" 200 2729 "https://www.powerchemyapikimyasallari.com/?path=//proc/self/root/proc/thread-self/root/proc/thread-self/root/proc/thread-self/root/proc/self/root/proc/thread-self/root/proc/self/root/proc/thread-self/root/proc/thread-self/root/lib/firmware" "Mozilla/5.0 AppleWebKit/537.36 (KHTML, like Gecko; compatible; GPTBot/1.3; +https://openai.com/gptbot)" 329 **0/329723**
216.73.216.106 - - [17/Mar/2026:05:21:49 -0700] "GET /shopdetail/1285963157.html?fileloc=%2F%2Flib64%2Fliblzo2.so.2.0.0&path=%2F%2Flib64 HTTP/2.0" 403 3451 "-" "Mozilla/5.0 AppleWebKit/537.36 (KHTML, like Gecko; compatible; ClaudeBot/1.0; +claudebot@anthropic.com)" 300 **0/300943**
57.141.20.59 - - [17/Mar/2026:05:21:49 -0700] "GET /shopdetail/82477059.html?path=/home/fmbi332s7bv7/public_html HTTP/2.0" 200 55633 "-" "meta-externalagent/1.1 (+https://developers.facebook.com/docs/sharing/webmasters/crawler)" 306 **0/306107**
57.141.20.56 - - [17/Mar/2026:05:21:49 -0700] "GET /shopdetail/3670368442.html HTTP/2.0" 200 55633 "-" "meta-externalagent/1.1 (+https://developers.facebook.com/docs/sharing/webmasters/crawler)" 298 **0/298174**
57.141.20.30 - - [17/Mar/2026:05:21:49 -0700] "GET /shopdetail/2305046739.html?fileloc=/home/fmbi332s7bv7/public_html/wp-mail.php&path=/home/fmbi332s7bv7/public_html HTTP/2.0" 200 22095 "-" "meta-externalagent/1.1 (+https://developers.facebook.com/docs/sharing/webmasters/crawler)" 308 **0/308554**
57.141.20.53 - - [17/Mar/2026:05:21:50 -0700] "GET /shopdetail/1545105789.html HTTP/2.0" 200 55633 "-" "meta-externalagent/1.1 (+https://developers.facebook.com/docs/sharing/webmasters/crawler)" 312 **0/312543**
57.141.20.34 - - [17/Mar/2026:05:21:50 -0700] "GET /shopdetail/915075436.html HTTP/2.0" 200 55633 "-" "meta-externalagent/1.1 (+https://developers.facebook.com/docs/sharing/webmasters/crawler)" 334 **0/334825**
57.141.20.36 - - [17/Mar/2026:05:21:50 -0700] "GET /shopdetail/1326589211.html HTTP/2.0" 200 55633 "-" "meta-externalagent/1.1 (+https://developers.facebook.com/docs/sharing/webmasters/crawler)" 330 **0/330336**
57.141.20.46 - - [17/Mar/2026:05:21:51 -0700] "GET /shopdetail/2896276900.html HTTP/2.0" 200 55633 "-" "meta-externalagent/1.1 (+https://developers.facebook.com/docs/sharing/webmasters/crawler)" 304 **0/304757**
74.7.243.230 - - [17/Mar/2026:05:21:51 -0700] "GET /?fileloc=//proc/self/root/proc/thread-self/root/bin/preunzip&path=//proc/self/root/proc/thread-self/root/bin HTTP/2.0" 200 4156 "https://powerchemyapikimyasallari.com/?path=//proc/self/root/proc/thread-self/root/bin" "Mozilla/5.0 AppleWebKit/537.36 (KHTML, like Gecko; compatible; GPTBot/1.3; +https://openai.com/gptbot)" 308 **0/308214**
57.141.20.36 - - [17/Mar/2026:05:21:51 -0700] "GET /shopdetail/2992993267.html HTTP/2.0" 200 55633 "-" "meta-externalagent/1.1 (+https://developers.facebook.com/docs/sharing/webmasters/crawler)" 307 **0/307368**
57.141.20.35 - - [17/Mar/2026:05:21:51 -0700] "GET /shopdetail/4028803172.html HTTP/2.0" 200 55633 "-" "meta-externalagent/1.1 (+https://developers.facebook.com/docs/sharing/webmasters/crawler)" 313 **0/313106**
57.141.20.43 - - [17/Mar/2026:05:21:52 -0700] "GET /shopdetail/168718803.html HTTP/2.0" 200 55633 "-" "meta-externalagent/1.1 (+https://developers.facebook.com/docs/sharing/webmasters/crawler)" 308 **0/308971**
74.7.242.33 - - [17/Mar/2026:05:21:52 -0700] "GET /?path=//proc/self/root/proc/thread-self/root/proc/thread-self/root/proc/thread-self/root/proc/self/root/proc/thread-self/root/proc/self/root/proc/thread-self/root/proc/thread-self/root/lib/firmware/intel-ucode HTTP/2.0" 200 2472 "https://www.powerchemyapikimyasallari.com/?path=//proc/self/root/proc/thread-self/root/proc/thread-self/root/proc/thread-self/root/proc/self/root/proc/thread-self/root/proc/self/root/proc/thread-self/root/proc/thread-self/root/lib/firmware" "Mozilla/5.0 AppleWebKit/537.36 (KHTML, like Gecko; compatible; GPTBot/1.3; +https://openai.com/gptbot)" 314 **0/314409**
216.73.216.106 - - [17/Mar/2026:05:21:52 -0700] "GET /shopdetail/1943300659.html?fileloc=%2F%2Flib64%2Flibxkbcommon.so.0.0.0&path=%2F%2Flib64 HTTP/2.0" 403 3451 "-" "Mozilla/5.0 AppleWebKit/537.36 (KHTML, like Gecko; compatible; ClaudeBot/1.0; +claudebot@anthropic.com)" 341 **0/341980**
57.141.20.28 - - [17/Mar/2026:05:21:53 -0700] "GET /shopdetail/3336428516.html HTTP/2.0" 200 55633 "-" "meta-externalagent/1.1 (+https://developers.facebook.com/docs/sharing/webmasters/crawler)" 308 **0/308519**
57.141.20.46 - - [17/Mar/2026:05:21:53 -0700] "GET /shopdetail/3817133523.html HTTP/2.0" 200 55633 "-" "meta-externalagent/1.1 (+https://developers.facebook.com/docs/sharing/webmasters/crawler)" 291 **0/291088**
57.141.20.43 - - [17/Mar/2026:05:21:53 -0700] "GET /shopdetail/2216310171.html?path=/home/fmbi332s7bv7/public_html/wp-admin HTTP/2.0" 200 170119 "-" "meta-externalagent/1.1 (+https://developers.facebook.com/docs/sharing/webmasters/crawler)" 565 **0/565045**
57.141.20.21 - - [17/Mar/2026:05:21:53 -0700] "GET /shopdetail/1008230602.html?path=/home/fmbi332s7bv7/public_html/cgi-bin HTTP/2.0" 200 15767 "-" "meta-externalagent/1.1 (+https://developers.facebook.com/docs/sharing/webmasters/crawler)" 290 **0/290335**
57.141.20.49 - - [17/Mar/2026:05:21:53 -0700] "GET /shopdetail/82477059.html?path=/home/fmbi332s7bv7/public_html/wp-includes HTTP/2.0" 200 436967 "-" "meta-externalagent/1.1 (+https://developers.facebook.com/docs/sharing/webmasters/crawler)" 646 **0/646516**
57.141.20.28 - - [17/Mar/2026:05:21:54 -0700] "GET /shopdetail/2806789307.html HTTP/2.0" 200 55633 "-" "meta-externalagent/1.1 (+https://developers.facebook.com/docs/sharing/webmasters/crawler)" 296 **0/296644**
74.7.243.230 - - [17/Mar/2026:05:21:54 -0700] "GET /?fileloc=//proc/self/root/proc/thread-self/root/bin/pkgconf&path=//proc/self/root/proc/thread-self/root/bin HTTP/2.0" 200 15583 "https://powerchemyapikimyasallari.com/?path=//proc/self/root/proc/thread-self/root/bin" "Mozilla/5.0 AppleWebKit/537.36 (KHTML, like Gecko; compatible; GPTBot/1.3; +https://openai.com/gptbot)" 314 **0/314070**
57.141.20.10 - - [17/Mar/2026:05:21:54 -0700] "GET /shopdetail/1617403678.html HTTP/2.0" 200 55633 "-" "meta-externalagent/1.1 (+https://developers.facebook.com/docs/sharing/webmasters/crawler)" 312 **0/312007**
57.141.20.26 - - [17/Mar/2026:05:21:55 -0700] "GET /shopdetail/2017305046.html HTTP/2.0" 200 55633 "-" "meta-externalagent/1.1 (+https://developers.facebook.com/docs/sharing/webmasters/crawler)" 325 **0/325023**
216.73.216.106 - - [17/Mar/2026:05:21:55 -0700] "GET /shopdetail/1943300659.html?fileloc=%2F%2Flib64%2Flibdw-0.190.so&path=%2F%2Flib64 HTTP/2.0" 403 3451 "-" "Mozilla/5.0 AppleWebKit/537.36 (KHTML, like Gecko; compatible; ClaudeBot/1.0; +claudebot@anthropic.com)" 321 **0/321549**
57.141.20.11 - - [17/Mar/2026:05:21:55 -0700] "GET /shopdetail/1209726521.html HTTP/2.0" 200 55633 "-" "meta-externalagent/1.1 (+https://developers.facebook.com/docs/sharing/webmasters/crawler)" 289 **0/289055**
57.141.20.29 - - [17/Mar/2026:05:21:55 -0700] "GET /shopdetail/2905378027.html HTTP/2.0" 200 55633 "-" "meta-externalagent/1.1 (+https://developers.facebook.com/docs/sharing/webmasters/crawler)" 294 **0/294878**
74.7.242.33 - - [17/Mar/2026:05:21:55 -0700] "GET /?path=//proc/self/root/proc/thread-self/root/proc/thread-self/root/proc/thread-self/root/proc/self/root/proc/thread-self/root/proc/self/root/proc/thread-self/root/proc/thread-self/root/lib/firmware/rtlwifi HTTP/2.0" 200 3760 "https://www.powerchemyapikimyasallari.com/?path=//proc/self/root/proc/thread-self/root/proc/thread-self/root/proc/thread-self/root/proc/self/root/proc/thread-self/root/proc/self/root/proc/thread-self/root/proc/thread-self/root/lib/firmware" "Mozilla/5.0 AppleWebKit/537.36 (KHTML, like Gecko; compatible; GPTBot/1.3; +https://openai.com/gptbot)" 364 **0/364246**
57.141.20.36 - - [17/Mar/2026:05:21:55 -0700] "GET /shopdetail/1970649367.html HTTP/2.0" 200 55633 "-" "meta-externalagent/1.1 (+https://developers.facebook.com/docs/sharing/webmasters/crawler)" 305 **0/305352**
66.249.76.230 - - [17/Mar/2026:05:21:55 -0700] "GET /?o=07622291007802 HTTP/1.1" 200 22188 "-" "Mozilla/5.0 (Linux; Android 6.0.1; Nexus 5X Build/MMB29P) AppleWebKit/537.36 (KHTML, like Gecko) Chrome/145.0.7632.159 Mobile Safari/537.36 (compatible; Googlebot/2.1; +http://www.google.com/bot.html)" 773 **0/773520**
57.141.20.11 - - [17/Mar/2026:05:21:56 -0700] "GET /shopdetail/1313087740.html HTTP/2.0" 200 55633 "-" "meta-externalagent/1.1 (+https://developers.facebook.com/docs/sharing/webmasters/crawler)" 336 **0/336179**
57.141.20.8 - - [17/Mar/2026:05:21:56 -0700] "GET /shopdetail/292277995.html HTTP/2.0" 200 55633 "-" "meta-externalagent/1.1 (+https://developers.facebook.com/docs/sharing/webmasters/crawler)" 306 **0/306384**
57.141.20.17 - - [17/Mar/2026:05:21:57 -0700] "GET /shopdetail/1162466578.html?fileloc=/home/fmbi332s7bv7/public_html/wp-activate.php&path=/home/fmbi332s7bv7/public_html HTTP/2.0" 200 21420 "-" "meta-externalagent/1.1 (+https://developers.facebook.com/docs/sharing/webmasters/crawler)" 299 **0/299577**
74.7.243.230 - - [17/Mar/2026:05:21:57 -0700] "GET /?fileloc=//proc/self/root/proc/thread-self/root/bin/logname&path=//proc/self/root/proc/thread-self/root/bin HTTP/2.0" 200 14540 "https://powerchemyapikimyasallari.com/?path=//proc/self/root/proc/thread-self/root/bin" "Mozilla/5.0 AppleWebKit/537.36 (KHTML, like Gecko; compatible; GPTBot/1.3; +https://openai.com/gptbot)" 331 **0/331012**
57.141.20.52 - - [17/Mar/2026:05:21:57 -0700] "GET /shopdetail/2971600895.html?fileloc=/home/fmbi332s7bv7/public_html/wp-content/plugins/error_log&path=/home/fmbi332s7bv7/public_html/wp-content/plugins HTTP/2.0" 200 13379 "-" "meta-externalagent/1.1 (+https://developers.facebook.com/docs/sharing/webmasters/crawler)" 329 **0/329257**
57.141.20.35 - - [17/Mar/2026:05:21:57 -0700] "GET /shopdetail/1928452891.html HTTP/2.0" 200 55633 "-" "meta-externalagent/1.1 (+https://developers.facebook.com/docs/sharing/webmasters/crawler)" 315 **0/315537**
57.141.20.42 - - [17/Mar/2026:05:21:58 -0700] "GET /shopdetail/3132086373.html HTTP/2.0" 200 55633 "-" "meta-externalagent/1.1 (+https://developers.facebook.com/docs/sharing/webmasters/crawler)" 326 **0/326521**
216.73.216.106 - - [17/Mar/2026:05:21:58 -0700] "GET /shopdetail/4147959849.html?fileloc=%2Fhome%2Ffmbi332s7bv7%2Fpublic_html%2Fwp-includes%2Fjs%2Fmedia-audiovideo.min.js&path=%2Fhome%2Ffmbi332s7bv7%2Fpublic_html%2Fwp-includes%2Fjs HTTP/2.0" 200 5556 "-" "Mozilla/5.0 AppleWebKit/537.36 (KHTML, like Gecko; compatible; ClaudeBot/1.0; +claudebot@anthropic.com)" 363 **0/363992**
74.7.242.33 - - [17/Mar/2026:05:21:58 -0700] "GET /?fileloc=//proc/self/root/proc/thread-self/root/proc/thread-self/root/proc/thread-self/root/proc/self/root/proc/thread-self/root/proc/self/root/proc/thread-self/root/proc/thread-self/root/proc/thread-self/root/lib/systemd/user/sound.target&path=//proc/self/root/proc/thread-self/root/proc/thread-self/root/proc/thread-self/root/proc/self/root/proc/thread-self/root/proc/self/root/proc/thread-self/root/proc/thread-self/root/proc/thread-self/root/lib/systemd/user HTTP/2.0" 200 2676 "https://www.powerchemyapikimyasallari.com/?path=//proc/self/root/proc/thread-self/root/proc/thread-self/root/proc/thread-self/root/proc/self/root/proc/thread-self/root/proc/self/root/proc/thread-self/root/proc/thread-self/root/proc/thread-self/root/lib/systemd/user" "Mozilla/5.0 AppleWebKit/537.36 (KHTML, like Gecko; compatible; GPTBot/1.3; +https://openai.com/gptbot)" 311 **0/311241**
57.141.20.46 - - [17/Mar/2026:05:21:58 -0700] "GET /shopdetail/3392906596.html?fileloc=/home/fmbi332s7bv7/public_html/license.txt&path=/home/fmbi332s7bv7/public_html HTTP/2.0" 200 32486 "-" "meta-externalagent/1.1 (+https://developers.facebook.com/docs/sharing/webmasters/crawler)" 299 **0/299023**
57.141.20.33 - - [17/Mar/2026:05:21:58 -0700] "GET /shopdetail/3622579679.html HTTP/2.0" 200 55633 "-" "meta-externalagent/1.1 (+https://developers.facebook.com/docs/sharing/webmasters/crawler)" 301 **0/301415**
57.141.20.46 - - [17/Mar/2026:05:21:59 -0700] "GET /shopdetail/3610601155.html HTTP/2.0" 200 55633 "-" "meta-externalagent/1.1 (+https://developers.facebook.com/docs/sharing/webmasters/crawler)" 323 **0/323081**
57.141.20.56 - - [17/Mar/2026:05:21:59 -0700] "GET /shopdetail/3712873342.html HTTP/2.0" 200 55633 "-" "meta-externalagent/1.1 (+https://developers.facebook.com/docs/sharing/webmasters/crawler)" 323 **0/323320**
57.141.20.15 - - [17/Mar/2026:05:21:59 -0700] "GET /shopdetail/1997722270.html HTTP/2.0" 200 55633 "-" "meta-externalagent/1.1 (+https://developers.facebook.com/docs/sharing/webmasters/crawler)" 299 **0/299562**
57.141.20.38 - - [17/Mar/2026:05:22:00 -0700] "GET /shopdetail/878807887.html HTTP/2.0" 200 55633 "-" "meta-externalagent/1.1 (+https://developers.facebook.com/docs/sharing/webmasters/crawler)" 321 **0/321936**
57.141.20.4 - - [17/Mar/2026:05:22:00 -0700] "GET /shopdetail/3807579229.html HTTP/2.0" 200 55633 "-" "meta-externalagent/1.1 (+https://developers.facebook.com/docs/sharing/webmasters/crawler)" 301 **0/301347**
74.7.243.230 - - [17/Mar/2026:05:22:01 -0700] "GET /?fileloc=//proc/self/root/proc/thread-self/root/bin/ping&path=//proc/self/root/proc/thread-self/root/bin HTTP/2.0" 200 28884 "https://powerchemyapikimyasallari.com/?path=//proc/self/root/proc/thread-self/root/bin" "Mozilla/5.0 AppleWebKit/537.36 (KHTML, like Gecko; compatible; GPTBot/1.3; +https://openai.com/gptbot)" 333 **0/333202**
57.141.20.49 - - [17/Mar/2026:05:22:01 -0700] "GET /shopdetail/2595973122.html HTTP/2.0" 200 55633 "-" "meta-externalagent/1.1 (+https://developers.facebook.com/docs/sharing/webmasters/crawler)" 311 **0/311868**
57.141.20.59 - - [17/Mar/2026:05:22:01 -0700] "GET /shopdetail/775709378.html HTTP/2.0" 200 55633 "-" "meta-externalagent/1.1 (+https://developers.facebook.com/docs/sharing/webmasters/crawler)" 323 **0/323361**
216.73.216.106 - - [17/Mar/2026:05:22:01 -0700] "GET /shopdetail/1943300659.html?fileloc=%2F%2Flib64%2Flibip6tc.so.2.0.0&path=%2F%2Flib64 HTTP/2.0" 200 15059 "-" "Mozilla/5.0 AppleWebKit/537.36 (KHTML, like Gecko; compatible; ClaudeBot/1.0; +claudebot@anthropic.com)" 382 **0/382415**
57.141.20.11 - - [17/Mar/2026:05:22:01 -0700] "GET /shopdetail/2311285849.html HTTP/2.0" 200 55633 "-" "meta-externalagent/1.1 (+https://developers.facebook.com/docs/sharing/webmasters/crawler)" 333 **0/333971**
74.7.242.33 - - [17/Mar/2026:05:22:01 -0700] "GET /?fileloc=//proc/self/root/proc/thread-self/root/proc/thread-self/root/proc/thread-self/root/proc/self/root/proc/thread-self/root/proc/self/root/proc/thread-self/root/proc/thread-self/root/proc/thread-self/root/lib/systemd/user/exit.target&path=//proc/self/root/proc/thread-self/root/proc/thread-self/root/proc/thread-self/root/proc/self/root/proc/thread-self/root/proc/self/root/proc/thread-self/root/proc/thread-self/root/proc/thread-self/root/lib/systemd/user HTTP/2.0" 200 2714 "https://www.powerchemyapikimyasallari.com/?path=//proc/self/root/proc/thread-self/root/proc/thread-self/root/proc/thread-self/root/proc/self/root/proc/thread-self/root/proc/self/root/proc/thread-self/root/proc/thread-self/root/proc/thread-self/root/lib/systemd/user" "Mozilla/5.0 AppleWebKit/537.36 (KHTML, like Gecko; compatible; GPTBot/1.3; +https://openai.com/gptbot)" 400 **0/400698**
57.141.20.48 - - [17/Mar/2026:05:22:01 -0700] "GET /shopdetail/655708998.html HTTP/2.0" 200 55633 "-" "meta-externalagent/1.1 (+https://developers.facebook.com/docs/sharing/webmasters/crawler)" 363 **0/363437**
57.141.20.47 - - [17/Mar/2026:05:22:02 -0700] "GET /shopdetail/1503360955.html HTTP/2.0" 200 55633 "-" "meta-externalagent/1.1 (+https://developers.facebook.com/docs/sharing/webmasters/crawler)" 346 **0/346172**
57.141.20.51 - - [17/Mar/2026:05:22:02 -0700] "GET /shopdetail/329371866.html HTTP/2.0" 200 55633 "-" "meta-externalagent/1.1 (+https://developers.facebook.com/docs/sharing/webmasters/crawler)" 405 **0/405108**
57.141.20.50 - - [17/Mar/2026:05:22:02 -0700] "GET /shopdetail/2297812075.html HTTP/2.0" 200 55633 "-" "meta-externalagent/1.1 (+https://developers.facebook.com/docs/sharing/webmasters/crawler)" 395 **0/395333**
57.141.20.27 - - [17/Mar/2026:05:22:03 -0700] "GET /shopdetail/3588493806.html HTTP/2.0" 200 55633 "-" "meta-externalagent/1.1 (+https://developers.facebook.com/docs/sharing/webmasters/crawler)" 376 **0/376135**
57.141.20.45 - - [17/Mar/2026:05:22:03 -0700] "GET /shopdetail/4076836034.html HTTP/2.0" 200 55633 "-" "meta-externalagent/1.1 (+https://developers.facebook.com/docs/sharing/webmasters/crawler)" 306 **0/306893**
57.141.20.30 - - [17/Mar/2026:05:22:04 -0700] "GET /shopdetail/2674349563.html HTTP/2.0" 200 55633 "-" "meta-externalagent/1.1 (+https://developers.facebook.com/docs/sharing/webmasters/crawler)" 348 **0/348430**
74.7.243.230 - - [17/Mar/2026:05:22:04 -0700] "GET /?fileloc=//proc/self/root/proc/thread-self/root/bin/gcc-nm&path=//proc/self/root/proc/thread-self/root/bin HTTP/2.0" 200 17235 "https://powerchemyapikimyasallari.com/?path=//proc/self/root/proc/thread-self/root/bin" "Mozilla/5.0 AppleWebKit/537.36 (KHTML, like Gecko; compatible; GPTBot/1.3; +https://openai.com/gptbot)" 404 **0/404739**
216.73.216.106 - - [17/Mar/2026:05:22:04 -0700] "GET /shopdetail/2772788426.html?fileloc=%2Fhome%2Ffmbi332s7bv7%2Fwww%2Fwp-load.php&path=%2Fhome%2Ffmbi332s7bv7%2Fwww HTTP/2.0" 200 3852 "-" "Mozilla/5.0 AppleWebKit/537.36 (KHTML, like Gecko; compatible; ClaudeBot/1.0; +claudebot@anthropic.com)" 421 **0/421797**
57.141.20.32 - - [17/Mar/2026:05:22:04 -0700] "GET /shopdetail/4091623097.html?fileloc=//proc/kpageflags&path=//proc HTTP/2.0" 200 12253 "-" "meta-externalagent/1.1 (+https://developers.facebook.com/docs/sharing/webmasters/crawler)" 395 **0/395932**
74.7.242.33 - - [17/Mar/2026:05:22:04 -0700] "GET /?fileloc=//proc/self/root/proc/thread-self/root/proc/thread-self/root/proc/thread-self/root/proc/self/root/proc/thread-self/root/proc/self/root/proc/thread-self/root/proc/thread-self/root/proc/thread-self/root/lib/systemd/user/dbus.socket&path=//proc/self/root/proc/thread-self/root/proc/thread-self/root/proc/thread-self/root/proc/self/root/proc/thread-self/root/proc/self/root/proc/thread-self/root/proc/thread-self/root/proc/thread-self/root/lib/systemd/user HTTP/2.0" 200 2554 "https://www.powerchemyapikimyasallari.com/?path=//proc/self/root/proc/thread-self/root/proc/thread-self/root/proc/thread-self/root/proc/self/root/proc/thread-self/root/proc/self/root/proc/thread-self/root/proc/thread-self/root/proc/thread-self/root/lib/systemd/user" "Mozilla/5.0 AppleWebKit/537.36 (KHTML, like Gecko; compatible; GPTBot/1.3; +https://openai.com/gptbot)" 382 **0/382836**
57.141.20.18 - - [17/Mar/2026:05:22:04 -0700] "GET /shopdetail/839387180.html?fileloc=/home/fmbi332s7bv7/public_html/wp-includes/blocks/rss.php&path=/home/fmbi332s7bv7/public_html/wp-includes/blocks HTTP/2.0" 200 17511 "-" "meta-externalagent/1.1 (+https://developers.facebook.com/docs/sharing/webmasters/crawler)" 355 **0/355300**
57.141.20.9 - - [17/Mar/2026:05:22:05 -0700] "GET /shopdetail/520752409.html HTTP/2.0" 200 55633 "-" "meta-externalagent/1.1 (+https://developers.facebook.com/docs/sharing/webmasters/crawler)" 381 **0/381186**
57.141.20.1 - - [17/Mar/2026:05:22:05 -0700] "GET /shopdetail/4075623935.html HTTP/2.0" 200 55633 "-" "meta-externalagent/1.1 (+https://developers.facebook.com/docs/sharing/webmasters/crawler)" 344 **0/344465**
57.141.20.59 - - [17/Mar/2026:05:22:05 -0700] "GET /shopdetail/2256729067.html HTTP/2.0" 200 55633 "-" "meta-externalagent/1.1 (+https://developers.facebook.com/docs/sharing/webmasters/crawler)" 382 **0/382008**
57.141.20.47 - - [17/Mar/2026:05:22:05 -0700] "GET /shopdetail/1057698523.html HTTP/2.0" 200 55633 "-" "meta-externalagent/1.1 (+https://developers.facebook.com/docs/sharing/webmasters/crawler)" 359 **0/359616**
57.141.20.34 - - [17/Mar/2026:05:22:06 -0700] "GET /shopdetail/4010335190.html HTTP/2.0" 200 55633 "-" "meta-externalagent/1.1 (+https://developers.facebook.com/docs/sharing/webmasters/crawler)" 308 **0/308396**
57.141.20.34 - - [17/Mar/2026:05:22:06 -0700] "GET /shopdetail/3196663198.html HTTP/2.0" 200 55633 "-" "meta-externalagent/1.1 (+https://developers.facebook.com/docs/sharing/webmasters/crawler)" 317 **0/317545**
57.141.20.36 - - [17/Mar/2026:05:22:06 -0700] "GET /shopdetail/4139177377.html HTTP/2.0" 200 55633 "-" "meta-externalagent/1.1 (+https://developers.facebook.com/docs/sharing/webmasters/crawler)" 331 **0/331972**
74.7.243.230 - - [17/Mar/2026:05:22:07 -0700] "GET /?fileloc=//proc/self/root/proc/thread-self/root/bin/bison&path=//proc/self/root/proc/thread-self/root/bin HTTP/2.0" 200 165377 "https://powerchemyapikimyasallari.com/?path=//proc/self/root/proc/thread-self/root/bin" "Mozilla/5.0 AppleWebKit/537.36 (KHTML, like Gecko; compatible; GPTBot/1.3; +https://openai.com/gptbot)" 416 **0/416844**
57.141.20.43 - - [17/Mar/2026:05:22:07 -0700] "GET /shopdetail/991739599.html HTTP/2.0" 200 55633 "-" "meta-externalagent/1.1 (+https://developers.facebook.com/docs/sharing/webmasters/crawler)" 331 **0/331864**
57.141.20.8 - - [17/Mar/2026:05:22:07 -0700] "GET /shopdetail/3959605194.html HTTP/2.0" 200 55633 "-" "meta-externalagent/1.1 (+https://developers.facebook.com/docs/sharing/webmasters/crawler)" 326 **0/326921**
57.141.20.17 - - [17/Mar/2026:05:22:07 -0700] "GET /shopdetail/2162655157.html HTTP/2.0" 200 55633 "-" "meta-externalagent/1.1 (+https://developers.facebook.com/docs/sharing/webmasters/crawler)" 345 **0/345972**
74.7.242.33 - - [17/Mar/2026:05:22:07 -0700] "GET /?fileloc=//proc/self/root/proc/thread-self/root/proc/thread-self/root/proc/thread-self/root/proc/self/root/proc/thread-self/root/proc/self/root/proc/thread-self/root/proc/thread-self/root/proc/thread-self/root/lib/systemd/user/basic.target&path=//proc/self/root/proc/thread-self/root/proc/thread-self/root/proc/thread-self/root/proc/self/root/proc/thread-self/root/proc/self/root/proc/thread-self/root/proc/thread-self/root/proc/thread-self/root/lib/systemd/user HTTP/2.0" 200 2691 "https://www.powerchemyapikimyasallari.com/?path=//proc/self/root/proc/thread-self/root/proc/thread-self/root/proc/thread-self/root/proc/self/root/proc/thread-self/root/proc/self/root/proc/thread-self/root/proc/thread-self/root/proc/thread-self/root/lib/systemd/user" "Mozilla/5.0 AppleWebKit/537.36 (KHTML, like Gecko; compatible; GPTBot/1.3; +https://openai.com/gptbot)" 342 **0/342949**
57.141.20.43 - - [17/Mar/2026:05:22:08 -0700] "GET /shopdetail/80500473.html HTTP/2.0" 200 55633 "-" "meta-externalagent/1.1 (+https://developers.facebook.com/docs/sharing/webmasters/crawler)" 297 **0/297449**
216.73.216.106 - - [17/Mar/2026:05:22:08 -0700] "GET /shopdetail/1943300659.html?fileloc=%2F%2Flib64%2Flibtommath.so.1&path=%2F%2Flib64 HTTP/2.0" 200 35331 "-" "Mozilla/5.0 AppleWebKit/537.36 (KHTML, like Gecko; compatible; ClaudeBot/1.0; +claudebot@anthropic.com)" 352 **0/352563**
57.141.20.2 - - [17/Mar/2026:05:22:08 -0700] "GET /shopdetail/152575848.html HTTP/2.0" 200 55633 "-" "meta-externalagent/1.1 (+https://developers.facebook.com/docs/sharing/webmasters/crawler)" 571 **0/571453**
57.141.20.7 - - [17/Mar/2026:05:22:09 -0700] "GET /shopdetail/1955935797.html HTTP/2.0" 200 55633 "-" "meta-externalagent/1.1 (+https://developers.facebook.com/docs/sharing/webmasters/crawler)" 315 **0/315373**
57.141.20.42 - - [17/Mar/2026:05:22:09 -0700] "GET /shopdetail/2026190064.html HTTP/2.0" 200 55633 "-" "meta-externalagent/1.1 (+https://developers.facebook.com/docs/sharing/webmasters/crawler)" 376 **0/376849**
57.141.20.19 - - [17/Mar/2026:05:22:09 -0700] "GET /shopdetail/1162466578.html?fileloc=/home/fmbi332s7bv7/public_html/wp-blog-header.php&path=/home/fmbi332s7bv7/public_html HTTP/2.0" 200 12773 "-" "meta-externalagent/1.1 (+https://developers.facebook.com/docs/sharing/webmasters/crawler)" 296 **0/296462**
57.141.20.21 - - [17/Mar/2026:05:22:10 -0700] "GET /shopdetail/2568564162.html HTTP/2.0" 200 55633 "-" "meta-externalagent/1.1 (+https://developers.facebook.com/docs/sharing/webmasters/crawler)" 308 **0/308362**
216.73.216.106 - - [17/Mar/2026:05:22:10 -0700] "GET /author/admin/feed?fileloc=%2F%2Flib%2F.build-id%2F77%2F54b9cc9a6a082ec774658e7792625eacaa11f5&path=%2F%2Flib%2F.build-id%2F77 HTTP/2.0" 200 16283 "-" "Mozilla/5.0 AppleWebKit/537.36 (KHTML, like Gecko; compatible; ClaudeBot/1.0; +claudebot@anthropic.com)" 313 **0/313856**
57.141.20.22 - - [17/Mar/2026:05:22:10 -0700] "GET /shopdetail/3776559181.html HTTP/2.0" 200 55633 "-" "meta-externalagent/1.1 (+https://developers.facebook.com/docs/sharing/webmasters/crawler)" 335 **0/335318**
74.7.243.230 - - [17/Mar/2026:05:22:10 -0700] "GET /?fileloc=//proc/self/root/proc/thread-self/root/bin/fc-cache&path=//proc/self/root/proc/thread-self/root/bin HTTP/2.0" 200 2342 "https://powerchemyapikimyasallari.com/?path=//proc/self/root/proc/thread-self/root/bin" "Mozilla/5.0 AppleWebKit/537.36 (KHTML, like Gecko; compatible; GPTBot/1.3; +https://openai.com/gptbot)" 303 **0/303536**
57.141.20.15 - - [17/Mar/2026:05:22:10 -0700] "GET /shopdetail/1472468947.html HTTP/2.0" 200 55633 "-" "meta-externalagent/1.1 (+https://developers.facebook.com/docs/sharing/webmasters/crawler)" 339 **0/339673**
57.141.20.24 - - [17/Mar/2026:05:22:10 -0700] "GET /shopdetail/1306906044.html HTTP/2.0" 200 55633 "-" "meta-externalagent/1.1 (+https://developers.facebook.com/docs/sharing/webmasters/crawler)" 304 **0/304089**
74.7.242.33 - - [17/Mar/2026:05:22:10 -0700] "GET /?fileloc=//proc/self/root/proc/thread-self/root/proc/thread-self/root/proc/thread-self/root/proc/self/root/proc/thread-self/root/proc/self/root/proc/thread-self/root/proc/thread-self/root/proc/thread-self/root/lib/systemd/user/paths.target&path=//proc/self/root/proc/thread-self/root/proc/thread-self/root/proc/thread-self/root/proc/self/root/proc/thread-self/root/proc/self/root/proc/thread-self/root/proc/thread-self/root/proc/thread-self/root/lib/systemd/user HTTP/2.0" 200 2649 "https://www.powerchemyapikimyasallari.com/?path=//proc/self/root/proc/thread-self/root/proc/thread-self/root/proc/thread-self/root/proc/self/root/proc/thread-self/root/proc/self/root/proc/thread-self/root/proc/thread-self/root/proc/thread-self/root/lib/systemd/user" "Mozilla/5.0 AppleWebKit/537.36 (KHTML, like Gecko; compatible; GPTBot/1.3; +https://openai.com/gptbot)" 307 **0/307032**
57.141.20.12 - - [17/Mar/2026:05:22:11 -0700] "GET /shopdetail/53463069.html HTTP/2.0" 200 55633 "-" "meta-externalagent/1.1 (+https://developers.facebook.com/docs/sharing/webmasters/crawler)" 301 **0/301760**
57.141.20.27 - - [17/Mar/2026:05:22:11 -0700] "GET /shopdetail/320459199.html HTTP/2.0" 403 55633 "-" "meta-externalagent/1.1 (+https://developers.facebook.com/docs/sharing/webmasters/crawler)" 319 **0/319013**
57.141.20.17 - - [17/Mar/2026:05:22:12 -0700] "GET /shopdetail/2673740522.html HTTP/2.0" 403 55633 "-" "meta-externalagent/1.1 (+https://developers.facebook.com/docs/sharing/webmasters/crawler)" 327 **0/327778**
57.141.20.40 - - [17/Mar/2026:05:22:12 -0700] "GET /shopdetail/2706054362.html HTTP/2.0" 403 55633 "-" "meta-externalagent/1.1 (+https://developers.facebook.com/docs/sharing/webmasters/crawler)" 285 **0/285884**
57.141.20.28 - - [17/Mar/2026:05:22:12 -0700] "GET /shopdetail/3491314299.html HTTP/2.0" 403 55633 "-" "meta-externalagent/1.1 (+https://developers.facebook.com/docs/sharing/webmasters/crawler)" 329 **0/329661**
57.141.20.41 - - [17/Mar/2026:05:22:12 -0700] "GET /shopdetail/3585786409.html HTTP/2.0" 403 55633 "-" "meta-externalagent/1.1 (+https://developers.facebook.com/docs/sharing/webmasters/crawler)" 295 **0/295825**
57.141.20.1 - - [17/Mar/2026:05:22:13 -0700] "GET /shopdetail/2758232386.html HTTP/2.0" 403 55633 "-" "meta-externalagent/1.1 (+https://developers.facebook.com/docs/sharing/webmasters/crawler)" 301 **0/301532**
216.73.216.106 - - [17/Mar/2026:05:22:13 -0700] "GET /shopdetail/1285963157.html?fileloc=%2F%2Flib64%2Flibnss_files.so.2&path=%2F%2Flib64 HTTP/2.0" 200 19418 "-" "Mozilla/5.0 AppleWebKit/537.36 (KHTML, like Gecko; compatible; ClaudeBot/1.0; +claudebot@anthropic.com)" 381 **0/381833**
57.141.20.55 - - [17/Mar/2026:05:22:13 -0700] "GET /shopdetail/3203839707.html HTTP/2.0" 403 55633 "-" "meta-externalagent/1.1 (+https://developers.facebook.com/docs/sharing/webmasters/crawler)" 309 **0/309687**
74.7.243.230 - - [17/Mar/2026:05:22:13 -0700] "GET /?fileloc=//proc/self/root/proc/thread-self/root/bin/bzdiff&path=//proc/self/root/proc/thread-self/root/bin HTTP/2.0" 200 3202 "https://powerchemyapikimyasallari.com/?path=//proc/self/root/proc/thread-self/root/bin" "Mozilla/5.0 AppleWebKit/537.36 (KHTML, like Gecko; compatible; GPTBot/1.3; +https://openai.com/gptbot)" 303 **0/303816**
57.141.20.4 - - [17/Mar/2026:05:22:13 -0700] "GET /shopdetail/2625707692.html HTTP/2.0" 403 55633 "-" "meta-externalagent/1.1 (+https://developers.facebook.com/docs/sharing/webmasters/crawler)" 318 **0/318649**
57.141.20.8 - - [17/Mar/2026:05:22:14 -0700] "GET /shopdetail/2286854462.html HTTP/2.0" 403 55633 "-" "meta-externalagent/1.1 (+https://developers.facebook.com/docs/sharing/webmasters/crawler)" 313 **0/313271**
74.7.242.33 - - [17/Mar/2026:05:22:14 -0700] "GET /?fileloc=//proc/self/root/proc/thread-self/root/proc/thread-self/root/proc/thread-self/root/proc/self/root/proc/thread-self/root/proc/self/root/proc/thread-self/root/proc/thread-self/root/proc/thread-self/root/lib/systemd/user/gpg-agent.socket&path=//proc/self/root/proc/thread-self/root/proc/thread-self/root/proc/thread-self/root/proc/self/root/proc/thread-self/root/proc/self/root/proc/thread-self/root/proc/thread-self/root/proc/thread-self/root/lib/systemd/user HTTP/2.0" 200 2581 "https://www.powerchemyapikimyasallari.com/?path=//proc/self/root/proc/thread-self/root/proc/thread-self/root/proc/thread-self/root/proc/self/root/proc/thread-self/root/proc/self/root/proc/thread-self/root/proc/thread-self/root/proc/thread-self/root/lib/systemd/user" "Mozilla/5.0 AppleWebKit/537.36 (KHTML, like Gecko; compatible; GPTBot/1.3; +https://openai.com/gptbot)" 372 **0/372043**
57.141.20.21 - - [17/Mar/2026:05:22:14 -0700] "GET /shopdetail/4218789797.html HTTP/2.0" 403 55633 "-" "meta-externalagent/1.1 (+https://developers.facebook.com/docs/sharing/webmasters/crawler)" 314 **0/314581**
57.141.20.30 - - [17/Mar/2026:05:22:14 -0700] "GET /shopdetail/1089211485.html?path=/home/fmbi332s7bv7/public_html/images HTTP/2.0" 403 55633 "-" "meta-externalagent/1.1 (+https://developers.facebook.com/docs/sharing/webmasters/crawler)" 304 **0/304192**
57.141.20.3 - - [17/Mar/2026:05:22:15 -0700] "GET /shopdetail/4091623097.html?fileloc=//proc/stat&path=//proc HTTP/2.0" 403 55633 "-" "meta-externalagent/1.1 (+https://developers.facebook.com/docs/sharing/webmasters/crawler)" 337 **0/337067**
57.141.20.6 - - [17/Mar/2026:05:22:15 -0700] "GET /shopdetail/2605828065.html HTTP/2.0" 403 55633 "-" "meta-externalagent/1.1 (+https://developers.facebook.com/docs/sharing/webmasters/crawler)" 312 **0/312741**
216.73.216.106 - - [17/Mar/2026:05:22:16 -0700] "GET /urun-kategori/harclar/isi-yalitim-levha/feed?path=%2Fhome%2Ffmbi332s7bv7%2Fwww%2Fwp-content%2Fplugins%2Fwoocommerce%2Fassets%2Fjs%2Fgateways HTTP/2.0" 200 2716 "-" "Mozilla/5.0 AppleWebKit/537.36 (KHTML, like Gecko; compatible; ClaudeBot/1.0; +claudebot@anthropic.com)" 344 **0/344404**
57.141.20.7 - - [17/Mar/2026:05:22:16 -0700] "GET /shopdetail/322651876.html?fileloc=/home/fmbi332s7bv7/public_html/wp-config.php&path=/home/fmbi332s7bv7/public_html HTTP/2.0" 403 55633 "-" "meta-externalagent/1.1 (+https://developers.facebook.com/docs/sharing/webmasters/crawler)" 351 **0/351135**
57.141.20.47 - - [17/Mar/2026:05:22:16 -0700] "GET /shopdetail/3200323418.html?fileloc=/home/fmbi332s7bv7/public_html/error_log&path=/home/fmbi332s7bv7/public_html HTTP/2.0" 403 55633 "-" "meta-externalagent/1.1 (+https://developers.facebook.com/docs/sharing/webmasters/crawler)" 332 **0/332523**
57.141.20.38 - - [17/Mar/2026:05:22:16 -0700] "GET /shopdetail/3351344178.html HTTP/2.0" 403 55633 "-" "meta-externalagent/1.1 (+https://developers.facebook.com/docs/sharing/webmasters/crawler)" 328 **0/328919**
57.141.20.50 - - [17/Mar/2026:05:22:16 -0700] "GET /shopdetail/727784373.html HTTP/2.0" 403 55633 "-" "meta-externalagent/1.1 (+https://developers.facebook.com/docs/sharing/webmasters/crawler)" 317 **0/317937**
74.7.243.230 - - [17/Mar/2026:05:22:16 -0700] "GET /?fileloc=//proc/self/root/proc/thread-self/root/bin/mandb&path=//proc/self/root/proc/thread-self/root/bin HTTP/2.0" 200 48407 "https://powerchemyapikimyasallari.com/?path=//proc/self/root/proc/thread-self/root/bin" "Mozilla/5.0 AppleWebKit/537.36 (KHTML, like Gecko; compatible; GPTBot/1.3; +https://openai.com/gptbot)" 349 **0/349673**
57.141.20.21 - - [17/Mar/2026:05:22:17 -0700] "GET /shopdetail/3283889956.html HTTP/2.0" 403 55633 "-" "meta-externalagent/1.1 (+https://developers.facebook.com/docs/sharing/webmasters/crawler)" 333 **0/333020**
74.7.242.33 - - [17/Mar/2026:05:22:17 -0700] "GET /?fileloc=//proc/self/root/proc/thread-self/root/proc/thread-self/root/proc/thread-self/root/proc/self/root/proc/thread-self/root/proc/thread-self/root/proc/self/root/proc/self/root/opt/cloudlinux/rhn_hooks/post.d/rhn-update-hook.sh&path=//proc/self/root/proc/thread-self/root/proc/thread-self/root/proc/thread-self/root/proc/self/root/proc/thread-self/root/proc/thread-self/root/proc/self/root/proc/self/root/opt/cloudlinux/rhn_hooks/post.d HTTP/2.0" 200 2436 "https://www.powerchemyapikimyasallari.com/?path=//proc/self/root/proc/thread-self/root/proc/thread-self/root/proc/thread-self/root/proc/self/root/proc/thread-self/root/proc/thread-self/root/proc/self/root/proc/self/root/opt/cloudlinux/rhn_hooks/post.d" "Mozilla/5.0 AppleWebKit/537.36 (KHTML, like Gecko; compatible; GPTBot/1.3; +https://openai.com/gptbot)" 323 **0/323961**
57.141.20.39 - - [17/Mar/2026:05:22:17 -0700] "GET /shopdetail/1748048257.html HTTP/2.0" 403 55633 "-" "meta-externalagent/1.1 (+https://developers.facebook.com/docs/sharing/webmasters/crawler)" 327 **0/327206**
57.141.20.41 - - [17/Mar/2026:05:22:17 -0700] "GET /shopdetail/3224318153.html HTTP/2.0" 403 55633 "-" "meta-externalagent/1.1 (+https://developers.facebook.com/docs/sharing/webmasters/crawler)" 362 **0/362589**
57.141.20.47 - - [17/Mar/2026:05:22:17 -0700] "GET /shopdetail/1286617911.html HTTP/2.0" 403 55633 "-" "meta-externalagent/1.1 (+https://developers.facebook.com/docs/sharing/webmasters/crawler)" 332 **0/332217**
57.141.20.45 - - [17/Mar/2026:05:22:18 -0700] "GET /shopdetail/2427323174.html HTTP/2.0" 403 55633 "-" "meta-externalagent/1.1 (+https://developers.facebook.com/docs/sharing/webmasters/crawler)" 325 **0/325459**
57.141.20.43 - - [17/Mar/2026:05:22:18 -0700] "GET /shopdetail/3159732834.html HTTP/2.0" 403 55633 "-" "meta-externalagent/1.1 (+https://developers.facebook.com/docs/sharing/webmasters/crawler)" 379 **0/379202**
57.141.20.22 - - [17/Mar/2026:05:22:19 -0700] "GET /shopdetail/3114731319.html HTTP/2.0" 403 55633 "-" "meta-externalagent/1.1 (+https://developers.facebook.com/docs/sharing/webmasters/crawler)" 327 **0/327627**
216.73.216.106 - - [17/Mar/2026:05:22:19 -0700] "GET /shopdetail/1943300659.html?fileloc=%2F%2Flib64%2Flibraw_r.so.19&path=%2F%2Flib64 HTTP/2.0" 200 244707 "-" "Mozilla/5.0 AppleWebKit/537.36 (KHTML, like Gecko; compatible; ClaudeBot/1.0; +claudebot@anthropic.com)" 527 **0/527223**
57.141.20.0 - - [17/Mar/2026:05:22:19 -0700] "GET /shopdetail/1485324470.html HTTP/2.0" 403 55633 "-" "meta-externalagent/1.1 (+https://developers.facebook.com/docs/sharing/webmasters/crawler)" 354 **0/354675**
57.141.20.4 - - [17/Mar/2026:05:22:19 -0700] "GET /shopdetail/764368406.html HTTP/2.0" 403 55633 "-" "meta-externalagent/1.1 (+https://developers.facebook.com/docs/sharing/webmasters/crawler)" 355 **0/355769**
74.7.243.230 - - [17/Mar/2026:05:22:20 -0700] "GET /?fileloc=//proc/self/root/proc/thread-self/root/bin/vmstat&path=//proc/self/root/proc/thread-self/root/bin HTTP/2.0" 200 13915 "https://powerchemyapikimyasallari.com/?path=//proc/self/root/proc/thread-self/root/bin" "Mozilla/5.0 AppleWebKit/537.36 (KHTML, like Gecko; compatible; GPTBot/1.3; +https://openai.com/gptbot)" 364 **0/364999**
57.141.20.15 - - [17/Mar/2026:05:22:20 -0700] "GET /shopdetail/2612171743.html HTTP/2.0" 403 55633 "-" "meta-externalagent/1.1 (+https://developers.facebook.com/docs/sharing/webmasters/crawler)" 297 **0/297919**
