57.141.20.15 - - [17/Mar/2026:05:23:04 -0700] "GET /shopdetail/839387180.html?fileloc=/home/fmbi332s7bv7/public_html/wp-includes/block-supports/utils.php&path=/home/fmbi332s7bv7/public_html/wp-includes/block-supports HTTP/2.0" 403 55633 "-" "meta-externalagent/1.1 (+https://developers.facebook.com/docs/sharing/webmasters/crawler)" 391 **0/391895**
57.141.20.17 - - [17/Mar/2026:05:23:04 -0700] "GET /shopdetail/2985056681.html HTTP/2.0" 403 55633 "-" "meta-externalagent/1.1 (+https://developers.facebook.com/docs/sharing/webmasters/crawler)" 322 **0/322132**
74.7.243.230 - - [17/Mar/2026:05:23:04 -0700] "GET /?fileloc=//proc/self/root/proc/thread-self/root/bin/gcc&path=//proc/self/root/proc/thread-self/root/bin HTTP/2.0" 200 438877 "https://powerchemyapikimyasallari.com/?path=//proc/self/root/proc/thread-self/root/bin" "Mozilla/5.0 AppleWebKit/537.36 (KHTML, like Gecko; compatible; GPTBot/1.3; +https://openai.com/gptbot)" 705 **0/705640**
74.7.242.33 - - [17/Mar/2026:05:23:04 -0700] "GET /?path=//proc/self/root/proc/thread-self/root/proc/thread-self/root/proc/thread-self/root/proc/self/root/proc/thread-self/root/proc/self/root/proc/thread-self/root/proc/thread-self/root/lib/firmware/inside-secure HTTP/2.0" 200 2721 "https://www.powerchemyapikimyasallari.com/?path=//proc/self/root/proc/thread-self/root/proc/thread-self/root/proc/thread-self/root/proc/self/root/proc/thread-self/root/proc/self/root/proc/thread-self/root/proc/thread-self/root/lib/firmware" "Mozilla/5.0 AppleWebKit/537.36 (KHTML, like Gecko; compatible; GPTBot/1.3; +https://openai.com/gptbot)" 374 **0/374809**
57.141.20.42 - - [17/Mar/2026:05:23:04 -0700] "GET /shopdetail/3576204434.html HTTP/2.0" 403 55633 "-" "meta-externalagent/1.1 (+https://developers.facebook.com/docs/sharing/webmasters/crawler)" 394 **0/394242**
57.141.20.33 - - [17/Mar/2026:05:23:05 -0700] "GET /shopdetail/2870718580.html HTTP/2.0" 403 55633 "-" "meta-externalagent/1.1 (+https://developers.facebook.com/docs/sharing/webmasters/crawler)" 346 **0/346243**
57.141.20.27 - - [17/Mar/2026:05:23:05 -0700] "GET /shopdetail/515194060.html HTTP/2.0" 403 55633 "-" "meta-externalagent/1.1 (+https://developers.facebook.com/docs/sharing/webmasters/crawler)" 323 **0/323786**
57.141.20.58 - - [17/Mar/2026:05:23:06 -0700] "GET /shopdetail/587042693.html HTTP/2.0" 403 55633 "-" "meta-externalagent/1.1 (+https://developers.facebook.com/docs/sharing/webmasters/crawler)" 351 **0/351863**
57.141.20.37 - - [17/Mar/2026:05:23:06 -0700] "GET /shopdetail/870073937.html HTTP/2.0" 403 55633 "-" "meta-externalagent/1.1 (+https://developers.facebook.com/docs/sharing/webmasters/crawler)" 344 **0/344785**
57.141.20.28 - - [17/Mar/2026:05:23:06 -0700] "GET /shopdetail/4167578093.html?path=/home/fmbi332s7bv7/public_html/ab8dcd30 HTTP/2.0" 403 55633 "-" "meta-externalagent/1.1 (+https://developers.facebook.com/docs/sharing/webmasters/crawler)" 329 **0/329615**
57.141.20.55 - - [17/Mar/2026:05:23:07 -0700] "GET /shopdetail/723694893.html HTTP/2.0" 403 55633 "-" "meta-externalagent/1.1 (+https://developers.facebook.com/docs/sharing/webmasters/crawler)" 330 **0/330847**
216.73.216.106 - - [17/Mar/2026:05:23:07 -0700] "GET /shopdetail/1626916887.html?fileloc=%2Fhome%2Ffmbi332s7bv7%2Fpublic_html%2F.htaccess&path=%2Fhome%2Ffmbi332s7bv7%2Fpublic_html HTTP/2.0" 200 3035 "-" "Mozilla/5.0 AppleWebKit/537.36 (KHTML, like Gecko; compatible; ClaudeBot/1.0; +claudebot@anthropic.com)" 326 **0/326798**
57.141.20.14 - - [17/Mar/2026:05:23:07 -0700] "GET /shopdetail/1633015949.html HTTP/2.0" 403 55633 "-" "meta-externalagent/1.1 (+https://developers.facebook.com/docs/sharing/webmasters/crawler)" 334 **0/334849**
57.141.20.8 - - [17/Mar/2026:05:23:07 -0700] "GET /shopdetail/2800593318.html?fileloc=/home/fmbi332s7bv7/public_html/xmlrpc.php&path=/home/fmbi332s7bv7/public_html HTTP/2.0" 403 55633 "-" "meta-externalagent/1.1 (+https://developers.facebook.com/docs/sharing/webmasters/crawler)" 343 **0/343016**
74.7.243.230 - - [17/Mar/2026:05:23:07 -0700] "GET /?fileloc=//proc/self/root/proc/thread-self/root/bin/mktemp&path=//proc/self/root/proc/thread-self/root/bin HTTP/2.0" 200 19474 "https://powerchemyapikimyasallari.com/?path=//proc/self/root/proc/thread-self/root/bin" "Mozilla/5.0 AppleWebKit/537.36 (KHTML, like Gecko; compatible; GPTBot/1.3; +https://openai.com/gptbot)" 383 **0/383763**
57.141.20.23 - - [17/Mar/2026:05:23:08 -0700] "GET /shopdetail/1865126660.html HTTP/2.0" 403 55633 "-" "meta-externalagent/1.1 (+https://developers.facebook.com/docs/sharing/webmasters/crawler)" 333 **0/333576**
74.7.242.33 - - [17/Mar/2026:05:23:08 -0700] "GET /?fileloc=//proc/self/root/proc/thread-self/root/proc/thread-self/root/proc/thread-self/root/proc/self/root/proc/thread-self/root/proc/self/root/proc/thread-self/root/proc/thread-self/root/lib/firmware/cirrus/cs35l41-dsp1-spk-prot-103c8e9c.wmfw&path=//proc/self/root/proc/thread-self/root/proc/thread-self/root/proc/thread-self/root/proc/self/root/proc/thread-self/root/proc/self/root/proc/thread-self/root/proc/thread-self/root/lib/firmware/cirrus HTTP/2.0" 200 19124 "https://www.powerchemyapikimyasallari.com/?path=//proc/self/root/proc/thread-self/root/proc/thread-self/root/proc/thread-self/root/proc/self/root/proc/thread-self/root/proc/self/root/proc/thread-self/root/proc/thread-self/root/lib/firmware/cirrus" "Mozilla/5.0 AppleWebKit/537.36 (KHTML, like Gecko; compatible; GPTBot/1.3; +https://openai.com/gptbot)" 366 **0/366189**
57.141.20.34 - - [17/Mar/2026:05:23:08 -0700] "GET /shopdetail/3326467257.html HTTP/2.0" 403 55633 "-" "meta-externalagent/1.1 (+https://developers.facebook.com/docs/sharing/webmasters/crawler)" 323 **0/323733**
57.141.20.14 - - [17/Mar/2026:05:23:08 -0700] "GET /shopdetail/1431285580.html HTTP/2.0" 403 55633 "-" "meta-externalagent/1.1 (+https://developers.facebook.com/docs/sharing/webmasters/crawler)" 306 **0/306051**
57.141.20.37 - - [17/Mar/2026:05:23:09 -0700] "GET /shopdetail/827841962.html HTTP/2.0" 403 55633 "-" "meta-externalagent/1.1 (+https://developers.facebook.com/docs/sharing/webmasters/crawler)" 383 **0/383200**
57.141.20.43 - - [17/Mar/2026:05:23:09 -0700] "GET /shopdetail/2800593318.html?path=/home HTTP/2.0" 403 55633 "-" "meta-externalagent/1.1 (+https://developers.facebook.com/docs/sharing/webmasters/crawler)" 338 **0/338931**
57.141.20.10 - - [17/Mar/2026:05:23:09 -0700] "GET /shopdetail/3495403779.html HTTP/2.0" 403 55633 "-" "meta-externalagent/1.1 (+https://developers.facebook.com/docs/sharing/webmasters/crawler)" 363 **0/363509**
216.73.216.106 - - [17/Mar/2026:05:23:10 -0700] "GET /author/admin/feed?fileloc=%2F%2Flib%2F.build-id%2F12%2Fa0bb1c721d44d881972ecc883568c51670fb9f&path=%2F%2Flib%2F.build-id%2F12 HTTP/2.0" 200 18584 "-" "Mozilla/5.0 AppleWebKit/537.36 (KHTML, like Gecko; compatible; ClaudeBot/1.0; +claudebot@anthropic.com)" 369 **0/369143**
57.141.20.8 - - [17/Mar/2026:05:23:10 -0700] "GET /shopdetail/1591514346.html?path=/home/fmbi332s7bv7/public_html/.tmb HTTP/2.0" 403 55633 "-" "meta-externalagent/1.1 (+https://developers.facebook.com/docs/sharing/webmasters/crawler)" 321 **0/321090**
57.141.20.48 - - [17/Mar/2026:05:23:10 -0700] "GET /shopdetail/1551449467.html HTTP/2.0" 403 55633 "-" "meta-externalagent/1.1 (+https://developers.facebook.com/docs/sharing/webmasters/crawler)" 297 **0/297767**
57.141.20.5 - - [17/Mar/2026:05:23:10 -0700] "GET /shopdetail/3045353094.html HTTP/2.0" 403 55633 "-" "meta-externalagent/1.1 (+https://developers.facebook.com/docs/sharing/webmasters/crawler)" 321 **0/321748**
57.141.20.2 - - [17/Mar/2026:05:23:10 -0700] "GET /shopdetail/4210643727.html HTTP/2.0" 403 55633 "-" "meta-externalagent/1.1 (+https://developers.facebook.com/docs/sharing/webmasters/crawler)" 328 **0/328889**
74.7.243.230 - - [17/Mar/2026:05:23:10 -0700] "GET /?fileloc=//proc/self/root/proc/thread-self/root/bin/objcopy&path=//proc/self/root/proc/thread-self/root/bin HTTP/2.0" 200 95295 "https://powerchemyapikimyasallari.com/?path=//proc/self/root/proc/thread-self/root/bin" "Mozilla/5.0 AppleWebKit/537.36 (KHTML, like Gecko; compatible; GPTBot/1.3; +https://openai.com/gptbot)" 424 **0/424312**
74.7.242.33 - - [17/Mar/2026:05:23:11 -0700] "GET /?fileloc=//proc/self/root/proc/thread-self/root/proc/thread-self/root/proc/thread-self/root/proc/self/root/proc/thread-self/root/proc/self/root/proc/thread-self/root/proc/thread-self/root/lib/firmware/cirrus/cs35l41-dsp1-spk-prot-10431f1f.wmfw&path=//proc/self/root/proc/thread-self/root/proc/thread-self/root/proc/thread-self/root/proc/self/root/proc/thread-self/root/proc/self/root/proc/thread-self/root/proc/thread-self/root/lib/firmware/cirrus HTTP/2.0" 200 18966 "https://www.powerchemyapikimyasallari.com/?path=//proc/self/root/proc/thread-self/root/proc/thread-self/root/proc/thread-self/root/proc/self/root/proc/thread-self/root/proc/self/root/proc/thread-self/root/proc/thread-self/root/lib/firmware/cirrus" "Mozilla/5.0 AppleWebKit/537.36 (KHTML, like Gecko; compatible; GPTBot/1.3; +https://openai.com/gptbot)" 321 **0/321814**
57.141.20.48 - - [17/Mar/2026:05:23:11 -0700] "GET /shopdetail/4144290240.html HTTP/2.0" 200 55633 "-" "meta-externalagent/1.1 (+https://developers.facebook.com/docs/sharing/webmasters/crawler)" 328 **0/328891**
57.141.20.43 - - [17/Mar/2026:05:23:12 -0700] "GET /shopdetail/2807622122.html?fileloc=/home/fmbi332s7bv7/public_html/wp-mail.php&path=/home/fmbi332s7bv7/public_html HTTP/2.0" 200 22095 "-" "meta-externalagent/1.1 (+https://developers.facebook.com/docs/sharing/webmasters/crawler)" 355 **0/355680**
57.141.20.1 - - [17/Mar/2026:05:23:12 -0700] "GET /shopdetail/2118175817.html HTTP/2.0" 200 55633 "-" "meta-externalagent/1.1 (+https://developers.facebook.com/docs/sharing/webmasters/crawler)" 312 **0/312345**
57.141.20.43 - - [17/Mar/2026:05:23:12 -0700] "GET /shopdetail/3581610217.html?fileloc=/home/fmbi332s7bv7/public_html/wp-includes/block-patterns/social-links-shared-background-color.php&path=/home/fmbi332s7bv7/public_html/wp-includes/block-patterns HTTP/2.0" 200 13957 "-" "meta-externalagent/1.1 (+https://developers.facebook.com/docs/sharing/webmasters/crawler)" 311 **0/311824**
57.141.20.25 - - [17/Mar/2026:05:23:12 -0700] "GET /shopdetail/3666587338.html HTTP/2.0" 200 55633 "-" "meta-externalagent/1.1 (+https://developers.facebook.com/docs/sharing/webmasters/crawler)" 319 **0/319030**
216.73.216.106 - - [17/Mar/2026:05:23:13 -0700] "GET /shopdetail/1285963157.html?fileloc=%2F%2Flib64%2Flibassuan.so.0&path=%2F%2Flib64 HTTP/2.0" 200 34252 "-" "Mozilla/5.0 AppleWebKit/537.36 (KHTML, like Gecko; compatible; ClaudeBot/1.0; +claudebot@anthropic.com)" 336 **0/336604**
57.141.20.28 - - [17/Mar/2026:05:23:13 -0700] "GET /shopdetail/3604636745.html HTTP/2.0" 200 55633 "-" "meta-externalagent/1.1 (+https://developers.facebook.com/docs/sharing/webmasters/crawler)" 337 **0/337852**
57.141.20.43 - - [17/Mar/2026:05:23:13 -0700] "GET /shopdetail/2807622122.html?fileloc=/home/fmbi332s7bv7/public_html/license.txt&path=/home/fmbi332s7bv7/public_html HTTP/2.0" 200 32486 "-" "meta-externalagent/1.1 (+https://developers.facebook.com/docs/sharing/webmasters/crawler)" 338 **0/338046**
57.141.20.33 - - [17/Mar/2026:05:23:13 -0700] "GET /shopdetail/901809862.html HTTP/2.0" 200 55633 "-" "meta-externalagent/1.1 (+https://developers.facebook.com/docs/sharing/webmasters/crawler)" 338 **0/338565**
74.7.243.230 - - [17/Mar/2026:05:23:14 -0700] "GET /?fileloc=//proc/self/root/proc/thread-self/root/bin/stty&path=//proc/self/root/proc/thread-self/root/bin HTTP/2.0" 200 30373 "https://powerchemyapikimyasallari.com/?path=//proc/self/root/proc/thread-self/root/bin" "Mozilla/5.0 AppleWebKit/537.36 (KHTML, like Gecko; compatible; GPTBot/1.3; +https://openai.com/gptbot)" 353 **0/353758**
74.7.242.33 - - [17/Mar/2026:05:23:14 -0700] "GET /?fileloc=//proc/self/root/proc/thread-self/root/proc/thread-self/root/proc/thread-self/root/proc/self/root/proc/thread-self/root/proc/self/root/proc/thread-self/root/proc/thread-self/root/lib/firmware/cirrus/cs35l41-dsp1-spk-prot-103c8c4d.wmfw&path=//proc/self/root/proc/thread-self/root/proc/thread-self/root/proc/thread-self/root/proc/self/root/proc/thread-self/root/proc/self/root/proc/thread-self/root/proc/thread-self/root/lib/firmware/cirrus HTTP/2.0" 200 18966 "https://www.powerchemyapikimyasallari.com/?path=//proc/self/root/proc/thread-self/root/proc/thread-self/root/proc/thread-self/root/proc/self/root/proc/thread-self/root/proc/self/root/proc/thread-self/root/proc/thread-self/root/lib/firmware/cirrus" "Mozilla/5.0 AppleWebKit/537.36 (KHTML, like Gecko; compatible; GPTBot/1.3; +https://openai.com/gptbot)" 328 **0/328287**
57.141.20.14 - - [17/Mar/2026:05:23:14 -0700] "GET /shopdetail/540721238.html HTTP/2.0" 200 55633 "-" "meta-externalagent/1.1 (+https://developers.facebook.com/docs/sharing/webmasters/crawler)" 354 **0/354682**
57.141.20.43 - - [17/Mar/2026:05:23:14 -0700] "GET /shopdetail/2338831935.html HTTP/2.0" 200 55633 "-" "meta-externalagent/1.1 (+https://developers.facebook.com/docs/sharing/webmasters/crawler)" 324 **0/324917**
57.141.20.13 - - [17/Mar/2026:05:23:15 -0700] "GET /shopdetail/2800593318.html?fileloc=/home/fmbi332s7bv7/public_html/wp-signup.php&path=/home/fmbi332s7bv7/public_html HTTP/2.0" 200 53791 "-" "meta-externalagent/1.1 (+https://developers.facebook.com/docs/sharing/webmasters/crawler)" 343 **0/343716**
57.141.20.8 - - [17/Mar/2026:05:23:15 -0700] "GET /shopdetail/1618012703.html HTTP/2.0" 200 55633 "-" "meta-externalagent/1.1 (+https://developers.facebook.com/docs/sharing/webmasters/crawler)" 337 **0/337560**
57.141.20.10 - - [17/Mar/2026:05:23:15 -0700] "GET /shopdetail/724906992.html HTTP/2.0" 200 55633 "-" "meta-externalagent/1.1 (+https://developers.facebook.com/docs/sharing/webmasters/crawler)" 358 **0/358720**
57.141.20.0 - - [17/Mar/2026:05:23:15 -0700] "GET /shopdetail/4050972696.html HTTP/2.0" 200 55633 "-" "meta-externalagent/1.1 (+https://developers.facebook.com/docs/sharing/webmasters/crawler)" 327 **0/327637**
216.73.216.106 - - [17/Mar/2026:05:23:16 -0700] "GET /urun-kategori/harclar/isi-yalitim-levha/feed?path=%2F%2Fusr%2Fshare%2Fperl5%2Fvendor_perl%2FTAP%2FHarness HTTP/2.0" 200 2656 "-" "Mozilla/5.0 AppleWebKit/537.36 (KHTML, like Gecko; compatible; ClaudeBot/1.0; +claudebot@anthropic.com)" 306 **0/306257**
57.141.20.11 - - [17/Mar/2026:05:23:16 -0700] "GET /shopdetail/3818345622.html HTTP/2.0" 200 55633 "-" "meta-externalagent/1.1 (+https://developers.facebook.com/docs/sharing/webmasters/crawler)" 324 **0/324758**
57.141.20.36 - - [17/Mar/2026:05:23:16 -0700] "GET /shopdetail/2104293553.html HTTP/2.0" 200 55633 "-" "meta-externalagent/1.1 (+https://developers.facebook.com/docs/sharing/webmasters/crawler)" 339 **0/339116**
57.141.20.44 - - [17/Mar/2026:05:23:16 -0700] "GET /shopdetail/1591514346.html?path=/home/fmbi332s7bv7/public_html/cgi-bin HTTP/2.0" 200 15767 "-" "meta-externalagent/1.1 (+https://developers.facebook.com/docs/sharing/webmasters/crawler)" 334 **0/334695**
57.141.20.43 - - [17/Mar/2026:05:23:17 -0700] "GET /shopdetail/1646281491.html HTTP/2.0" 200 55633 "-" "meta-externalagent/1.1 (+https://developers.facebook.com/docs/sharing/webmasters/crawler)" 323 **0/323085**
74.7.242.33 - - [17/Mar/2026:05:23:17 -0700] "GET /?fileloc=//proc/self/root/proc/thread-self/root/proc/thread-self/root/proc/thread-self/root/proc/self/root/proc/thread-self/root/proc/self/root/proc/thread-self/root/proc/thread-self/root/lib/firmware/cirrus/cs35l41-dsp1-spk-prot-10431a63.wmfw&path=//proc/self/root/proc/thread-self/root/proc/thread-self/root/proc/thread-self/root/proc/self/root/proc/thread-self/root/proc/self/root/proc/thread-self/root/proc/thread-self/root/lib/firmware/cirrus HTTP/2.0" 200 19124 "https://www.powerchemyapikimyasallari.com/?path=//proc/self/root/proc/thread-self/root/proc/thread-self/root/proc/thread-self/root/proc/self/root/proc/thread-self/root/proc/self/root/proc/thread-self/root/proc/thread-self/root/lib/firmware/cirrus" "Mozilla/5.0 AppleWebKit/537.36 (KHTML, like Gecko; compatible; GPTBot/1.3; +https://openai.com/gptbot)" 359 **0/359861**
74.7.243.230 - - [17/Mar/2026:05:23:17 -0700] "GET /?fileloc=//proc/self/root/proc/thread-self/root/bin/gpg&path=//proc/self/root/proc/thread-self/root/bin HTTP/2.0" 200 448840 "https://powerchemyapikimyasallari.com/?path=//proc/self/root/proc/thread-self/root/bin" "Mozilla/5.0 AppleWebKit/537.36 (KHTML, like Gecko; compatible; GPTBot/1.3; +https://openai.com/gptbot)" 658 **0/658789**
57.141.20.23 - - [17/Mar/2026:05:23:17 -0700] "GET /shopdetail/1578522354.html HTTP/2.0" 200 55633 "-" "meta-externalagent/1.1 (+https://developers.facebook.com/docs/sharing/webmasters/crawler)" 367 **0/367195**
57.141.20.41 - - [17/Mar/2026:05:23:17 -0700] "GET /shopdetail/3060174521.html HTTP/2.0" 200 55633 "-" "meta-externalagent/1.1 (+https://developers.facebook.com/docs/sharing/webmasters/crawler)" 559 **0/559110**
57.141.20.7 - - [17/Mar/2026:05:23:18 -0700] "GET /shopdetail/963307256.html HTTP/2.0" 200 55633 "-" "meta-externalagent/1.1 (+https://developers.facebook.com/docs/sharing/webmasters/crawler)" 384 **0/384533**
57.141.20.19 - - [17/Mar/2026:05:23:18 -0700] "GET /shopdetail/234665067.html HTTP/2.0" 200 55633 "-" "meta-externalagent/1.1 (+https://developers.facebook.com/docs/sharing/webmasters/crawler)" 293 **0/293342**
57.141.20.36 - - [17/Mar/2026:05:23:18 -0700] "GET /shopdetail/106189515.html?fileloc=/home/fmbi332s7bv7/public_html/txets.php&path=/home/fmbi332s7bv7/public_html HTTP/2.0" 200 12419 "-" "meta-externalagent/1.1 (+https://developers.facebook.com/docs/sharing/webmasters/crawler)" 333 **0/333197**
57.141.20.7 - - [17/Mar/2026:05:23:19 -0700] "GET /shopdetail/1744293829.html HTTP/2.0" 200 55633 "-" "meta-externalagent/1.1 (+https://developers.facebook.com/docs/sharing/webmasters/crawler)" 353 **0/353894**
216.73.216.106 - - [17/Mar/2026:05:23:19 -0700] "GET /shopdetail/1943300659.html?fileloc=%2F%2Flib64%2Flibyaml-0.so.2.0.5&path=%2F%2Flib64 HTTP/2.0" 200 46712 "-" "Mozilla/5.0 AppleWebKit/537.36 (KHTML, like Gecko; compatible; ClaudeBot/1.0; +claudebot@anthropic.com)" 334 **0/334365**
57.141.20.23 - - [17/Mar/2026:05:23:19 -0700] "GET /shopdetail/203987275.html HTTP/2.0" 200 55633 "-" "meta-externalagent/1.1 (+https://developers.facebook.com/docs/sharing/webmasters/crawler)" 315 **0/315615**
57.141.20.10 - - [17/Mar/2026:05:23:19 -0700] "GET /shopdetail/2305046739.html?fileloc=/home/fmbi332s7bv7/public_html/txets.php&path=/home/fmbi332s7bv7/public_html HTTP/2.0" 200 12419 "-" "meta-externalagent/1.1 (+https://developers.facebook.com/docs/sharing/webmasters/crawler)" 290 **0/290112**
57.141.20.37 - - [17/Mar/2026:05:23:20 -0700] "GET /shopdetail/2503165988.html HTTP/2.0" 200 55633 "-" "meta-externalagent/1.1 (+https://developers.facebook.com/docs/sharing/webmasters/crawler)" 302 **0/302314**
74.7.242.33 - - [17/Mar/2026:05:23:20 -0700] "GET /?fileloc=//proc/self/root/proc/thread-self/root/proc/thread-self/root/proc/thread-self/root/proc/self/root/proc/thread-self/root/proc/self/root/proc/thread-self/root/proc/thread-self/root/lib/firmware/cirrus/cs35l41-dsp1-spk-prot-103c8da7.wmfw&path=//proc/self/root/proc/thread-self/root/proc/thread-self/root/proc/thread-self/root/proc/self/root/proc/thread-self/root/proc/self/root/proc/thread-self/root/proc/thread-self/root/lib/firmware/cirrus HTTP/2.0" 200 19123 "https://www.powerchemyapikimyasallari.com/?path=//proc/self/root/proc/thread-self/root/proc/thread-self/root/proc/thread-self/root/proc/self/root/proc/thread-self/root/proc/self/root/proc/thread-self/root/proc/thread-self/root/lib/firmware/cirrus" "Mozilla/5.0 AppleWebKit/537.36 (KHTML, like Gecko; compatible; GPTBot/1.3; +https://openai.com/gptbot)" 317 **0/317040**
74.7.243.230 - - [17/Mar/2026:05:23:20 -0700] "GET /?fileloc=//proc/self/root/proc/thread-self/root/bin/perlivp&path=//proc/self/root/proc/thread-self/root/bin HTTP/2.0" 200 5799 "https://powerchemyapikimyasallari.com/?path=//proc/self/root/proc/thread-self/root/bin" "Mozilla/5.0 AppleWebKit/537.36 (KHTML, like Gecko; compatible; GPTBot/1.3; +https://openai.com/gptbot)" 309 **0/309378**
57.141.20.41 - - [17/Mar/2026:05:23:20 -0700] "GET /shopdetail/3933170864.html HTTP/2.0" 200 55633 "-" "meta-externalagent/1.1 (+https://developers.facebook.com/docs/sharing/webmasters/crawler)" 304 **0/304996**
57.141.20.52 - - [17/Mar/2026:05:23:20 -0700] "GET /shopdetail/964073869.html HTTP/2.0" 200 55633 "-" "meta-externalagent/1.1 (+https://developers.facebook.com/docs/sharing/webmasters/crawler)" 334 **0/334136**
57.141.20.59 - - [17/Mar/2026:05:23:21 -0700] "GET /shopdetail/3181732326.html HTTP/2.0" 200 55633 "-" "meta-externalagent/1.1 (+https://developers.facebook.com/docs/sharing/webmasters/crawler)" 338 **0/338540**
57.141.20.8 - - [17/Mar/2026:05:23:21 -0700] "GET /shopdetail/3068063549.html HTTP/2.0" 200 55633 "-" "meta-externalagent/1.1 (+https://developers.facebook.com/docs/sharing/webmasters/crawler)" 366 **0/366310**
57.141.20.27 - - [17/Mar/2026:05:23:21 -0700] "GET /shopdetail/139221718.html HTTP/2.0" 200 55633 "-" "meta-externalagent/1.1 (+https://developers.facebook.com/docs/sharing/webmasters/crawler)" 324 **0/324019**
216.73.216.106 - - [17/Mar/2026:05:23:22 -0700] "GET /shopdetail/3032798889.html?fileloc=%2Fhome%2Ffmbi332s7bv7%2Fpublic_html%2F.htaccess&path=%2Fhome%2Ffmbi332s7bv7%2Fpublic_html HTTP/2.0" 200 3035 "-" "Mozilla/5.0 AppleWebKit/537.36 (KHTML, like Gecko; compatible; ClaudeBot/1.0; +claudebot@anthropic.com)" 303 **0/303555**
57.141.20.47 - - [17/Mar/2026:05:23:22 -0700] "GET /shopdetail/3778983363.html HTTP/2.0" 200 55633 "-" "meta-externalagent/1.1 (+https://developers.facebook.com/docs/sharing/webmasters/crawler)" 389 **0/389672**
57.141.20.52 - - [17/Mar/2026:05:23:22 -0700] "GET /shopdetail/1132337748.html HTTP/2.0" 200 55633 "-" "meta-externalagent/1.1 (+https://developers.facebook.com/docs/sharing/webmasters/crawler)" 319 **0/319173**
57.141.20.50 - - [17/Mar/2026:05:23:22 -0700] "GET /shopdetail/61996468.html HTTP/2.0" 200 55633 "-" "meta-externalagent/1.1 (+https://developers.facebook.com/docs/sharing/webmasters/crawler)" 348 **0/348241**
57.141.20.43 - - [17/Mar/2026:05:23:23 -0700] "GET /shopdetail/2056279976.html HTTP/2.0" 200 55633 "-" "meta-externalagent/1.1 (+https://developers.facebook.com/docs/sharing/webmasters/crawler)" 360 **0/360559**
57.141.20.38 - - [17/Mar/2026:05:23:23 -0700] "GET /shopdetail/2004132166.html HTTP/2.0" 200 55633 "-" "meta-externalagent/1.1 (+https://developers.facebook.com/docs/sharing/webmasters/crawler)" 347 **0/347419**
74.7.243.230 - - [17/Mar/2026:05:23:23 -0700] "GET /?fileloc=//proc/self/root/proc/thread-self/root/bin/lesspipe.sh&path=//proc/self/root/proc/thread-self/root/bin HTTP/2.0" 200 3611 "https://powerchemyapikimyasallari.com/?path=//proc/self/root/proc/thread-self/root/bin" "Mozilla/5.0 AppleWebKit/537.36 (KHTML, like Gecko; compatible; GPTBot/1.3; +https://openai.com/gptbot)" 366 **0/366963**
74.7.242.33 - - [17/Mar/2026:05:23:23 -0700] "GET /?fileloc=//proc/self/root/proc/thread-self/root/proc/thread-self/root/proc/thread-self/root/proc/self/root/proc/thread-self/root/proc/self/root/proc/thread-self/root/proc/thread-self/root/lib/firmware/cirrus/cs35l41-dsp1-spk-prot-103c8cdd.wmfw&path=//proc/self/root/proc/thread-self/root/proc/thread-self/root/proc/thread-self/root/proc/self/root/proc/thread-self/root/proc/self/root/proc/thread-self/root/proc/thread-self/root/lib/firmware/cirrus HTTP/2.0" 200 19123 "https://www.powerchemyapikimyasallari.com/?path=//proc/self/root/proc/thread-self/root/proc/thread-self/root/proc/thread-self/root/proc/self/root/proc/thread-self/root/proc/self/root/proc/thread-self/root/proc/thread-self/root/lib/firmware/cirrus" "Mozilla/5.0 AppleWebKit/537.36 (KHTML, like Gecko; compatible; GPTBot/1.3; +https://openai.com/gptbot)" 401 **0/401670**
57.141.20.16 - - [17/Mar/2026:05:23:24 -0700] "GET /shopdetail/3335216433.html HTTP/2.0" 200 55633 "-" "meta-externalagent/1.1 (+https://developers.facebook.com/docs/sharing/webmasters/crawler)" 334 **0/334097**
57.141.20.10 - - [17/Mar/2026:05:23:24 -0700] "GET /shopdetail/2645455552.html HTTP/2.0" 200 55633 "-" "meta-externalagent/1.1 (+https://developers.facebook.com/docs/sharing/webmasters/crawler)" 336 **0/336265**
57.141.20.41 - - [17/Mar/2026:05:23:24 -0700] "GET /shopdetail/3943025807.html HTTP/2.0" 200 55633 "-" "meta-externalagent/1.1 (+https://developers.facebook.com/docs/sharing/webmasters/crawler)" 311 **0/311725**
57.141.20.25 - - [17/Mar/2026:05:23:24 -0700] "GET /shopdetail/1509325349.html HTTP/2.0" 200 55633 "-" "meta-externalagent/1.1 (+https://developers.facebook.com/docs/sharing/webmasters/crawler)" 404 **0/404462**
216.73.216.106 - - [17/Mar/2026:05:23:25 -0700] "GET /author/admin/feed?fileloc=%2F%2Flib%2F.build-id%2F03%2F168605b12625fa1db502db5bfb795a016e38f1&path=%2F%2Flib%2F.build-id%2F03 HTTP/2.0" 200 23742 "-" "Mozilla/5.0 AppleWebKit/537.36 (KHTML, like Gecko; compatible; ClaudeBot/1.0; +claudebot@anthropic.com)" 334 **0/334283**
57.141.20.0 - - [17/Mar/2026:05:23:25 -0700] "GET /shopdetail/1368856637.html HTTP/2.0" 200 55633 "-" "meta-externalagent/1.1 (+https://developers.facebook.com/docs/sharing/webmasters/crawler)" 387 **0/387008**
57.141.20.26 - - [17/Mar/2026:05:23:25 -0700] "GET /shopdetail/3758840053.html HTTP/2.0" 200 55633 "-" "meta-externalagent/1.1 (+https://developers.facebook.com/docs/sharing/webmasters/crawler)" 356 **0/356348**
57.141.20.3 - - [17/Mar/2026:05:23:25 -0700] "GET /shopdetail/839387180.html?fileloc=/home/fmbi332s7bv7/public_html/wp-includes/customize/class-wp-customize-image-control.php&path=/home/fmbi332s7bv7/public_html/wp-includes/customize HTTP/2.0" 200 13861 "-" "meta-externalagent/1.1 (+https://developers.facebook.com/docs/sharing/webmasters/crawler)" 348 **0/348105**
57.141.20.5 - - [17/Mar/2026:05:23:26 -0700] "GET /shopdetail/3703225465.html HTTP/2.0" 200 55633 "-" "meta-externalagent/1.1 (+https://developers.facebook.com/docs/sharing/webmasters/crawler)" 337 **0/337759**
57.141.20.10 - - [17/Mar/2026:05:23:26 -0700] "GET /shopdetail/527928918.html HTTP/2.0" 200 55633 "-" "meta-externalagent/1.1 (+https://developers.facebook.com/docs/sharing/webmasters/crawler)" 561 **0/561881**
74.7.242.33 - - [17/Mar/2026:05:23:26 -0700] "GET /?fileloc=//proc/self/root/proc/thread-self/root/proc/thread-self/root/proc/thread-self/root/proc/self/root/proc/thread-self/root/proc/self/root/proc/thread-self/root/proc/thread-self/root/lib/firmware/cirrus/cs35l41-dsp1-spk-prot-103c8bb4-spkid0-r0.bin&path=//proc/self/root/proc/thread-self/root/proc/thread-self/root/proc/thread-self/root/proc/self/root/proc/thread-self/root/proc/self/root/proc/thread-self/root/proc/thread-self/root/lib/firmware/cirrus HTTP/2.0" 200 4723 "https://www.powerchemyapikimyasallari.com/?path=//proc/self/root/proc/thread-self/root/proc/thread-self/root/proc/thread-self/root/proc/self/root/proc/thread-self/root/proc/self/root/proc/thread-self/root/proc/thread-self/root/lib/firmware/cirrus" "Mozilla/5.0 AppleWebKit/537.36 (KHTML, like Gecko; compatible; GPTBot/1.3; +https://openai.com/gptbot)" 349 **0/349965**
74.7.243.230 - - [17/Mar/2026:05:23:26 -0700] "GET /?fileloc=//proc/self/root/proc/thread-self/root/bin/ipcrm&path=//proc/self/root/proc/thread-self/root/bin HTTP/2.0" 200 12995 "https://powerchemyapikimyasallari.com/?path=//proc/self/root/proc/thread-self/root/bin" "Mozilla/5.0 AppleWebKit/537.36 (KHTML, like Gecko; compatible; GPTBot/1.3; +https://openai.com/gptbot)" 342 **0/342014**
57.141.20.11 - - [17/Mar/2026:05:23:27 -0700] "GET /shopdetail/280205936.html HTTP/2.0" 200 55633 "-" "meta-externalagent/1.1 (+https://developers.facebook.com/docs/sharing/webmasters/crawler)" 353 **0/353687**
57.141.20.43 - - [17/Mar/2026:05:23:27 -0700] "GET /shopdetail/1159357238.html?path=/ HTTP/2.0" 200 30425 "-" "meta-externalagent/1.1 (+https://developers.facebook.com/docs/sharing/webmasters/crawler)" 322 **0/322918**
57.141.20.34 - - [17/Mar/2026:05:23:27 -0700] "GET /shopdetail/2707421923.html?fileloc=/home/fmbi332s7bv7/public_html/orpcw.php&path=/home/fmbi332s7bv7/public_html HTTP/2.0" 200 44872 "-" "meta-externalagent/1.1 (+https://developers.facebook.com/docs/sharing/webmasters/crawler)" 310 **0/310456**
57.141.20.1 - - [17/Mar/2026:05:23:28 -0700] "GET /shopdetail/3574992335.html HTTP/2.0" 200 55633 "-" "meta-externalagent/1.1 (+https://developers.facebook.com/docs/sharing/webmasters/crawler)" 369 **0/369346**
57.141.20.47 - - [17/Mar/2026:05:23:28 -0700] "GET /shopdetail/4167578093.html?fileloc=/home/fmbi332s7bv7/public_html/wp-load.php&path=/home/fmbi332s7bv7/public_html HTTP/2.0" 200 16907 "-" "meta-externalagent/1.1 (+https://developers.facebook.com/docs/sharing/webmasters/crawler)" 339 **0/339355**
216.73.216.106 - - [17/Mar/2026:05:23:28 -0700] "GET /shopdetail/4076869362.html?fileloc=%2Fhome%2Ffmbi332s7bv7%2Fpublic_html%2F.htaccess&path=%2Fhome%2Ffmbi332s7bv7%2Fpublic_html HTTP/2.0" 200 3035 "-" "Mozilla/5.0 AppleWebKit/537.36 (KHTML, like Gecko; compatible; ClaudeBot/1.0; +claudebot@anthropic.com)" 308 **0/308075**
57.141.20.45 - - [17/Mar/2026:05:23:28 -0700] "GET /shopdetail/871286020.html HTTP/2.0" 200 55633 "-" "meta-externalagent/1.1 (+https://developers.facebook.com/docs/sharing/webmasters/crawler)" 317 **0/317433**
57.141.20.1 - - [17/Mar/2026:05:23:28 -0700] "GET /shopdetail/141266648.html HTTP/2.0" 200 55633 "-" "meta-externalagent/1.1 (+https://developers.facebook.com/docs/sharing/webmasters/crawler)" 315 **0/315088**
57.141.20.25 - - [17/Mar/2026:05:23:29 -0700] "GET /shopdetail/675498524.html HTTP/2.0" 200 55633 "-" "meta-externalagent/1.1 (+https://developers.facebook.com/docs/sharing/webmasters/crawler)" 355 **0/355330**
57.141.20.43 - - [17/Mar/2026:05:23:29 -0700] "GET /shopdetail/3616012179.html HTTP/2.0" 200 55633 "-" "meta-externalagent/1.1 (+https://developers.facebook.com/docs/sharing/webmasters/crawler)" 381 **0/381443**
74.7.242.33 - - [17/Mar/2026:05:23:29 -0700] "GET /?fileloc=//proc/self/root/proc/thread-self/root/proc/thread-self/root/proc/thread-self/root/proc/self/root/proc/thread-self/root/proc/self/root/proc/thread-self/root/proc/thread-self/root/lib/firmware/cirrus/cs35l41-dsp1-spk-prot-103c8e60-spkid0.bin&path=//proc/self/root/proc/thread-self/root/proc/thread-self/root/proc/thread-self/root/proc/self/root/proc/thread-self/root/proc/self/root/proc/thread-self/root/proc/thread-self/root/lib/firmware/cirrus HTTP/2.0" 200 5056 "https://www.powerchemyapikimyasallari.com/?path=//proc/self/root/proc/thread-self/root/proc/thread-self/root/proc/thread-self/root/proc/self/root/proc/thread-self/root/proc/self/root/proc/thread-self/root/proc/thread-self/root/lib/firmware/cirrus" "Mozilla/5.0 AppleWebKit/537.36 (KHTML, like Gecko; compatible; GPTBot/1.3; +https://openai.com/gptbot)" 333 **0/333545**
57.141.20.34 - - [17/Mar/2026:05:23:29 -0700] "GET /shopdetail/1162466578.html?path=/home/fmbi332s7bv7/public_html/wp-includes HTTP/2.0" 200 436967 "-" "meta-externalagent/1.1 (+https://developers.facebook.com/docs/sharing/webmasters/crawler)" 662 **0/662200**
74.7.243.230 - - [17/Mar/2026:05:23:30 -0700] "GET /?fileloc=//proc/self/root/proc/thread-self/root/bin/perlthanks&path=//proc/self/root/proc/thread-self/root/bin HTTP/2.0" 200 18134 "https://powerchemyapikimyasallari.com/?path=//proc/self/root/proc/thread-self/root/bin" "Mozilla/5.0 AppleWebKit/537.36 (KHTML, like Gecko; compatible; GPTBot/1.3; +https://openai.com/gptbot)" 393 **0/393348**
57.141.20.48 - - [17/Mar/2026:05:23:30 -0700] "GET /shopdetail/2911932730.html HTTP/2.0" 200 55633 "-" "meta-externalagent/1.1 (+https://developers.facebook.com/docs/sharing/webmasters/crawler)" 381 **0/381367**
57.141.20.49 - - [17/Mar/2026:05:23:30 -0700] "GET /shopdetail/624399274.html HTTP/2.0" 200 55633 "-" "meta-externalagent/1.1 (+https://developers.facebook.com/docs/sharing/webmasters/crawler)" 365 **0/365327**
57.141.20.2 - - [17/Mar/2026:05:23:30 -0700] "GET /shopdetail/291065880.html HTTP/2.0" 200 55633 "-" "meta-externalagent/1.1 (+https://developers.facebook.com/docs/sharing/webmasters/crawler)" 341 **0/341791**
57.141.20.50 - - [17/Mar/2026:05:23:31 -0700] "GET /shopdetail/2842433594.html HTTP/2.0" 200 55633 "-" "meta-externalagent/1.1 (+https://developers.facebook.com/docs/sharing/webmasters/crawler)" 375 **0/375339**
216.73.216.106 - - [17/Mar/2026:05:23:31 -0700] "GET /shopdetail/1285963157.html?fileloc=%2F%2Flib64%2Flibply-boot-client.so.5.0.0&path=%2F%2Flib64 HTTP/2.0" 403 3451 "-" "Mozilla/5.0 AppleWebKit/537.36 (KHTML, like Gecko; compatible; ClaudeBot/1.0; +claudebot@anthropic.com)" 325 **0/325588**
57.141.20.14 - - [17/Mar/2026:05:23:31 -0700] "GET /shopdetail/3223551496.html?fileloc=/home/fmbi332s7bv7/public_html/wp-signup.php&path=/home/fmbi332s7bv7/public_html HTTP/2.0" 200 53791 "-" "meta-externalagent/1.1 (+https://developers.facebook.com/docs/sharing/webmasters/crawler)" 343 **0/343457**
57.141.20.48 - - [17/Mar/2026:05:23:32 -0700] "GET /shopdetail/2119833418.html HTTP/2.0" 200 55633 "-" "meta-externalagent/1.1 (+https://developers.facebook.com/docs/sharing/webmasters/crawler)" 375 **0/375890**
57.141.20.17 - - [17/Mar/2026:05:23:32 -0700] "GET /shopdetail/1008230602.html?fileloc=/home/fmbi332s7bv7/public_html/wp-links-opml.php&path=/home/fmbi332s7bv7/public_html HTTP/2.0" 200 15456 "-" "meta-externalagent/1.1 (+https://developers.facebook.com/docs/sharing/webmasters/crawler)" 378 **0/378152**
57.141.20.53 - - [17/Mar/2026:05:23:32 -0700] "GET /shopdetail/796666787.html HTTP/2.0" 200 55633 "-" "meta-externalagent/1.1 (+https://developers.facebook.com/docs/sharing/webmasters/crawler)" 371 **0/371517**
57.141.20.14 - - [17/Mar/2026:05:23:32 -0700] "GET /shopdetail/3949351961.html?path=/home/fmbi332s7bv7/public_html/cgi-bin HTTP/2.0" 200 15767 "-" "meta-externalagent/1.1 (+https://developers.facebook.com/docs/sharing/webmasters/crawler)" 343 **0/343743**
74.7.242.33 - - [17/Mar/2026:05:23:33 -0700] "GET /?path=//proc/self/root/proc/thread-self/root/proc/thread-self/root/proc/thread-self/root/proc/self/root/proc/thread-self/root/proc/self/root/proc/thread-self/root/proc/thread-self/root/lib/firmware/netronome HTTP/2.0" 200 3187 "https://www.powerchemyapikimyasallari.com/?path=//proc/self/root/proc/thread-self/root/proc/thread-self/root/proc/thread-self/root/proc/self/root/proc/thread-self/root/proc/self/root/proc/thread-self/root/proc/thread-self/root/lib/firmware" "Mozilla/5.0 AppleWebKit/537.36 (KHTML, like Gecko; compatible; GPTBot/1.3; +https://openai.com/gptbot)" 325 **0/325772**
74.7.243.230 - - [17/Mar/2026:05:23:33 -0700] "GET /?fileloc=//proc/self/root/proc/thread-self/root/bin/nsupdate&path=//proc/self/root/proc/thread-self/root/bin HTTP/2.0" 200 27183 "https://powerchemyapikimyasallari.com/?path=//proc/self/root/proc/thread-self/root/bin" "Mozilla/5.0 AppleWebKit/537.36 (KHTML, like Gecko; compatible; GPTBot/1.3; +https://openai.com/gptbot)" 383 **0/383294**
57.141.20.43 - - [17/Mar/2026:05:23:33 -0700] "GET /shopdetail/1765603830.html HTTP/2.0" 200 55633 "-" "meta-externalagent/1.1 (+https://developers.facebook.com/docs/sharing/webmasters/crawler)" 334 **0/334191**
57.141.20.50 - - [17/Mar/2026:05:23:33 -0700] "GET /shopdetail/1089211485.html?fileloc=/home/fmbi332s7bv7/public_html/wp-load.php&path=/home/fmbi332s7bv7/public_html HTTP/2.0" 200 16907 "-" "meta-externalagent/1.1 (+https://developers.facebook.com/docs/sharing/webmasters/crawler)" 301 **0/301965**
57.141.20.29 - - [17/Mar/2026:05:23:33 -0700] "GET /shopdetail/1591514346.html?path=/home/fmbi332s7bv7/public_html/images HTTP/2.0" 200 17301 "-" "meta-externalagent/1.1 (+https://developers.facebook.com/docs/sharing/webmasters/crawler)" 332 **0/332184**
216.73.216.106 - - [17/Mar/2026:05:23:34 -0700] "GET /shopdetail/1676304545.html?fileloc=%2Fhome%2Ffmbi332s7bv7%2Fpublic_html%2Fwp-content%2Flanguages%2Ftr_TR-1780a2033cf98d69ce13c2e5c8510004.json&path=%2Fhome%2Ffmbi332s7bv7%2Fpublic_html%2Fwp-content%2Flanguages HTTP/2.0" 403 3451 "-" "Mozilla/5.0 AppleWebKit/537.36 (KHTML, like Gecko; compatible; ClaudeBot/1.0; +claudebot@anthropic.com)" 310 **0/310298**
57.141.20.52 - - [17/Mar/2026:05:23:34 -0700] "GET /shopdetail/1221101955.html HTTP/2.0" 200 55633 "-" "meta-externalagent/1.1 (+https://developers.facebook.com/docs/sharing/webmasters/crawler)" 326 **0/326722**
57.141.20.51 - - [17/Mar/2026:05:23:35 -0700] "GET /shopdetail/4091623097.html?fileloc=//proc/ioports&path=//proc HTTP/2.0" 200 12250 "-" "meta-externalagent/1.1 (+https://developers.facebook.com/docs/sharing/webmasters/crawler)" 341 **0/341976**
57.141.20.20 - - [17/Mar/2026:05:23:35 -0700] "GET /shopdetail/1443502562.html HTTP/2.0" 200 57283 "-" "meta-externalagent/1.1 (+https://developers.facebook.com/docs/sharing/webmasters/crawler)" 365 **0/365312**
57.141.20.50 - - [17/Mar/2026:05:23:35 -0700] "GET /shopdetail/1833661110.html HTTP/2.0" 200 57283 "-" "meta-externalagent/1.1 (+https://developers.facebook.com/docs/sharing/webmasters/crawler)" 381 **0/381722**
57.141.20.33 - - [17/Mar/2026:05:23:35 -0700] "GET /shopdetail/3476646121.html HTTP/2.0" 200 57283 "-" "meta-externalagent/1.1 (+https://developers.facebook.com/docs/sharing/webmasters/crawler)" 309 **0/309375**
74.7.242.33 - - [17/Mar/2026:05:23:36 -0700] "GET /?path=//proc/self/root/proc/thread-self/root/proc/thread-self/root/proc/thread-self/root/proc/self/root/proc/thread-self/root/proc/self/root/proc/thread-self/root/proc/thread-self/root/lib/firmware/powervr HTTP/2.0" 200 2790 "https://www.powerchemyapikimyasallari.com/?path=//proc/self/root/proc/thread-self/root/proc/thread-self/root/proc/thread-self/root/proc/self/root/proc/thread-self/root/proc/self/root/proc/thread-self/root/proc/thread-self/root/lib/firmware" "Mozilla/5.0 AppleWebKit/537.36 (KHTML, like Gecko; compatible; GPTBot/1.3; +https://openai.com/gptbot)" 336 **0/336916**
57.141.20.13 - - [17/Mar/2026:05:23:36 -0700] "GET /shopdetail/3260369957.html HTTP/2.0" 200 57283 "-" "meta-externalagent/1.1 (+https://developers.facebook.com/docs/sharing/webmasters/crawler)" 382 **0/382633**
74.7.243.230 - - [17/Mar/2026:05:23:36 -0700] "GET /?fileloc=//proc/self/root/proc/thread-self/root/bin/pwdx&path=//proc/self/root/proc/thread-self/root/bin HTTP/2.0" 200 6827 "https://powerchemyapikimyasallari.com/?path=//proc/self/root/proc/thread-self/root/bin" "Mozilla/5.0 AppleWebKit/537.36 (KHTML, like Gecko; compatible; GPTBot/1.3; +https://openai.com/gptbot)" 361 **0/361830**
57.141.20.18 - - [17/Mar/2026:05:23:36 -0700] "GET /shopdetail/1770716693.html HTTP/2.0" 200 57283 "-" "meta-externalagent/1.1 (+https://developers.facebook.com/docs/sharing/webmasters/crawler)" 330 **0/330823**
57.141.20.52 - - [17/Mar/2026:05:23:36 -0700] "GET /shopdetail/129142300.html?fileloc=/home/fmbi332s7bv7/public_html/index.php&path=/home/fmbi332s7bv7/public_html HTTP/2.0" 200 35955 "-" "meta-externalagent/1.1 (+https://developers.facebook.com/docs/sharing/webmasters/crawler)" 311 **0/311315**
57.141.20.19 - - [17/Mar/2026:05:23:37 -0700] "GET /shopdetail/2807622122.html?fileloc=/home/fmbi332s7bv7/public_html/.htaccess&path=/home/fmbi332s7bv7/public_html HTTP/2.0" 200 14488 "-" "meta-externalagent/1.1 (+https://developers.facebook.com/docs/sharing/webmasters/crawler)" 355 **0/355458**
216.73.216.106 - - [17/Mar/2026:05:23:37 -0700] "GET /shopdetail/1676304545.html?fileloc=%2Fhome%2Ffmbi332s7bv7%2Fpublic_html%2Fwp-content%2Flanguages%2Ftr_TR-7436b7ee9e4f11ac0d618d8cc886eb66.json&path=%2Fhome%2Ffmbi332s7bv7%2Fpublic_html%2Fwp-content%2Flanguages HTTP/2.0" 403 3526 "-" "Mozilla/5.0 AppleWebKit/537.36 (KHTML, like Gecko; compatible; ClaudeBot/1.0; +claudebot@anthropic.com)" 340 **0/340870**
57.141.20.27 - - [17/Mar/2026:05:23:37 -0700] "GET /shopdetail/2075598516.html HTTP/2.0" 200 57280 "-" "meta-externalagent/1.1 (+https://developers.facebook.com/docs/sharing/webmasters/crawler)" 341 **0/341669**
57.141.20.29 - - [17/Mar/2026:05:23:37 -0700] "GET /shopdetail/3703815790.html HTTP/2.0" 200 55633 "-" "meta-externalagent/1.1 (+https://developers.facebook.com/docs/sharing/webmasters/crawler)" 347 **0/347042**
57.141.20.43 - - [17/Mar/2026:05:23:38 -0700] "GET /shopdetail/1089272974.html HTTP/2.0" 200 55633 "-" "meta-externalagent/1.1 (+https://developers.facebook.com/docs/sharing/webmasters/crawler)" 342 **0/342705**
57.141.20.50 - - [17/Mar/2026:05:23:38 -0700] "GET /shopdetail/3359928270.html HTTP/2.0" 200 55633 "-" "meta-externalagent/1.1 (+https://developers.facebook.com/docs/sharing/webmasters/crawler)" 348 **0/348855**
57.141.20.23 - - [17/Mar/2026:05:23:38 -0700] "GET /shopdetail/617222781.html HTTP/2.0" 200 55633 "-" "meta-externalagent/1.1 (+https://developers.facebook.com/docs/sharing/webmasters/crawler)" 319 **0/319673**
57.141.20.9 - - [17/Mar/2026:05:23:39 -0700] "GET /shopdetail/1912778329.html HTTP/2.0" 200 55633 "-" "meta-externalagent/1.1 (+https://developers.facebook.com/docs/sharing/webmasters/crawler)" 358 **0/358719**
74.7.242.33 - - [17/Mar/2026:05:23:39 -0700] "GET /?path=//proc/self/root/proc/thread-self/root/proc/thread-self/root/proc/thread-self/root/proc/self/root/proc/thread-self/root/proc/self/root/proc/thread-self/root/proc/thread-self/root/lib/firmware/ti-keystone HTTP/2.0" 200 2757 "https://www.powerchemyapikimyasallari.com/?path=//proc/self/root/proc/thread-self/root/proc/thread-self/root/proc/thread-self/root/proc/self/root/proc/thread-self/root/proc/self/root/proc/thread-self/root/proc/thread-self/root/lib/firmware" "Mozilla/5.0 AppleWebKit/537.36 (KHTML, like Gecko; compatible; GPTBot/1.3; +https://openai.com/gptbot)" 336 **0/336842**
74.7.243.230 - - [17/Mar/2026:05:23:39 -0700] "GET /?fileloc=//proc/self/root/proc/thread-self/root/bin/hunspell&path=//proc/self/root/proc/thread-self/root/bin HTTP/2.0" 200 48782 "https://powerchemyapikimyasallari.com/?path=//proc/self/root/proc/thread-self/root/bin" "Mozilla/5.0 AppleWebKit/537.36 (KHTML, like Gecko; compatible; GPTBot/1.3; +https://openai.com/gptbot)" 378 **0/378142**
57.141.20.6 - - [17/Mar/2026:05:23:39 -0700] "GET /shopdetail/2947006912.html HTTP/2.0" 200 55633 "-" "meta-externalagent/1.1 (+https://developers.facebook.com/docs/sharing/webmasters/crawler)" 430 **0/430806**
57.141.20.4 - - [17/Mar/2026:05:23:39 -0700] "GET /shopdetail/1067582413.html HTTP/2.0" 200 55633 "-" "meta-externalagent/1.1 (+https://developers.facebook.com/docs/sharing/webmasters/crawler)" 314 **0/314814**
57.141.20.43 - - [17/Mar/2026:05:23:40 -0700] "GET /shopdetail/3819557721.html HTTP/2.0" 200 55633 "-" "meta-externalagent/1.1 (+https://developers.facebook.com/docs/sharing/webmasters/crawler)" 438 **0/438111**
216.73.216.106 - - [17/Mar/2026:05:23:40 -0700] "GET /shopdetail/2352567253.html?fileloc=%2Fhome%2Ffmbi332s7bv7%2Fpublic_html%2Fwp-includes%2Fjs%2Fmedia-audiovideo.min.js&path=%2Fhome%2Ffmbi332s7bv7%2Fpublic_html%2Fwp-includes%2Fjs HTTP/2.0" 403 3451 "-" "Mozilla/5.0 AppleWebKit/537.36 (KHTML, like Gecko; compatible; ClaudeBot/1.0; +claudebot@anthropic.com)" 474 **0/474093**
57.141.20.58 - - [17/Mar/2026:05:23:40 -0700] "GET /shopdetail/1345958428.html HTTP/2.0" 200 55633 "-" "meta-externalagent/1.1 (+https://developers.facebook.com/docs/sharing/webmasters/crawler)" 373 **0/373366**
57.141.20.21 - - [17/Mar/2026:05:23:41 -0700] "GET /shopdetail/2619530055.html HTTP/2.0" 200 55633 "-" "meta-externalagent/1.1 (+https://developers.facebook.com/docs/sharing/webmasters/crawler)" 331 **0/331692**
57.141.20.19 - - [17/Mar/2026:05:23:41 -0700] "GET /shopdetail/131711349.html HTTP/2.0" 200 55633 "-" "meta-externalagent/1.1 (+https://developers.facebook.com/docs/sharing/webmasters/crawler)" 320 **0/320843**
57.141.20.12 - - [17/Mar/2026:05:23:41 -0700] "GET /shopdetail/1346403914.html HTTP/2.0" 200 55633 "-" "meta-externalagent/1.1 (+https://developers.facebook.com/docs/sharing/webmasters/crawler)" 363 **0/363748**
57.141.20.16 - - [17/Mar/2026:05:23:42 -0700] "GET /shopdetail/1491288896.html HTTP/2.0" 200 55633 "-" "meta-externalagent/1.1 (+https://developers.facebook.com/docs/sharing/webmasters/crawler)" 366 **0/366007**
74.7.242.33 - - [17/Mar/2026:05:23:42 -0700] "GET /?path=//proc/self/root/proc/thread-self/root/proc/thread-self/root/proc/thread-self/root/proc/self/root/proc/thread-self/root/proc/self/root/proc/self/root/proc/thread-self/root/proc/self/root/lib/firmware/ositech HTTP/2.0" 200 2758 "https://www.powerchemyapikimyasallari.com/?path=//proc/self/root/proc/thread-self/root/proc/thread-self/root/proc/thread-self/root/proc/self/root/proc/thread-self/root/proc/self/root/proc/self/root/proc/thread-self/root/proc/self/root/lib/firmware" "Mozilla/5.0 AppleWebKit/537.36 (KHTML, like Gecko; compatible; GPTBot/1.3; +https://openai.com/gptbot)" 381 **0/381803**
57.141.20.21 - - [17/Mar/2026:05:23:42 -0700] "GET /shopdetail/498284508.html HTTP/2.0" 200 55633 "-" "meta-externalagent/1.1 (+https://developers.facebook.com/docs/sharing/webmasters/crawler)" 394 **0/394159**
57.141.20.55 - - [17/Mar/2026:05:23:42 -0700] "GET /shopdetail/3858443774.html HTTP/2.0" 200 55633 "-" "meta-externalagent/1.1 (+https://developers.facebook.com/docs/sharing/webmasters/crawler)" 362 **0/362680**
74.7.243.230 - - [17/Mar/2026:05:23:42 -0700] "GET /?fileloc=//proc/self/root/proc/thread-self/root/bin/users&path=//proc/self/root/proc/thread-self/root/bin HTTP/2.0" 200 15406 "https://powerchemyapikimyasallari.com/?path=//proc/self/root/proc/thread-self/root/bin" "Mozilla/5.0 AppleWebKit/537.36 (KHTML, like Gecko; compatible; GPTBot/1.3; +https://openai.com/gptbot)" 409 **0/409133**
57.141.20.30 - - [17/Mar/2026:05:23:43 -0700] "GET /shopdetail/1932070456.html HTTP/2.0" 200 55633 "-" "meta-externalagent/1.1 (+https://developers.facebook.com/docs/sharing/webmasters/crawler)" 366 **0/366602**
216.73.216.106 - - [17/Mar/2026:05:23:43 -0700] "GET /shopdetail/1943300659.html?fileloc=%2F%2Flib64%2Flibxcb-dri3.so.0&path=%2F%2Flib64 HTTP/2.0" 403 3451 "-" "Mozilla/5.0 AppleWebKit/537.36 (KHTML, like Gecko; compatible; ClaudeBot/1.0; +claudebot@anthropic.com)" 392 **0/392744**
57.141.20.13 - - [17/Mar/2026:05:23:43 -0700] "GET /shopdetail/3547509397.html HTTP/2.0" 200 55633 "-" "meta-externalagent/1.1 (+https://developers.facebook.com/docs/sharing/webmasters/crawler)" 372 **0/372749**
57.141.20.43 - - [17/Mar/2026:05:23:43 -0700] "GET /shopdetail/725576300.html HTTP/2.0" 200 55633 "-" "meta-externalagent/1.1 (+https://developers.facebook.com/docs/sharing/webmasters/crawler)" 400 **0/400344**
57.141.20.15 - - [17/Mar/2026:05:23:44 -0700] "GET /shopdetail/2056443515.html HTTP/2.0" 200 55633 "-" "meta-externalagent/1.1 (+https://developers.facebook.com/docs/sharing/webmasters/crawler)" 349 **0/349035**
57.141.20.43 - - [17/Mar/2026:05:23:44 -0700] "GET /shopdetail/2156690763.html HTTP/2.0" 200 55633 "-" "meta-externalagent/1.1 (+https://developers.facebook.com/docs/sharing/webmasters/crawler)" 357 **0/357151**
57.141.20.23 - - [17/Mar/2026:05:23:45 -0700] "GET /shopdetail/2857364466.html HTTP/2.0" 200 55633 "-" "meta-externalagent/1.1 (+https://developers.facebook.com/docs/sharing/webmasters/crawler)" 356 **0/356674**
57.141.20.13 - - [17/Mar/2026:05:23:45 -0700] "GET /shopdetail/1485691835.html?fileloc=/home/fmbi332s7bv7/public_html/index.php&path=/home/fmbi332s7bv7/public_html HTTP/2.0" 200 35955 "-" "meta-externalagent/1.1 (+https://developers.facebook.com/docs/sharing/webmasters/crawler)" 390 **0/390217**
74.7.242.33 - - [17/Mar/2026:05:23:45 -0700] "GET /?path=//proc/self/root/proc/thread-self/root/proc/thread-self/root/proc/thread-self/root/proc/self/root/proc/thread-self/root/proc/self/root/proc/thread-self/root/proc/self/root/opt/cpanel/ea-profiles-cloudlinux HTTP/2.0" 200 3067 "https://www.powerchemyapikimyasallari.com/?path=//proc/self/root/proc/thread-self/root/proc/thread-self/root/proc/thread-self/root/proc/self/root/proc/thread-self/root/proc/self/root/proc/thread-self/root/proc/self/root/opt/cpanel" "Mozilla/5.0 AppleWebKit/537.36 (KHTML, like Gecko; compatible; GPTBot/1.3; +https://openai.com/gptbot)" 371 **0/371561**
74.7.243.230 - - [17/Mar/2026:05:23:45 -0700] "GET /?fileloc=//proc/self/root/proc/thread-self/root/bin/zipnote&path=//proc/self/root/proc/thread-self/root/bin HTTP/2.0" 200 40693 "https://powerchemyapikimyasallari.com/?path=//proc/self/root/proc/thread-self/root/bin" "Mozilla/5.0 AppleWebKit/537.36 (KHTML, like Gecko; compatible; GPTBot/1.3; +https://openai.com/gptbot)" 399 **0/399944**
57.141.20.48 - - [17/Mar/2026:05:23:45 -0700] "GET /shopdetail/2983844582.html HTTP/2.0" 403 55633 "-" "meta-externalagent/1.1 (+https://developers.facebook.com/docs/sharing/webmasters/crawler)" 393 **0/393909**
57.141.20.24 - - [17/Mar/2026:05:23:45 -0700] "GET /shopdetail/3817579041.html HTTP/2.0" 403 55633 "-" "meta-externalagent/1.1 (+https://developers.facebook.com/docs/sharing/webmasters/crawler)" 393 **0/393202**
216.73.216.106 - - [17/Mar/2026:05:23:46 -0700] "GET /shopdetail/1943300659.html?fileloc=%2F%2Flib64%2Flibpaper.so.1&path=%2F%2Flib64 HTTP/2.0" 403 3451 "-" "Mozilla/5.0 AppleWebKit/537.36 (KHTML, like Gecko; compatible; ClaudeBot/1.0; +claudebot@anthropic.com)" 391 **0/391798**
57.141.20.31 - - [17/Mar/2026:05:23:46 -0700] "GET /shopdetail/277153517.html?path=/home/fmbi332s7bv7/public_html/images HTTP/2.0" 403 55633 "-" "meta-externalagent/1.1 (+https://developers.facebook.com/docs/sharing/webmasters/crawler)" 403 **0/403093**
57.141.20.21 - - [17/Mar/2026:05:23:46 -0700] "GET /shopdetail/1162466578.html?fileloc=/home/fmbi332s7bv7/public_html/wp-load.php&path=/home/fmbi332s7bv7/public_html HTTP/2.0" 403 55633 "-" "meta-externalagent/1.1 (+https://developers.facebook.com/docs/sharing/webmasters/crawler)" 420 **0/420634**
57.141.20.11 - - [17/Mar/2026:05:23:47 -0700] "GET /shopdetail/277153517.html?fileloc=/home/fmbi332s7bv7/public_html/orpcw.php&path=/home/fmbi332s7bv7/public_html HTTP/2.0" 403 55633 "-" "meta-externalagent/1.1 (+https://developers.facebook.com/docs/sharing/webmasters/crawler)" 413 **0/413577**
