57.141.20.10 - - [18/Mar/2026:05:46:07 -0700] "GET /shopdetail/2314345123.html?fileloc=/home/fmbi332s7bv7/public_html/wp-config.php&path=/home/fmbi332s7bv7/public_html HTTP/2.0" 404 - "-" "meta-externalagent/1.1 (+https://developers.facebook.com/docs/sharing/webmasters/crawler)" 15 **0/15178**
216.73.216.106 - - [18/Mar/2026:05:46:07 -0700] "GET /shopdetail/3490135512.html?path=%2Fhome%2Ffmbi332s7bv7%2Fapplication_backups HTTP/2.0" 404 - "-" "Mozilla/5.0 AppleWebKit/537.36 (KHTML, like Gecko; compatible; ClaudeBot/1.0; +claudebot@anthropic.com)" 11 **0/11736**
57.141.20.8 - - [18/Mar/2026:05:46:10 -0700] "GET /shopdetail/2421875082.html?fileloc=//bin/pdf2ps&path=//bin HTTP/2.0" 404 - "-" "meta-externalagent/1.1 (+https://developers.facebook.com/docs/sharing/webmasters/crawler)" 12 **0/12495**
216.73.216.106 - - [18/Mar/2026:05:46:10 -0700] "GET /shopdetail/296419577.html?fileloc=%2Fhome%2Ffmbi332s7bv7%2Fpublic_html%2Fwp-admin%2Fcss%2Fedit-rtl.min.css&path=%2Fhome%2Ffmbi332s7bv7%2Fpublic_html%2Fwp-admin%2Fcss HTTP/2.0" 404 - "-" "Mozilla/5.0 AppleWebKit/537.36 (KHTML, like Gecko; compatible; ClaudeBot/1.0; +claudebot@anthropic.com)" 14 **0/14767**
57.141.20.17 - - [18/Mar/2026:05:46:12 -0700] "GET /shopdetail/4080417695.html?fileloc=/home/fmbi332s7bv7/public_html/wp-mail.php&path=/home/fmbi332s7bv7/public_html HTTP/2.0" 404 - "-" "meta-externalagent/1.1 (+https://developers.facebook.com/docs/sharing/webmasters/crawler)" 11 **0/11790**
216.73.216.106 - - [18/Mar/2026:05:46:13 -0700] "GET /shopdetail/2586116051.html?fileloc=%2F%2Fbin%2Fssh-add&path=%2F%2Fbin HTTP/2.0" 404 - "-" "Mozilla/5.0 AppleWebKit/537.36 (KHTML, like Gecko; compatible; ClaudeBot/1.0; +claudebot@anthropic.com)" 12 **0/12142**
57.141.20.6 - - [18/Mar/2026:05:46:15 -0700] "GET /shopdetail/1764599311.html?fileloc=/home/fmbi332s7bv7/public_html/wp-blog-header.php&path=/home/fmbi332s7bv7/public_html HTTP/2.0" 404 - "-" "meta-externalagent/1.1 (+https://developers.facebook.com/docs/sharing/webmasters/crawler)" 11 **0/11546**
216.73.216.106 - - [18/Mar/2026:05:46:16 -0700] "GET /hello-world?fileloc=%2F%2Fusr%2Fshare%2Fman%2Fman3%2Fmysql_stmt_close.3.gz&path=%2F%2Fusr%2Fshare%2Fman%2Fman3 HTTP/2.0" 404 - "-" "Mozilla/5.0 AppleWebKit/537.36 (KHTML, like Gecko; compatible; ClaudeBot/1.0; +claudebot@anthropic.com)" 10 **0/10366**
74.7.227.150 - - [18/Mar/2026:05:46:17 -0700] "GET /?path=//proc/self/root/proc/thread-self/root/proc/thread-self/root/proc/thread-self/root/proc/self/root/proc/self/root/proc/thread-self/root/lib/.build-id/b1 HTTP/2.0" 404 - "https://www.powerchemyapikimyasallari.com/?path=//proc/self/root/proc/thread-self/root/proc/thread-self/root/proc/thread-self/root/proc/self/root/proc/self/root/proc/thread-self/root/lib/.build-id" "Mozilla/5.0 AppleWebKit/537.36 (KHTML, like Gecko; compatible; GPTBot/1.3; +https://openai.com/gptbot)" 12 **0/12140**
57.141.20.0 - - [18/Mar/2026:05:46:18 -0700] "GET /shopdetail/3242998315.html?fileloc=/home/fmbi332s7bv7/public_html/xmlrpc.php&path=/home/fmbi332s7bv7/public_html HTTP/2.0" 404 - "-" "meta-externalagent/1.1 (+https://developers.facebook.com/docs/sharing/webmasters/crawler)" 12 **0/12656**
74.7.227.9 - - [18/Mar/2026:05:46:20 -0700] "GET /?path=//proc/self/root/proc/thread-self/root/proc/thread-self/root/proc/thread-self/root/proc/self/root/proc/thread-self/root/proc/self/root/proc/self/root/proc/self/root/lib/firmware/libertas HTTP/2.0" 404 - "https://powerchemyapikimyasallari.com/?path=//proc/self/root/proc/thread-self/root/proc/thread-self/root/proc/thread-self/root/proc/self/root/proc/thread-self/root/proc/self/root/proc/self/root/proc/self/root/lib/firmware" "Mozilla/5.0 AppleWebKit/537.36 (KHTML, like Gecko; compatible; GPTBot/1.3; +https://openai.com/gptbot)" 13 **0/13046**
57.141.20.49 - - [18/Mar/2026:05:46:21 -0700] "GET /shopdetail/2637119816.html?fileloc=/home/fmbi332s7bv7/public_html/orpcw.php&path=/home/fmbi332s7bv7/public_html HTTP/2.0" 404 - "-" "meta-externalagent/1.1 (+https://developers.facebook.com/docs/sharing/webmasters/crawler)" 15 **0/15106**
216.73.216.106 - - [18/Mar/2026:05:46:19 -0700] "GET /shopdetail/3466780539.html?fileloc=%2F%2Fsbin%2Funix_update&path=%2F%2Fsbin HTTP/2.0" 404 - "-" "Mozilla/5.0 AppleWebKit/537.36 (KHTML, like Gecko; compatible; ClaudeBot/1.0; +claudebot@anthropic.com)" 3000 **3/3000794**
216.73.216.106 - - [18/Mar/2026:05:46:22 -0700] "GET /shopdetail/1285963157.html?fileloc=%2F%2Fbin%2Ffc-validate&path=%2F%2Fbin HTTP/2.0" 404 - "-" "Mozilla/5.0 AppleWebKit/537.36 (KHTML, like Gecko; compatible; ClaudeBot/1.0; +claudebot@anthropic.com)" 13 **0/13710**
57.141.20.6 - - [18/Mar/2026:05:46:23 -0700] "GET /shopdetail/4086364217.html?fileloc=/home/fmbi332s7bv7/public_html/txets.php&path=/home/fmbi332s7bv7/public_html HTTP/2.0" 404 - "-" "meta-externalagent/1.1 (+https://developers.facebook.com/docs/sharing/webmasters/crawler)" 12 **0/12874**
216.73.216.106 - - [18/Mar/2026:05:46:25 -0700] "GET /shopdetail/3735745616.html?path=%2Fhome%2Ffmbi332s7bv7%2Fpublic_html%2Fwp-includes HTTP/2.0" 404 - "-" "Mozilla/5.0 AppleWebKit/537.36 (KHTML, like Gecko; compatible; ClaudeBot/1.0; +claudebot@anthropic.com)" 13 **0/13142**
57.141.20.59 - - [18/Mar/2026:05:46:26 -0700] "GET /shopdetail/205139995.html?fileloc=/home/fmbi332s7bv7/public_html/wp-config-sample.php&path=/home/fmbi332s7bv7/public_html HTTP/2.0" 404 - "-" "meta-externalagent/1.1 (+https://developers.facebook.com/docs/sharing/webmasters/crawler)" 12 **0/12413**
216.73.216.106 - - [18/Mar/2026:05:46:28 -0700] "GET /author/admin/feed?fileloc=%2F%2Flib%2Flocale%2Fde_DE.utf8%2FLC_ADDRESS&path=%2F%2Flib%2Flocale%2Fde_DE.utf8 HTTP/2.0" 404 - "-" "Mozilla/5.0 AppleWebKit/537.36 (KHTML, like Gecko; compatible; ClaudeBot/1.0; +claudebot@anthropic.com)" 14 **0/14056**
57.141.20.31 - - [18/Mar/2026:05:46:29 -0700] "GET /shopdetail/412034993.html?fileloc=/home/fmbi332s7bv7/public_html/wp-config.php&path=/home/fmbi332s7bv7/public_html HTTP/2.0" 404 - "-" "meta-externalagent/1.1 (+https://developers.facebook.com/docs/sharing/webmasters/crawler)" 11 **0/11898**
216.73.216.106 - - [18/Mar/2026:05:46:31 -0700] "GET /shopdetail/3293017786.html?path=%2Fhome%2Ffmbi332s7bv7%2Fpublic_html%2Fwp-content%2Fplugins%2Frevslider HTTP/2.0" 404 - "-" "Mozilla/5.0 AppleWebKit/537.36 (KHTML, like Gecko; compatible; ClaudeBot/1.0; +claudebot@anthropic.com)" 13 **0/13289**
57.141.20.20 - - [18/Mar/2026:05:46:32 -0700] "GET /shopdetail/4035951638.html?fileloc=/home/fmbi332s7bv7/public_html/wp-comments-post.php&path=/home/fmbi332s7bv7/public_html HTTP/2.0" 404 - "-" "meta-externalagent/1.1 (+https://developers.facebook.com/docs/sharing/webmasters/crawler)" 12 **0/12153**
216.73.216.106 - - [18/Mar/2026:05:46:34 -0700] "GET /hello-world?fileloc=%2F%2Fusr%2Fshare%2Fman%2Fman3%2Fclear.3x.gz&path=%2F%2Fusr%2Fshare%2Fman%2Fman3 HTTP/2.0" 404 - "-" "Mozilla/5.0 AppleWebKit/537.36 (KHTML, like Gecko; compatible; ClaudeBot/1.0; +claudebot@anthropic.com)" 13 **0/13374**
57.141.20.37 - - [18/Mar/2026:05:46:35 -0700] "GET /shopdetail/1174309590.html?fileloc=/home/fmbi332s7bv7/public_html/wp-comments-post.php&path=/home/fmbi332s7bv7/public_html HTTP/2.0" 404 - "-" "meta-externalagent/1.1 (+https://developers.facebook.com/docs/sharing/webmasters/crawler)" 12 **0/12128**
216.73.216.106 - - [18/Mar/2026:05:46:37 -0700] "GET /hello-world?fileloc=%2F%2Fusr%2Fshare%2Fman%2Fman3%2FNet%3A%3Ahostent.3pm.gz&path=%2F%2Fusr%2Fshare%2Fman%2Fman3 HTTP/2.0" 404 - "-" "Mozilla/5.0 AppleWebKit/537.36 (KHTML, like Gecko; compatible; ClaudeBot/1.0; +claudebot@anthropic.com)" 13 **0/13010**
57.141.20.51 - - [18/Mar/2026:05:46:37 -0700] "GET /shopdetail/2068980196.html?fileloc=/home/fmbi332s7bv7/public_html/xmlrpc.php&path=/home/fmbi332s7bv7/public_html HTTP/2.0" 404 - "-" "meta-externalagent/1.1 (+https://developers.facebook.com/docs/sharing/webmasters/crawler)" 13 **0/13799**
216.73.216.106 - - [18/Mar/2026:05:46:40 -0700] "GET /hello-world?fileloc=%2F%2Fusr%2Fshare%2Fman%2Fman3%2FXkbAllocGeomColors.3.gz&path=%2F%2Fusr%2Fshare%2Fman%2Fman3 HTTP/2.0" 404 - "-" "Mozilla/5.0 AppleWebKit/537.36 (KHTML, like Gecko; compatible; ClaudeBot/1.0; +claudebot@anthropic.com)" 13 **0/13411**
57.141.20.19 - - [18/Mar/2026:05:46:40 -0700] "GET /shopdetail/3288764707.html?fileloc=/home/fmbi332s7bv7/public_html/txets.php&path=/home/fmbi332s7bv7/public_html HTTP/2.0" 404 - "-" "meta-externalagent/1.1 (+https://developers.facebook.com/docs/sharing/webmasters/crawler)" 15 **0/15841**
57.141.20.35 - - [18/Mar/2026:05:46:43 -0700] "GET /shopdetail/149989713.html?fileloc=/home/fmbi332s7bv7/public_html/wp-activate.php&path=/home/fmbi332s7bv7/public_html HTTP/2.0" 404 - "-" "meta-externalagent/1.1 (+https://developers.facebook.com/docs/sharing/webmasters/crawler)" 11 **0/11958**
216.73.216.106 - - [18/Mar/2026:05:46:43 -0700] "GET /shopdetail/1944057507.html?path=%2Fhome%2Ffmbi332s7bv7%2Fpublic_html%2Fwp-includes%2Fjs HTTP/2.0" 404 - "-" "Mozilla/5.0 AppleWebKit/537.36 (KHTML, like Gecko; compatible; ClaudeBot/1.0; +claudebot@anthropic.com)" 12 **0/12079**
57.141.20.0 - - [18/Mar/2026:05:46:45 -0700] "GET /shopdetail/1065930023.html?fileloc=/home/fmbi332s7bv7/public_html/wp-activate.php&path=/home/fmbi332s7bv7/public_html HTTP/2.0" 404 - "-" "meta-externalagent/1.1 (+https://developers.facebook.com/docs/sharing/webmasters/crawler)" 11 **0/11764**
216.73.216.106 - - [18/Mar/2026:05:46:46 -0700] "GET /shopdetail/4068644261.html?path=%2Fhome%2Ffmbi332s7bv7%2Fpublic_html%2Fwp-content%2Fmu-plugins HTTP/2.0" 404 - "-" "Mozilla/5.0 AppleWebKit/537.36 (KHTML, like Gecko; compatible; ClaudeBot/1.0; +claudebot@anthropic.com)" 11 **0/11227**
74.7.227.9 - - [18/Mar/2026:05:46:48 -0700] "GET /?path=//proc/self/root/proc/thread-self/root/proc/thread-self/root/proc/thread-self/root/proc/self/root/proc/thread-self/root/proc/self/root/proc/self/root/proc/thread-self/root/proc/self/root/lib/firmware/mellanox HTTP/2.0" 404 - "https://powerchemyapikimyasallari.com/?path=//proc/self/root/proc/thread-self/root/proc/thread-self/root/proc/thread-self/root/proc/self/root/proc/thread-self/root/proc/self/root/proc/self/root/proc/thread-self/root/proc/self/root/lib/firmware" "Mozilla/5.0 AppleWebKit/537.36 (KHTML, like Gecko; compatible; GPTBot/1.3; +https://openai.com/gptbot)" 11 **0/11521**
57.141.20.59 - - [18/Mar/2026:05:46:48 -0700] "GET /shopdetail/1696243113.html?fileloc=/home/fmbi332s7bv7/public_html/wp-mail.php&path=/home/fmbi332s7bv7/public_html HTTP/2.0" 404 - "-" "meta-externalagent/1.1 (+https://developers.facebook.com/docs/sharing/webmasters/crawler)" 13 **0/13873**
216.73.216.106 - - [18/Mar/2026:05:46:49 -0700] "GET /shopdetail/2319283520.html?fileloc=%2F%2Fbin%2Freset&path=%2F%2Fbin HTTP/2.0" 404 - "-" "Mozilla/5.0 AppleWebKit/537.36 (KHTML, like Gecko; compatible; ClaudeBot/1.0; +claudebot@anthropic.com)" 11 **0/11482**
57.141.20.33 - - [18/Mar/2026:05:46:51 -0700] "GET /shopdetail/69501715.html?fileloc=/home/fmbi332s7bv7/public_html/xmlrpc.php&path=/home/fmbi332s7bv7/public_html HTTP/2.0" 404 - "-" "meta-externalagent/1.1 (+https://developers.facebook.com/docs/sharing/webmasters/crawler)" 13 **0/13350**
216.73.216.106 - - [18/Mar/2026:05:46:52 -0700] "GET /shopdetail/3718390562.html?path=%2Fhome%2Ffmbi332s7bv7%2Fpublic_html%2Fwp-includes HTTP/2.0" 404 - "-" "Mozilla/5.0 AppleWebKit/537.36 (KHTML, like Gecko; compatible; ClaudeBot/1.0; +claudebot@anthropic.com)" 12 **0/12241**
57.141.20.37 - - [18/Mar/2026:05:46:54 -0700] "GET /shopdetail/3562945965.html?fileloc=/home/fmbi332s7bv7/public_html/wp-config.php&path=/home/fmbi332s7bv7/public_html HTTP/2.0" 404 - "-" "meta-externalagent/1.1 (+https://developers.facebook.com/docs/sharing/webmasters/crawler)" 11 **0/11393**
216.73.216.106 - - [18/Mar/2026:05:46:55 -0700] "GET /shopdetail/1041887231.html?path=%2Fhome%2Ffmbi332s7bv7%2Fpublic_html%2Fwp-content%2Flanguages HTTP/2.0" 404 - "-" "Mozilla/5.0 AppleWebKit/537.36 (KHTML, like Gecko; compatible; ClaudeBot/1.0; +claudebot@anthropic.com)" 12 **0/12387**
57.141.20.11 - - [18/Mar/2026:05:46:56 -0700] "GET /shopdetail/261936537.html?fileloc=/home/fmbi332s7bv7/public_html/wp-blog-header.php&path=/home/fmbi332s7bv7/public_html HTTP/2.0" 404 - "-" "meta-externalagent/1.1 (+https://developers.facebook.com/docs/sharing/webmasters/crawler)" 13 **0/13290**
216.73.216.106 - - [18/Mar/2026:05:46:58 -0700] "GET /?fileloc=%2Fhome%2Ffmbi332s7bv7%2Fwww%2Fwp-admin%2Fedit-form-advanced.php&path=%2Fhome%2Ffmbi332s7bv7%2Fwww%2Fwp-admin HTTP/2.0" 404 - "-" "Mozilla/5.0 AppleWebKit/537.36 (KHTML, like Gecko; compatible; ClaudeBot/1.0; +claudebot@anthropic.com)" 9 **0/9948**
57.141.20.7 - - [18/Mar/2026:05:46:59 -0700] "GET /shopdetail/3938677489.html?fileloc=/home/fmbi332s7bv7/public_html/robots.txt&path=/home/fmbi332s7bv7/public_html HTTP/2.0" 404 - "-" "meta-externalagent/1.1 (+https://developers.facebook.com/docs/sharing/webmasters/crawler)" 11 **0/11771**
216.73.216.106 - - [18/Mar/2026:05:47:01 -0700] "GET /hello-world?fileloc=%2F%2Fusr%2Fshare%2Fman%2Fman3%2Fselinux_set_mapping.3.gz&path=%2F%2Fusr%2Fshare%2Fman%2Fman3 HTTP/2.0" 404 - "-" "Mozilla/5.0 AppleWebKit/537.36 (KHTML, like Gecko; compatible; ClaudeBot/1.0; +claudebot@anthropic.com)" 14 **0/14021**
57.141.20.6 - - [18/Mar/2026:05:47:02 -0700] "GET /shopdetail/1257681576.html?fileloc=/home/fmbi332s7bv7/public_html/wp-settings.php&path=/home/fmbi332s7bv7/public_html HTTP/2.0" 404 - "-" "meta-externalagent/1.1 (+https://developers.facebook.com/docs/sharing/webmasters/crawler)" 18 **0/18723**
216.73.216.106 - - [18/Mar/2026:05:47:04 -0700] "GET /shopdetail/421591701.html?fileloc=%2Fhome%2Ffmbi332s7bv7%2Fpublic_html%2Fwp-includes%2Fcss%2Fadmin-bar-rtl.css&path=%2Fhome%2Ffmbi332s7bv7%2Fpublic_html%2Fwp-includes%2Fcss HTTP/2.0" 404 - "-" "Mozilla/5.0 AppleWebKit/537.36 (KHTML, like Gecko; compatible; ClaudeBot/1.0; +claudebot@anthropic.com)" 12 **0/12945**
57.141.20.22 - - [18/Mar/2026:05:47:05 -0700] "GET /shopdetail/2617913135.html?fileloc=/home/fmbi332s7bv7/public_html/orpcw.php&path=/home/fmbi332s7bv7/public_html HTTP/2.0" 404 - "-" "meta-externalagent/1.1 (+https://developers.facebook.com/docs/sharing/webmasters/crawler)" 11 **0/11507**
216.73.216.106 - - [18/Mar/2026:05:47:07 -0700] "GET /shopdetail/2230901591.html?path=%2Fhome%2Ffmbi332s7bv7%2Fpublic_html%2Fwp-admin%2Fmaint HTTP/2.0" 404 - "-" "Mozilla/5.0 AppleWebKit/537.36 (KHTML, like Gecko; compatible; ClaudeBot/1.0; +claudebot@anthropic.com)" 10 **0/10074**
57.141.20.41 - - [18/Mar/2026:05:47:07 -0700] "GET /shopdetail/305199663.html?fileloc=/home/fmbi332s7bv7/public_html/wp-config-sample.php&path=/home/fmbi332s7bv7/public_html HTTP/2.0" 404 - "-" "meta-externalagent/1.1 (+https://developers.facebook.com/docs/sharing/webmasters/crawler)" 14 **0/14544**
57.141.20.46 - - [18/Mar/2026:05:47:10 -0700] "GET /shopdetail/431120746.html?fileloc=/home/fmbi332s7bv7/public_html/xmlrpc.php&path=/home/fmbi332s7bv7/public_html HTTP/2.0" 404 - "-" "meta-externalagent/1.1 (+https://developers.facebook.com/docs/sharing/webmasters/crawler)" 12 **0/12082**
216.73.216.106 - - [18/Mar/2026:05:47:10 -0700] "GET /shopdetail/3087274770.html?path=%2Fhome%2Ffmbi332s7bv7%2Fpublic_html%2Fwp-includes%2FIXR HTTP/2.0" 404 - "-" "Mozilla/5.0 AppleWebKit/537.36 (KHTML, like Gecko; compatible; ClaudeBot/1.0; +claudebot@anthropic.com)" 10 **0/10862**
216.73.216.106 - - [18/Mar/2026:05:47:13 -0700] "GET /shopdetail/3032798889.html?path=%2Fhome%2Ffmbi332s7bv7%2Fpublic_html%2Fwp-admin%2Fjs HTTP/2.0" 404 - "-" "Mozilla/5.0 AppleWebKit/537.36 (KHTML, like Gecko; compatible; ClaudeBot/1.0; +claudebot@anthropic.com)" 10 **0/10927**
57.141.20.0 - - [18/Mar/2026:05:47:14 -0700] "GET /shopdetail/1986300729.html?fileloc=/home/fmbi332s7bv7/public_html/wp-activate.php&path=/home/fmbi332s7bv7/public_html HTTP/2.0" 404 - "-" "meta-externalagent/1.1 (+https://developers.facebook.com/docs/sharing/webmasters/crawler)" 11 **0/11918**
57.141.20.2 - - [18/Mar/2026:05:47:16 -0700] "GET /shopdetail/2791468266.html?fileloc=/home/fmbi332s7bv7/public_html/wp-activate.php&path=/home/fmbi332s7bv7/public_html HTTP/2.0" 404 - "-" "meta-externalagent/1.1 (+https://developers.facebook.com/docs/sharing/webmasters/crawler)" 11 **0/11055**
216.73.216.106 - - [18/Mar/2026:05:47:16 -0700] "GET /hello-world?fileloc=%2F%2Fusr%2Fshare%2Fman%2Fman3%2Fxcb_input_enter_event_t.3.gz&path=%2F%2Fusr%2Fshare%2Fman%2Fman3 HTTP/2.0" 404 - "-" "Mozilla/5.0 AppleWebKit/537.36 (KHTML, like Gecko; compatible; ClaudeBot/1.0; +claudebot@anthropic.com)" 9 **0/9945**
74.7.227.9 - - [18/Mar/2026:05:47:17 -0700] "GET /?path=//proc/self/root/proc/thread-self/root/proc/thread-self/root/proc/thread-self/root/proc/self/root/proc/thread-self/root/proc/thread-self/root/proc/self/root/proc/self/root/proc/self/root/usr/include/selinux HTTP/2.0" 404 - "https://powerchemyapikimyasallari.com/?path=//proc/self/root/proc/thread-self/root/proc/thread-self/root/proc/thread-self/root/proc/self/root/proc/thread-self/root/proc/thread-self/root/proc/self/root/proc/self/root/proc/self/root/usr/include" "Mozilla/5.0 AppleWebKit/537.36 (KHTML, like Gecko; compatible; GPTBot/1.3; +https://openai.com/gptbot)" 15 **0/15263**
57.141.20.17 - - [18/Mar/2026:05:47:18 -0700] "GET /shopdetail/1057456771.html?fileloc=/home/fmbi332s7bv7/public_html/xmlrpc.php&path=/home/fmbi332s7bv7/public_html HTTP/2.0" 404 - "-" "meta-externalagent/1.1 (+https://developers.facebook.com/docs/sharing/webmasters/crawler)" 11 **0/11392**
216.73.216.106 - - [18/Mar/2026:05:47:19 -0700] "GET /hello-world?fileloc=%2F%2Fhome%2Ffmbi332s7bv7%2Fwww%2Fwp-admin%2Fadmin-post.php&path=%2F%2Fhome%2Ffmbi332s7bv7%2Fwww%2Fwp-admin HTTP/2.0" 404 - "-" "Mozilla/5.0 AppleWebKit/537.36 (KHTML, like Gecko; compatible; ClaudeBot/1.0; +claudebot@anthropic.com)" 14 **0/14218**
57.141.20.35 - - [18/Mar/2026:05:47:21 -0700] "GET /shopdetail/78144577.html?fileloc=/home/fmbi332s7bv7/public_html/wp-mail.php&path=/home/fmbi332s7bv7/public_html HTTP/2.0" 404 - "-" "meta-externalagent/1.1 (+https://developers.facebook.com/docs/sharing/webmasters/crawler)" 12 **0/12467**
74.7.227.150 - - [18/Mar/2026:05:47:22 -0700] "GET /?path=//proc/self/root/proc/thread-self/root/proc/thread-self/root/proc/thread-self/root/proc/self/root/proc/self/root/proc/thread-self/root/usr/lib/.build-id/63 HTTP/2.0" 404 - "https://www.powerchemyapikimyasallari.com/?path=//proc/self/root/proc/thread-self/root/proc/thread-self/root/proc/thread-self/root/proc/self/root/proc/self/root/proc/thread-self/root/usr/lib/.build-id" "Mozilla/5.0 AppleWebKit/537.36 (KHTML, like Gecko; compatible; GPTBot/1.3; +https://openai.com/gptbot)" 17 **0/17917**
216.73.216.106 - - [18/Mar/2026:05:47:22 -0700] "GET /shopdetail/3212070801.html?fileloc=%2Fhome%2Ffmbi332s7bv7%2Fpublic_html%2Fwp-includes%2Fscript-modules.php&path=%2Fhome%2Ffmbi332s7bv7%2Fpublic_html%2Fwp-includes HTTP/2.0" 404 - "-" "Mozilla/5.0 AppleWebKit/537.36 (KHTML, like Gecko; compatible; ClaudeBot/1.0; +claudebot@anthropic.com)" 12 **0/12638**
57.141.20.3 - - [18/Mar/2026:05:47:24 -0700] "GET /shopdetail/428145636.html?fileloc=/home/fmbi332s7bv7/public_html/wp-comments-post.php&path=/home/fmbi332s7bv7/public_html HTTP/2.0" 404 - "-" "meta-externalagent/1.1 (+https://developers.facebook.com/docs/sharing/webmasters/crawler)" 11 **0/11978**
216.73.216.106 - - [18/Mar/2026:05:47:25 -0700] "GET /shopdetail/4028836500.html?fileloc=%2Fhome%2Ffmbi332s7bv7%2Fpublic_html%2Fwp-admin%2Fload-scripts.php&path=%2Fhome%2Ffmbi332s7bv7%2Fpublic_html%2Fwp-admin HTTP/2.0" 404 - "-" "Mozilla/5.0 AppleWebKit/537.36 (KHTML, like Gecko; compatible; ClaudeBot/1.0; +claudebot@anthropic.com)" 10 **0/10195**
57.141.20.28 - - [18/Mar/2026:05:47:27 -0700] "GET /shopdetail/787025417.html?fileloc=/home/fmbi332s7bv7/public_html/wp-config-sample.php&path=/home/fmbi332s7bv7/public_html HTTP/2.0" 404 - "-" "meta-externalagent/1.1 (+https://developers.facebook.com/docs/sharing/webmasters/crawler)" 11 **0/11380**
216.73.216.106 - - [18/Mar/2026:05:47:28 -0700] "GET /shopdetail/145219472.html?path=%2Fhome%2Ffmbi332s7bv7%2Fpublic_html%2Fwp-includes%2FID3 HTTP/2.0" 404 - "-" "Mozilla/5.0 AppleWebKit/537.36 (KHTML, like Gecko; compatible; ClaudeBot/1.0; +claudebot@anthropic.com)" 10 **0/10857**
57.141.20.56 - - [18/Mar/2026:05:47:29 -0700] "GET /shopdetail/311067264.html?fileloc=/home/fmbi332s7bv7/public_html/wp-cron.php&path=/home/fmbi332s7bv7/public_html HTTP/2.0" 404 - "-" "meta-externalagent/1.1 (+https://developers.facebook.com/docs/sharing/webmasters/crawler)" 11 **0/11933**
66.249.64.102 - - [18/Mar/2026:05:47:30 -0700] "GET /?o=6792111731501 HTTP/1.1" 404 - "-" "Mozilla/5.0 (Linux; Android 6.0.1; Nexus 5X Build/MMB29P) AppleWebKit/537.36 (KHTML, like Gecko) Chrome/145.0.7632.159 Mobile Safari/537.36 (compatible; Googlebot/2.1; +http://www.google.com/bot.html)" 10 **0/10347**
216.73.216.106 - - [18/Mar/2026:05:47:31 -0700] "GET /hello-world?fileloc=%2F%2Fusr%2Fshare%2Fman%2Fman1%2Fgit-show-index.1.gz&path=%2F%2Fusr%2Fshare%2Fman%2Fman1 HTTP/2.0" 404 - "-" "Mozilla/5.0 AppleWebKit/537.36 (KHTML, like Gecko; compatible; ClaudeBot/1.0; +claudebot@anthropic.com)" 12 **0/12705**
57.141.20.53 - - [18/Mar/2026:05:47:32 -0700] "GET /shopdetail/1237532097.html?fileloc=/home/fmbi332s7bv7/.gemrc&path=/home/fmbi332s7bv7 HTTP/2.0" 404 - "-" "meta-externalagent/1.1 (+https://developers.facebook.com/docs/sharing/webmasters/crawler)" 12 **0/12877**
216.73.216.106 - - [18/Mar/2026:05:47:34 -0700] "GET /shopdetail/2319283520.html?fileloc=%2F%2Fbin%2FGET&path=%2F%2Fbin HTTP/2.0" 404 - "-" "Mozilla/5.0 AppleWebKit/537.36 (KHTML, like Gecko; compatible; ClaudeBot/1.0; +claudebot@anthropic.com)" 13 **0/13273**
57.141.20.10 - - [18/Mar/2026:05:47:35 -0700] "GET /shopdetail/279672938.html?fileloc=/home/fmbi332s7bv7/public_html/txets.php&path=/home/fmbi332s7bv7/public_html HTTP/2.0" 404 - "-" "meta-externalagent/1.1 (+https://developers.facebook.com/docs/sharing/webmasters/crawler)" 12 **0/12896**
216.73.216.106 - - [18/Mar/2026:05:47:37 -0700] "GET /hello-world?fileloc=%2F%2Fusr%2Fshare%2Fman%2Fman3%2FEVP_des_ede3_wrap.3ssl.gz&path=%2F%2Fusr%2Fshare%2Fman%2Fman3 HTTP/2.0" 404 - "-" "Mozilla/5.0 AppleWebKit/537.36 (KHTML, like Gecko; compatible; ClaudeBot/1.0; +claudebot@anthropic.com)" 12 **0/12332**
57.141.20.37 - - [18/Mar/2026:05:47:38 -0700] "GET /shopdetail/2587836001.html?fileloc=/home/fmbi332s7bv7/public_html/wp-activate.php&path=/home/fmbi332s7bv7/public_html HTTP/2.0" 404 - "-" "meta-externalagent/1.1 (+https://developers.facebook.com/docs/sharing/webmasters/crawler)" 10 **0/10016**
216.73.216.106 - - [18/Mar/2026:05:47:40 -0700] "GET /shopdetail/1411925879.html?path=%2Fhome%2Ffmbi332s7bv7%2Fpublic_html%2Fwp-includes%2FIXR HTTP/2.0" 404 - "-" "Mozilla/5.0 AppleWebKit/537.36 (KHTML, like Gecko; compatible; ClaudeBot/1.0; +claudebot@anthropic.com)" 12 **0/12572**
57.141.20.20 - - [18/Mar/2026:05:47:41 -0700] "GET /shopdetail/182915573.html?fileloc=/home/fmbi332s7bv7/public_html/wp-mail.php&path=/home/fmbi332s7bv7/public_html HTTP/2.0" 404 - "-" "meta-externalagent/1.1 (+https://developers.facebook.com/docs/sharing/webmasters/crawler)" 21 **0/21113**
216.73.216.106 - - [18/Mar/2026:05:47:43 -0700] "GET /shopdetail/42385372.html?path=%2Fhome%2Ffmbi332s7bv7%2Fpublic_html%2Fwp-content HTTP/2.0" 404 - "-" "Mozilla/5.0 AppleWebKit/537.36 (KHTML, like Gecko; compatible; ClaudeBot/1.0; +claudebot@anthropic.com)" 11 **0/11122**
57.141.20.34 - - [18/Mar/2026:05:47:43 -0700] "GET /shopdetail/2065516871.html?fileloc=/home/fmbi332s7bv7/public_html/wp-activate.php&path=/home/fmbi332s7bv7/public_html HTTP/2.0" 404 - "-" "meta-externalagent/1.1 (+https://developers.facebook.com/docs/sharing/webmasters/crawler)" 13 **0/13054**
57.141.20.36 - - [18/Mar/2026:05:47:46 -0700] "GET /shopdetail/3303579121.html?fileloc=/home/fmbi332s7bv7/public_html/wp-load.php&path=/home/fmbi332s7bv7/public_html HTTP/2.0" 404 - "-" "meta-externalagent/1.1 (+https://developers.facebook.com/docs/sharing/webmasters/crawler)" 18 **0/18943**
216.73.216.106 - - [18/Mar/2026:05:47:46 -0700] "GET /shopdetail/2014081361.html?path=%2Fhome%2Ffmbi332s7bv7%2Fpublic_html%2Fwp-includes HTTP/2.0" 404 - "-" "Mozilla/5.0 AppleWebKit/537.36 (KHTML, like Gecko; compatible; ClaudeBot/1.0; +claudebot@anthropic.com)" 11 **0/11785**
74.7.227.9 - - [18/Mar/2026:05:47:47 -0700] "GET /?path=//proc/self/root/proc/thread-self/root/proc/thread-self/root/proc/thread-self/root/proc/self/root/proc/thread-self/root/proc/thread-self/root/proc/self/root/etc/environment-modules HTTP/2.0" 404 - "https://powerchemyapikimyasallari.com/?path=//proc/self/root/proc/thread-self/root/proc/thread-self/root/proc/thread-self/root/proc/self/root/proc/thread-self/root/proc/thread-self/root/proc/self/root/etc" "Mozilla/5.0 AppleWebKit/537.36 (KHTML, like Gecko; compatible; GPTBot/1.3; +https://openai.com/gptbot)" 22 **0/22959**
57.141.20.27 - - [18/Mar/2026:05:47:49 -0700] "GET /shopdetail/2718297395.html?fileloc=/home/fmbi332s7bv7/public_html/wp-activate.php&path=/home/fmbi332s7bv7/public_html HTTP/2.0" 404 - "-" "meta-externalagent/1.1 (+https://developers.facebook.com/docs/sharing/webmasters/crawler)" 12 **0/12504**
216.73.216.106 - - [18/Mar/2026:05:47:49 -0700] "GET /shopdetail/2319283520.html?fileloc=%2F%2Fbin%2Fdate&path=%2F%2Fbin HTTP/2.0" 404 - "-" "Mozilla/5.0 AppleWebKit/537.36 (KHTML, like Gecko; compatible; ClaudeBot/1.0; +claudebot@anthropic.com)" 11 **0/11556**
57.141.20.22 - - [18/Mar/2026:05:47:51 -0700] "GET /shopdetail/3727764319.html?fileloc=/home/fmbi332s7bv7/public_html/wp-blog-header.php&path=/home/fmbi332s7bv7/public_html HTTP/2.0" 404 - "-" "meta-externalagent/1.1 (+https://developers.facebook.com/docs/sharing/webmasters/crawler)" 11 **0/11115**
216.73.216.106 - - [18/Mar/2026:05:47:52 -0700] "GET /urun-kategori/harclar/isi-yalitim-levha/feed?path=%2F%2Fusr%2Flib64%2Fpython3.6%2Fsite-packages%2Fcryptography%2Fhazmat%2Fbackends%2Fopenssl HTTP/2.0" 404 - "-" "Mozilla/5.0 AppleWebKit/537.36 (KHTML, like Gecko; compatible; ClaudeBot/1.0; +claudebot@anthropic.com)" 12 **0/12734**
57.141.20.25 - - [18/Mar/2026:05:47:54 -0700] "GET /shopdetail/1727622827.html?fileloc=/home/fmbi332s7bv7/public_html/wp-comments-post.php&path=/home/fmbi332s7bv7/public_html HTTP/2.0" 404 - "-" "meta-externalagent/1.1 (+https://developers.facebook.com/docs/sharing/webmasters/crawler)" 12 **0/12921**
216.73.216.106 - - [18/Mar/2026:05:47:55 -0700] "GET /shopdetail/2843679037.html?path=%2Fhome%2Ffmbi332s7bv7%2Fpublic_html%2Fwp-includes HTTP/2.0" 404 - "-" "Mozilla/5.0 AppleWebKit/537.36 (KHTML, like Gecko; compatible; ClaudeBot/1.0; +claudebot@anthropic.com)" 26 **0/26193**
57.141.20.46 - - [18/Mar/2026:05:47:57 -0700] "GET /shopdetail/2886805984.html?fileloc=/home/fmbi332s7bv7/public_html/robots.txt&path=/home/fmbi332s7bv7/public_html HTTP/2.0" 404 - "-" "meta-externalagent/1.1 (+https://developers.facebook.com/docs/sharing/webmasters/crawler)" 21 **0/21201**
216.73.216.106 - - [18/Mar/2026:05:47:58 -0700] "GET /shopdetail/1210971964.html?fileloc=%2Fhome%2Ffmbi332s7bv7%2Fpublic_html%2Fwp-admin%2Fcss%2Fadmin-menu-rtl.css&path=%2Fhome%2Ffmbi332s7bv7%2Fpublic_html%2Fwp-admin%2Fcss HTTP/2.0" 404 - "-" "Mozilla/5.0 AppleWebKit/537.36 (KHTML, like Gecko; compatible; ClaudeBot/1.0; +claudebot@anthropic.com)" 13 **0/13364**
57.141.20.11 - - [18/Mar/2026:05:47:59 -0700] "GET /shopdetail/4057846958.html?fileloc=/home/fmbi332s7bv7/public_html/xmlrpc.php&path=/home/fmbi332s7bv7/public_html HTTP/2.0" 404 - "-" "meta-externalagent/1.1 (+https://developers.facebook.com/docs/sharing/webmasters/crawler)" 12 **0/12718**
64.226.116.248 - - [18/Mar/2026:05:48:00 -0700] "GET / HTTP/1.1" 404 - "-" "Mozilla/5.0 (X11; Linux x86_64) AppleWebKit/537.36 (KHTML, like Gecko) Chrome/142.0.0.0 Safari/537.36" 11 **0/11647**
64.226.116.248 - - [18/Mar/2026:05:48:01 -0700] "GET /favicon.ico HTTP/1.1" 404 - "https://powerchemyapikimyasallari.com/" "Mozilla/5.0 (X11; Linux x86_64) AppleWebKit/537.36 (KHTML, like Gecko) Chrome/142.0.0.0 Safari/537.36" 13 **0/13052**
216.73.216.106 - - [18/Mar/2026:05:48:01 -0700] "GET /hello-world?fileloc=%2F%2Fusr%2Fshare%2Fman%2Fman3%2FNAMING_AUTHORITY_get0_authorityId.3ssl.gz&path=%2F%2Fusr%2Fshare%2Fman%2Fman3 HTTP/2.0" 404 - "-" "Mozilla/5.0 AppleWebKit/537.36 (KHTML, like Gecko; compatible; ClaudeBot/1.0; +claudebot@anthropic.com)" 15 **0/15996**
57.141.20.44 - - [18/Mar/2026:05:48:02 -0700] "GET /shopdetail/2916659488.html?fileloc=/home/fmbi332s7bv7/public_html/wp-activate.php&path=/home/fmbi332s7bv7/public_html HTTP/2.0" 404 - "-" "meta-externalagent/1.1 (+https://developers.facebook.com/docs/sharing/webmasters/crawler)" 14 **0/14017**
216.73.216.106 - - [18/Mar/2026:05:48:04 -0700] "GET /hello-world?fileloc=%2F%2Fusr%2Fshare%2Fman%2Fman3%2Fxcb_render_query_pict_formats_formats_iterator.3.gz&path=%2F%2Fusr%2Fshare%2Fman%2Fman3 HTTP/2.0" 404 - "-" "Mozilla/5.0 AppleWebKit/537.36 (KHTML, like Gecko; compatible; ClaudeBot/1.0; +claudebot@anthropic.com)" 13 **0/13917**
57.141.20.22 - - [18/Mar/2026:05:48:05 -0700] "GET /shopdetail/1243975933.html?fileloc=/home/fmbi332s7bv7/public_html/wp-mail.php&path=/home/fmbi332s7bv7/public_html HTTP/2.0" 404 - "-" "meta-externalagent/1.1 (+https://developers.facebook.com/docs/sharing/webmasters/crawler)" 13 **0/13013**
216.73.216.106 - - [18/Mar/2026:05:48:07 -0700] "GET /shopdetail/2792662435.html?path=%2Fhome%2Ffmbi332s7bv7%2Fpublic_html%2Fwp-admin HTTP/2.0" 404 - "-" "Mozilla/5.0 AppleWebKit/537.36 (KHTML, like Gecko; compatible; ClaudeBot/1.0; +claudebot@anthropic.com)" 12 **0/12433**
57.141.20.15 - - [18/Mar/2026:05:48:08 -0700] "GET /shopdetail/3022926438.html?fileloc=/home/fmbi332s7bv7/public_html/wp-activate.php&path=/home/fmbi332s7bv7/public_html HTTP/2.0" 404 - "-" "meta-externalagent/1.1 (+https://developers.facebook.com/docs/sharing/webmasters/crawler)" 13 **0/13232**
216.73.216.106 - - [18/Mar/2026:05:48:10 -0700] "GET /shopdetail/567864843.html?path=%2Fhome%2Ffmbi332s7bv7%2Ftmp%2Fanalog HTTP/2.0" 404 - "-" "Mozilla/5.0 AppleWebKit/537.36 (KHTML, like Gecko; compatible; ClaudeBot/1.0; +claudebot@anthropic.com)" 15 **0/15674**
57.141.20.1 - - [18/Mar/2026:05:48:10 -0700] "GET /shopdetail/4092354754.html?fileloc=/home/fmbi332s7bv7/public_html/txets.php&path=/home/fmbi332s7bv7/public_html HTTP/2.0" 404 - "-" "meta-externalagent/1.1 (+https://developers.facebook.com/docs/sharing/webmasters/crawler)" 12 **0/12770**
57.141.20.50 - - [18/Mar/2026:05:48:13 -0700] "GET /shopdetail/4232000286.html?fileloc=/home/fmbi332s7bv7/public_html/txets.php&path=/home/fmbi332s7bv7/public_html HTTP/2.0" 404 - "-" "meta-externalagent/1.1 (+https://developers.facebook.com/docs/sharing/webmasters/crawler)" 14 **0/14071**
216.73.216.106 - - [18/Mar/2026:05:48:13 -0700] "GET /shopdetail/2977082661.html?fileloc=%2F%2Fbin%2Fxmlcatalog&path=%2F%2Fbin HTTP/2.0" 404 - "-" "Mozilla/5.0 AppleWebKit/537.36 (KHTML, like Gecko; compatible; ClaudeBot/1.0; +claudebot@anthropic.com)" 13 **0/13974**
74.7.227.9 - - [18/Mar/2026:05:48:14 -0700] "GET /?path=//proc/self/root/proc/thread-self/root/proc/thread-self/root/proc/thread-self/root/proc/self/root/proc/thread-self/root/proc/self/root/proc/self/root/proc/thread-self/root/proc/self/root/etc/security/namespace.d HTTP/2.0" 404 - "https://powerchemyapikimyasallari.com/?path=//proc/self/root/proc/thread-self/root/proc/thread-self/root/proc/thread-self/root/proc/self/root/proc/thread-self/root/proc/self/root/proc/self/root/proc/thread-self/root/proc/self/root/etc/security" "Mozilla/5.0 AppleWebKit/537.36 (KHTML, like Gecko; compatible; GPTBot/1.3; +https://openai.com/gptbot)" 12 **0/12453**
57.141.20.48 - - [18/Mar/2026:05:48:16 -0700] "GET /shopdetail/1428425193.html?fileloc=/home/fmbi332s7bv7/public_html/txets.php&path=/home/fmbi332s7bv7/public_html HTTP/2.0" 404 - "-" "meta-externalagent/1.1 (+https://developers.facebook.com/docs/sharing/webmasters/crawler)" 14 **0/14822**
216.73.216.106 - - [18/Mar/2026:05:48:16 -0700] "GET /shopdetail/421591701.html?fileloc=%2Fhome%2Ffmbi332s7bv7%2Fpublic_html%2Fwp-includes%2Fcss%2Feditor-rtl.css&path=%2Fhome%2Ffmbi332s7bv7%2Fpublic_html%2Fwp-includes%2Fcss HTTP/2.0" 404 - "-" "Mozilla/5.0 AppleWebKit/537.36 (KHTML, like Gecko; compatible; ClaudeBot/1.0; +claudebot@anthropic.com)" 18 **0/18446**
57.141.20.0 - - [18/Mar/2026:05:48:19 -0700] "GET /shopdetail/1441848089.html?fileloc=//bin/taskset&path=//bin HTTP/2.0" 404 - "-" "meta-externalagent/1.1 (+https://developers.facebook.com/docs/sharing/webmasters/crawler)" 11 **0/11456**
216.73.216.106 - - [18/Mar/2026:05:48:19 -0700] "GET /?fileloc=%2Fhome%2Ffmbi332s7bv7%2Fwww%2Fwp-admin%2Fcss%2Fsite-icon.css&path=%2Fhome%2Ffmbi332s7bv7%2Fwww%2Fwp-admin%2Fcss HTTP/2.0" 404 - "-" "Mozilla/5.0 AppleWebKit/537.36 (KHTML, like Gecko; compatible; ClaudeBot/1.0; +claudebot@anthropic.com)" 22 **0/22446**
57.141.20.0 - - [18/Mar/2026:05:48:21 -0700] "GET /shopdetail/2131467674.html?fileloc=/home/fmbi332s7bv7/public_html/error_log&path=/home/fmbi332s7bv7/public_html HTTP/2.0" 404 - "-" "meta-externalagent/1.1 (+https://developers.facebook.com/docs/sharing/webmasters/crawler)" 12 **0/12823**
216.73.216.106 - - [18/Mar/2026:05:48:22 -0700] "GET /shopdetail/1676304545.html?fileloc=%2Fhome%2Ffmbi332s7bv7%2Fpublic_html%2Fwp-admin%2Fcss%2Fcustomize-controls-rtl.min.css&path=%2Fhome%2Ffmbi332s7bv7%2Fpublic_html%2Fwp-admin%2Fcss HTTP/2.0" 404 - "-" "Mozilla/5.0 AppleWebKit/537.36 (KHTML, like Gecko; compatible; ClaudeBot/1.0; +claudebot@anthropic.com)" 13 **0/13457**
57.141.20.9 - - [18/Mar/2026:05:48:24 -0700] "GET /shopdetail/3193269423.html?fileloc=/home/fmbi332s7bv7/public_html/wp-config-sample.php&path=/home/fmbi332s7bv7/public_html HTTP/2.0" 404 - "-" "meta-externalagent/1.1 (+https://developers.facebook.com/docs/sharing/webmasters/crawler)" 13 **0/13859**
216.73.216.106 - - [18/Mar/2026:05:48:25 -0700] "GET /hello-world?fileloc=%2F%2Fusr%2Fshare%2Fman%2Fman3%2FASYNC_WAIT_CTX_set_wait_fd.3ssl.gz&path=%2F%2Fusr%2Fshare%2Fman%2Fman3 HTTP/2.0" 404 - "-" "Mozilla/5.0 AppleWebKit/537.36 (KHTML, like Gecko; compatible; ClaudeBot/1.0; +claudebot@anthropic.com)" 12 **0/12993**
74.7.227.150 - - [18/Mar/2026:05:48:26 -0700] "GET /?path=//proc/self/root/proc/thread-self/root/proc/thread-self/root/proc/thread-self/root/proc/self/root/proc/self/root/proc/thread-self/root/usr/lib/.build-id/11 HTTP/2.0" 404 - "https://www.powerchemyapikimyasallari.com/?path=//proc/self/root/proc/thread-self/root/proc/thread-self/root/proc/thread-self/root/proc/self/root/proc/self/root/proc/thread-self/root/usr/lib/.build-id" "Mozilla/5.0 AppleWebKit/537.36 (KHTML, like Gecko; compatible; GPTBot/1.3; +https://openai.com/gptbot)" 13 **0/13875**
57.141.20.38 - - [18/Mar/2026:05:48:27 -0700] "GET /shopdetail/2407294038.html?fileloc=/home/fmbi332s7bv7/public_html/wp-trackback.php&path=/home/fmbi332s7bv7/public_html HTTP/2.0" 404 - "-" "meta-externalagent/1.1 (+https://developers.facebook.com/docs/sharing/webmasters/crawler)" 12 **0/12758**
216.73.216.106 - - [18/Mar/2026:05:48:28 -0700] "GET /shopdetail/3302427651.html?path=%2Fhome%2Ffmbi332s7bv7%2Fpublic_html%2Fwp-admin HTTP/2.0" 404 - "-" "Mozilla/5.0 AppleWebKit/537.36 (KHTML, like Gecko; compatible; ClaudeBot/1.0; +claudebot@anthropic.com)" 14 **0/14467**
57.141.20.48 - - [18/Mar/2026:05:48:30 -0700] "GET /shopdetail/3129722820.html?fileloc=/home/fmbi332s7bv7/public_html/xmlrpc.php&path=/home/fmbi332s7bv7/public_html HTTP/2.0" 404 - "-" "meta-externalagent/1.1 (+https://developers.facebook.com/docs/sharing/webmasters/crawler)" 14 **0/14533**
216.73.216.106 - - [18/Mar/2026:05:48:31 -0700] "GET /hello-world?fileloc=%2F%2Fusr%2Fshare%2Fman%2Fman3%2Favc_has_perm.3.gz&path=%2F%2Fusr%2Fshare%2Fman%2Fman3 HTTP/2.0" 404 - "-" "Mozilla/5.0 AppleWebKit/537.36 (KHTML, like Gecko; compatible; ClaudeBot/1.0; +claudebot@anthropic.com)" 14 **0/14851**
57.141.20.7 - - [18/Mar/2026:05:48:32 -0700] "GET /shopdetail/805893728.html?fileloc=//bin/gem&path=//bin HTTP/2.0" 404 - "-" "meta-externalagent/1.1 (+https://developers.facebook.com/docs/sharing/webmasters/crawler)" 11 **0/11532**
216.73.216.106 - - [18/Mar/2026:05:48:34 -0700] "GET /shopdetail/3161641060.html?fileloc=%2F%2Fbin%2Frealpath&path=%2F%2Fbin HTTP/2.0" 404 - "-" "Mozilla/5.0 AppleWebKit/537.36 (KHTML, like Gecko; compatible; ClaudeBot/1.0; +claudebot@anthropic.com)" 13 **0/13802**
57.141.20.6 - - [18/Mar/2026:05:48:35 -0700] "GET /shopdetail/2377838418.html?fileloc=/home/fmbi332s7bv7/public_html/robots.txt&path=/home/fmbi332s7bv7/public_html HTTP/2.0" 404 - "-" "meta-externalagent/1.1 (+https://developers.facebook.com/docs/sharing/webmasters/crawler)" 10 **0/10759**
216.73.216.106 - - [18/Mar/2026:05:48:37 -0700] "GET /author/admin/feed?fileloc=%2F%2Flib%2Fgcc%2Fx86_64-redhat-linux%2F8%2Frpmver&path=%2F%2Flib%2Fgcc%2Fx86_64-redhat-linux%2F8 HTTP/2.0" 404 - "-" "Mozilla/5.0 AppleWebKit/537.36 (KHTML, like Gecko; compatible; ClaudeBot/1.0; +claudebot@anthropic.com)" 10 **0/10296**
57.141.20.50 - - [18/Mar/2026:05:48:38 -0700] "GET /shopdetail/2984473663.html?fileloc=/home/fmbi332s7bv7/public_html/txets.php&path=/home/fmbi332s7bv7/public_html HTTP/2.0" 404 - "-" "meta-externalagent/1.1 (+https://developers.facebook.com/docs/sharing/webmasters/crawler)" 12 **0/12835**
216.73.216.106 - - [18/Mar/2026:05:48:40 -0700] "GET /?fileloc=%2Fhome%2Ffmbi332s7bv7%2Fwww%2Fwp-admin%2Fcss%2Fl10n-rtl.css&path=%2Fhome%2Ffmbi332s7bv7%2Fwww%2Fwp-admin%2Fcss HTTP/2.0" 404 - "-" "Mozilla/5.0 AppleWebKit/537.36 (KHTML, like Gecko; compatible; ClaudeBot/1.0; +claudebot@anthropic.com)" 15 **0/15285**
57.141.20.48 - - [18/Mar/2026:05:48:41 -0700] "GET /shopdetail/2686574669.html?fileloc=/home/fmbi332s7bv7/public_html/txets.php&path=/home/fmbi332s7bv7/public_html HTTP/2.0" 404 - "-" "meta-externalagent/1.1 (+https://developers.facebook.com/docs/sharing/webmasters/crawler)" 13 **0/13488**
74.7.227.9 - - [18/Mar/2026:05:48:42 -0700] "GET /?path=//proc/self/root/proc/thread-self/root/proc/thread-self/root/proc/thread-self/root/proc/self/root/proc/thread-self/root/proc/self/root/proc/self/root/proc/thread-self/root/proc/thread-self/root/lib/environment.d HTTP/2.0" 404 - "https://powerchemyapikimyasallari.com/?path=//proc/self/root/proc/thread-self/root/proc/thread-self/root/proc/thread-self/root/proc/self/root/proc/thread-self/root/proc/self/root/proc/self/root/proc/thread-self/root/proc/thread-self/root/lib" "Mozilla/5.0 AppleWebKit/537.36 (KHTML, like Gecko; compatible; GPTBot/1.3; +https://openai.com/gptbot)" 12 **0/12709**
216.73.216.106 - - [18/Mar/2026:05:48:43 -0700] "GET /?fileloc=%2Fhome%2Ffmbi332s7bv7%2Fwww%2Fwp-includes%2Ffeed-atom-comments.php&path=%2Fhome%2Ffmbi332s7bv7%2Fwww%2Fwp-includes HTTP/2.0" 404 - "-" "Mozilla/5.0 AppleWebKit/537.36 (KHTML, like Gecko; compatible; ClaudeBot/1.0; +claudebot@anthropic.com)" 14 **0/14014**
57.141.20.6 - - [18/Mar/2026:05:48:43 -0700] "GET /shopdetail/2443057595.html?fileloc=/home/fmbi332s7bv7/public_html/wp-activate.php&path=/home/fmbi332s7bv7/public_html HTTP/2.0" 404 - "-" "meta-externalagent/1.1 (+https://developers.facebook.com/docs/sharing/webmasters/crawler)" 11 **0/11615**
57.141.20.57 - - [18/Mar/2026:05:48:46 -0700] "GET /shopdetail/4005052311.html?fileloc=/home/fmbi332s7bv7/public_html/wp-comments-post.php&path=/home/fmbi332s7bv7/public_html HTTP/2.0" 404 - "-" "meta-externalagent/1.1 (+https://developers.facebook.com/docs/sharing/webmasters/crawler)" 12 **0/12366**
216.73.216.106 - - [18/Mar/2026:05:48:46 -0700] "GET /hello-world?fileloc=%2F%2Fusr%2Fshare%2Fman%2Fman3%2FPOLICY_MAPPING_new.3ssl.gz&path=%2F%2Fusr%2Fshare%2Fman%2Fman3 HTTP/2.0" 404 - "-" "Mozilla/5.0 AppleWebKit/537.36 (KHTML, like Gecko; compatible; ClaudeBot/1.0; +claudebot@anthropic.com)" 13 **0/13765**
57.141.20.27 - - [18/Mar/2026:05:48:49 -0700] "GET /shopdetail/236731622.html?fileloc=/home/fmbi332s7bv7/public_html/txets.php&path=/home/fmbi332s7bv7/public_html HTTP/2.0" 404 - "-" "meta-externalagent/1.1 (+https://developers.facebook.com/docs/sharing/webmasters/crawler)" 16 **0/16462**
216.73.216.106 - - [18/Mar/2026:05:48:49 -0700] "GET /shopdetail/2258619001.html?path=%2Fhome%2Ffmbi332s7bv7%2Fpublic_html%2Fcgi-bin HTTP/2.0" 404 - "-" "Mozilla/5.0 AppleWebKit/537.36 (KHTML, like Gecko; compatible; ClaudeBot/1.0; +claudebot@anthropic.com)" 13 **0/13282**
57.141.20.1 - - [18/Mar/2026:05:48:52 -0700] "GET /public/exploring-the-thrill-of-online-casinos-what-you-need-to-know/?fileloc=/home/fmbi332s7bv7/public_html/wp-mail.php&path=/home/fmbi332s7bv7/public_html HTTP/2.0" 404 - "-" "meta-externalagent/1.1 (+https://developers.facebook.com/docs/sharing/webmasters/crawler)" 20 **0/20433**
216.73.216.106 - - [18/Mar/2026:05:48:52 -0700] "GET /shopdetail/2345309811.html?path=%2Fhome%2Ffmbi332s7bv7 HTTP/2.0" 404 - "-" "Mozilla/5.0 AppleWebKit/537.36 (KHTML, like Gecko; compatible; ClaudeBot/1.0; +claudebot@anthropic.com)" 13 **0/13736**
57.141.20.18 - - [18/Mar/2026:05:48:55 -0700] "GET /shopdetail/3782937015.html?fileloc=/home/fmbi332s7bv7/public_html/wp-mail.php&path=/home/fmbi332s7bv7/public_html HTTP/2.0" 404 - "-" "meta-externalagent/1.1 (+https://developers.facebook.com/docs/sharing/webmasters/crawler)" 15 **0/15727**
216.73.216.106 - - [18/Mar/2026:05:48:55 -0700] "GET /shopdetail/1456288678.html?path=%2Fhome%2Ffmbi332s7bv7%2Fpublic_html%2Fwp-admin HTTP/2.0" 404 - "-" "Mozilla/5.0 AppleWebKit/537.36 (KHTML, like Gecko; compatible; ClaudeBot/1.0; +claudebot@anthropic.com)" 10 **0/10087**
57.141.20.16 - - [18/Mar/2026:05:48:57 -0700] "GET /shopdetail/1468936450.html?fileloc=/home/fmbi332s7bv7/public_html/wp-mail.php&path=/home/fmbi332s7bv7/public_html HTTP/2.0" 404 - "-" "meta-externalagent/1.1 (+https://developers.facebook.com/docs/sharing/webmasters/crawler)" 9 **0/9519**
216.73.216.106 - - [18/Mar/2026:05:48:58 -0700] "GET /shopdetail/3633464989.html?path=%2Fhome%2Ffmbi332s7bv7%2Fpublic_html%2Fwp-content%2Fuploads HTTP/2.0" 404 - "-" "Mozilla/5.0 AppleWebKit/537.36 (KHTML, like Gecko; compatible; ClaudeBot/1.0; +claudebot@anthropic.com)" 11 **0/11755**
57.141.20.27 - - [18/Mar/2026:05:49:00 -0700] "GET /shopdetail/1482815206.html?fileloc=/home/fmbi332s7bv7/public_html/wp-activate.php&path=/home/fmbi332s7bv7/public_html HTTP/2.0" 404 - "-" "meta-externalagent/1.1 (+https://developers.facebook.com/docs/sharing/webmasters/crawler)" 14 **0/14136**
216.73.216.106 - - [18/Mar/2026:05:49:01 -0700] "GET /?fileloc=%2Fhome%2Ffmbi332s7bv7%2Fwww%2Fwp-admin%2Fcss%2Fnav-menus.min.css&path=%2Fhome%2Ffmbi332s7bv7%2Fwww%2Fwp-admin%2Fcss HTTP/2.0" 404 - "-" "Mozilla/5.0 AppleWebKit/537.36 (KHTML, like Gecko; compatible; ClaudeBot/1.0; +claudebot@anthropic.com)" 47 **0/47335**
57.141.20.56 - - [18/Mar/2026:05:49:03 -0700] "GET /shopdetail/2137646941.html?fileloc=/home/fmbi332s7bv7/public_html/wp-comments-post.php&path=/home/fmbi332s7bv7/public_html HTTP/2.0" 404 - "-" "meta-externalagent/1.1 (+https://developers.facebook.com/docs/sharing/webmasters/crawler)" 13 **0/13446**
216.73.216.106 - - [18/Mar/2026:05:49:04 -0700] "GET /shopdetail/293334616.html?path=%2Fhome%2Ffmbi332s7bv7%2Fpublic_html%2Fwp-content HTTP/2.0" 404 - "-" "Mozilla/5.0 AppleWebKit/537.36 (KHTML, like Gecko; compatible; ClaudeBot/1.0; +claudebot@anthropic.com)" 12 **0/12085**
57.141.20.35 - - [18/Mar/2026:05:49:06 -0700] "GET /shopdetail/1651075251.html?fileloc=/home/fmbi332s7bv7/public_html/xmlrpc.php&path=/home/fmbi332s7bv7/public_html HTTP/2.0" 404 - "-" "meta-externalagent/1.1 (+https://developers.facebook.com/docs/sharing/webmasters/crawler)" 20 **0/20366**
216.73.216.106 - - [18/Mar/2026:05:49:07 -0700] "GET /shopdetail/2522238442.html?fileloc=%2F%2Fbin%2Frealpath&path=%2F%2Fbin HTTP/2.0" 404 - "-" "Mozilla/5.0 AppleWebKit/537.36 (KHTML, like Gecko; compatible; ClaudeBot/1.0; +claudebot@anthropic.com)" 12 **0/12529**
57.141.20.21 - - [18/Mar/2026:05:49:08 -0700] "GET /shopdetail/1510439065.html?fileloc=/home/fmbi332s7bv7/public_html/robots.txt&path=/home/fmbi332s7bv7/public_html HTTP/2.0" 404 - "-" "meta-externalagent/1.1 (+https://developers.facebook.com/docs/sharing/webmasters/crawler)" 10 **0/10661**
66.249.76.230 - - [18/Mar/2026:05:49:10 -0700] "GET /?o=23900194473800 HTTP/1.1" 404 - "-" "Mozilla/5.0 (Linux; Android 6.0.1; Nexus 5X Build/MMB29P) AppleWebKit/537.36 (KHTML, like Gecko) Chrome/145.0.7632.159 Mobile Safari/537.36 (compatible; Googlebot/2.1; +http://www.google.com/bot.html)" 11 **0/11225**
74.7.227.9 - - [18/Mar/2026:05:49:10 -0700] "GET /?path=//proc/self/root/proc/thread-self/root/proc/thread-self/root/proc/thread-self/root/proc/self/root/proc/thread-self/root/proc/self/root/proc/self/root/proc/thread-self/root/proc/self/root/lib/firmware/ositech HTTP/2.0" 404 - "https://powerchemyapikimyasallari.com/?path=//proc/self/root/proc/thread-self/root/proc/thread-self/root/proc/thread-self/root/proc/self/root/proc/thread-self/root/proc/self/root/proc/self/root/proc/thread-self/root/proc/self/root/lib/firmware" "Mozilla/5.0 AppleWebKit/537.36 (KHTML, like Gecko; compatible; GPTBot/1.3; +https://openai.com/gptbot)" 17 **0/17057**
216.73.216.106 - - [18/Mar/2026:05:49:10 -0700] "GET /shopdetail/3758204073.html?path=%2Fhome%2Ffmbi332s7bv7%2Fpublic_html%2Fwp-content%2Fplugins%2Fwp-file-uploader HTTP/2.0" 404 - "-" "Mozilla/5.0 AppleWebKit/537.36 (KHTML, like Gecko; compatible; ClaudeBot/1.0; +claudebot@anthropic.com)" 11 **0/11334**
57.141.20.0 - - [18/Mar/2026:05:49:11 -0700] "GET /shopdetail/2388404698.html?fileloc=/home/fmbi332s7bv7/public_html/wp-mail.php&path=/home/fmbi332s7bv7/public_html HTTP/2.0" 404 - "-" "meta-externalagent/1.1 (+https://developers.facebook.com/docs/sharing/webmasters/crawler)" 14 **0/14171**
216.73.216.106 - - [18/Mar/2026:05:49:13 -0700] "GET /hello-world?fileloc=%2F%2Fusr%2Fshare%2Fman%2Fman3%2FPod%3A%3AParser.3pm.gz&path=%2F%2Fusr%2Fshare%2Fman%2Fman3 HTTP/2.0" 404 - "-" "Mozilla/5.0 AppleWebKit/537.36 (KHTML, like Gecko; compatible; ClaudeBot/1.0; +claudebot@anthropic.com)" 12 **0/12098**
57.141.20.48 - - [18/Mar/2026:05:49:13 -0700] "GET /shopdetail/4021654985.html?fileloc=/home/fmbi332s7bv7/public_html/wp-links-opml.php&path=/home/fmbi332s7bv7/public_html HTTP/2.0" 404 - "-" "meta-externalagent/1.1 (+https://developers.facebook.com/docs/sharing/webmasters/crawler)" 12 **0/12167**
216.73.216.106 - - [18/Mar/2026:05:49:16 -0700] "GET /shopdetail/3609422400.html?path=%2Fhome%2Ffmbi332s7bv7%2Fpublic_html%2Fwp-includes%2Fcustomize HTTP/2.0" 404 - "-" "Mozilla/5.0 AppleWebKit/537.36 (KHTML, like Gecko; compatible; ClaudeBot/1.0; +claudebot@anthropic.com)" 9 **0/9876**
57.141.20.46 - - [18/Mar/2026:05:49:16 -0700] "GET /shopdetail/1797299633.html?fileloc=/home/fmbi332s7bv7/public_html/wp-settings.php&path=/home/fmbi332s7bv7/public_html HTTP/2.0" 404 - "-" "meta-externalagent/1.1 (+https://developers.facebook.com/docs/sharing/webmasters/crawler)" 19 **0/19312**
57.141.20.52 - - [18/Mar/2026:05:49:19 -0700] "GET /shopdetail/3807138938.html?fileloc=/home/fmbi332s7bv7/public_html/wp-blog-header.php&path=/home/fmbi332s7bv7/public_html HTTP/2.0" 404 - "-" "meta-externalagent/1.1 (+https://developers.facebook.com/docs/sharing/webmasters/crawler)" 11 **0/11511**
216.73.216.106 - - [18/Mar/2026:05:49:19 -0700] "GET /shopdetail/293995379.html?path=%2Fhome%2Ffmbi332s7bv7%2Fpublic_html%2Fwp-includes HTTP/2.0" 404 - "-" "Mozilla/5.0 AppleWebKit/537.36 (KHTML, like Gecko; compatible; ClaudeBot/1.0; +claudebot@anthropic.com)" 9 **0/9576**
57.141.20.21 - - [18/Mar/2026:05:49:22 -0700] "GET /shopdetail/2856025414.html?fileloc=/home/fmbi332s7bv7/public_html/wp-load.php&path=/home/fmbi332s7bv7/public_html HTTP/2.0" 404 - "-" "meta-externalagent/1.1 (+https://developers.facebook.com/docs/sharing/webmasters/crawler)" 9 **0/9805**
216.73.216.106 - - [18/Mar/2026:05:49:22 -0700] "GET /hello-world?fileloc=%2F%2Fusr%2Fshare%2Fman%2Fman1%2Fbreak.1.gz&path=%2F%2Fusr%2Fshare%2Fman%2Fman1 HTTP/2.0" 404 - "-" "Mozilla/5.0 AppleWebKit/537.36 (KHTML, like Gecko; compatible; ClaudeBot/1.0; +claudebot@anthropic.com)" 10 **0/10396**
57.141.20.23 - - [18/Mar/2026:05:49:25 -0700] "GET /shopdetail/1913319086.html?fileloc=/home/fmbi332s7bv7/public_html/txets.php&path=/home/fmbi332s7bv7/public_html HTTP/2.0" 404 - "-" "meta-externalagent/1.1 (+https://developers.facebook.com/docs/sharing/webmasters/crawler)" 12 **0/12517**
216.73.216.106 - - [18/Mar/2026:05:49:25 -0700] "GET /shopdetail/2069229647.html?fileloc=%2Fhome%2Ffmbi332s7bv7%2Fpublic_html%2Fwp-includes%2Fwp-diff.php&path=%2Fhome%2Ffmbi332s7bv7%2Fpublic_html%2Fwp-includes HTTP/2.0" 404 - "-" "Mozilla/5.0 AppleWebKit/537.36 (KHTML, like Gecko; compatible; ClaudeBot/1.0; +claudebot@anthropic.com)" 10 **0/10515**
57.141.20.55 - - [18/Mar/2026:05:49:27 -0700] "GET /shopdetail/4246855709.html?fileloc=/home/fmbi332s7bv7/public_html/xmlrpc.php&path=/home/fmbi332s7bv7/public_html HTTP/2.0" 404 - "-" "meta-externalagent/1.1 (+https://developers.facebook.com/docs/sharing/webmasters/crawler)" 11 **0/11195**
216.73.216.106 - - [18/Mar/2026:05:49:28 -0700] "GET /shopdetail/1828728916.html?path=%2Fhome%2Ffmbi332s7bv7%2Fpublic_html%2Fwp-admin HTTP/2.0" 404 - "-" "Mozilla/5.0 AppleWebKit/537.36 (KHTML, like Gecko; compatible; ClaudeBot/1.0; +claudebot@anthropic.com)" 12 **0/12014**
57.141.20.54 - - [18/Mar/2026:05:49:30 -0700] "GET /shopdetail/2516936003.html?fileloc=/home/fmbi332s7bv7/public_html/wp-activate.php&path=/home/fmbi332s7bv7/public_html HTTP/2.0" 404 - "-" "meta-externalagent/1.1 (+https://developers.facebook.com/docs/sharing/webmasters/crawler)" 10 **0/10866**
74.7.227.150 - - [18/Mar/2026:05:49:31 -0700] "GET /?path=//proc/self/root/proc/thread-self/root/proc/thread-self/root/proc/thread-self/root/proc/self/root/proc/self/root/proc/thread-self/root/usr/lib/.build-id/39 HTTP/2.0" 404 - "https://www.powerchemyapikimyasallari.com/?path=//proc/self/root/proc/thread-self/root/proc/thread-self/root/proc/thread-self/root/proc/self/root/proc/self/root/proc/thread-self/root/usr/lib/.build-id" "Mozilla/5.0 AppleWebKit/537.36 (KHTML, like Gecko; compatible; GPTBot/1.3; +https://openai.com/gptbot)" 11 **0/11985**
