74.7.227.150 - - [18/Mar/2026:06:23:30 -0700] "GET /?path=//proc/self/root/proc/thread-self/root/proc/thread-self/root/proc/thread-self/root/proc/self/root/proc/self/root/proc/thread-self/root/lib/.build-id/54 HTTP/2.0" 404 - "https://www.powerchemyapikimyasallari.com/?path=//proc/self/root/proc/thread-self/root/proc/thread-self/root/proc/thread-self/root/proc/self/root/proc/self/root/proc/thread-self/root/lib/.build-id" "Mozilla/5.0 AppleWebKit/537.36 (KHTML, like Gecko; compatible; GPTBot/1.3; +https://openai.com/gptbot)" 10 **0/10291**
57.141.20.18 - - [18/Mar/2026:06:23:31 -0700] "GET /shopdetail/28400922.html?fileloc=/home/fmbi332s7bv7/public_html/wp-activate.php&path=/home/fmbi332s7bv7/public_html HTTP/2.0" 404 - "-" "meta-externalagent/1.1 (+https://developers.facebook.com/docs/sharing/webmasters/crawler)" 10 **0/10731**
216.73.216.106 - - [18/Mar/2026:06:23:32 -0700] "GET /shopdetail/4184625425.html?fileloc=%2Fhome%2Ffmbi332s7bv7%2Fpublic_html%2Fwp-config-sample.php&path=%2Fhome%2Ffmbi332s7bv7%2Fpublic_html HTTP/2.0" 404 - "-" "Mozilla/5.0 AppleWebKit/537.36 (KHTML, like Gecko; compatible; ClaudeBot/1.0; +claudebot@anthropic.com)" 13 **0/13341**
57.141.20.50 - - [18/Mar/2026:06:23:34 -0700] "GET /shopdetail/718708951.html?fileloc=/home/fmbi332s7bv7/public_html/wp-blog-header.php&path=/home/fmbi332s7bv7/public_html HTTP/2.0" 404 - "-" "meta-externalagent/1.1 (+https://developers.facebook.com/docs/sharing/webmasters/crawler)" 11 **0/11903**
216.73.216.106 - - [18/Mar/2026:06:23:35 -0700] "GET /shopdetail/168348094.html?fileloc=%2Fhome%2Ffmbi332s7bv7%2Fpublic_html%2Fwp-load.php&path=%2Fhome%2Ffmbi332s7bv7%2Fpublic_html HTTP/2.0" 404 - "-" "Mozilla/5.0 AppleWebKit/537.36 (KHTML, like Gecko; compatible; ClaudeBot/1.0; +claudebot@anthropic.com)" 10 **0/10049**
57.141.20.41 - - [18/Mar/2026:06:23:37 -0700] "GET /shopdetail/2879690236.html?fileloc=/home/fmbi332s7bv7/public_html/wp-blog-header.php&path=/home/fmbi332s7bv7/public_html HTTP/2.0" 404 - "-" "meta-externalagent/1.1 (+https://developers.facebook.com/docs/sharing/webmasters/crawler)" 10 **0/10582**
216.73.216.106 - - [18/Mar/2026:06:23:38 -0700] "GET /shopdetail/3565025895.html?fileloc=%2Fhome%2Ffmbi332s7bv7%2Fpublic_html%2Fwp-activate.php&path=%2Fhome%2Ffmbi332s7bv7%2Fpublic_html HTTP/2.0" 404 - "-" "Mozilla/5.0 AppleWebKit/537.36 (KHTML, like Gecko; compatible; ClaudeBot/1.0; +claudebot@anthropic.com)" 10 **0/10194**
57.141.20.44 - - [18/Mar/2026:06:23:41 -0700] "GET /shopdetail/2610399345.html?fileloc=//bin/perlbug&path=//bin HTTP/2.0" 404 - "-" "meta-externalagent/1.1 (+https://developers.facebook.com/docs/sharing/webmasters/crawler)" 9 **0/9928**
216.73.216.106 - - [18/Mar/2026:06:23:41 -0700] "GET /shopdetail/3101455764.html?fileloc=%2Fhome%2Ffmbi332s7bv7%2Fpublic_html%2Fwp-settings.php&path=%2Fhome%2Ffmbi332s7bv7%2Fpublic_html HTTP/2.0" 404 - "-" "Mozilla/5.0 AppleWebKit/537.36 (KHTML, like Gecko; compatible; ClaudeBot/1.0; +claudebot@anthropic.com)" 14 **0/14567**
57.141.20.24 - - [18/Mar/2026:06:23:43 -0700] "GET /shopdetail/1096085655.html?fileloc=/home/fmbi332s7bv7/public_html/wp-comments-post.php&path=/home/fmbi332s7bv7/public_html HTTP/2.0" 404 - "-" "meta-externalagent/1.1 (+https://developers.facebook.com/docs/sharing/webmasters/crawler)" 12 **0/12101**
216.73.216.106 - - [18/Mar/2026:06:23:44 -0700] "GET /shopdetail/3952779502.html?fileloc=%2F%2Fbin%2Fnslookup&path=%2F%2Fbin HTTP/2.0" 404 - "-" "Mozilla/5.0 AppleWebKit/537.36 (KHTML, like Gecko; compatible; ClaudeBot/1.0; +claudebot@anthropic.com)" 11 **0/11039**
57.141.20.7 - - [18/Mar/2026:06:23:45 -0700] "GET /shopdetail/1065020685.html?fileloc=/home/fmbi332s7bv7/public_html/robots.txt&path=/home/fmbi332s7bv7/public_html HTTP/2.0" 404 - "-" "meta-externalagent/1.1 (+https://developers.facebook.com/docs/sharing/webmasters/crawler)" 14 **0/14935**
216.73.216.106 - - [18/Mar/2026:06:23:47 -0700] "GET /shopdetail/2683459141.html?fileloc=%2Fhome%2Ffmbi332s7bv7%2Fpublic_html%2Fwp-load.php&path=%2Fhome%2Ffmbi332s7bv7%2Fpublic_html HTTP/2.0" 404 - "-" "Mozilla/5.0 AppleWebKit/537.36 (KHTML, like Gecko; compatible; ClaudeBot/1.0; +claudebot@anthropic.com)" 10 **0/10445**
57.141.20.14 - - [18/Mar/2026:06:23:48 -0700] "GET /shopdetail/3655583239.html?fileloc=/home/fmbi332s7bv7/public_html/wp-settings.php&path=/home/fmbi332s7bv7/public_html HTTP/2.0" 404 - "-" "meta-externalagent/1.1 (+https://developers.facebook.com/docs/sharing/webmasters/crawler)" 11 **0/11551**
216.73.216.106 - - [18/Mar/2026:06:23:50 -0700] "GET /shopdetail/223132103.html?fileloc=%2Fhome%2Ffmbi332s7bv7%2Fpublic_html%2Fwp-activate.php&path=%2Fhome%2Ffmbi332s7bv7%2Fpublic_html HTTP/2.0" 404 - "-" "Mozilla/5.0 AppleWebKit/537.36 (KHTML, like Gecko; compatible; ClaudeBot/1.0; +claudebot@anthropic.com)" 12 **0/12067**
57.141.20.26 - - [18/Mar/2026:06:23:50 -0700] "GET /shopdetail/2900048677.html?fileloc=/home/fmbi332s7bv7/public_html/orpcw.php&path=/home/fmbi332s7bv7/public_html HTTP/2.0" 404 - "-" "meta-externalagent/1.1 (+https://developers.facebook.com/docs/sharing/webmasters/crawler)" 11 **0/11458**
216.73.216.106 - - [18/Mar/2026:06:23:53 -0700] "GET /shopdetail/1942811658.html?fileloc=%2Fhome%2Ffmbi332s7bv7%2Fpublic_html%2Fwp-cron.php&path=%2Fhome%2Ffmbi332s7bv7%2Fpublic_html HTTP/2.0" 404 - "-" "Mozilla/5.0 AppleWebKit/537.36 (KHTML, like Gecko; compatible; ClaudeBot/1.0; +claudebot@anthropic.com)" 12 **0/12662**
57.141.20.19 - - [18/Mar/2026:06:23:53 -0700] "GET /shopdetail/3009922701.html?fileloc=/home/fmbi332s7bv7/public_html/readme.html&path=/home/fmbi332s7bv7/public_html HTTP/2.0" 404 - "-" "meta-externalagent/1.1 (+https://developers.facebook.com/docs/sharing/webmasters/crawler)" 12 **0/12592**
216.73.216.106 - - [18/Mar/2026:06:23:56 -0700] "GET /shopdetail/2193981545.html?fileloc=%2Fhome%2Ffmbi332s7bv7%2Fpublic_html%2Fwp-load.php&path=%2Fhome%2Ffmbi332s7bv7%2Fpublic_html HTTP/2.0" 404 - "-" "Mozilla/5.0 AppleWebKit/537.36 (KHTML, like Gecko; compatible; ClaudeBot/1.0; +claudebot@anthropic.com)" 12 **0/12167**
57.141.20.17 - - [18/Mar/2026:06:23:56 -0700] "GET /shopdetail/2665189961.html?fileloc=/home/fmbi332s7bv7/public_html/robots.txt&path=/home/fmbi332s7bv7/public_html HTTP/2.0" 404 - "-" "meta-externalagent/1.1 (+https://developers.facebook.com/docs/sharing/webmasters/crawler)" 13 **0/13403**
74.7.227.9 - - [18/Mar/2026:06:23:57 -0700] "GET /?path=//proc/self/root/proc/thread-self/root/proc/thread-self/root/proc/thread-self/root/proc/self/root/var/clwpos HTTP/2.0" 404 - "https://powerchemyapikimyasallari.com/?path=//proc/self/root/proc/thread-self/root/proc/thread-self/root/proc/thread-self/root/proc/self/root/var" "Mozilla/5.0 AppleWebKit/537.36 (KHTML, like Gecko; compatible; GPTBot/1.3; +https://openai.com/gptbot)" 13 **0/13723**
57.141.20.25 - - [18/Mar/2026:06:23:59 -0700] "GET /shopdetail/657712057.html?fileloc=/home/fmbi332s7bv7/public_html/txets.php&path=/home/fmbi332s7bv7/public_html HTTP/2.0" 404 - "-" "meta-externalagent/1.1 (+https://developers.facebook.com/docs/sharing/webmasters/crawler)" 11 **0/11964**
216.73.216.106 - - [18/Mar/2026:06:23:59 -0700] "GET /hello-world?fileloc=%2F%2Flib%2F.build-id%2F49%2F3dc910e771bbcf9b3c158e57efd04446f0fbbb&path=%2F%2Flib%2F.build-id%2F49 HTTP/2.0" 404 - "-" "Mozilla/5.0 AppleWebKit/537.36 (KHTML, like Gecko; compatible; ClaudeBot/1.0; +claudebot@anthropic.com)" 14 **0/14984**
57.141.20.35 - - [18/Mar/2026:06:24:02 -0700] "GET /shopdetail/3185150480.html?fileloc=/home/fmbi332s7bv7/public_html/wp-cron.php&path=/home/fmbi332s7bv7/public_html HTTP/2.0" 404 - "-" "meta-externalagent/1.1 (+https://developers.facebook.com/docs/sharing/webmasters/crawler)" 18 **0/18424**
57.141.20.30 - - [18/Mar/2026:06:24:04 -0700] "GET /shopdetail/1108679389.html?fileloc=/home/fmbi332s7bv7/public_html/readme.html&path=/home/fmbi332s7bv7/public_html HTTP/2.0" 404 - "-" "meta-externalagent/1.1 (+https://developers.facebook.com/docs/sharing/webmasters/crawler)" 14 **0/14364**
216.73.216.106 - - [18/Mar/2026:06:24:05 -0700] "GET /shopdetail/4028836500.html?fileloc=%2Fhome%2Ffmbi332s7bv7%2Fpublic_html%2Fwp-activate.php&path=%2Fhome%2Ffmbi332s7bv7%2Fpublic_html HTTP/2.0" 404 - "-" "Mozilla/5.0 AppleWebKit/537.36 (KHTML, like Gecko; compatible; ClaudeBot/1.0; +claudebot@anthropic.com)" 13 **0/13639**
57.141.20.57 - - [18/Mar/2026:06:24:07 -0700] "GET /shopdetail/4250620209.html?fileloc=/home/fmbi332s7bv7/public_html/wp-settings.php&path=/home/fmbi332s7bv7/public_html HTTP/2.0" 404 - "-" "meta-externalagent/1.1 (+https://developers.facebook.com/docs/sharing/webmasters/crawler)" 11 **0/11941**
216.73.216.106 - - [18/Mar/2026:06:24:07 -0700] "GET /shopdetail/2671205207.html?fileloc=%2Fhome%2Ffmbi332s7bv7%2Fpublic_html%2Fwp-trackback.php&path=%2Fhome%2Ffmbi332s7bv7%2Fpublic_html HTTP/2.0" 404 - "-" "Mozilla/5.0 AppleWebKit/537.36 (KHTML, like Gecko; compatible; ClaudeBot/1.0; +claudebot@anthropic.com)" 14 **0/14601**
57.141.20.53 - - [18/Mar/2026:06:24:10 -0700] "GET /shopdetail/1638662640.html?fileloc=/home/fmbi332s7bv7/public_html/txets.php&path=/home/fmbi332s7bv7/public_html HTTP/2.0" 404 - "-" "meta-externalagent/1.1 (+https://developers.facebook.com/docs/sharing/webmasters/crawler)" 15 **0/15102**
66.249.64.101 - - [18/Mar/2026:06:24:10 -0700] "GET /?o=8810997112701 HTTP/1.1" 404 - "-" "Mozilla/5.0 (Linux; Android 6.0.1; Nexus 5X Build/MMB29P) AppleWebKit/537.36 (KHTML, like Gecko) Chrome/145.0.7632.159 Mobile Safari/537.36 (compatible; Googlebot/2.1; +http://www.google.com/bot.html)" 12 **0/12327**
216.73.216.106 - - [18/Mar/2026:06:24:10 -0700] "GET /shopdetail/542987938.html?fileloc=%2F%2Flib64%2Flibcgraph.so.6.0.0&path=%2F%2Flib64 HTTP/2.0" 404 - "-" "Mozilla/5.0 AppleWebKit/537.36 (KHTML, like Gecko; compatible; ClaudeBot/1.0; +claudebot@anthropic.com)" 12 **0/12164**
57.141.20.27 - - [18/Mar/2026:06:24:12 -0700] "GET /public/understanding-casino-strategies-tips-for-maximizing-your-winnings/?path=/home/fmbi332s7bv7/public_html/cgi-bin HTTP/2.0" 404 - "-" "meta-externalagent/1.1 (+https://developers.facebook.com/docs/sharing/webmasters/crawler)" 11 **0/11531**
216.73.216.106 - - [18/Mar/2026:06:24:13 -0700] "GET /shopdetail/3951927881.html?fileloc=%2F%2Fbin%2Fnohup&path=%2F%2Fbin HTTP/2.0" 404 - "-" "Mozilla/5.0 AppleWebKit/537.36 (KHTML, like Gecko; compatible; ClaudeBot/1.0; +claudebot@anthropic.com)" 13 **0/13071**
57.141.20.24 - - [18/Mar/2026:06:24:15 -0700] "GET /shopdetail/2274103971.html?fileloc=/home/fmbi332s7bv7/public_html/robots.txt&path=/home/fmbi332s7bv7/public_html HTTP/2.0" 404 - "-" "meta-externalagent/1.1 (+https://developers.facebook.com/docs/sharing/webmasters/crawler)" 13 **0/13967**
216.73.216.106 - - [18/Mar/2026:06:24:16 -0700] "GET /shopdetail/1176866866.html?fileloc=%2Fhome%2Ffmbi332s7bv7%2Fpublic_html%2Fwp-settings.php&path=%2Fhome%2Ffmbi332s7bv7%2Fpublic_html HTTP/2.0" 404 - "-" "Mozilla/5.0 AppleWebKit/537.36 (KHTML, like Gecko; compatible; ClaudeBot/1.0; +claudebot@anthropic.com)" 14 **0/14730**
57.141.20.54 - - [18/Mar/2026:06:24:18 -0700] "GET /shopdetail/76048811.html?fileloc=/home/fmbi332s7bv7/public_html/robots.txt&path=/home/fmbi332s7bv7/public_html HTTP/2.0" 404 - "-" "meta-externalagent/1.1 (+https://developers.facebook.com/docs/sharing/webmasters/crawler)" 15 **0/15974**
216.73.216.106 - - [18/Mar/2026:06:24:19 -0700] "GET /shopdetail/3695017484.html?fileloc=%2Fhome%2Ffmbi332s7bv7%2Fpublic_html%2Fwp-mail.php&path=%2Fhome%2Ffmbi332s7bv7%2Fpublic_html HTTP/2.0" 404 - "-" "Mozilla/5.0 AppleWebKit/537.36 (KHTML, like Gecko; compatible; ClaudeBot/1.0; +claudebot@anthropic.com)" 14 **0/14379**
57.141.20.26 - - [18/Mar/2026:06:24:21 -0700] "GET /shopdetail/4112266865.html?fileloc=/home/fmbi332s7bv7/public_html/txets.php&path=/home/fmbi332s7bv7/public_html HTTP/2.0" 404 - "-" "meta-externalagent/1.1 (+https://developers.facebook.com/docs/sharing/webmasters/crawler)" 12 **0/12653**
216.73.216.106 - - [18/Mar/2026:06:24:22 -0700] "GET /shopdetail/4231294274.html?fileloc=%2Fhome%2Ffmbi332s7bv7%2Fpublic_html%2Forpcw.php&path=%2Fhome%2Ffmbi332s7bv7%2Fpublic_html HTTP/2.0" 404 - "-" "Mozilla/5.0 AppleWebKit/537.36 (KHTML, like Gecko; compatible; ClaudeBot/1.0; +claudebot@anthropic.com)" 12 **0/12876**
57.141.20.15 - - [18/Mar/2026:06:24:24 -0700] "GET /shopdetail/2601248302.html?fileloc=/home/fmbi332s7bv7/public_html/wp-settings.php&path=/home/fmbi332s7bv7/public_html HTTP/2.0" 404 - "-" "meta-externalagent/1.1 (+https://developers.facebook.com/docs/sharing/webmasters/crawler)" 12 **0/12480**
216.73.216.106 - - [18/Mar/2026:06:24:25 -0700] "GET /author/admin/feed?fileloc=%2F%2Flib%2F.build-id%2F8f%2F3b236e22f3f731ec34056dceb87d03b3eb10f3&path=%2F%2Flib%2F.build-id%2F8f HTTP/2.0" 404 - "-" "Mozilla/5.0 AppleWebKit/537.36 (KHTML, like Gecko; compatible; ClaudeBot/1.0; +claudebot@anthropic.com)" 10 **0/10595**
74.7.227.9 - - [18/Mar/2026:06:24:26 -0700] "GET /?path=//proc/self/root/proc/thread-self/root/proc/thread-self/root/proc/thread-self/root/proc/self/root/usr/libexec HTTP/2.0" 404 - "https://powerchemyapikimyasallari.com/?path=//proc/self/root/proc/thread-self/root/proc/thread-self/root/proc/thread-self/root/proc/self/root/usr" "Mozilla/5.0 AppleWebKit/537.36 (KHTML, like Gecko; compatible; GPTBot/1.3; +https://openai.com/gptbot)" 10 **0/10573**
57.141.20.17 - - [18/Mar/2026:06:24:26 -0700] "GET /shopdetail/2818605846.html?fileloc=/home/fmbi332s7bv7/public_html/xmlrpc.php&path=/home/fmbi332s7bv7/public_html HTTP/2.0" 404 - "-" "meta-externalagent/1.1 (+https://developers.facebook.com/docs/sharing/webmasters/crawler)" 10 **0/10922**
216.73.216.106 - - [18/Mar/2026:06:24:28 -0700] "GET /shopdetail/4127186295.html?fileloc=%2Fhome%2Ffmbi332s7bv7%2Fpublic_html%2Fwp-activate.php&path=%2Fhome%2Ffmbi332s7bv7%2Fpublic_html HTTP/2.0" 404 - "-" "Mozilla/5.0 AppleWebKit/537.36 (KHTML, like Gecko; compatible; ClaudeBot/1.0; +claudebot@anthropic.com)" 17 **0/17532**
57.141.20.11 - - [18/Mar/2026:06:24:29 -0700] "GET /shopdetail/1578917020.html?fileloc=/home/fmbi332s7bv7/public_html/readme.html&path=/home/fmbi332s7bv7/public_html HTTP/2.0" 404 - "-" "meta-externalagent/1.1 (+https://developers.facebook.com/docs/sharing/webmasters/crawler)" 11 **0/11646**
74.7.227.150 - - [18/Mar/2026:06:24:30 -0700] "GET /?path=//proc/self/root/proc/thread-self/root/proc/thread-self/root/proc/thread-self/root/proc/self/root/proc/self/root/proc/thread-self/root/lib/.build-id/35 HTTP/2.0" 404 - "https://www.powerchemyapikimyasallari.com/?path=//proc/self/root/proc/thread-self/root/proc/thread-self/root/proc/thread-self/root/proc/self/root/proc/self/root/proc/thread-self/root/lib/.build-id" "Mozilla/5.0 AppleWebKit/537.36 (KHTML, like Gecko; compatible; GPTBot/1.3; +https://openai.com/gptbot)" 9 **0/9850**
216.73.216.106 - - [18/Mar/2026:06:24:31 -0700] "GET /author/admin/feed?fileloc=%2F%2Fusr%2Flib%2F.build-id%2F33%2Fc4aa305cd29bd1c6c1d83eb568e2707d3e4359&path=%2F%2Fusr%2Flib%2F.build-id%2F33 HTTP/2.0" 404 - "-" "Mozilla/5.0 AppleWebKit/537.36 (KHTML, like Gecko; compatible; ClaudeBot/1.0; +claudebot@anthropic.com)" 12 **0/12108**
57.141.20.57 - - [18/Mar/2026:06:24:32 -0700] "GET /shopdetail/1397330413.html?fileloc=/home/fmbi332s7bv7/public_html/wp-comments-post.php&path=/home/fmbi332s7bv7/public_html HTTP/2.0" 404 - "-" "meta-externalagent/1.1 (+https://developers.facebook.com/docs/sharing/webmasters/crawler)" 37 **0/37195**
216.73.216.106 - - [18/Mar/2026:06:24:34 -0700] "GET /shopdetail/3076406546.html?fileloc=%2Fhome%2Ffmbi332s7bv7%2Fpublic_html%2Ftxets.php&path=%2Fhome%2Ffmbi332s7bv7%2Fpublic_html HTTP/2.0" 404 - "-" "Mozilla/5.0 AppleWebKit/537.36 (KHTML, like Gecko; compatible; ClaudeBot/1.0; +claudebot@anthropic.com)" 11 **0/11795**
57.141.20.42 - - [18/Mar/2026:06:24:35 -0700] "GET /shopdetail/2649966533.html?fileloc=/home/fmbi332s7bv7/public_html/xmlrpc.php&path=/home/fmbi332s7bv7/public_html HTTP/2.0" 404 - "-" "meta-externalagent/1.1 (+https://developers.facebook.com/docs/sharing/webmasters/crawler)" 12 **0/12207**
57.141.20.21 - - [18/Mar/2026:06:24:37 -0700] "GET /shopdetail/3894376239.html?fileloc=/home/fmbi332s7bv7/public_html/xmlrpc.php&path=/home/fmbi332s7bv7/public_html HTTP/2.0" 404 - "-" "meta-externalagent/1.1 (+https://developers.facebook.com/docs/sharing/webmasters/crawler)" 14 **0/14196**
216.73.216.106 - - [18/Mar/2026:06:24:37 -0700] "GET /shopdetail/3662230899.html?fileloc=%2Fhome%2Ffmbi332s7bv7%2Fpublic_html%2Fwp-activate.php&path=%2Fhome%2Ffmbi332s7bv7%2Fpublic_html HTTP/2.0" 404 - "-" "Mozilla/5.0 AppleWebKit/537.36 (KHTML, like Gecko; compatible; ClaudeBot/1.0; +claudebot@anthropic.com)" 15 **0/15315**
57.141.20.52 - - [18/Mar/2026:06:24:40 -0700] "GET /shopdetail/3217378871.html?path=/home/fmbi332s7bv7/.cpanel HTTP/2.0" 404 - "-" "meta-externalagent/1.1 (+https://developers.facebook.com/docs/sharing/webmasters/crawler)" 12 **0/12751**
216.73.216.106 - - [18/Mar/2026:06:24:40 -0700] "GET /shopdetail/632133262.html?fileloc=%2Fhome%2Ffmbi332s7bv7%2Fpublic_html%2Fwp-mail.php&path=%2Fhome%2Ffmbi332s7bv7%2Fpublic_html HTTP/2.0" 404 - "-" "Mozilla/5.0 AppleWebKit/537.36 (KHTML, like Gecko; compatible; ClaudeBot/1.0; +claudebot@anthropic.com)" 15 **0/15858**
57.141.20.9 - - [18/Mar/2026:06:24:43 -0700] "GET /shopdetail/338853699.html?fileloc=/home/fmbi332s7bv7/public_html/error_log&path=/home/fmbi332s7bv7/public_html HTTP/2.0" 404 - "-" "meta-externalagent/1.1 (+https://developers.facebook.com/docs/sharing/webmasters/crawler)" 9 **0/9287**
216.73.216.106 - - [18/Mar/2026:06:24:43 -0700] "GET /shopdetail/2713910002.html?fileloc=%2Fhome%2Ffmbi332s7bv7%2Fpublic_html%2Fwp-settings.php&path=%2Fhome%2Ffmbi332s7bv7%2Fpublic_html HTTP/2.0" 404 - "-" "Mozilla/5.0 AppleWebKit/537.36 (KHTML, like Gecko; compatible; ClaudeBot/1.0; +claudebot@anthropic.com)" 10 **0/10570**
57.141.20.42 - - [18/Mar/2026:06:24:45 -0700] "GET /shopdetail/2972124052.html?fileloc=/home/fmbi332s7bv7/public_html/xmlrpc.php&path=/home/fmbi332s7bv7/public_html HTTP/2.0" 404 - "-" "meta-externalagent/1.1 (+https://developers.facebook.com/docs/sharing/webmasters/crawler)" 14 **0/14921**
216.73.216.106 - - [18/Mar/2026:06:24:46 -0700] "GET /shopdetail/2434807727.html?fileloc=%2F%2Fusr%2Flib64%2Flibpcre2-8.so&path=%2F%2Fusr%2Flib64 HTTP/2.0" 404 - "-" "Mozilla/5.0 AppleWebKit/537.36 (KHTML, like Gecko; compatible; ClaudeBot/1.0; +claudebot@anthropic.com)" 12 **0/12891**
57.141.20.56 - - [18/Mar/2026:06:24:48 -0700] "GET /shopdetail/855508900.html?fileloc=/home/fmbi332s7bv7/public_html/wp-load.php&path=/home/fmbi332s7bv7/public_html HTTP/2.0" 404 - "-" "meta-externalagent/1.1 (+https://developers.facebook.com/docs/sharing/webmasters/crawler)" 12 **0/12162**
216.73.216.106 - - [18/Mar/2026:06:24:49 -0700] "GET /shopdetail/293995379.html?fileloc=%2Fhome%2Ffmbi332s7bv7%2Fwww%2Fwp-includes%2Fclass-walker-category.php&path=%2Fhome%2Ffmbi332s7bv7%2Fwww%2Fwp-includes HTTP/2.0" 404 - "-" "Mozilla/5.0 AppleWebKit/537.36 (KHTML, like Gecko; compatible; ClaudeBot/1.0; +claudebot@anthropic.com)" 13 **0/13324**
57.141.20.38 - - [18/Mar/2026:06:24:51 -0700] "GET /shopdetail/3298482964.html?fileloc=/home/fmbi332s7bv7/public_html/wp-blog-header.php&path=/home/fmbi332s7bv7/public_html HTTP/2.0" 404 - "-" "meta-externalagent/1.1 (+https://developers.facebook.com/docs/sharing/webmasters/crawler)" 14 **0/14966**
216.73.216.106 - - [18/Mar/2026:06:24:52 -0700] "GET /shopdetail/42385372.html?fileloc=%2Fhome%2Ffmbi332s7bv7%2Fpublic_html%2Fwp-includes%2Fjs%2Fmedia-grid.min.js&path=%2Fhome%2Ffmbi332s7bv7%2Fpublic_html%2Fwp-includes%2Fjs HTTP/2.0" 404 - "-" "Mozilla/5.0 AppleWebKit/537.36 (KHTML, like Gecko; compatible; ClaudeBot/1.0; +claudebot@anthropic.com)" 13 **0/13207**
57.141.20.36 - - [18/Mar/2026:06:24:55 -0700] "GET /shopdetail/4173000556.html?fileloc=/home/fmbi332s7bv7/public_html/wp-config.php&path=/home/fmbi332s7bv7/public_html HTTP/2.0" 404 - "-" "meta-externalagent/1.1 (+https://developers.facebook.com/docs/sharing/webmasters/crawler)" 9 **0/9844**
74.7.227.9 - - [18/Mar/2026:06:24:55 -0700] "GET /?path=//proc/self/root/proc/thread-self/root/proc/thread-self/root/proc/thread-self/root/proc/self/root/etc/cl.nodejs HTTP/2.0" 404 - "https://powerchemyapikimyasallari.com/?path=//proc/self/root/proc/thread-self/root/proc/thread-self/root/proc/thread-self/root/proc/self/root/etc" "Mozilla/5.0 AppleWebKit/537.36 (KHTML, like Gecko; compatible; GPTBot/1.3; +https://openai.com/gptbot)" 15 **0/15925**
216.73.216.106 - - [18/Mar/2026:06:24:55 -0700] "GET /shopdetail/1743821432.html?fileloc=%2Fhome%2Ffmbi332s7bv7%2Fpublic_html%2Fwp-activate.php&path=%2Fhome%2Ffmbi332s7bv7%2Fpublic_html HTTP/2.0" 404 - "-" "Mozilla/5.0 AppleWebKit/537.36 (KHTML, like Gecko; compatible; ClaudeBot/1.0; +claudebot@anthropic.com)" 12 **0/12920**
57.141.20.19 - - [18/Mar/2026:06:24:57 -0700] "GET /shopdetail/2863087546.html?fileloc=/home/fmbi332s7bv7/public_html/orpcw.php&path=/home/fmbi332s7bv7/public_html HTTP/2.0" 404 - "-" "meta-externalagent/1.1 (+https://developers.facebook.com/docs/sharing/webmasters/crawler)" 12 **0/12877**
216.73.216.106 - - [18/Mar/2026:06:24:58 -0700] "GET /author/admin/feed?fileloc=%2F%2Flib%2F.build-id%2F66%2Fb303de6a2eab3ed2e197152ae11a3eedfaf89a&path=%2F%2Flib%2F.build-id%2F66 HTTP/2.0" 404 - "-" "Mozilla/5.0 AppleWebKit/537.36 (KHTML, like Gecko; compatible; ClaudeBot/1.0; +claudebot@anthropic.com)" 12 **0/12342**
57.141.20.26 - - [18/Mar/2026:06:24:59 -0700] "GET /shopdetail/1205730811.html?path=/home/fmbi332s7bv7/public_html/wp-content/uploads/2025 HTTP/2.0" 404 - "-" "meta-externalagent/1.1 (+https://developers.facebook.com/docs/sharing/webmasters/crawler)" 14 **0/14652**
216.73.216.106 - - [18/Mar/2026:06:25:01 -0700] "GET /shopdetail/147419062.html?fileloc=%2Fhome%2Ffmbi332s7bv7%2Fpublic_html%2Fwp-trackback.php&path=%2Fhome%2Ffmbi332s7bv7%2Fpublic_html HTTP/2.0" 404 - "-" "Mozilla/5.0 AppleWebKit/537.36 (KHTML, like Gecko; compatible; ClaudeBot/1.0; +claudebot@anthropic.com)" 14 **0/14317**
57.141.20.24 - - [18/Mar/2026:06:25:02 -0700] "GET /shopdetail/3036906331.html?fileloc=/home/fmbi332s7bv7/public_html/wp-activate.php&path=/home/fmbi332s7bv7/public_html HTTP/2.0" 404 - "-" "meta-externalagent/1.1 (+https://developers.facebook.com/docs/sharing/webmasters/crawler)" 26 **0/26452**
57.141.20.18 - - [18/Mar/2026:06:25:04 -0700] "GET /shopdetail/476338774.html?fileloc=/home/fmbi332s7bv7/public_html/wp-comments-post.php&path=/home/fmbi332s7bv7/public_html HTTP/2.0" 404 - "-" "meta-externalagent/1.1 (+https://developers.facebook.com/docs/sharing/webmasters/crawler)" 14 **0/14507**
216.73.216.106 - - [18/Mar/2026:06:25:04 -0700] "GET /shopdetail/25753400.html?fileloc=%2Fhome%2Ffmbi332s7bv7%2Fpublic_html%2Fwp-login.php&path=%2Fhome%2Ffmbi332s7bv7%2Fpublic_html HTTP/2.0" 404 - "-" "Mozilla/5.0 AppleWebKit/537.36 (KHTML, like Gecko; compatible; ClaudeBot/1.0; +claudebot@anthropic.com)" 11 **0/11751**
216.73.216.106 - - [18/Mar/2026:06:25:07 -0700] "GET /shopdetail/403038070.html?fileloc=%2Fhome%2Ffmbi332s7bv7%2Fpublic_html%2Fwp-mail.php&path=%2Fhome%2Ffmbi332s7bv7%2Fpublic_html HTTP/2.0" 404 - "-" "Mozilla/5.0 AppleWebKit/537.36 (KHTML, like Gecko; compatible; ClaudeBot/1.0; +claudebot@anthropic.com)" 15 **0/15029**
57.141.20.44 - - [18/Mar/2026:06:25:08 -0700] "GET /shopdetail/3429499550.html?fileloc=/home/fmbi332s7bv7/public_html/wp-activate.php&path=/home/fmbi332s7bv7/public_html HTTP/2.0" 404 - "-" "meta-externalagent/1.1 (+https://developers.facebook.com/docs/sharing/webmasters/crawler)" 13 **0/13284**
57.141.20.30 - - [18/Mar/2026:06:25:10 -0700] "GET /shopdetail/2327969907.html?fileloc=/home/fmbi332s7bv7/public_html/txets.php&path=/home/fmbi332s7bv7/public_html HTTP/2.0" 404 - "-" "meta-externalagent/1.1 (+https://developers.facebook.com/docs/sharing/webmasters/crawler)" 14 **0/14625**
57.141.20.4 - - [18/Mar/2026:06:25:13 -0700] "GET /shopdetail/1938282687.html?fileloc=/home/fmbi332s7bv7/public_html/wp-mail.php&path=/home/fmbi332s7bv7/public_html HTTP/2.0" 404 - "-" "meta-externalagent/1.1 (+https://developers.facebook.com/docs/sharing/webmasters/crawler)" 14 **0/14727**
216.73.216.106 - - [18/Mar/2026:06:25:13 -0700] "GET /shopdetail/2209028714.html?fileloc=%2F%2Flib64%2Frcrt1.o&path=%2F%2Flib64 HTTP/2.0" 404 - "-" "Mozilla/5.0 AppleWebKit/537.36 (KHTML, like Gecko; compatible; ClaudeBot/1.0; +claudebot@anthropic.com)" 12 **0/12333**
216.73.216.106 - - [18/Mar/2026:06:25:16 -0700] "GET /shopdetail/3816102035.html?fileloc=%2Fhome%2Ffmbi332s7bv7%2Fpublic_html%2Fwp-mail.php&path=%2Fhome%2Ffmbi332s7bv7%2Fpublic_html HTTP/2.0" 404 - "-" "Mozilla/5.0 AppleWebKit/537.36 (KHTML, like Gecko; compatible; ClaudeBot/1.0; +claudebot@anthropic.com)" 14 **0/14870**
57.141.20.41 - - [18/Mar/2026:06:25:16 -0700] "GET /shopdetail/1797171548.html?fileloc=/home/fmbi332s7bv7/public_html/wp-activate.php&path=/home/fmbi332s7bv7/public_html HTTP/2.0" 404 - "-" "meta-externalagent/1.1 (+https://developers.facebook.com/docs/sharing/webmasters/crawler)" 12 **0/12562**
57.141.20.17 - - [18/Mar/2026:06:25:18 -0700] "GET /shopdetail/431207864.html?fileloc=//bin/x86_64-redhat-linux-g++&path=//bin HTTP/2.0" 404 - "-" "meta-externalagent/1.1 (+https://developers.facebook.com/docs/sharing/webmasters/crawler)" 13 **0/13977**
216.73.216.106 - - [18/Mar/2026:06:25:19 -0700] "GET /shopdetail/524325965.html?fileloc=%2Fhome%2Ffmbi332s7bv7%2Fpublic_html%2Fwp-includes%2Fcertificates%2Fca-bundle.crt&path=%2Fhome%2Ffmbi332s7bv7%2Fpublic_html%2Fwp-includes%2Fcertificates HTTP/2.0" 404 - "-" "Mozilla/5.0 AppleWebKit/537.36 (KHTML, like Gecko; compatible; ClaudeBot/1.0; +claudebot@anthropic.com)" 17 **0/17078**
57.141.20.12 - - [18/Mar/2026:06:25:21 -0700] "GET /shopdetail/2306877326.html?fileloc=/home/fmbi332s7bv7/public_html/wp-load.php&path=/home/fmbi332s7bv7/public_html HTTP/2.0" 404 - "-" "meta-externalagent/1.1 (+https://developers.facebook.com/docs/sharing/webmasters/crawler)" 9 **0/9875**
216.73.216.106 - - [18/Mar/2026:06:25:22 -0700] "GET /shopdetail/3342426270.html?fileloc=%2F%2Flib64%2Flibss.so.2&path=%2F%2Flib64 HTTP/2.0" 404 - "-" "Mozilla/5.0 AppleWebKit/537.36 (KHTML, like Gecko; compatible; ClaudeBot/1.0; +claudebot@anthropic.com)" 10 **0/10112**
74.7.227.9 - - [18/Mar/2026:06:25:24 -0700] "GET /?path=//proc/self/root/proc/thread-self/root/proc/thread-self/root/proc/thread-self/root/proc/self/root/opt/cyberark HTTP/2.0" 404 - "https://powerchemyapikimyasallari.com/?path=//proc/self/root/proc/thread-self/root/proc/thread-self/root/proc/thread-self/root/proc/self/root/opt" "Mozilla/5.0 AppleWebKit/537.36 (KHTML, like Gecko; compatible; GPTBot/1.3; +https://openai.com/gptbot)" 10 **0/10478**
57.141.20.5 - - [18/Mar/2026:06:25:24 -0700] "GET /shopdetail/2774498989.html?fileloc=/home/fmbi332s7bv7/public_html/wp-comments-post.php&path=/home/fmbi332s7bv7/public_html HTTP/2.0" 404 - "-" "meta-externalagent/1.1 (+https://developers.facebook.com/docs/sharing/webmasters/crawler)" 15 **0/15169**
216.73.216.106 - - [18/Mar/2026:06:25:25 -0700] "GET /shopdetail/137212168.html?fileloc=%2Fhome%2Ffmbi332s7bv7%2Fpublic_html%2Fwp-mail.php&path=%2Fhome%2Ffmbi332s7bv7%2Fpublic_html HTTP/2.0" 404 - "-" "Mozilla/5.0 AppleWebKit/537.36 (KHTML, like Gecko; compatible; ClaudeBot/1.0; +claudebot@anthropic.com)" 13 **0/13077**
57.141.20.37 - - [18/Mar/2026:06:25:27 -0700] "GET /shopdetail/3482479506.html?fileloc=/home/fmbi332s7bv7/public_html/wp-activate.php&path=/home/fmbi332s7bv7/public_html HTTP/2.0" 404 - "-" "meta-externalagent/1.1 (+https://developers.facebook.com/docs/sharing/webmasters/crawler)" 13 **0/13085**
216.73.216.106 - - [18/Mar/2026:06:25:28 -0700] "GET /shopdetail/3855383640.html?fileloc=%2F%2Fusr%2Flib64%2Flibtasn1.so.6&path=%2F%2Fusr%2Flib64 HTTP/2.0" 404 - "-" "Mozilla/5.0 AppleWebKit/537.36 (KHTML, like Gecko; compatible; ClaudeBot/1.0; +claudebot@anthropic.com)" 9 **0/9545**
57.141.20.37 - - [18/Mar/2026:06:25:29 -0700] "GET /public/understanding-casino-odds-how-to-maximize-your-winning-potential/?path=/home/fmbi332s7bv7 HTTP/2.0" 404 - "-" "meta-externalagent/1.1 (+https://developers.facebook.com/docs/sharing/webmasters/crawler)" 20 **0/20802**
216.73.216.106 - - [18/Mar/2026:06:25:31 -0700] "GET /shopdetail/3330302153.html?fileloc=%2Fhome%2Ffmbi332s7bv7%2Fpublic_html%2Fwp-config.php&path=%2Fhome%2Ffmbi332s7bv7%2Fpublic_html HTTP/2.0" 404 - "-" "Mozilla/5.0 AppleWebKit/537.36 (KHTML, like Gecko; compatible; ClaudeBot/1.0; +claudebot@anthropic.com)" 9 **0/9768**
74.7.227.150 - - [18/Mar/2026:06:25:31 -0700] "GET /?path=//proc/self/root/proc/thread-self/root/proc/thread-self/root/proc/thread-self/root/proc/self/root/proc/self/root/proc/thread-self/root/lib/.build-id/d6 HTTP/2.0" 404 - "https://www.powerchemyapikimyasallari.com/?path=//proc/self/root/proc/thread-self/root/proc/thread-self/root/proc/thread-self/root/proc/self/root/proc/self/root/proc/thread-self/root/lib/.build-id" "Mozilla/5.0 AppleWebKit/537.36 (KHTML, like Gecko; compatible; GPTBot/1.3; +https://openai.com/gptbot)" 12 **0/12391**
66.249.64.102 - - [18/Mar/2026:06:25:31 -0700] "GET /?o=2240514038202 HTTP/1.1" 404 - "-" "Mozilla/5.0 (Linux; Android 6.0.1; Nexus 5X Build/MMB29P) AppleWebKit/537.36 (KHTML, like Gecko) Chrome/145.0.7632.159 Mobile Safari/537.36 (compatible; Googlebot/2.1; +http://www.google.com/bot.html)" 10 **0/10617**
57.141.20.21 - - [18/Mar/2026:06:25:32 -0700] "GET /shopdetail/2221320460.html?fileloc=/home/fmbi332s7bv7/public_html/txets.php&path=/home/fmbi332s7bv7/public_html HTTP/2.0" 404 - "-" "meta-externalagent/1.1 (+https://developers.facebook.com/docs/sharing/webmasters/crawler)" 11 **0/11508**
216.73.216.106 - - [18/Mar/2026:06:25:34 -0700] "GET /shopdetail/1944057507.html?fileloc=%2Fhome%2Ffmbi332s7bv7%2Fpublic_html%2Fwp-admin%2Fjs%2Feditor-expand.js&path=%2Fhome%2Ffmbi332s7bv7%2Fpublic_html%2Fwp-admin%2Fjs HTTP/2.0" 404 - "-" "Mozilla/5.0 AppleWebKit/537.36 (KHTML, like Gecko; compatible; ClaudeBot/1.0; +claudebot@anthropic.com)" 10 **0/10296**
57.141.20.47 - - [18/Mar/2026:06:25:35 -0700] "GET /shopdetail/990286170.html?fileloc=/home/fmbi332s7bv7/public_html/wp-settings.php&path=/home/fmbi332s7bv7/public_html HTTP/2.0" 404 - "-" "meta-externalagent/1.1 (+https://developers.facebook.com/docs/sharing/webmasters/crawler)" 12 **0/12481**
216.73.216.106 - - [18/Mar/2026:06:25:37 -0700] "GET /shopdetail/2755088046.html?fileloc=%2Fhome%2Ffmbi332s7bv7%2Fpublic_html%2Fwp-trackback.php&path=%2Fhome%2Ffmbi332s7bv7%2Fpublic_html HTTP/2.0" 404 - "-" "Mozilla/5.0 AppleWebKit/537.36 (KHTML, like Gecko; compatible; ClaudeBot/1.0; +claudebot@anthropic.com)" 16 **0/16520**
57.141.20.25 - - [18/Mar/2026:06:25:38 -0700] "GET /shopdetail/2831200857.html?fileloc=/home/fmbi332s7bv7/public_html/orpcw.php&path=/home/fmbi332s7bv7/public_html HTTP/2.0" 404 - "-" "meta-externalagent/1.1 (+https://developers.facebook.com/docs/sharing/webmasters/crawler)" 12 **0/12846**
216.73.216.106 - - [18/Mar/2026:06:25:40 -0700] "GET /shopdetail/2702876288.html?fileloc=%2Fhome%2Ffmbi332s7bv7%2Fpublic_html%2Fwp-mail.php&path=%2Fhome%2Ffmbi332s7bv7%2Fpublic_html HTTP/2.0" 404 - "-" "Mozilla/5.0 AppleWebKit/537.36 (KHTML, like Gecko; compatible; ClaudeBot/1.0; +claudebot@anthropic.com)" 11 **0/11617**
57.141.20.34 - - [18/Mar/2026:06:25:40 -0700] "GET /shopdetail/3098723554.html?fileloc=/home/fmbi332s7bv7/public_html/orpcw.php&path=/home/fmbi332s7bv7/public_html HTTP/2.0" 404 - "-" "meta-externalagent/1.1 (+https://developers.facebook.com/docs/sharing/webmasters/crawler)" 10 **0/10429**
57.141.20.44 - - [18/Mar/2026:06:25:43 -0700] "GET /shopdetail/78144577.html?fileloc=/home/fmbi332s7bv7/public_html/txets.php&path=/home/fmbi332s7bv7/public_html HTTP/2.0" 404 - "-" "meta-externalagent/1.1 (+https://developers.facebook.com/docs/sharing/webmasters/crawler)" 12 **0/12199**
216.73.216.106 - - [18/Mar/2026:06:25:44 -0700] "GET /shopdetail/331930278.html?fileloc=%2Fhome%2Ffmbi332s7bv7%2Fpublic_html%2Fwp-blog-header.php&path=%2Fhome%2Ffmbi332s7bv7%2Fpublic_html HTTP/2.0" 404 - "-" "Mozilla/5.0 AppleWebKit/537.36 (KHTML, like Gecko; compatible; ClaudeBot/1.0; +claudebot@anthropic.com)" 14 **0/14488**
57.141.20.2 - - [18/Mar/2026:06:25:46 -0700] "GET /shopdetail/2547769257.html?fileloc=/home/fmbi332s7bv7/public_html/wp-activate.php&path=/home/fmbi332s7bv7/public_html HTTP/2.0" 404 - "-" "meta-externalagent/1.1 (+https://developers.facebook.com/docs/sharing/webmasters/crawler)" 10 **0/10140**
216.73.216.106 - - [18/Mar/2026:06:25:46 -0700] "GET /shopdetail/1383033601.html?fileloc=%2Fhome%2Ffmbi332s7bv7%2Fpublic_html%2Ftxets.php&path=%2Fhome%2Ffmbi332s7bv7%2Fpublic_html HTTP/2.0" 404 - "-" "Mozilla/5.0 AppleWebKit/537.36 (KHTML, like Gecko; compatible; ClaudeBot/1.0; +claudebot@anthropic.com)" 11 **0/11832**
57.141.20.36 - - [18/Mar/2026:06:25:49 -0700] "GET /shopdetail/446051618.html?fileloc=/home/fmbi332s7bv7/public_html/txets.php&path=/home/fmbi332s7bv7/public_html HTTP/2.0" 404 - "-" "meta-externalagent/1.1 (+https://developers.facebook.com/docs/sharing/webmasters/crawler)" 18 **0/18518**
216.73.216.106 - - [18/Mar/2026:06:25:49 -0700] "GET /shopdetail/1748624420.html?fileloc=%2Fhome%2Ffmbi332s7bv7%2Fpublic_html%2Fwp-config.php&path=%2Fhome%2Ffmbi332s7bv7%2Fpublic_html HTTP/2.0" 404 - "-" "Mozilla/5.0 AppleWebKit/537.36 (KHTML, like Gecko; compatible; ClaudeBot/1.0; +claudebot@anthropic.com)" 17 **0/17020**
66.249.64.101 - - [18/Mar/2026:06:25:50 -0700] "GET /?o=18795167164808 HTTP/1.1" 404 - "-" "Mozilla/5.0 (Linux; Android 6.0.1; Nexus 5X Build/MMB29P) AppleWebKit/537.36 (KHTML, like Gecko) Chrome/145.0.7632.159 Mobile Safari/537.36 (compatible; Googlebot/2.1; +http://www.google.com/bot.html)" 10 **0/10764**
57.141.20.26 - - [18/Mar/2026:06:25:51 -0700] "GET /shopdetail/1567354294.html?fileloc=/home/fmbi332s7bv7/public_html/robots.txt&path=/home/fmbi332s7bv7/public_html HTTP/2.0" 404 - "-" "meta-externalagent/1.1 (+https://developers.facebook.com/docs/sharing/webmasters/crawler)" 13 **0/13989**
216.73.216.106 - - [18/Mar/2026:06:25:52 -0700] "GET /shopdetail/1155929729.html?fileloc=%2Fhome%2Ffmbi332s7bv7%2Fpublic_html%2Fwp-config.php&path=%2Fhome%2Ffmbi332s7bv7%2Fpublic_html HTTP/2.0" 404 - "-" "Mozilla/5.0 AppleWebKit/537.36 (KHTML, like Gecko; compatible; ClaudeBot/1.0; +claudebot@anthropic.com)" 10 **0/10862**
74.7.227.9 - - [18/Mar/2026:06:25:53 -0700] "GET /?path=//proc/self/root/proc/thread-self/root/proc/thread-self/root/proc/thread-self/root/proc/self/root/opt/cloudlinux HTTP/2.0" 404 - "https://powerchemyapikimyasallari.com/?path=//proc/self/root/proc/thread-self/root/proc/thread-self/root/proc/thread-self/root/proc/self/root/opt" "Mozilla/5.0 AppleWebKit/537.36 (KHTML, like Gecko; compatible; GPTBot/1.3; +https://openai.com/gptbot)" 15 **0/15262**
57.141.20.25 - - [18/Mar/2026:06:25:54 -0700] "GET /shopdetail/3014511489.html?fileloc=/home/fmbi332s7bv7/public_html/wp-activate.php&path=/home/fmbi332s7bv7/public_html HTTP/2.0" 404 - "-" "meta-externalagent/1.1 (+https://developers.facebook.com/docs/sharing/webmasters/crawler)" 21 **0/21556**
216.73.216.106 - - [18/Mar/2026:06:25:55 -0700] "GET /shopdetail/2099136767.html?fileloc=%2Fhome%2Ffmbi332s7bv7%2Fpublic_html%2Ftxets.php&path=%2Fhome%2Ffmbi332s7bv7%2Fpublic_html HTTP/2.0" 404 - "-" "Mozilla/5.0 AppleWebKit/537.36 (KHTML, like Gecko; compatible; ClaudeBot/1.0; +claudebot@anthropic.com)" 14 **0/14325**
57.141.20.43 - - [18/Mar/2026:06:25:57 -0700] "GET /shopdetail/2235970911.html?fileloc=/home/fmbi332s7bv7/public_html/wp-comments-post.php&path=/home/fmbi332s7bv7/public_html HTTP/2.0" 404 - "-" "meta-externalagent/1.1 (+https://developers.facebook.com/docs/sharing/webmasters/crawler)" 12 **0/12642**
57.141.20.33 - - [18/Mar/2026:06:26:19 -0700] "GET /shopdetail/886592273.html?fileloc=/home/fmbi332s7bv7/public_html/wp-cron.php&path=/home/fmbi332s7bv7/public_html HTTP/2.0" 404 - "-" "meta-externalagent/1.1 (+https://developers.facebook.com/docs/sharing/webmasters/crawler)" 274 **0/274593**
216.73.216.106 - - [18/Mar/2026:06:26:19 -0700] "GET /shopdetail/419297338.html?fileloc=%2Fhome%2Ffmbi332s7bv7%2Fpublic_html%2Fwp-mail.php&path=%2Fhome%2Ffmbi332s7bv7%2Fpublic_html HTTP/2.0" 404 - "-" "Mozilla/5.0 AppleWebKit/537.36 (KHTML, like Gecko; compatible; ClaudeBot/1.0; +claudebot@anthropic.com)" 849 **0/849946**
216.73.216.106 - - [18/Mar/2026:06:26:19 -0700] "GET /shopdetail/463857426.html?fileloc=%2Fhome%2Ffmbi332s7bv7%2Fpublic_html%2Fwp-includes%2Fblock-i18n.json&path=%2Fhome%2Ffmbi332s7bv7%2Fpublic_html%2Fwp-includes HTTP/2.0" 404 - "-" "Mozilla/5.0 AppleWebKit/537.36 (KHTML, like Gecko; compatible; ClaudeBot/1.0; +claudebot@anthropic.com)" 709 **0/709602**
57.141.20.1 - - [18/Mar/2026:06:26:19 -0700] "GET /shopdetail/964468519.html?fileloc=/home/fmbi332s7bv7/public_html/wp-config-sample.php&path=/home/fmbi332s7bv7/public_html HTTP/2.0" 404 - "-" "meta-externalagent/1.1 (+https://developers.facebook.com/docs/sharing/webmasters/crawler)" 747 **0/747021**
57.141.20.31 - - [18/Mar/2026:06:26:20 -0700] "GET /shopdetail/3840630689.html?fileloc=/home/fmbi332s7bv7/public_html/txets.php&path=/home/fmbi332s7bv7/public_html HTTP/2.0" 404 - "-" "meta-externalagent/1.1 (+https://developers.facebook.com/docs/sharing/webmasters/crawler)" 279 **0/279440**
57.141.20.22 - - [18/Mar/2026:06:26:20 -0700] "GET /shopdetail/1283916977.html?fileloc=/home/fmbi332s7bv7/public_html/wp-signup.php&path=/home/fmbi332s7bv7/public_html HTTP/2.0" 404 - "-" "meta-externalagent/1.1 (+https://developers.facebook.com/docs/sharing/webmasters/crawler)" 160 **0/160492**
216.73.216.106 - - [18/Mar/2026:06:26:21 -0700] "GET /shopdetail/2155385899.html?fileloc=%2Fhome%2Ffmbi332s7bv7%2Fpublic_html%2Fwp-links-opml.php&path=%2Fhome%2Ffmbi332s7bv7%2Fpublic_html HTTP/2.0" 404 - "-" "Mozilla/5.0 AppleWebKit/537.36 (KHTML, like Gecko; compatible; ClaudeBot/1.0; +claudebot@anthropic.com)" 37 **0/37647**
74.7.227.9 - - [18/Mar/2026:06:26:26 -0700] "GET /?path=//proc/self/root/proc/thread-self/root/proc/thread-self/root/proc/thread-self/root/proc/self/root/var/.cagefs HTTP/2.0" 404 - "https://powerchemyapikimyasallari.com/?path=//proc/self/root/proc/thread-self/root/proc/thread-self/root/proc/thread-self/root/proc/self/root/var" "Mozilla/5.0 AppleWebKit/537.36 (KHTML, like Gecko; compatible; GPTBot/1.3; +https://openai.com/gptbot)" 151 **0/151707**
57.141.20.1 - - [18/Mar/2026:06:26:26 -0700] "GET /shopdetail/827970123.html?fileloc=/home/fmbi332s7bv7/public_html/wp-mail.php&path=/home/fmbi332s7bv7/public_html HTTP/2.0" 404 - "-" "meta-externalagent/1.1 (+https://developers.facebook.com/docs/sharing/webmasters/crawler)" 272 **0/272058**
57.141.20.29 - - [18/Mar/2026:06:26:26 -0700] "GET /shopdetail/811375570.html?path=/home/fmbi332s7bv7/public_html/wp-content/uploads/2022 HTTP/2.0" 404 - "-" "meta-externalagent/1.1 (+https://developers.facebook.com/docs/sharing/webmasters/crawler)" 386 **0/386152**
216.73.216.106 - - [18/Mar/2026:06:26:26 -0700] "GET /shopdetail/3484543632.html?fileloc=%2Fhome%2Ffmbi332s7bv7%2Fpublic_html%2Fwp-includes%2Fjs%2Fclipboard.min.js&path=%2Fhome%2Ffmbi332s7bv7%2Fpublic_html%2Fwp-includes%2Fjs HTTP/2.0" 404 - "-" "Mozilla/5.0 AppleWebKit/537.36 (KHTML, like Gecko; compatible; ClaudeBot/1.0; +claudebot@anthropic.com)" 381 **0/381543**
216.73.216.106 - - [18/Mar/2026:06:26:27 -0700] "GET /shopdetail/296385827.html?fileloc=%2Fhome%2Ffmbi332s7bv7%2Fpublic_html%2Fwp-config.php&path=%2Fhome%2Ffmbi332s7bv7%2Fpublic_html HTTP/2.0" 404 - "-" "Mozilla/5.0 AppleWebKit/537.36 (KHTML, like Gecko; compatible; ClaudeBot/1.0; +claudebot@anthropic.com)" 185 **0/185992**
57.141.20.53 - - [18/Mar/2026:06:26:29 -0700] "GET /shopdetail/2374590760.html?fileloc=/home/fmbi332s7bv7/public_html/robots.txt&path=/home/fmbi332s7bv7/public_html HTTP/2.0" 404 - "-" "meta-externalagent/1.1 (+https://developers.facebook.com/docs/sharing/webmasters/crawler)" 247 **0/247739**
216.73.216.106 - - [18/Mar/2026:06:26:30 -0700] "GET /shopdetail/2342948310.html?fileloc=%2Fhome%2Ffmbi332s7bv7%2Fpublic_html%2Fwp-config.php&path=%2Fhome%2Ffmbi332s7bv7%2Fpublic_html HTTP/2.0" 404 - "-" "Mozilla/5.0 AppleWebKit/537.36 (KHTML, like Gecko; compatible; ClaudeBot/1.0; +claudebot@anthropic.com)" 27 **0/27959**
74.7.227.150 - - [18/Mar/2026:06:26:31 -0700] "GET /?path=//proc/self/root/proc/thread-self/root/proc/thread-self/root/proc/thread-self/root/proc/self/root/proc/self/root/proc/thread-self/root/usr/lib/.build-id/b0 HTTP/2.0" 404 - "https://www.powerchemyapikimyasallari.com/?path=//proc/self/root/proc/thread-self/root/proc/thread-self/root/proc/thread-self/root/proc/self/root/proc/self/root/proc/thread-self/root/usr/lib/.build-id" "Mozilla/5.0 AppleWebKit/537.36 (KHTML, like Gecko; compatible; GPTBot/1.3; +https://openai.com/gptbot)" 29 **0/29563**
216.73.216.106 - - [18/Mar/2026:06:26:33 -0700] "GET /shopdetail/410214579.html?fileloc=%2Fhome%2Ffmbi332s7bv7%2Fpublic_html%2Ftxets.php&path=%2Fhome%2Ffmbi332s7bv7%2Fpublic_html HTTP/2.0" 404 - "-" "Mozilla/5.0 AppleWebKit/537.36 (KHTML, like Gecko; compatible; ClaudeBot/1.0; +claudebot@anthropic.com)" 20 **0/20755**
57.141.20.27 - - [18/Mar/2026:06:26:34 -0700] "GET /shopdetail/1748846976.html?fileloc=/home/fmbi332s7bv7/public_html/wp-activate.php&path=/home/fmbi332s7bv7/public_html HTTP/2.0" 404 - "-" "meta-externalagent/1.1 (+https://developers.facebook.com/docs/sharing/webmasters/crawler)" 13 **0/13516**
216.73.216.106 - - [18/Mar/2026:06:26:36 -0700] "GET /shopdetail/403038070.html?fileloc=%2Fhome%2Ffmbi332s7bv7%2Fpublic_html%2Findex.php&path=%2Fhome%2Ffmbi332s7bv7%2Fpublic_html HTTP/2.0" 404 - "-" "Mozilla/5.0 AppleWebKit/537.36 (KHTML, like Gecko; compatible; ClaudeBot/1.0; +claudebot@anthropic.com)" 12 **0/12434**
216.73.216.106 - - [18/Mar/2026:06:26:39 -0700] "GET /shopdetail/2352567253.html?fileloc=%2Fhome%2Ffmbi332s7bv7%2Fpublic_html%2Fwp-includes%2Fjs%2Fdist%2Fa11y.js&path=%2Fhome%2Ffmbi332s7bv7%2Fpublic_html%2Fwp-includes%2Fjs%2Fdist HTTP/2.0" 404 - "-" "Mozilla/5.0 AppleWebKit/537.36 (KHTML, like Gecko; compatible; ClaudeBot/1.0; +claudebot@anthropic.com)" 20 **0/20445**
57.141.20.54 - - [18/Mar/2026:06:26:40 -0700] "GET /shopdetail/73238914.html?fileloc=/home/fmbi332s7bv7/public_html/robots.txt&path=/home/fmbi332s7bv7/public_html HTTP/2.0" 404 - "-" "meta-externalagent/1.1 (+https://developers.facebook.com/docs/sharing/webmasters/crawler)" 13 **0/13796**
216.73.216.106 - - [18/Mar/2026:06:26:42 -0700] "GET /shopdetail/4211810199.html?fileloc=%2Fhome%2Ffmbi332s7bv7%2Fpublic_html%2Fwp-cron.php&path=%2Fhome%2Ffmbi332s7bv7%2Fpublic_html HTTP/2.0" 404 - "-" "Mozilla/5.0 AppleWebKit/537.36 (KHTML, like Gecko; compatible; ClaudeBot/1.0; +claudebot@anthropic.com)" 12 **0/12318**
57.141.20.40 - - [18/Mar/2026:06:26:45 -0700] "GET /shopdetail/938982764.html?fileloc=/home/fmbi332s7bv7/public_html/txets.php&path=/home/fmbi332s7bv7/public_html HTTP/2.0" 404 - "-" "meta-externalagent/1.1 (+https://developers.facebook.com/docs/sharing/webmasters/crawler)" 22 **0/22446**
216.73.216.106 - - [18/Mar/2026:06:26:45 -0700] "GET /shopdetail/35271544.html?fileloc=%2Fhome%2Ffmbi332s7bv7%2Fpublic_html%2Fwp-blog-header.php&path=%2Fhome%2Ffmbi332s7bv7%2Fpublic_html HTTP/2.0" 404 - "-" "Mozilla/5.0 AppleWebKit/537.36 (KHTML, like Gecko; compatible; ClaudeBot/1.0; +claudebot@anthropic.com)" 15 **0/15533**
216.73.216.106 - - [18/Mar/2026:06:26:49 -0700] "GET /shopdetail/2209028714.html?fileloc=%2F%2Flib64%2Flibg.a&path=%2F%2Flib64 HTTP/2.0" 404 - "-" "Mozilla/5.0 AppleWebKit/537.36 (KHTML, like Gecko; compatible; ClaudeBot/1.0; +claudebot@anthropic.com)" 12 **0/12277**
74.7.227.9 - - [18/Mar/2026:06:26:50 -0700] "GET /?path=//proc/self/root/proc/thread-self/root/proc/thread-self/root/proc/thread-self/root/proc/self/root/var/cpanel HTTP/2.0" 404 - "https://powerchemyapikimyasallari.com/?path=//proc/self/root/proc/thread-self/root/proc/thread-self/root/proc/thread-self/root/proc/self/root/var" "Mozilla/5.0 AppleWebKit/537.36 (KHTML, like Gecko; compatible; GPTBot/1.3; +https://openai.com/gptbot)" 12 **0/12337**
57.141.20.52 - - [18/Mar/2026:06:26:50 -0700] "GET /shopdetail/1045977977.html?fileloc=//bin/vmstat&path=//bin HTTP/2.0" 404 - "-" "meta-externalagent/1.1 (+https://developers.facebook.com/docs/sharing/webmasters/crawler)" 12 **0/12786**
216.73.216.106 - - [18/Mar/2026:06:26:53 -0700] "GET /shopdetail/844345351.html?fileloc=%2Fhome%2Ffmbi332s7bv7%2Fpublic_html%2Fwp-login.php&path=%2Fhome%2Ffmbi332s7bv7%2Fpublic_html HTTP/2.0" 404 - "-" "Mozilla/5.0 AppleWebKit/537.36 (KHTML, like Gecko; compatible; ClaudeBot/1.0; +claudebot@anthropic.com)" 11 **0/11494**
57.141.20.6 - - [18/Mar/2026:06:26:55 -0700] "GET /shopdetail/344497494.html?fileloc=/home/fmbi332s7bv7/public_html/txets.php&path=/home/fmbi332s7bv7/public_html HTTP/2.0" 404 - "-" "meta-externalagent/1.1 (+https://developers.facebook.com/docs/sharing/webmasters/crawler)" 16 **0/16617**
216.73.216.106 - - [18/Mar/2026:06:26:57 -0700] "GET /shopdetail/3855383640.html?fileloc=%2F%2Fusr%2Flib64%2Flibenchant.so.1.6.0&path=%2F%2Fusr%2Flib64 HTTP/2.0" 404 - "-" "Mozilla/5.0 AppleWebKit/537.36 (KHTML, like Gecko; compatible; ClaudeBot/1.0; +claudebot@anthropic.com)" 13 **0/13939**
57.141.20.0 - - [18/Mar/2026:06:27:00 -0700] "GET /shopdetail/3233220621.html?fileloc=/home/fmbi332s7bv7/public_html/robots.txt&path=/home/fmbi332s7bv7/public_html HTTP/2.0" 404 - "-" "meta-externalagent/1.1 (+https://developers.facebook.com/docs/sharing/webmasters/crawler)" 11 **0/11438**
216.73.216.106 - - [18/Mar/2026:06:27:01 -0700] "GET /shopdetail/1365496.html?fileloc=%2Fhome%2Ffmbi332s7bv7%2Fpublic_html%2Fwp-content%2Flanguages%2Ftr_TR.mo&path=%2Fhome%2Ffmbi332s7bv7%2Fpublic_html%2Fwp-content%2Flanguages HTTP/2.0" 404 - "-" "Mozilla/5.0 AppleWebKit/537.36 (KHTML, like Gecko; compatible; ClaudeBot/1.0; +claudebot@anthropic.com)" 17 **0/17750**
216.73.216.106 - - [18/Mar/2026:06:27:05 -0700] "GET /shopdetail/2829294245.html?fileloc=%2Fhome%2Ffmbi332s7bv7%2Fpublic_html%2Freadme.html&path=%2Fhome%2Ffmbi332s7bv7%2Fpublic_html HTTP/2.0" 404 - "-" "Mozilla/5.0 AppleWebKit/537.36 (KHTML, like Gecko; compatible; ClaudeBot/1.0; +claudebot@anthropic.com)" 16 **0/16440**
57.141.20.25 - - [18/Mar/2026:06:27:05 -0700] "GET /shopdetail/212115415.html?fileloc=/home/fmbi332s7bv7/public_html/wp-activate.php&path=/home/fmbi332s7bv7/public_html HTTP/2.0" 404 - "-" "meta-externalagent/1.1 (+https://developers.facebook.com/docs/sharing/webmasters/crawler)" 14 **0/14732**
216.73.216.106 - - [18/Mar/2026:06:27:09 -0700] "GET /shopdetail/2941274835.html?fileloc=%2Fhome%2Ffmbi332s7bv7%2Fpublic_html%2Fab8dcd30%2Fab8dcd30%2Findex.php&path=%2Fhome%2Ffmbi332s7bv7%2Fpublic_html%2Fab8dcd30%2Fab8dcd30 HTTP/2.0" 404 - "-" "Mozilla/5.0 AppleWebKit/537.36 (KHTML, like Gecko; compatible; ClaudeBot/1.0; +claudebot@anthropic.com)" 29 **0/29202**
57.141.20.42 - - [18/Mar/2026:06:27:11 -0700] "GET /shopdetail/3438177396.html?fileloc=/home/fmbi332s7bv7/public_html/txets.php&path=/home/fmbi332s7bv7/public_html HTTP/2.0" 404 - "-" "meta-externalagent/1.1 (+https://developers.facebook.com/docs/sharing/webmasters/crawler)" 14 **0/14904**
216.73.216.106 - - [18/Mar/2026:06:27:13 -0700] "GET /shopdetail/511283107.html?fileloc=%2Fhome%2Ffmbi332s7bv7%2Fpublic_html%2Fwp-admin%2Fjs%2Fsvg-painter.js&path=%2Fhome%2Ffmbi332s7bv7%2Fpublic_html%2Fwp-admin%2Fjs HTTP/2.0" 404 - "-" "Mozilla/5.0 AppleWebKit/537.36 (KHTML, like Gecko; compatible; ClaudeBot/1.0; +claudebot@anthropic.com)" 11 **0/11767**
57.141.20.44 - - [18/Mar/2026:06:27:16 -0700] "GET /shopdetail/182915573.html?fileloc=/home/fmbi332s7bv7/public_html/xmlrpc.php&path=/home/fmbi332s7bv7/public_html HTTP/2.0" 404 - "-" "meta-externalagent/1.1 (+https://developers.facebook.com/docs/sharing/webmasters/crawler)" 12 **0/12934**
216.73.216.106 - - [18/Mar/2026:06:27:17 -0700] "GET /shopdetail/3493771825.html?fileloc=%2Fhome%2Ffmbi332s7bv7%2Fpublic_html%2Fwp-includes%2Fjs%2Fwplink.js&path=%2Fhome%2Ffmbi332s7bv7%2Fpublic_html%2Fwp-includes%2Fjs HTTP/2.0" 404 - "-" "Mozilla/5.0 AppleWebKit/537.36 (KHTML, like Gecko; compatible; ClaudeBot/1.0; +claudebot@anthropic.com)" 13 **0/13914**
74.7.227.9 - - [18/Mar/2026:06:27:18 -0700] "GET /?path=//proc/self/root/proc/thread-self/root/proc/thread-self/root/proc/thread-self/root/proc/self/root/etc/cl.python HTTP/2.0" 404 - "https://powerchemyapikimyasallari.com/?path=//proc/self/root/proc/thread-self/root/proc/thread-self/root/proc/thread-self/root/proc/self/root/etc" "Mozilla/5.0 AppleWebKit/537.36 (KHTML, like Gecko; compatible; GPTBot/1.3; +https://openai.com/gptbot)" 16 **0/16681**
216.73.216.106 - - [18/Mar/2026:06:27:21 -0700] "GET /shopdetail/293995379.html?fileloc=%2Fhome%2Ffmbi332s7bv7%2Fwww%2Fwp-includes%2Fbookmark.php&path=%2Fhome%2Ffmbi332s7bv7%2Fwww%2Fwp-includes HTTP/2.0" 404 - "-" "Mozilla/5.0 AppleWebKit/537.36 (KHTML, like Gecko; compatible; ClaudeBot/1.0; +claudebot@anthropic.com)" 15 **0/15496**
57.141.20.37 - - [18/Mar/2026:06:27:21 -0700] "GET /shopdetail/404472709.html?fileloc=/home/fmbi332s7bv7/public_html/wp-comments-post.php&path=/home/fmbi332s7bv7/public_html HTTP/2.0" 404 - "-" "meta-externalagent/1.1 (+https://developers.facebook.com/docs/sharing/webmasters/crawler)" 19 **0/19804**
216.73.216.106 - - [18/Mar/2026:06:27:25 -0700] "GET /shopdetail/4077856853.html?fileloc=%2Fhome%2Ffmbi332s7bv7%2Fpublic_html%2Findex.php&path=%2Fhome%2Ffmbi332s7bv7%2Fpublic_html HTTP/2.0" 404 - "-" "Mozilla/5.0 AppleWebKit/537.36 (KHTML, like Gecko; compatible; ClaudeBot/1.0; +claudebot@anthropic.com)" 14 **0/14497**
57.141.20.49 - - [18/Mar/2026:06:27:26 -0700] "GET /shopdetail/1741852139.html?fileloc=/home/fmbi332s7bv7/public_html/txets.php&path=/home/fmbi332s7bv7/public_html HTTP/2.0" 404 - "-" "meta-externalagent/1.1 (+https://developers.facebook.com/docs/sharing/webmasters/crawler)" 11 **0/11412**
216.73.216.106 - - [18/Mar/2026:06:27:29 -0700] "GET /shopdetail/2209028714.html?fileloc=%2F%2Flib64%2FlibodbcpsqlS.so.2.0.0&path=%2F%2Flib64 HTTP/2.0" 404 - "-" "Mozilla/5.0 AppleWebKit/537.36 (KHTML, like Gecko; compatible; ClaudeBot/1.0; +claudebot@anthropic.com)" 10 **0/10924**
