File: /home/fmbi332s7bv7/access-logs/powerchemyapikimyasallari.com-ssl_log
193.70.33.35 - - [18/Mar/2026:05:16:04 -0700] "GET /?fileloc=//usr/include/FlexLexer.h&path=//usr/include HTTP/1.1" 404 - "-" "Mozilla/5.0 (compatible; MJ12bot/v1.4.8; http://mj12bot.com/)" 9 **0/9652**
57.141.20.3 - - [18/Mar/2026:05:16:04 -0700] "GET /shopdetail/1023672435.html?fileloc=/home/fmbi332s7bv7/public_html/robots.txt&path=/home/fmbi332s7bv7/public_html HTTP/2.0" 404 - "-" "meta-externalagent/1.1 (+https://developers.facebook.com/docs/sharing/webmasters/crawler)" 11 **0/11909**
216.73.216.106 - - [18/Mar/2026:05:16:04 -0700] "GET /shopdetail/2209028714.html?fileloc=%2F%2Flib64%2Flibmysqlservices.a&path=%2F%2Flib64 HTTP/2.0" 404 - "-" "Mozilla/5.0 AppleWebKit/537.36 (KHTML, like Gecko; compatible; ClaudeBot/1.0; +claudebot@anthropic.com)" 3005 **3/3005960**
216.73.216.106 - - [18/Mar/2026:05:16:07 -0700] "GET /shopdetail/2812787029.html?fileloc=%2Fhome%2Ffmbi332s7bv7%2Fpublic_html%2Fwp-admin%2Fmedia-new.php&path=%2Fhome%2Ffmbi332s7bv7%2Fpublic_html%2Fwp-admin HTTP/2.0" 404 - "-" "Mozilla/5.0 AppleWebKit/537.36 (KHTML, like Gecko; compatible; ClaudeBot/1.0; +claudebot@anthropic.com)" 15 **0/15167**
57.141.20.47 - - [18/Mar/2026:05:16:07 -0700] "GET /shopdetail/3186018749.html?fileloc=/home/fmbi332s7bv7/public_html/wp-settings.php&path=/home/fmbi332s7bv7/public_html HTTP/2.0" 404 - "-" "meta-externalagent/1.1 (+https://developers.facebook.com/docs/sharing/webmasters/crawler)" 15 **0/15169**
193.70.33.35 - - [18/Mar/2026:05:16:08 -0700] "GET /?fileloc=//usr/include/a.out.h&path=//usr/include HTTP/1.1" 404 - "-" "Mozilla/5.0 (compatible; MJ12bot/v1.4.8; http://mj12bot.com/)" 13 **0/13611**
57.141.20.26 - - [18/Mar/2026:05:16:10 -0700] "GET /shopdetail/2233986552.html?fileloc=/home/fmbi332s7bv7/public_html/wp-blog-header.php&path=/home/fmbi332s7bv7/public_html HTTP/2.0" 404 - "-" "meta-externalagent/1.1 (+https://developers.facebook.com/docs/sharing/webmasters/crawler)" 19 **0/19557**
216.73.216.106 - - [18/Mar/2026:05:16:10 -0700] "GET /shopdetail/623385790.html?fileloc=%2Fhome%2Ffmbi332s7bv7%2Fpublic_html%2Ftxets.php&path=%2Fhome%2Ffmbi332s7bv7%2Fpublic_html HTTP/2.0" 404 - "-" "Mozilla/5.0 AppleWebKit/537.36 (KHTML, like Gecko; compatible; ClaudeBot/1.0; +claudebot@anthropic.com)" 11 **0/11861**
193.70.33.35 - - [18/Mar/2026:05:16:11 -0700] "GET /?fileloc=//usr/include/aio.h&path=//usr/include HTTP/1.1" 404 - "-" "Mozilla/5.0 (compatible; MJ12bot/v1.4.8; http://mj12bot.com/)" 10 **0/10653**
57.141.20.8 - - [18/Mar/2026:05:16:12 -0700] "GET /shopdetail/733645921.html?fileloc=/home/fmbi332s7bv7/public_html/readme.html&path=/home/fmbi332s7bv7/public_html HTTP/2.0" 404 - "-" "meta-externalagent/1.1 (+https://developers.facebook.com/docs/sharing/webmasters/crawler)" 13 **0/13705**
216.73.216.106 - - [18/Mar/2026:05:16:13 -0700] "GET /shopdetail/1286978345.html?fileloc=%2Fhome%2Ffmbi332s7bv7%2Fpublic_html%2Fwp-admin%2Fmedia-new.php&path=%2Fhome%2Ffmbi332s7bv7%2Fpublic_html%2Fwp-admin HTTP/2.0" 404 - "-" "Mozilla/5.0 AppleWebKit/537.36 (KHTML, like Gecko; compatible; ClaudeBot/1.0; +claudebot@anthropic.com)" 22 **0/22837**
74.7.227.9 - - [18/Mar/2026:05:16:13 -0700] "GET /?path=//proc/self/root/proc/thread-self/root/proc/thread-self/root/proc/thread-self/root/proc/self/root/proc/thread-self/root/proc/self/root/proc/self/root/proc/thread-self/root/proc/self/root/lib/firmware/matrox HTTP/2.0" 404 - "https://powerchemyapikimyasallari.com/?path=//proc/self/root/proc/thread-self/root/proc/thread-self/root/proc/thread-self/root/proc/self/root/proc/thread-self/root/proc/self/root/proc/self/root/proc/thread-self/root/proc/self/root/lib/firmware" "Mozilla/5.0 AppleWebKit/537.36 (KHTML, like Gecko; compatible; GPTBot/1.3; +https://openai.com/gptbot)" 16 **0/16742**
193.70.33.35 - - [18/Mar/2026:05:16:15 -0700] "GET /?fileloc=//usr/include/aliases.h&path=//usr/include HTTP/1.1" 404 - "-" "Mozilla/5.0 (compatible; MJ12bot/v1.4.8; http://mj12bot.com/)" 17 **0/17232**
57.141.20.30 - - [18/Mar/2026:05:16:15 -0700] "GET /shopdetail/2567480208.html?fileloc=/home/fmbi332s7bv7/public_html/wp-load.php&path=/home/fmbi332s7bv7/public_html HTTP/2.0" 404 - "-" "meta-externalagent/1.1 (+https://developers.facebook.com/docs/sharing/webmasters/crawler)" 21 **0/21483**
216.73.216.106 - - [18/Mar/2026:05:16:16 -0700] "GET /shopdetail/2272085034.html?fileloc=%2Fhome%2Ffmbi332s7bv7%2Fpublic_html%2Fwp-admin%2Fmedia-new.php&path=%2Fhome%2Ffmbi332s7bv7%2Fpublic_html%2Fwp-admin HTTP/2.0" 404 - "-" "Mozilla/5.0 AppleWebKit/537.36 (KHTML, like Gecko; compatible; ClaudeBot/1.0; +claudebot@anthropic.com)" 14 **0/14200**
57.141.20.36 - - [18/Mar/2026:05:16:18 -0700] "GET /shopdetail/1344187296.html?fileloc=/home/fmbi332s7bv7/public_html/wp-comments-post.php&path=/home/fmbi332s7bv7/public_html HTTP/2.0" 404 - "-" "meta-externalagent/1.1 (+https://developers.facebook.com/docs/sharing/webmasters/crawler)" 12 **0/12361**
193.70.33.35 - - [18/Mar/2026:05:16:19 -0700] "GET /?fileloc=//usr/include/alloca.h&path=//usr/include HTTP/1.1" 404 - "-" "Mozilla/5.0 (compatible; MJ12bot/v1.4.8; http://mj12bot.com/)" 10 **0/10842**
216.73.216.106 - - [18/Mar/2026:05:16:19 -0700] "GET /shopdetail/2209028714.html?fileloc=%2F%2Flib64%2Flibevent_openssl.so&path=%2F%2Flib64 HTTP/2.0" 404 - "-" "Mozilla/5.0 AppleWebKit/537.36 (KHTML, like Gecko; compatible; ClaudeBot/1.0; +claudebot@anthropic.com)" 14 **0/14654**
57.141.20.46 - - [18/Mar/2026:05:16:21 -0700] "GET /shopdetail/1832836342.html?fileloc=/home/fmbi332s7bv7/public_html/wp-signup.php&path=/home/fmbi332s7bv7/public_html HTTP/2.0" 404 - "-" "meta-externalagent/1.1 (+https://developers.facebook.com/docs/sharing/webmasters/crawler)" 11 **0/11854**
216.73.216.106 - - [18/Mar/2026:05:16:22 -0700] "GET /shopdetail/1516986931.html?fileloc=%2Fhome%2Ffmbi332s7bv7%2Fpublic_html%2Fwp-includes%2Fblock-bindings%2F.htaccess&path=%2Fhome%2Ffmbi332s7bv7%2Fpublic_html%2Fwp-includes%2Fblock-bindings HTTP/2.0" 404 - "-" "Mozilla/5.0 AppleWebKit/537.36 (KHTML, like Gecko; compatible; ClaudeBot/1.0; +claudebot@anthropic.com)" 11 **0/11850**
193.70.33.35 - - [18/Mar/2026:05:16:22 -0700] "GET /?fileloc=//usr/include/ar.h&path=//usr/include HTTP/1.1" 404 - "-" "Mozilla/5.0 (compatible; MJ12bot/v1.4.8; http://mj12bot.com/)" 11 **0/11305**
57.141.20.32 - - [18/Mar/2026:05:16:24 -0700] "GET /shopdetail/497279957.html?fileloc=/home/fmbi332s7bv7/public_html/wp-config.php&path=/home/fmbi332s7bv7/public_html HTTP/2.0" 404 - "-" "meta-externalagent/1.1 (+https://developers.facebook.com/docs/sharing/webmasters/crawler)" 12 **0/12368**
216.73.216.106 - - [18/Mar/2026:05:16:25 -0700] "GET /shopdetail/2016832649.html?fileloc=%2Fhome%2Ffmbi332s7bv7%2Fpublic_html%2Fwp-includes%2Fblock-supports%2Fbackground.php&path=%2Fhome%2Ffmbi332s7bv7%2Fpublic_html%2Fwp-includes%2Fblock-supports HTTP/2.0" 404 - "-" "Mozilla/5.0 AppleWebKit/537.36 (KHTML, like Gecko; compatible; ClaudeBot/1.0; +claudebot@anthropic.com)" 10 **0/10072**
193.70.33.35 - - [18/Mar/2026:05:16:26 -0700] "GET /?fileloc=//usr/include/argp.h&path=//usr/include HTTP/1.1" 404 - "-" "Mozilla/5.0 (compatible; MJ12bot/v1.4.8; http://mj12bot.com/)" 10 **0/10757**
57.141.20.48 - - [18/Mar/2026:05:16:26 -0700] "GET /shopdetail/73152202.html?fileloc=/home/fmbi332s7bv7/public_html/xmlrpc.php&path=/home/fmbi332s7bv7/public_html HTTP/2.0" 404 - "-" "meta-externalagent/1.1 (+https://developers.facebook.com/docs/sharing/webmasters/crawler)" 14 **0/14510**
216.73.216.106 - - [18/Mar/2026:05:16:28 -0700] "GET /shopdetail/2569809573.html?fileloc=%2Fhome%2Ffmbi332s7bv7%2Fpublic_html%2Fwp-cron.php&path=%2Fhome%2Ffmbi332s7bv7%2Fpublic_html HTTP/2.0" 404 - "-" "Mozilla/5.0 AppleWebKit/537.36 (KHTML, like Gecko; compatible; ClaudeBot/1.0; +claudebot@anthropic.com)" 11 **0/11596**
57.141.20.33 - - [18/Mar/2026:05:16:29 -0700] "GET /shopdetail/249150405.html?fileloc=/home/fmbi332s7bv7/public_html/wp-config-sample.php&path=/home/fmbi332s7bv7/public_html HTTP/2.0" 404 - "-" "meta-externalagent/1.1 (+https://developers.facebook.com/docs/sharing/webmasters/crawler)" 14 **0/14890**
193.70.33.35 - - [18/Mar/2026:05:16:30 -0700] "GET /?fileloc=//usr/include/argz.h&path=//usr/include HTTP/1.1" 404 - "-" "Mozilla/5.0 (compatible; MJ12bot/v1.4.8; http://mj12bot.com/)" 11 **0/11501**
216.73.216.106 - - [18/Mar/2026:05:16:31 -0700] "GET /shopdetail/3175964843.html?fileloc=%2Fhome%2Ffmbi332s7bv7%2Fpublic_html%2Fwp-settings.php&path=%2Fhome%2Ffmbi332s7bv7%2Fpublic_html HTTP/2.0" 404 - "-" "Mozilla/5.0 AppleWebKit/537.36 (KHTML, like Gecko; compatible; ClaudeBot/1.0; +claudebot@anthropic.com)" 12 **0/12336**
57.141.20.17 - - [18/Mar/2026:05:16:32 -0700] "GET /shopdetail/342083047.html?fileloc=/home/fmbi332s7bv7/public_html/xmlrpc.php&path=/home/fmbi332s7bv7/public_html HTTP/2.0" 404 - "-" "meta-externalagent/1.1 (+https://developers.facebook.com/docs/sharing/webmasters/crawler)" 29 **0/29195**
193.70.33.35 - - [18/Mar/2026:05:16:33 -0700] "GET /?fileloc=//usr/include/assert.h&path=//usr/include HTTP/1.1" 404 - "-" "Mozilla/5.0 (compatible; MJ12bot/v1.4.8; http://mj12bot.com/)" 10 **0/10415**
216.73.216.106 - - [18/Mar/2026:05:16:34 -0700] "GET /shopdetail/3499511643.html?fileloc=%2Fhome%2Ffmbi332s7bv7%2Fpublic_html%2Fwp-trackback.php&path=%2Fhome%2Ffmbi332s7bv7%2Fpublic_html HTTP/2.0" 404 - "-" "Mozilla/5.0 AppleWebKit/537.36 (KHTML, like Gecko; compatible; ClaudeBot/1.0; +claudebot@anthropic.com)" 16 **0/16464**
57.141.20.39 - - [18/Mar/2026:05:16:35 -0700] "GET /shopdetail/4205228947.html?fileloc=/home/fmbi332s7bv7/public_html/wp-links-opml.php&path=/home/fmbi332s7bv7/public_html HTTP/2.0" 404 - "-" "meta-externalagent/1.1 (+https://developers.facebook.com/docs/sharing/webmasters/crawler)" 13 **0/13428**
193.70.33.35 - - [18/Mar/2026:05:16:37 -0700] "GET /?fileloc=//usr/include/autosprintf.h&path=//usr/include HTTP/1.1" 404 - "-" "Mozilla/5.0 (compatible; MJ12bot/v1.4.8; http://mj12bot.com/)" 10 **0/10612**
216.73.216.106 - - [18/Mar/2026:05:16:37 -0700] "GET /shopdetail/1522596916.html?fileloc=%2Fhome%2Ffmbi332s7bv7%2Fpublic_html%2Fwp-trackback.php&path=%2Fhome%2Ffmbi332s7bv7%2Fpublic_html HTTP/2.0" 404 - "-" "Mozilla/5.0 AppleWebKit/537.36 (KHTML, like Gecko; compatible; ClaudeBot/1.0; +claudebot@anthropic.com)" 11 **0/11803**
57.141.20.12 - - [18/Mar/2026:05:16:37 -0700] "GET /shopdetail/69501715.html?fileloc=/home/fmbi332s7bv7/public_html/wp-links-opml.php&path=/home/fmbi332s7bv7/public_html HTTP/2.0" 404 - "-" "meta-externalagent/1.1 (+https://developers.facebook.com/docs/sharing/webmasters/crawler)" 18 **0/18784**
216.73.216.106 - - [18/Mar/2026:05:16:40 -0700] "GET /shopdetail/4066601383.html?fileloc=%2Fhome%2Ffmbi332s7bv7%2Fpublic_html%2Fwp-activate.php&path=%2Fhome%2Ffmbi332s7bv7%2Fpublic_html HTTP/2.0" 404 - "-" "Mozilla/5.0 AppleWebKit/537.36 (KHTML, like Gecko; compatible; ClaudeBot/1.0; +claudebot@anthropic.com)" 10 **0/10255**
57.141.20.26 - - [18/Mar/2026:05:16:40 -0700] "GET /shopdetail/4038195529.html?fileloc=/home/fmbi332s7bv7/public_html/wp-settings.php&path=/home/fmbi332s7bv7/public_html HTTP/2.0" 404 - "-" "meta-externalagent/1.1 (+https://developers.facebook.com/docs/sharing/webmasters/crawler)" 12 **0/12613**
193.70.33.35 - - [18/Mar/2026:05:16:40 -0700] "GET /?fileloc=//usr/include/byteswap.h&path=//usr/include HTTP/1.1" 404 - "-" "Mozilla/5.0 (compatible; MJ12bot/v1.4.8; http://mj12bot.com/)" 15 **0/15068**
74.7.227.9 - - [18/Mar/2026:05:16:43 -0700] "GET /?path=//proc/self/root/proc/thread-self/root/proc/thread-self/root/proc/thread-self/root/proc/self/root/proc/thread-self/root/proc/self/root/proc/self/root/proc/thread-self/root/proc/self/root/lib/firmware/amdnpu HTTP/2.0" 404 - "https://powerchemyapikimyasallari.com/?path=//proc/self/root/proc/thread-self/root/proc/thread-self/root/proc/thread-self/root/proc/self/root/proc/thread-self/root/proc/self/root/proc/self/root/proc/thread-self/root/proc/self/root/lib/firmware" "Mozilla/5.0 AppleWebKit/537.36 (KHTML, like Gecko; compatible; GPTBot/1.3; +https://openai.com/gptbot)" 10 **0/10052**
57.141.20.26 - - [18/Mar/2026:05:16:43 -0700] "GET /shopdetail/2369837545.html?fileloc=/home/fmbi332s7bv7/public_html/wp-activate.php&path=/home/fmbi332s7bv7/public_html HTTP/2.0" 404 - "-" "meta-externalagent/1.1 (+https://developers.facebook.com/docs/sharing/webmasters/crawler)" 10 **0/10695**
216.73.216.106 - - [18/Mar/2026:05:16:43 -0700] "GET /shopdetail/2209028714.html?fileloc=%2F%2Flib64%2Flibtic.so.6&path=%2F%2Flib64 HTTP/2.0" 404 - "-" "Mozilla/5.0 AppleWebKit/537.36 (KHTML, like Gecko; compatible; ClaudeBot/1.0; +claudebot@anthropic.com)" 8 **0/8764**
193.70.33.35 - - [18/Mar/2026:05:16:44 -0700] "GET /?fileloc=//usr/include/bzlib.h&path=//usr/include HTTP/1.1" 404 - "-" "Mozilla/5.0 (compatible; MJ12bot/v1.4.8; http://mj12bot.com/)" 10 **0/10216**
57.141.20.41 - - [18/Mar/2026:05:16:46 -0700] "GET /shopdetail/304194284.html?fileloc=/home/fmbi332s7bv7/public_html/xmlrpc.php&path=/home/fmbi332s7bv7/public_html HTTP/2.0" 404 - "-" "meta-externalagent/1.1 (+https://developers.facebook.com/docs/sharing/webmasters/crawler)" 13 **0/13644**
216.73.216.106 - - [18/Mar/2026:05:16:46 -0700] "GET /shopdetail/170772276.html?fileloc=%2Fhome%2Ffmbi332s7bv7%2Fpublic_html%2Fwp-includes%2Fblocks%2Fquote%2F.htaccess&path=%2Fhome%2Ffmbi332s7bv7%2Fpublic_html%2Fwp-includes%2Fblocks%2Fquote HTTP/2.0" 404 - "-" "Mozilla/5.0 AppleWebKit/537.36 (KHTML, like Gecko; compatible; ClaudeBot/1.0; +claudebot@anthropic.com)" 11 **0/11565**
193.70.33.35 - - [18/Mar/2026:05:16:48 -0700] "GET /?fileloc=//usr/include/com_err.h&path=//usr/include HTTP/1.1" 404 - "-" "Mozilla/5.0 (compatible; MJ12bot/v1.4.8; http://mj12bot.com/)" 9 **0/9612**
57.141.20.22 - - [18/Mar/2026:05:16:49 -0700] "GET /shopdetail/949016047.html?fileloc=/home/fmbi332s7bv7/public_html/robots.txt&path=/home/fmbi332s7bv7/public_html HTTP/2.0" 404 - "-" "meta-externalagent/1.1 (+https://developers.facebook.com/docs/sharing/webmasters/crawler)" 10 **0/10759**
216.73.216.106 - - [18/Mar/2026:05:16:49 -0700] "GET /shopdetail/2111424435.html?fileloc=%2Fhome%2Ffmbi332s7bv7%2Fpublic_html%2Fwp-admin%2Fmedia-new.php&path=%2Fhome%2Ffmbi332s7bv7%2Fpublic_html%2Fwp-admin HTTP/2.0" 404 - "-" "Mozilla/5.0 AppleWebKit/537.36 (KHTML, like Gecko; compatible; ClaudeBot/1.0; +claudebot@anthropic.com)" 17 **0/17838**
74.7.227.150 - - [18/Mar/2026:05:16:50 -0700] "GET /?path=//proc/self/root/proc/thread-self/root/proc/thread-self/root/proc/thread-self/root/proc/self/root/proc/self/root/proc/thread-self/root/lib/.build-id/f2 HTTP/2.0" 404 - "https://www.powerchemyapikimyasallari.com/?path=//proc/self/root/proc/thread-self/root/proc/thread-self/root/proc/thread-self/root/proc/self/root/proc/self/root/proc/thread-self/root/lib/.build-id" "Mozilla/5.0 AppleWebKit/537.36 (KHTML, like Gecko; compatible; GPTBot/1.3; +https://openai.com/gptbot)" 14 **0/14754**
57.141.20.5 - - [18/Mar/2026:05:16:51 -0700] "GET /shopdetail/2818277852.html?fileloc=/home/fmbi332s7bv7/public_html/wp-blog-header.php&path=/home/fmbi332s7bv7/public_html HTTP/2.0" 404 - "-" "meta-externalagent/1.1 (+https://developers.facebook.com/docs/sharing/webmasters/crawler)" 12 **0/12193**
193.70.33.35 - - [18/Mar/2026:05:16:51 -0700] "GET /?fileloc=//usr/include/complex.h&path=//usr/include HTTP/1.1" 404 - "-" "Mozilla/5.0 (compatible; MJ12bot/v1.4.8; http://mj12bot.com/)" 11 **0/11011**
216.73.216.106 - - [18/Mar/2026:05:16:52 -0700] "GET /shopdetail/3990884372.html?path=%2Fhome%2Ffmbi332s7bv7%2Fpublic_html%2Fwp-includes%2Fimages%2Fmedia HTTP/2.0" 404 - "-" "Mozilla/5.0 AppleWebKit/537.36 (KHTML, like Gecko; compatible; ClaudeBot/1.0; +claudebot@anthropic.com)" 13 **0/13138**
57.141.20.34 - - [18/Mar/2026:05:16:54 -0700] "GET /checkout/?fileloc=/home/fmbi332s7bv7/public_html/wp-config-sample.php&path=/home/fmbi332s7bv7/public_html HTTP/2.0" 404 - "-" "meta-externalagent/1.1 (+https://developers.facebook.com/docs/sharing/webmasters/crawler)" 12 **0/12775**
193.70.33.35 - - [18/Mar/2026:05:16:55 -0700] "GET /?fileloc=//usr/include/cpio.h&path=//usr/include HTTP/1.1" 404 - "-" "Mozilla/5.0 (compatible; MJ12bot/v1.4.8; http://mj12bot.com/)" 8 **0/8846**
216.73.216.106 - - [18/Mar/2026:05:16:55 -0700] "GET /shopdetail/596261716.html?fileloc=%2Fhome%2Ffmbi332s7bv7%2Fpublic_html%2Fwp-settings.php&path=%2Fhome%2Ffmbi332s7bv7%2Fpublic_html HTTP/2.0" 404 - "-" "Mozilla/5.0 AppleWebKit/537.36 (KHTML, like Gecko; compatible; ClaudeBot/1.0; +claudebot@anthropic.com)" 11 **0/11449**
57.141.20.16 - - [18/Mar/2026:05:16:57 -0700] "GET /shopdetail/1008257935.html?fileloc=/home/fmbi332s7bv7/public_html/wp-cron.php&path=/home/fmbi332s7bv7/public_html HTTP/2.0" 404 - "-" "meta-externalagent/1.1 (+https://developers.facebook.com/docs/sharing/webmasters/crawler)" 11 **0/11640**
216.73.216.106 - - [18/Mar/2026:05:16:58 -0700] "GET /shopdetail/2890157028.html?fileloc=%2Fhome%2Ffmbi332s7bv7%2Fpublic_html%2Fwp-settings.php&path=%2Fhome%2Ffmbi332s7bv7%2Fpublic_html HTTP/2.0" 404 - "-" "Mozilla/5.0 AppleWebKit/537.36 (KHTML, like Gecko; compatible; ClaudeBot/1.0; +claudebot@anthropic.com)" 12 **0/12997**
193.70.33.35 - - [18/Mar/2026:05:16:58 -0700] "GET /?fileloc=//usr/include/cpuidle.h&path=//usr/include HTTP/1.1" 404 - "-" "Mozilla/5.0 (compatible; MJ12bot/v1.4.8; http://mj12bot.com/)" 9 **0/9657**
57.141.20.47 - - [18/Mar/2026:05:17:00 -0700] "GET /shopdetail/2370001972.html?fileloc=/home/fmbi332s7bv7/public_html/wp-load.php&path=/home/fmbi332s7bv7/public_html HTTP/2.0" 404 - "-" "meta-externalagent/1.1 (+https://developers.facebook.com/docs/sharing/webmasters/crawler)" 11 **0/11920**
216.73.216.106 - - [18/Mar/2026:05:17:01 -0700] "GET /shopdetail/236353620.html?fileloc=%2Fhome%2Ffmbi332s7bv7%2Fpublic_html%2Fab8dcd30%2Fabout.php&path=%2Fhome%2Ffmbi332s7bv7%2Fpublic_html%2Fab8dcd30 HTTP/2.0" 404 - "-" "Mozilla/5.0 AppleWebKit/537.36 (KHTML, like Gecko; compatible; ClaudeBot/1.0; +claudebot@anthropic.com)" 16 **0/16987**
193.70.33.35 - - [18/Mar/2026:05:17:02 -0700] "GET /?fileloc=//usr/include/crypt.h&path=//usr/include HTTP/1.1" 404 - "-" "Mozilla/5.0 (compatible; MJ12bot/v1.4.8; http://mj12bot.com/)" 12 **0/12903**
57.141.20.46 - - [18/Mar/2026:05:17:02 -0700] "GET /shopdetail/1741852139.html?fileloc=/home/fmbi332s7bv7/public_html/wp-trackback.php&path=/home/fmbi332s7bv7/public_html HTTP/2.0" 404 - "-" "meta-externalagent/1.1 (+https://developers.facebook.com/docs/sharing/webmasters/crawler)" 52 **0/52175**
216.73.216.106 - - [18/Mar/2026:05:17:04 -0700] "GET /shopdetail/3249228402.html?fileloc=%2Fhome%2Ffmbi332s7bv7%2Fpublic_html%2Fwp-mail.php&path=%2Fhome%2Ffmbi332s7bv7%2Fpublic_html HTTP/2.0" 404 - "-" "Mozilla/5.0 AppleWebKit/537.36 (KHTML, like Gecko; compatible; ClaudeBot/1.0; +claudebot@anthropic.com)" 13 **0/13239**
57.141.20.7 - - [18/Mar/2026:05:17:05 -0700] "GET /shopdetail/1333360867.html?fileloc=/home/fmbi332s7bv7/public_html/wp-comments-post.php&path=/home/fmbi332s7bv7/public_html HTTP/2.0" 404 - "-" "meta-externalagent/1.1 (+https://developers.facebook.com/docs/sharing/webmasters/crawler)" 16 **0/16250**
193.70.33.35 - - [18/Mar/2026:05:17:06 -0700] "GET /?fileloc=//usr/include/ctype.h&path=//usr/include HTTP/1.1" 404 - "-" "Mozilla/5.0 (compatible; MJ12bot/v1.4.8; http://mj12bot.com/)" 12 **0/12216**
216.73.216.106 - - [18/Mar/2026:05:17:07 -0700] "GET /shopdetail/1102222613.html?fileloc=%2Fhome%2Ffmbi332s7bv7%2Fpublic_html%2Fwp-activate.php&path=%2Fhome%2Ffmbi332s7bv7%2Fpublic_html HTTP/2.0" 404 - "-" "Mozilla/5.0 AppleWebKit/537.36 (KHTML, like Gecko; compatible; ClaudeBot/1.0; +claudebot@anthropic.com)" 16 **0/16519**
57.141.20.51 - - [18/Mar/2026:05:17:08 -0700] "GET /shopdetail/3129129149.html?fileloc=/home/fmbi332s7bv7/public_html/wp-cron.php&path=/home/fmbi332s7bv7/public_html HTTP/2.0" 404 - "-" "meta-externalagent/1.1 (+https://developers.facebook.com/docs/sharing/webmasters/crawler)" 23 **0/23016**
193.70.33.35 - - [18/Mar/2026:05:17:09 -0700] "GET /?fileloc=//usr/include/curses.h&path=//usr/include HTTP/1.1" 404 - "-" "Mozilla/5.0 (compatible; MJ12bot/v1.4.8; http://mj12bot.com/)" 10 **0/10769**
74.7.227.9 - - [18/Mar/2026:05:17:10 -0700] "GET /?path=//proc/self/root/proc/thread-self/root/proc/thread-self/root/proc/thread-self/root/proc/self/root/proc/thread-self/root/proc/self/root/proc/self/root/proc/thread-self/root/proc/self/root/lib/firmware/ttusb-budget HTTP/2.0" 404 - "https://powerchemyapikimyasallari.com/?path=//proc/self/root/proc/thread-self/root/proc/thread-self/root/proc/thread-self/root/proc/self/root/proc/thread-self/root/proc/self/root/proc/self/root/proc/thread-self/root/proc/self/root/lib/firmware" "Mozilla/5.0 AppleWebKit/537.36 (KHTML, like Gecko; compatible; GPTBot/1.3; +https://openai.com/gptbot)" 15 **0/15156**
216.73.216.106 - - [18/Mar/2026:05:17:10 -0700] "GET /shopdetail/2957283197.html?fileloc=%2Fhome%2Ffmbi332s7bv7%2Fpublic_html%2Fwp-admin%2Fmedia-new.php&path=%2Fhome%2Ffmbi332s7bv7%2Fpublic_html%2Fwp-admin HTTP/2.0" 404 - "-" "Mozilla/5.0 AppleWebKit/537.36 (KHTML, like Gecko; compatible; ClaudeBot/1.0; +claudebot@anthropic.com)" 14 **0/14866**
57.141.20.54 - - [18/Mar/2026:05:17:10 -0700] "GET /shopdetail/398854414.html?fileloc=/home/fmbi332s7bv7/public_html/wp-load.php&path=/home/fmbi332s7bv7/public_html HTTP/2.0" 404 - "-" "meta-externalagent/1.1 (+https://developers.facebook.com/docs/sharing/webmasters/crawler)" 12 **0/12609**
193.70.33.35 - - [18/Mar/2026:05:17:13 -0700] "GET /?fileloc=//usr/include/cursesapp.h&path=//usr/include HTTP/1.1" 404 - "-" "Mozilla/5.0 (compatible; MJ12bot/v1.4.8; http://mj12bot.com/)" 10 **0/10951**
57.141.20.34 - - [18/Mar/2026:05:17:13 -0700] "GET /shopdetail/4194563002.html?fileloc=/home/fmbi332s7bv7/public_html/wp-load.php&path=/home/fmbi332s7bv7/public_html HTTP/2.0" 404 - "-" "meta-externalagent/1.1 (+https://developers.facebook.com/docs/sharing/webmasters/crawler)" 16 **0/16604**
216.73.216.106 - - [18/Mar/2026:05:17:13 -0700] "GET /shopdetail/3342426270.html?fileloc=%2F%2Flib64%2Flibuser.so.1&path=%2F%2Flib64 HTTP/2.0" 404 - "-" "Mozilla/5.0 AppleWebKit/537.36 (KHTML, like Gecko; compatible; ClaudeBot/1.0; +claudebot@anthropic.com)" 12 **0/12418**
57.141.20.26 - - [18/Mar/2026:05:17:16 -0700] "GET /shopdetail/3646853335.html?fileloc=/home/fmbi332s7bv7/public_html/.htaccess&path=/home/fmbi332s7bv7/public_html HTTP/2.0" 404 - "-" "meta-externalagent/1.1 (+https://developers.facebook.com/docs/sharing/webmasters/crawler)" 13 **0/13097**
216.73.216.106 - - [18/Mar/2026:05:17:16 -0700] "GET /shopdetail/2248521070.html?fileloc=%2Fhome%2Ffmbi332s7bv7%2Fpublic_html%2Fwp-cron.php&path=%2Fhome%2Ffmbi332s7bv7%2Fpublic_html HTTP/2.0" 404 - "-" "Mozilla/5.0 AppleWebKit/537.36 (KHTML, like Gecko; compatible; ClaudeBot/1.0; +claudebot@anthropic.com)" 12 **0/12084**
193.70.33.35 - - [18/Mar/2026:05:17:16 -0700] "GET /?fileloc=//usr/include/cursesf.h&path=//usr/include HTTP/1.1" 404 - "-" "Mozilla/5.0 (compatible; MJ12bot/v1.4.8; http://mj12bot.com/)" 10 **0/10708**
57.141.20.47 - - [18/Mar/2026:05:17:18 -0700] "GET /shopdetail/2637859096.html?fileloc=/home/fmbi332s7bv7/public_html/readme.html&path=/home/fmbi332s7bv7/public_html HTTP/2.0" 404 - "-" "meta-externalagent/1.1 (+https://developers.facebook.com/docs/sharing/webmasters/crawler)" 17 **0/17940**
216.73.216.106 - - [18/Mar/2026:05:17:19 -0700] "GET /shopdetail/2449902090.html?fileloc=%2Fhome%2Ffmbi332s7bv7%2Fpublic_html%2Findex.php&path=%2Fhome%2Ffmbi332s7bv7%2Fpublic_html HTTP/2.0" 404 - "-" "Mozilla/5.0 AppleWebKit/537.36 (KHTML, like Gecko; compatible; ClaudeBot/1.0; +claudebot@anthropic.com)" 21 **0/21109**
193.70.33.35 - - [18/Mar/2026:05:17:20 -0700] "GET /?fileloc=//usr/include/cursesm.h&path=//usr/include HTTP/1.1" 404 - "-" "Mozilla/5.0 (compatible; MJ12bot/v1.4.8; http://mj12bot.com/)" 9 **0/9664**
57.141.20.38 - - [18/Mar/2026:05:17:22 -0700] "GET /shopdetail/852672544.html?fileloc=//proc/sched_debug&path=//proc HTTP/2.0" 404 - "-" "meta-externalagent/1.1 (+https://developers.facebook.com/docs/sharing/webmasters/crawler)" 12 **0/12684**
216.73.216.106 - - [18/Mar/2026:05:17:22 -0700] "GET /shopdetail/526750147.html?fileloc=%2Fhome%2Ffmbi332s7bv7%2Fpublic_html%2Fwp-content%2Flanguages%2F.htaccess&path=%2Fhome%2Ffmbi332s7bv7%2Fpublic_html%2Fwp-content%2Flanguages HTTP/2.0" 404 - "-" "Mozilla/5.0 AppleWebKit/537.36 (KHTML, like Gecko; compatible; ClaudeBot/1.0; +claudebot@anthropic.com)" 12 **0/12311**
193.70.33.35 - - [18/Mar/2026:05:17:23 -0700] "GET /?fileloc=//usr/include/cursesp.h&path=//usr/include HTTP/1.1" 404 - "-" "Mozilla/5.0 (compatible; MJ12bot/v1.4.8; http://mj12bot.com/)" 15 **0/15650**
57.141.20.25 - - [18/Mar/2026:05:17:24 -0700] "GET /shopdetail/1511804110.html?fileloc=/home/fmbi332s7bv7/public_html/orpcw.php&path=/home/fmbi332s7bv7/public_html HTTP/2.0" 404 - "-" "meta-externalagent/1.1 (+https://developers.facebook.com/docs/sharing/webmasters/crawler)" 17 **0/17644**
216.73.216.106 - - [18/Mar/2026:05:17:25 -0700] "GET /shopdetail/2606362357.html?path=%2Fhome%2Ffmbi332s7bv7%2F.subaccounts HTTP/2.0" 404 - "-" "Mozilla/5.0 AppleWebKit/537.36 (KHTML, like Gecko; compatible; ClaudeBot/1.0; +claudebot@anthropic.com)" 11 **0/11919**
57.141.20.8 - - [18/Mar/2026:05:17:27 -0700] "GET /shopdetail/1610776815.html?fileloc=/home/fmbi332s7bv7/public_html/orpcw.php&path=/home/fmbi332s7bv7/public_html HTTP/2.0" 404 - "-" "meta-externalagent/1.1 (+https://developers.facebook.com/docs/sharing/webmasters/crawler)" 32 **0/32874**
193.70.33.35 - - [18/Mar/2026:05:17:27 -0700] "GET /?fileloc=//usr/include/cursesw.h&path=//usr/include HTTP/1.1" 404 - "-" "Mozilla/5.0 (compatible; MJ12bot/v1.4.8; http://mj12bot.com/)" 17 **0/17585**
216.73.216.106 - - [18/Mar/2026:05:17:28 -0700] "GET /shopdetail/2448471017.html?fileloc=%2Fhome%2Ffmbi332s7bv7%2Fpublic_html%2Fwp-mail.php&path=%2Fhome%2Ffmbi332s7bv7%2Fpublic_html HTTP/2.0" 404 - "-" "Mozilla/5.0 AppleWebKit/537.36 (KHTML, like Gecko; compatible; ClaudeBot/1.0; +claudebot@anthropic.com)" 13 **0/13119**
57.141.20.9 - - [18/Mar/2026:05:17:30 -0700] "GET /shopdetail/613374177.html?fileloc=/home/fmbi332s7bv7/public_html/robots.txt&path=/home/fmbi332s7bv7/public_html HTTP/2.0" 404 - "-" "meta-externalagent/1.1 (+https://developers.facebook.com/docs/sharing/webmasters/crawler)" 23 **0/23633**
66.249.76.229 - - [18/Mar/2026:05:17:30 -0700] "GET /?o=9974933645304 HTTP/1.1" 404 - "-" "Mozilla/5.0 (Linux; Android 6.0.1; Nexus 5X Build/MMB29P) AppleWebKit/537.36 (KHTML, like Gecko) Chrome/145.0.7632.159 Mobile Safari/537.36 (compatible; Googlebot/2.1; +http://www.google.com/bot.html)" 10 **0/10631**
193.70.33.35 - - [18/Mar/2026:05:17:30 -0700] "GET /?fileloc=//usr/include/cursslk.h&path=//usr/include HTTP/1.1" 404 - "-" "Mozilla/5.0 (compatible; MJ12bot/v1.4.8; http://mj12bot.com/)" 10 **0/10421**
216.73.216.106 - - [18/Mar/2026:05:17:31 -0700] "GET /shopdetail/2064511086.html?fileloc=%2Fhome%2Ffmbi332s7bv7%2Fpublic_html%2Fwp-cron.php&path=%2Fhome%2Ffmbi332s7bv7%2Fpublic_html HTTP/2.0" 404 - "-" "Mozilla/5.0 AppleWebKit/537.36 (KHTML, like Gecko; compatible; ClaudeBot/1.0; +claudebot@anthropic.com)" 13 **0/13387**
57.141.20.0 - - [18/Mar/2026:05:17:32 -0700] "GET /shopdetail/2488892347.html?fileloc=/home/fmbi332s7bv7/public_html/wp-cron.php&path=/home/fmbi332s7bv7/public_html HTTP/2.0" 404 - "-" "meta-externalagent/1.1 (+https://developers.facebook.com/docs/sharing/webmasters/crawler)" 25 **0/25244**
193.70.33.35 - - [18/Mar/2026:05:17:34 -0700] "GET /?fileloc=//usr/include/dbm.h&path=//usr/include HTTP/1.1" 404 - "-" "Mozilla/5.0 (compatible; MJ12bot/v1.4.8; http://mj12bot.com/)" 12 **0/12559**
216.73.216.106 - - [18/Mar/2026:05:17:34 -0700] "GET /shopdetail/1881700954.html?fileloc=%2Fhome%2Ffmbi332s7bv7%2Fpublic_html%2Fwp-admin%2Fjs%2Fset-post-thumbnail.min.js&path=%2Fhome%2Ffmbi332s7bv7%2Fpublic_html%2Fwp-admin%2Fjs HTTP/2.0" 404 - "-" "Mozilla/5.0 AppleWebKit/537.36 (KHTML, like Gecko; compatible; ClaudeBot/1.0; +claudebot@anthropic.com)" 11 **0/11638**
57.141.20.26 - - [18/Mar/2026:05:17:35 -0700] "GET /shopdetail/2756857970.html?fileloc=/home/fmbi332s7bv7/public_html/wp-activate.php&path=/home/fmbi332s7bv7/public_html HTTP/2.0" 404 - "-" "meta-externalagent/1.1 (+https://developers.facebook.com/docs/sharing/webmasters/crawler)" 22 **0/22563**
216.73.216.106 - - [18/Mar/2026:05:17:37 -0700] "GET /shopdetail/1836892932.html?fileloc=%2Fhome%2Ffmbi332s7bv7%2Fpublic_html%2Fwp-trackback.php&path=%2Fhome%2Ffmbi332s7bv7%2Fpublic_html HTTP/2.0" 404 - "-" "Mozilla/5.0 AppleWebKit/537.36 (KHTML, like Gecko; compatible; ClaudeBot/1.0; +claudebot@anthropic.com)" 13 **0/13533**
74.7.227.9 - - [18/Mar/2026:05:17:37 -0700] "GET /?path=//proc/self/root/proc/thread-self/root/proc/thread-self/root/proc/thread-self/root/proc/self/root/proc/thread-self/root/proc/self/root/proc/self/root/proc/thread-self/root/etc/security/console.apps HTTP/2.0" 404 - "https://powerchemyapikimyasallari.com/?path=//proc/self/root/proc/thread-self/root/proc/thread-self/root/proc/thread-self/root/proc/self/root/proc/thread-self/root/proc/self/root/proc/self/root/proc/thread-self/root/etc/security" "Mozilla/5.0 AppleWebKit/537.36 (KHTML, like Gecko; compatible; GPTBot/1.3; +https://openai.com/gptbot)" 13 **0/13165**
193.70.33.35 - - [18/Mar/2026:05:17:37 -0700] "GET /?fileloc=//usr/include/dirent.h&path=//usr/include HTTP/1.1" 404 - "-" "Mozilla/5.0 (compatible; MJ12bot/v1.4.8; http://mj12bot.com/)" 12 **0/12044**
57.141.20.9 - - [18/Mar/2026:05:17:38 -0700] "GET /shopdetail/2317081846.html?fileloc=/home/fmbi332s7bv7/public_html/wp-config.php&path=/home/fmbi332s7bv7/public_html HTTP/2.0" 404 - "-" "meta-externalagent/1.1 (+https://developers.facebook.com/docs/sharing/webmasters/crawler)" 16 **0/16375**
57.141.20.11 - - [18/Mar/2026:05:17:40 -0700] "GET /shopdetail/648096332.html?fileloc=/home/fmbi332s7bv7/public_html/index.php&path=/home/fmbi332s7bv7/public_html HTTP/2.0" 404 - "-" "meta-externalagent/1.1 (+https://developers.facebook.com/docs/sharing/webmasters/crawler)" 16 **0/16615**
216.73.216.106 - - [18/Mar/2026:05:17:40 -0700] "GET /shopdetail/2209028714.html?fileloc=%2F%2Flib64%2Flibxcb-render.so.0&path=%2F%2Flib64 HTTP/2.0" 404 - "-" "Mozilla/5.0 AppleWebKit/537.36 (KHTML, like Gecko; compatible; ClaudeBot/1.0; +claudebot@anthropic.com)" 18 **0/18420**
193.70.33.35 - - [18/Mar/2026:05:17:41 -0700] "GET /?fileloc=//usr/include/dlfcn.h&path=//usr/include HTTP/1.1" 404 - "-" "Mozilla/5.0 (compatible; MJ12bot/v1.4.8; http://mj12bot.com/)" 17 **0/17261**
216.73.216.106 - - [18/Mar/2026:05:17:43 -0700] "GET /shopdetail/3484380109.html?fileloc=%2Fhome%2Ffmbi332s7bv7%2Fpublic_html%2Fwp-mail.php&path=%2Fhome%2Ffmbi332s7bv7%2Fpublic_html HTTP/2.0" 404 - "-" "Mozilla/5.0 AppleWebKit/537.36 (KHTML, like Gecko; compatible; ClaudeBot/1.0; +claudebot@anthropic.com)" 14 **0/14803**
57.141.20.31 - - [18/Mar/2026:05:17:43 -0700] "GET /shopdetail/1288997298.html?fileloc=/home/fmbi332s7bv7/public_html/wp-login.php&path=/home/fmbi332s7bv7/public_html HTTP/2.0" 404 - "-" "meta-externalagent/1.1 (+https://developers.facebook.com/docs/sharing/webmasters/crawler)" 10 **0/10787**
193.70.33.35 - - [18/Mar/2026:05:17:44 -0700] "GET /?fileloc=//usr/include/elf.h&path=//usr/include HTTP/1.1" 404 - "-" "Mozilla/5.0 (compatible; MJ12bot/v1.4.8; http://mj12bot.com/)" 12 **0/12015**
57.141.20.36 - - [18/Mar/2026:05:17:46 -0700] "GET /shopdetail/2934960542.html?fileloc=/home/fmbi332s7bv7/public_html/index.php&path=/home/fmbi332s7bv7/public_html HTTP/2.0" 404 - "-" "meta-externalagent/1.1 (+https://developers.facebook.com/docs/sharing/webmasters/crawler)" 14 **0/14172**
216.73.216.106 - - [18/Mar/2026:05:17:46 -0700] "GET /shopdetail/1173149593.html?path=%2Fhome%2Ffmbi332s7bv7%2Fpublic_html%2Fimages%2Fimages HTTP/2.0" 404 - "-" "Mozilla/5.0 AppleWebKit/537.36 (KHTML, like Gecko; compatible; ClaudeBot/1.0; +claudebot@anthropic.com)" 13 **0/13020**
193.70.33.35 - - [18/Mar/2026:05:17:48 -0700] "GET /?fileloc=//usr/include/endian.h&path=//usr/include HTTP/1.1" 404 - "-" "Mozilla/5.0 (compatible; MJ12bot/v1.4.8; http://mj12bot.com/)" 9 **0/9648**
57.141.20.7 - - [18/Mar/2026:05:17:49 -0700] "GET /shopdetail/2121690418.html?fileloc=//bin/gnroff&path=//bin HTTP/2.0" 404 - "-" "meta-externalagent/1.1 (+https://developers.facebook.com/docs/sharing/webmasters/crawler)" 13 **0/13627**
216.73.216.106 - - [18/Mar/2026:05:17:49 -0700] "GET /shopdetail/2209028714.html?fileloc=%2F%2Flib64%2FlibmimerS.so.2.0.0&path=%2F%2Flib64 HTTP/2.0" 404 - "-" "Mozilla/5.0 AppleWebKit/537.36 (KHTML, like Gecko; compatible; ClaudeBot/1.0; +claudebot@anthropic.com)" 16 **0/16571**
193.70.33.35 - - [18/Mar/2026:05:17:52 -0700] "GET /?fileloc=//usr/include/entities.h&path=//usr/include HTTP/1.1" 404 - "-" "Mozilla/5.0 (compatible; MJ12bot/v1.4.8; http://mj12bot.com/)" 14 **0/14674**
57.141.20.52 - - [18/Mar/2026:05:17:52 -0700] "GET /shopdetail/3686653777.html?fileloc=/home/fmbi332s7bv7/public_html/wp-load.php&path=/home/fmbi332s7bv7/public_html HTTP/2.0" 404 - "-" "meta-externalagent/1.1 (+https://developers.facebook.com/docs/sharing/webmasters/crawler)" 11 **0/11779**
216.73.216.106 - - [18/Mar/2026:05:17:52 -0700] "GET /shopdetail/2209028714.html?fileloc=%2F%2Flib64%2Flibpanel.so&path=%2F%2Flib64 HTTP/2.0" 404 - "-" "Mozilla/5.0 AppleWebKit/537.36 (KHTML, like Gecko; compatible; ClaudeBot/1.0; +claudebot@anthropic.com)" 22 **0/22295**
74.7.227.150 - - [18/Mar/2026:05:17:52 -0700] "GET /?path=//proc/self/root/proc/thread-self/root/proc/thread-self/root/proc/thread-self/root/proc/self/root/proc/self/root/proc/thread-self/root/usr/lib/.build-id/f1 HTTP/2.0" 404 - "https://www.powerchemyapikimyasallari.com/?path=//proc/self/root/proc/thread-self/root/proc/thread-self/root/proc/thread-self/root/proc/self/root/proc/self/root/proc/thread-self/root/usr/lib/.build-id" "Mozilla/5.0 AppleWebKit/537.36 (KHTML, like Gecko; compatible; GPTBot/1.3; +https://openai.com/gptbot)" 16 **0/16917**
57.141.20.25 - - [18/Mar/2026:05:17:54 -0700] "GET /shopdetail/3678618310.html?fileloc=/home/fmbi332s7bv7/public_html/license.txt&path=/home/fmbi332s7bv7/public_html HTTP/2.0" 404 - "-" "meta-externalagent/1.1 (+https://developers.facebook.com/docs/sharing/webmasters/crawler)" 13 **0/13609**
193.70.33.35 - - [18/Mar/2026:05:17:55 -0700] "GET /?fileloc=//usr/include/envz.h&path=//usr/include HTTP/1.1" 404 - "-" "Mozilla/5.0 (compatible; MJ12bot/v1.4.8; http://mj12bot.com/)" 9 **0/9205**
216.73.216.106 - - [18/Mar/2026:05:17:55 -0700] "GET /shopdetail/3812201345.html?fileloc=%2Fhome%2Ffmbi332s7bv7%2Fpublic_html%2Ftxets.php&path=%2Fhome%2Ffmbi332s7bv7%2Fpublic_html HTTP/2.0" 404 - "-" "Mozilla/5.0 AppleWebKit/537.36 (KHTML, like Gecko; compatible; ClaudeBot/1.0; +claudebot@anthropic.com)" 10 **0/10545**
57.141.20.3 - - [18/Mar/2026:05:17:58 -0700] "GET /shopdetail/3308014963.html?fileloc=/home/fmbi332s7bv7/public_html/wp-comments-post.php&path=/home/fmbi332s7bv7/public_html HTTP/2.0" 404 - "-" "meta-externalagent/1.1 (+https://developers.facebook.com/docs/sharing/webmasters/crawler)" 12 **0/12774**
216.73.216.106 - - [18/Mar/2026:05:17:58 -0700] "GET /shopdetail/3484543632.html?fileloc=%2Fhome%2Ffmbi332s7bv7%2Fpublic_html%2Fwp-includes%2Fjs%2Ftw-sack.js&path=%2Fhome%2Ffmbi332s7bv7%2Fpublic_html%2Fwp-includes%2Fjs HTTP/2.0" 404 - "-" "Mozilla/5.0 AppleWebKit/537.36 (KHTML, like Gecko; compatible; ClaudeBot/1.0; +claudebot@anthropic.com)" 14 **0/14146**
193.70.33.35 - - [18/Mar/2026:05:17:59 -0700] "GET /?fileloc=//usr/include/err.h&path=//usr/include HTTP/1.1" 404 - "-" "Mozilla/5.0 (compatible; MJ12bot/v1.4.8; http://mj12bot.com/)" 9 **0/9667**
57.141.20.57 - - [18/Mar/2026:05:18:00 -0700] "GET /shopdetail/2527239766.html?fileloc=/home/fmbi332s7bv7/public_html/readme.html&path=/home/fmbi332s7bv7/public_html HTTP/2.0" 404 - "-" "meta-externalagent/1.1 (+https://developers.facebook.com/docs/sharing/webmasters/crawler)" 13 **0/13076**
216.73.216.106 - - [18/Mar/2026:05:18:01 -0700] "GET /shopdetail/3342426270.html?fileloc=%2F%2Flib64%2FlibodbcpsqlS.so.2&path=%2F%2Flib64 HTTP/2.0" 404 - "-" "Mozilla/5.0 AppleWebKit/537.36 (KHTML, like Gecko; compatible; ClaudeBot/1.0; +claudebot@anthropic.com)" 17 **0/17641**
193.70.33.35 - - [18/Mar/2026:05:18:02 -0700] "GET /?fileloc=//usr/include/errno.h&path=//usr/include HTTP/1.1" 404 - "-" "Mozilla/5.0 (compatible; MJ12bot/v1.4.8; http://mj12bot.com/)" 11 **0/11979**
57.141.20.20 - - [18/Mar/2026:05:18:03 -0700] "GET /shopdetail/2385407699.html?fileloc=/home/fmbi332s7bv7/public_html/wp-config.php&path=/home/fmbi332s7bv7/public_html HTTP/2.0" 404 - "-" "meta-externalagent/1.1 (+https://developers.facebook.com/docs/sharing/webmasters/crawler)" 12 **0/12088**
216.73.216.106 - - [18/Mar/2026:05:18:04 -0700] "GET /shopdetail/682708345.html?fileloc=%2Fhome%2Ffmbi332s7bv7%2Fpublic_html%2Fwp-mail.php&path=%2Fhome%2Ffmbi332s7bv7%2Fpublic_html HTTP/2.0" 404 - "-" "Mozilla/5.0 AppleWebKit/537.36 (KHTML, like Gecko; compatible; ClaudeBot/1.0; +claudebot@anthropic.com)" 16 **0/16123**
74.7.227.9 - - [18/Mar/2026:05:18:05 -0700] "GET /?path=//proc/self/root/proc/thread-self/root/proc/thread-self/root/proc/thread-self/root/proc/self/root/proc/thread-self/root/proc/thread-self/root/proc/self/root/etc/modulefiles HTTP/2.0" 404 - "https://powerchemyapikimyasallari.com/?path=//proc/self/root/proc/thread-self/root/proc/thread-self/root/proc/thread-self/root/proc/self/root/proc/thread-self/root/proc/thread-self/root/proc/self/root/etc" "Mozilla/5.0 AppleWebKit/537.36 (KHTML, like Gecko; compatible; GPTBot/1.3; +https://openai.com/gptbot)" 10 **0/10663**
57.141.20.16 - - [18/Mar/2026:05:18:05 -0700] "GET /shopdetail/3523971528.html?fileloc=/home/fmbi332s7bv7/public_html/readme.html&path=/home/fmbi332s7bv7/public_html HTTP/2.0" 404 - "-" "meta-externalagent/1.1 (+https://developers.facebook.com/docs/sharing/webmasters/crawler)" 12 **0/12244**
193.70.33.35 - - [18/Mar/2026:05:18:05 -0700] "GET /?fileloc=//usr/include/error.h&path=//usr/include HTTP/1.1" 404 - "-" "Mozilla/5.0 (compatible; MJ12bot/v1.4.8; http://mj12bot.com/)" 11 **0/11403**
216.73.216.106 - - [18/Mar/2026:05:18:07 -0700] "GET /shopdetail/3082207373.html?fileloc=%2Fhome%2Ffmbi332s7bv7%2Fwww%2Fwp-admin%2Fuser%2Fprivacy.php&path=%2Fhome%2Ffmbi332s7bv7%2Fwww%2Fwp-admin%2Fuser HTTP/2.0" 404 - "-" "Mozilla/5.0 AppleWebKit/537.36 (KHTML, like Gecko; compatible; ClaudeBot/1.0; +claudebot@anthropic.com)" 13 **0/13711**
57.141.20.8 - - [18/Mar/2026:05:18:08 -0700] "GET /shopdetail/3279250348.html?fileloc=/home/fmbi332s7bv7/public_html/wp-blog-header.php&path=/home/fmbi332s7bv7/public_html HTTP/2.0" 404 - "-" "meta-externalagent/1.1 (+https://developers.facebook.com/docs/sharing/webmasters/crawler)" 17 **0/17482**
193.70.33.35 - - [18/Mar/2026:05:18:09 -0700] "GET /?fileloc=//usr/include/eti.h&path=//usr/include HTTP/1.1" 404 - "-" "Mozilla/5.0 (compatible; MJ12bot/v1.4.8; http://mj12bot.com/)" 11 **0/11640**
216.73.216.106 - - [18/Mar/2026:05:18:10 -0700] "GET /shopdetail/1850775228.html?fileloc=%2Fhome%2Ffmbi332s7bv7%2Fpublic_html%2Fwp-mail.php&path=%2Fhome%2Ffmbi332s7bv7%2Fpublic_html HTTP/2.0" 404 - "-" "Mozilla/5.0 AppleWebKit/537.36 (KHTML, like Gecko; compatible; ClaudeBot/1.0; +claudebot@anthropic.com)" 12 **0/12935**
57.141.20.3 - - [18/Mar/2026:05:18:11 -0700] "GET /shopdetail/947429324.html?fileloc=/home/fmbi332s7bv7/public_html/orpcw.php&path=/home/fmbi332s7bv7/public_html HTTP/2.0" 404 - "-" "meta-externalagent/1.1 (+https://developers.facebook.com/docs/sharing/webmasters/crawler)" 12 **0/12266**
193.70.33.35 - - [18/Mar/2026:05:18:12 -0700] "GET /?fileloc=//usr/include/etip.h&path=//usr/include HTTP/1.1" 404 - "-" "Mozilla/5.0 (compatible; MJ12bot/v1.4.8; http://mj12bot.com/)" 11 **0/11838**
216.73.216.106 - - [18/Mar/2026:05:18:13 -0700] "GET /shopdetail/1481868800.html?fileloc=%2Fhome%2Ffmbi332s7bv7%2Fpublic_html%2Fwp-trackback.php&path=%2Fhome%2Ffmbi332s7bv7%2Fpublic_html HTTP/2.0" 404 - "-" "Mozilla/5.0 AppleWebKit/537.36 (KHTML, like Gecko; compatible; ClaudeBot/1.0; +claudebot@anthropic.com)" 13 **0/13073**
57.141.20.11 - - [18/Mar/2026:05:18:13 -0700] "GET /shopdetail/1750720244.html?fileloc=/home/fmbi332s7bv7/public_html/wp-mail.php&path=/home/fmbi332s7bv7/public_html HTTP/2.0" 404 - "-" "meta-externalagent/1.1 (+https://developers.facebook.com/docs/sharing/webmasters/crawler)" 15 **0/15318**
193.70.33.35 - - [18/Mar/2026:05:18:16 -0700] "GET /?fileloc=//usr/include/evdns.h&path=//usr/include HTTP/1.1" 404 - "-" "Mozilla/5.0 (compatible; MJ12bot/v1.4.8; http://mj12bot.com/)" 9 **0/9941**
57.141.20.27 - - [18/Mar/2026:05:18:16 -0700] "GET /shopdetail/1843602285.html?fileloc=/home/fmbi332s7bv7/public_html/wp-login.php&path=/home/fmbi332s7bv7/public_html HTTP/2.0" 404 - "-" "meta-externalagent/1.1 (+https://developers.facebook.com/docs/sharing/webmasters/crawler)" 16 **0/16425**
216.73.216.106 - - [18/Mar/2026:05:18:16 -0700] "GET /shopdetail/3998993100.html?fileloc=%2Fhome%2Ffmbi332s7bv7%2Fpublic_html%2Fwp-cron.php&path=%2Fhome%2Ffmbi332s7bv7%2Fpublic_html HTTP/2.0" 404 - "-" "Mozilla/5.0 AppleWebKit/537.36 (KHTML, like Gecko; compatible; ClaudeBot/1.0; +claudebot@anthropic.com)" 11 **0/11904**
57.141.20.34 - - [18/Mar/2026:05:18:19 -0700] "GET /shopdetail/1567354294.html?fileloc=/home/fmbi332s7bv7/public_html/orpcw.php&path=/home/fmbi332s7bv7/public_html HTTP/2.0" 404 - "-" "meta-externalagent/1.1 (+https://developers.facebook.com/docs/sharing/webmasters/crawler)" 12 **0/12430**
216.73.216.106 - - [18/Mar/2026:05:18:19 -0700] "GET /shopdetail/3987962934.html?fileloc=%2Fhome%2Ffmbi332s7bv7%2Fpublic_html%2Fwp-activate.php&path=%2Fhome%2Ffmbi332s7bv7%2Fpublic_html HTTP/2.0" 404 - "-" "Mozilla/5.0 AppleWebKit/537.36 (KHTML, like Gecko; compatible; ClaudeBot/1.0; +claudebot@anthropic.com)" 18 **0/18072**
193.70.33.35 - - [18/Mar/2026:05:18:19 -0700] "GET /?fileloc=//usr/include/event.h&path=//usr/include HTTP/1.1" 404 - "-" "Mozilla/5.0 (compatible; MJ12bot/v1.4.8; http://mj12bot.com/)" 14 **0/14364**
57.141.20.14 - - [18/Mar/2026:05:18:22 -0700] "GET /shopdetail/116063234.html?fileloc=/home/fmbi332s7bv7/public_html/wp-load.php&path=/home/fmbi332s7bv7/public_html HTTP/2.0" 404 - "-" "meta-externalagent/1.1 (+https://developers.facebook.com/docs/sharing/webmasters/crawler)" 17 **0/17219**
216.73.216.106 - - [18/Mar/2026:05:18:22 -0700] "GET /shopdetail/4133575089.html?fileloc=%2Fhome%2Ffmbi332s7bv7%2Fpublic_html%2Fwp-mail.php&path=%2Fhome%2Ffmbi332s7bv7%2Fpublic_html HTTP/2.0" 404 - "-" "Mozilla/5.0 AppleWebKit/537.36 (KHTML, like Gecko; compatible; ClaudeBot/1.0; +claudebot@anthropic.com)" 12 **0/12081**
193.70.33.35 - - [18/Mar/2026:05:18:23 -0700] "GET /?fileloc=//usr/include/evhttp.h&path=//usr/include HTTP/1.1" 404 - "-" "Mozilla/5.0 (compatible; MJ12bot/v1.4.8; http://mj12bot.com/)" 12 **0/12978**
57.141.20.32 - - [18/Mar/2026:05:18:24 -0700] "GET /shopdetail/596484272.html?fileloc=/home/fmbi332s7bv7/public_html/wp-config-sample.php&path=/home/fmbi332s7bv7/public_html HTTP/2.0" 404 - "-" "meta-externalagent/1.1 (+https://developers.facebook.com/docs/sharing/webmasters/crawler)" 22 **0/22916**
216.73.216.106 - - [18/Mar/2026:05:18:25 -0700] "GET /shopdetail/2993225632.html?fileloc=%2Fhome%2Ffmbi332s7bv7%2Fpublic_html%2Fwp-trackback.php&path=%2Fhome%2Ffmbi332s7bv7%2Fpublic_html HTTP/2.0" 404 - "-" "Mozilla/5.0 AppleWebKit/537.36 (KHTML, like Gecko; compatible; ClaudeBot/1.0; +claudebot@anthropic.com)" 11 **0/11910**
193.70.33.35 - - [18/Mar/2026:05:18:26 -0700] "GET /?fileloc=//usr/include/evutil.h&path=//usr/include HTTP/1.1" 404 - "-" "Mozilla/5.0 (compatible; MJ12bot/v1.4.8; http://mj12bot.com/)" 9 **0/9497**
57.141.20.16 - - [18/Mar/2026:05:18:27 -0700] "GET /shopdetail/2237423464.html?fileloc=/home/fmbi332s7bv7/public_html/error_log&path=/home/fmbi332s7bv7/public_html HTTP/2.0" 404 - "-" "meta-externalagent/1.1 (+https://developers.facebook.com/docs/sharing/webmasters/crawler)" 10 **0/10587**
216.73.216.106 - - [18/Mar/2026:05:18:28 -0700] "GET /shopdetail/2721932426.html?fileloc=%2Fhome%2Ffmbi332s7bv7%2Fpublic_html%2Fwp-admin%2Fmedia-new.php&path=%2Fhome%2Ffmbi332s7bv7%2Fpublic_html%2Fwp-admin HTTP/2.0" 404 - "-" "Mozilla/5.0 AppleWebKit/537.36 (KHTML, like Gecko; compatible; ClaudeBot/1.0; +claudebot@anthropic.com)" 13 **0/13140**
57.141.20.8 - - [18/Mar/2026:05:18:30 -0700] "GET /shopdetail/359861960.html?fileloc=/home/fmbi332s7bv7/public_html/wp-activate.php&path=/home/fmbi332s7bv7/public_html HTTP/2.0" 404 - "-" "meta-externalagent/1.1 (+https://developers.facebook.com/docs/sharing/webmasters/crawler)" 12 **0/12415**
216.73.216.106 - - [18/Mar/2026:05:18:31 -0700] "GET /shopdetail/4123428302.html?fileloc=%2Fhome%2Ffmbi332s7bv7%2Fpublic_html%2Fwp-mail.php&path=%2Fhome%2Ffmbi332s7bv7%2Fpublic_html HTTP/2.0" 404 - "-" "Mozilla/5.0 AppleWebKit/537.36 (KHTML, like Gecko; compatible; ClaudeBot/1.0; +claudebot@anthropic.com)" 13 **0/13725**
74.7.227.9 - - [18/Mar/2026:05:18:32 -0700] "GET /?path=//proc/self/root/proc/thread-self/root/proc/thread-self/root/proc/thread-self/root/proc/self/root/proc/thread-self/root/proc/self/root/proc/self/root/proc/thread-self/root/proc/self/root/lib/firmware/edgeport HTTP/2.0" 404 - "https://powerchemyapikimyasallari.com/?path=//proc/self/root/proc/thread-self/root/proc/thread-self/root/proc/thread-self/root/proc/self/root/proc/thread-self/root/proc/self/root/proc/self/root/proc/thread-self/root/proc/self/root/lib/firmware" "Mozilla/5.0 AppleWebKit/537.36 (KHTML, like Gecko; compatible; GPTBot/1.3; +https://openai.com/gptbot)" 11 **0/11954**
57.141.20.53 - - [18/Mar/2026:05:18:33 -0700] "GET /shopdetail/191086460.html?fileloc=/home/fmbi332s7bv7/public_html/readme.html&path=/home/fmbi332s7bv7/public_html HTTP/2.0" 404 - "-" "meta-externalagent/1.1 (+https://developers.facebook.com/docs/sharing/webmasters/crawler)" 10 **0/10841**
216.73.216.106 - - [18/Mar/2026:05:18:34 -0700] "GET /shopdetail/453595940.html?fileloc=%2Fhome%2Ffmbi332s7bv7%2Fpublic_html%2Fwp-mail.php&path=%2Fhome%2Ffmbi332s7bv7%2Fpublic_html HTTP/2.0" 404 - "-" "Mozilla/5.0 AppleWebKit/537.36 (KHTML, like Gecko; compatible; ClaudeBot/1.0; +claudebot@anthropic.com)" 14 **0/14437**
57.141.20.23 - - [18/Mar/2026:05:18:35 -0700] "GET /shopdetail/2515454154.html?fileloc=/home/fmbi332s7bv7/public_html/wp-login.php&path=/home/fmbi332s7bv7/public_html HTTP/2.0" 404 - "-" "meta-externalagent/1.1 (+https://developers.facebook.com/docs/sharing/webmasters/crawler)" 12 **0/12560**
216.73.216.106 - - [18/Mar/2026:05:18:37 -0700] "GET /shopdetail/657617240.html?fileloc=%2Fhome%2Ffmbi332s7bv7%2Fpublic_html%2Fwp-mail.php&path=%2Fhome%2Ffmbi332s7bv7%2Fpublic_html HTTP/2.0" 404 - "-" "Mozilla/5.0 AppleWebKit/537.36 (KHTML, like Gecko; compatible; ClaudeBot/1.0; +claudebot@anthropic.com)" 12 **0/12760**
57.141.20.53 - - [18/Mar/2026:05:18:38 -0700] "GET /shopdetail/3328840635.html?fileloc=/home/fmbi332s7bv7/public_html/xmlrpc.php&path=/home/fmbi332s7bv7/public_html HTTP/2.0" 404 - "-" "meta-externalagent/1.1 (+https://developers.facebook.com/docs/sharing/webmasters/crawler)" 15 **0/15056**
57.141.20.2 - - [18/Mar/2026:05:18:41 -0700] "GET /shopdetail/3448523510.html?fileloc=/home/fmbi332s7bv7/public_html/wp-comments-post.php&path=/home/fmbi332s7bv7/public_html HTTP/2.0" 404 - "-" "meta-externalagent/1.1 (+https://developers.facebook.com/docs/sharing/webmasters/crawler)" 10 **0/10627**
216.73.216.106 - - [18/Mar/2026:05:18:42 -0700] "GET /shopdetail/1141293468.html?fileloc=%2Fhome%2Ffmbi332s7bv7%2Fpublic_html%2Fwp-admin%2Fadmin-functions.php&path=%2Fhome%2Ffmbi332s7bv7%2Fpublic_html%2Fwp-admin HTTP/2.0" 404 - "-" "Mozilla/5.0 AppleWebKit/537.36 (KHTML, like Gecko; compatible; ClaudeBot/1.0; +claudebot@anthropic.com)" 12 **0/12711**
57.141.20.58 - - [18/Mar/2026:05:18:43 -0700] "GET /shopdetail/2234286417.html?fileloc=/home/fmbi332s7bv7/public_html/wp-config.php&path=/home/fmbi332s7bv7/public_html HTTP/2.0" 404 - "-" "meta-externalagent/1.1 (+https://developers.facebook.com/docs/sharing/webmasters/crawler)" 12 **0/12646**
216.73.216.106 - - [18/Mar/2026:05:18:45 -0700] "GET /shopdetail/473606186.html?fileloc=%2Fhome%2Ffmbi332s7bv7%2Fpublic_html%2Fwp-includes%2Fcache.php&path=%2Fhome%2Ffmbi332s7bv7%2Fpublic_html%2Fwp-includes HTTP/2.0" 404 - "-" "Mozilla/5.0 AppleWebKit/537.36 (KHTML, like Gecko; compatible; ClaudeBot/1.0; +claudebot@anthropic.com)" 16 **0/16577**
57.141.20.56 - - [18/Mar/2026:05:18:46 -0700] "GET /shopdetail/949266310.html?fileloc=/home/fmbi332s7bv7/public_html/wp-activate.php&path=/home/fmbi332s7bv7/public_html HTTP/2.0" 404 - "-" "meta-externalagent/1.1 (+https://developers.facebook.com/docs/sharing/webmasters/crawler)" 12 **0/12661**
216.73.216.106 - - [18/Mar/2026:05:18:48 -0700] "GET /shopdetail/2028243537.html?path=%2Fhome%2Ffmbi332s7bv7%2Fpublic_html%2Fwp-includes%2FPHPMailer HTTP/2.0" 404 - "-" "Mozilla/5.0 AppleWebKit/537.36 (KHTML, like Gecko; compatible; ClaudeBot/1.0; +claudebot@anthropic.com)" 11 **0/11349**
57.141.20.40 - - [18/Mar/2026:05:18:49 -0700] "GET /shopdetail/3707202214.html?fileloc=/home/fmbi332s7bv7/public_html/xmlrpc.php&path=/home/fmbi332s7bv7/public_html HTTP/2.0" 404 - "-" "meta-externalagent/1.1 (+https://developers.facebook.com/docs/sharing/webmasters/crawler)" 16 **0/16611**
216.73.216.106 - - [18/Mar/2026:05:18:51 -0700] "GET /shopdetail/3442148134.html?path=%2Fhome%2Ffmbi332s7bv7 HTTP/2.0" 404 - "-" "Mozilla/5.0 AppleWebKit/537.36 (KHTML, like Gecko; compatible; ClaudeBot/1.0; +claudebot@anthropic.com)" 12 **0/12634**
57.141.20.18 - - [18/Mar/2026:05:18:52 -0700] "GET /shopdetail/667817355.html?fileloc=/home/fmbi332s7bv7/public_html/error_log&path=/home/fmbi332s7bv7/public_html HTTP/2.0" 404 - "-" "meta-externalagent/1.1 (+https://developers.facebook.com/docs/sharing/webmasters/crawler)" 13 **0/13838**
