66.249.64.100 - - [18/Mar/2026:06:27:30 -0700] "GET /?o=61553298830902 HTTP/1.1" 404 - "-" "Mozilla/5.0 (Linux; Android 6.0.1; Nexus 5X Build/MMB29P) AppleWebKit/537.36 (KHTML, like Gecko) Chrome/145.0.7632.159 Mobile Safari/537.36 (compatible; Googlebot/2.1; +http://www.google.com/bot.html)" 15 **0/15405**
57.141.20.57 - - [18/Mar/2026:06:27:31 -0700] "GET /shopdetail/1233432776.html?fileloc=/home/fmbi332s7bv7/public_html/robots.txt&path=/home/fmbi332s7bv7/public_html HTTP/2.0" 404 - "-" "meta-externalagent/1.1 (+https://developers.facebook.com/docs/sharing/webmasters/crawler)" 15 **0/15729**
216.73.216.106 - - [18/Mar/2026:06:27:33 -0700] "GET /shopdetail/3212070801.html?fileloc=%2Fhome%2Ffmbi332s7bv7%2Fpublic_html%2Fwp-includes%2Fjs%2Fmedia-models.min.js&path=%2Fhome%2Ffmbi332s7bv7%2Fpublic_html%2Fwp-includes%2Fjs HTTP/2.0" 404 - "-" "Mozilla/5.0 AppleWebKit/537.36 (KHTML, like Gecko; compatible; ClaudeBot/1.0; +claudebot@anthropic.com)" 12 **0/12573**
74.7.227.150 - - [18/Mar/2026:06:27:34 -0700] "GET /?path=//proc/self/root/proc/thread-self/root/proc/thread-self/root/proc/thread-self/root/proc/self/root/proc/self/root/proc/thread-self/root/lib/.build-id/16 HTTP/2.0" 404 - "https://www.powerchemyapikimyasallari.com/?path=//proc/self/root/proc/thread-self/root/proc/thread-self/root/proc/thread-self/root/proc/self/root/proc/self/root/proc/thread-self/root/lib/.build-id" "Mozilla/5.0 AppleWebKit/537.36 (KHTML, like Gecko; compatible; GPTBot/1.3; +https://openai.com/gptbot)" 14 **0/14133**
57.141.20.36 - - [18/Mar/2026:06:27:36 -0700] "GET /shopdetail/2046701973.html?fileloc=/home/fmbi332s7bv7/public_html/robots.txt&path=/home/fmbi332s7bv7/public_html HTTP/2.0" 404 - "-" "meta-externalagent/1.1 (+https://developers.facebook.com/docs/sharing/webmasters/crawler)" 14 **0/14980**
216.73.216.106 - - [18/Mar/2026:06:27:38 -0700] "GET /shopdetail/2272085034.html?fileloc=%2Fhome%2Ffmbi332s7bv7%2Fpublic_html%2Ftxets.php&path=%2Fhome%2Ffmbi332s7bv7%2Fpublic_html HTTP/2.0" 404 - "-" "Mozilla/5.0 AppleWebKit/537.36 (KHTML, like Gecko; compatible; ClaudeBot/1.0; +claudebot@anthropic.com)" 12 **0/12620**
57.141.20.49 - - [18/Mar/2026:06:27:41 -0700] "GET /shopdetail/3499098685.html?fileloc=/home/fmbi332s7bv7/public_html/wp-activate.php&path=/home/fmbi332s7bv7/public_html HTTP/2.0" 404 - "-" "meta-externalagent/1.1 (+https://developers.facebook.com/docs/sharing/webmasters/crawler)" 18 **0/18812**
216.73.216.106 - - [18/Mar/2026:06:27:41 -0700] "GET /shopdetail/2209028714.html?fileloc=%2F%2Flib64%2Flibrt.so&path=%2F%2Flib64 HTTP/2.0" 404 - "-" "Mozilla/5.0 AppleWebKit/537.36 (KHTML, like Gecko; compatible; ClaudeBot/1.0; +claudebot@anthropic.com)" 16 **0/16300**
74.7.227.9 - - [18/Mar/2026:06:27:45 -0700] "GET /?path=//proc/self/root/proc/thread-self/root/proc/thread-self/root/proc/thread-self/root/proc/self/root/proc/sysvipc HTTP/2.0" 404 - "https://powerchemyapikimyasallari.com/?path=//proc/self/root/proc/thread-self/root/proc/thread-self/root/proc/thread-self/root/proc/self/root/proc" "Mozilla/5.0 AppleWebKit/537.36 (KHTML, like Gecko; compatible; GPTBot/1.3; +https://openai.com/gptbot)" 14 **0/14041**
216.73.216.106 - - [18/Mar/2026:06:27:45 -0700] "GET /shopdetail/385947398.html?fileloc=%2Fhome%2Ffmbi332s7bv7%2Fpublic_html%2Fwp-config.php&path=%2Fhome%2Ffmbi332s7bv7%2Fpublic_html HTTP/2.0" 404 - "-" "Mozilla/5.0 AppleWebKit/537.36 (KHTML, like Gecko; compatible; ClaudeBot/1.0; +claudebot@anthropic.com)" 12 **0/12224**
57.141.20.42 - - [18/Mar/2026:06:27:47 -0700] "GET /shopdetail/507382417.html?fileloc=/home/fmbi332s7bv7/public_html/wp-activate.php&path=/home/fmbi332s7bv7/public_html HTTP/2.0" 404 - "-" "meta-externalagent/1.1 (+https://developers.facebook.com/docs/sharing/webmasters/crawler)" 12 **0/12867**
216.73.216.106 - - [18/Mar/2026:06:27:49 -0700] "GET /shopdetail/416873140.html?fileloc=%2Fhome%2Ffmbi332s7bv7%2Fpublic_html%2Findex.php&path=%2Fhome%2Ffmbi332s7bv7%2Fpublic_html HTTP/2.0" 404 - "-" "Mozilla/5.0 AppleWebKit/537.36 (KHTML, like Gecko; compatible; ClaudeBot/1.0; +claudebot@anthropic.com)" 43 **0/43112**
57.141.20.39 - - [18/Mar/2026:06:27:52 -0700] "GET /shopdetail/443544524.html?fileloc=/home/fmbi332s7bv7/public_html/txets.php&path=/home/fmbi332s7bv7/public_html HTTP/2.0" 404 - "-" "meta-externalagent/1.1 (+https://developers.facebook.com/docs/sharing/webmasters/crawler)" 19 **0/19075**
216.73.216.106 - - [18/Mar/2026:06:27:53 -0700] "GET /shopdetail/2872772053.html?fileloc=%2Fhome%2Ffmbi332s7bv7%2Fpublic_html%2Findex.php&path=%2Fhome%2Ffmbi332s7bv7%2Fpublic_html HTTP/2.0" 404 - "-" "Mozilla/5.0 AppleWebKit/537.36 (KHTML, like Gecko; compatible; ClaudeBot/1.0; +claudebot@anthropic.com)" 27 **0/27836**
57.141.20.15 - - [18/Mar/2026:06:27:57 -0700] "GET /shopdetail/3205701916.html?fileloc=/home/fmbi332s7bv7/public_html/wp-activate.php&path=/home/fmbi332s7bv7/public_html HTTP/2.0" 404 - "-" "meta-externalagent/1.1 (+https://developers.facebook.com/docs/sharing/webmasters/crawler)" 10 **0/10064**
216.73.216.106 - - [18/Mar/2026:06:27:57 -0700] "GET /shopdetail/3855383640.html?fileloc=%2F%2Fusr%2Flib64%2Flibxslt.so.1.1.32&path=%2F%2Fusr%2Flib64 HTTP/2.0" 404 - "-" "Mozilla/5.0 AppleWebKit/537.36 (KHTML, like Gecko; compatible; ClaudeBot/1.0; +claudebot@anthropic.com)" 11 **0/11552**
216.73.216.106 - - [18/Mar/2026:06:28:01 -0700] "GET /shopdetail/2429006824.html?fileloc=%2Fhome%2Ffmbi332s7bv7%2Fpublic_html%2Ftxets.php&path=%2Fhome%2Ffmbi332s7bv7%2Fpublic_html HTTP/2.0" 404 - "-" "Mozilla/5.0 AppleWebKit/537.36 (KHTML, like Gecko; compatible; ClaudeBot/1.0; +claudebot@anthropic.com)" 19 **0/19587**
57.141.20.52 - - [18/Mar/2026:06:28:02 -0700] "GET /shopdetail/3928589775.html?fileloc=/home/fmbi332s7bv7/public_html/wp-activate.php&path=/home/fmbi332s7bv7/public_html HTTP/2.0" 404 - "-" "meta-externalagent/1.1 (+https://developers.facebook.com/docs/sharing/webmasters/crawler)" 21 **0/21430**
216.73.216.106 - - [18/Mar/2026:06:28:05 -0700] "GET /shopdetail/2071653829.html?fileloc=%2Fhome%2Ffmbi332s7bv7%2Fpublic_html%2Fwp-blog-header.php&path=%2Fhome%2Ffmbi332s7bv7%2Fpublic_html HTTP/2.0" 404 - "-" "Mozilla/5.0 AppleWebKit/537.36 (KHTML, like Gecko; compatible; ClaudeBot/1.0; +claudebot@anthropic.com)" 20 **0/20993**
57.141.20.15 - - [18/Mar/2026:06:28:07 -0700] "GET /shopdetail/2059871446.html?fileloc=/home/fmbi332s7bv7/public_html/wp-mail.php&path=/home/fmbi332s7bv7/public_html HTTP/2.0" 404 - "-" "meta-externalagent/1.1 (+https://developers.facebook.com/docs/sharing/webmasters/crawler)" 12 **0/12635**
216.73.216.106 - - [18/Mar/2026:06:28:09 -0700] "GET /shopdetail/311513956.html?fileloc=%2Fhome%2Ffmbi332s7bv7%2Fpublic_html%2Fwp-links-opml.php&path=%2Fhome%2Ffmbi332s7bv7%2Fpublic_html HTTP/2.0" 404 - "-" "Mozilla/5.0 AppleWebKit/537.36 (KHTML, like Gecko; compatible; ClaudeBot/1.0; +claudebot@anthropic.com)" 22 **0/22955**
88.88.133.210 - - [18/Mar/2026:06:28:10 -0700] "GET /robots.txt HTTP/1.1" 200 94 "-" "Mozilla/5.0 (compatible; MJ12bot/v1.4.8; http://mj12bot.com/)" 10 **0/10606**
57.141.20.57 - - [18/Mar/2026:06:28:12 -0700] "GET /shopdetail/551298029.html?fileloc=/home/fmbi332s7bv7/public_html/wp-blog-header.php&path=/home/fmbi332s7bv7/public_html HTTP/2.0" 404 - "-" "meta-externalagent/1.1 (+https://developers.facebook.com/docs/sharing/webmasters/crawler)" 13 **0/13966**
216.73.216.106 - - [18/Mar/2026:06:28:13 -0700] "GET /shopdetail/3855383640.html?fileloc=%2F%2Fusr%2Flib64%2Flibxcb-screensaver.so.0&path=%2F%2Fusr%2Flib64 HTTP/2.0" 404 - "-" "Mozilla/5.0 AppleWebKit/537.36 (KHTML, like Gecko; compatible; ClaudeBot/1.0; +claudebot@anthropic.com)" 13 **0/13626**
88.88.133.210 - - [18/Mar/2026:06:28:14 -0700] "GET /?fileloc=//proc/net/udp6&path=//proc/net HTTP/1.1" 404 - "-" "Mozilla/5.0 (compatible; MJ12bot/v1.4.8; http://mj12bot.com/)" 15 **0/15208**
74.7.227.9 - - [18/Mar/2026:06:28:14 -0700] "GET /?path=//proc/self/root/proc/thread-self/root/proc/thread-self/root/proc/thread-self/root/proc/self/root/opt/ai-bolit HTTP/2.0" 404 - "https://powerchemyapikimyasallari.com/?path=//proc/self/root/proc/thread-self/root/proc/thread-self/root/proc/thread-self/root/proc/self/root/opt" "Mozilla/5.0 AppleWebKit/537.36 (KHTML, like Gecko; compatible; GPTBot/1.3; +https://openai.com/gptbot)" 12 **0/12956**
216.73.216.106 - - [18/Mar/2026:06:28:17 -0700] "GET /shopdetail/3628670791.html?fileloc=%2Fhome%2Ffmbi332s7bv7%2Fpublic_html%2Fwp-links-opml.php&path=%2Fhome%2Ffmbi332s7bv7%2Fpublic_html HTTP/2.0" 404 - "-" "Mozilla/5.0 AppleWebKit/537.36 (KHTML, like Gecko; compatible; ClaudeBot/1.0; +claudebot@anthropic.com)" 14 **0/14875**
88.88.133.210 - - [18/Mar/2026:06:28:17 -0700] "GET /?fileloc=//usr/bin/gprof&path=//usr/bin HTTP/1.1" 404 - "-" "Mozilla/5.0 (compatible; MJ12bot/v1.4.8; http://mj12bot.com/)" 10 **0/10026**
57.141.20.26 - - [18/Mar/2026:06:28:17 -0700] "GET /shopdetail/2516945406.html?fileloc=/home/fmbi332s7bv7/public_html/wp-activate.php&path=/home/fmbi332s7bv7/public_html HTTP/2.0" 404 - "-" "meta-externalagent/1.1 (+https://developers.facebook.com/docs/sharing/webmasters/crawler)" 12 **0/12995**
216.73.216.106 - - [18/Mar/2026:06:28:21 -0700] "GET /shopdetail/1395321269.html?fileloc=%2Fhome%2Ffmbi332s7bv7%2Fpublic_html%2Fwp-settings.php&path=%2Fhome%2Ffmbi332s7bv7%2Fpublic_html HTTP/2.0" 404 - "-" "Mozilla/5.0 AppleWebKit/537.36 (KHTML, like Gecko; compatible; ClaudeBot/1.0; +claudebot@anthropic.com)" 10 **0/10342**
88.88.133.210 - - [18/Mar/2026:06:28:21 -0700] "GET /?fileloc=//usr/bin/gzexe&path=//usr/bin HTTP/1.1" 404 - "-" "Mozilla/5.0 (compatible; MJ12bot/v1.4.8; http://mj12bot.com/)" 9 **0/9117**
57.141.20.47 - - [18/Mar/2026:06:28:22 -0700] "GET /shopdetail/151028480.html?fileloc=/home/fmbi332s7bv7/public_html/wp-activate.php&path=/home/fmbi332s7bv7/public_html HTTP/2.0" 404 - "-" "meta-externalagent/1.1 (+https://developers.facebook.com/docs/sharing/webmasters/crawler)" 16 **0/16642**
216.73.216.106 - - [18/Mar/2026:06:28:25 -0700] "GET /shopdetail/2993225632.html?fileloc=%2Fhome%2Ffmbi332s7bv7%2Fpublic_html%2Freadme.html&path=%2Fhome%2Ffmbi332s7bv7%2Fpublic_html HTTP/2.0" 404 - "-" "Mozilla/5.0 AppleWebKit/537.36 (KHTML, like Gecko; compatible; ClaudeBot/1.0; +claudebot@anthropic.com)" 10 **0/10023**
88.88.133.210 - - [18/Mar/2026:06:28:25 -0700] "GET /?fileloc=//usr/include/evrpc.h&path=//usr/include HTTP/1.1" 404 - "-" "Mozilla/5.0 (compatible; MJ12bot/v1.4.8; http://mj12bot.com/)" 8 **0/8949**
57.141.20.22 - - [18/Mar/2026:06:28:28 -0700] "GET /shopdetail/366212145.html?fileloc=/home/fmbi332s7bv7/public_html/txets.php&path=/home/fmbi332s7bv7/public_html HTTP/2.0" 404 - "-" "meta-externalagent/1.1 (+https://developers.facebook.com/docs/sharing/webmasters/crawler)" 9 **0/9541**
88.88.133.210 - - [18/Mar/2026:06:28:28 -0700] "GET /?fileloc=//usr/include/execinfo.h&path=//usr/include HTTP/1.1" 404 - "-" "Mozilla/5.0 (compatible; MJ12bot/v1.4.8; http://mj12bot.com/)" 10 **0/10608**
216.73.216.106 - - [18/Mar/2026:06:28:29 -0700] "GET /shopdetail/3855383640.html?fileloc=%2F%2Fusr%2Flib64%2Flibpng16.so&path=%2F%2Fusr%2Flib64 HTTP/2.0" 404 - "-" "Mozilla/5.0 AppleWebKit/537.36 (KHTML, like Gecko; compatible; ClaudeBot/1.0; +claudebot@anthropic.com)" 10 **0/10119**
88.88.133.210 - - [18/Mar/2026:06:28:32 -0700] "GET /?fileloc=//usr/include/expat.h&path=//usr/include HTTP/1.1" 404 - "-" "Mozilla/5.0 (compatible; MJ12bot/v1.4.8; http://mj12bot.com/)" 11 **0/11041**
216.73.216.106 - - [18/Mar/2026:06:28:33 -0700] "GET /shopdetail/1521739242.html?fileloc=%2Fhome%2Ffmbi332s7bv7%2Fpublic_html%2Ferror_log&path=%2Fhome%2Ffmbi332s7bv7%2Fpublic_html HTTP/2.0" 404 - "-" "Mozilla/5.0 AppleWebKit/537.36 (KHTML, like Gecko; compatible; ClaudeBot/1.0; +claudebot@anthropic.com)" 21 **0/21534**
57.141.20.3 - - [18/Mar/2026:06:28:33 -0700] "GET /shopdetail/2803945162.html?fileloc=/home/fmbi332s7bv7/public_html/txets.php&path=/home/fmbi332s7bv7/public_html HTTP/2.0" 404 - "-" "meta-externalagent/1.1 (+https://developers.facebook.com/docs/sharing/webmasters/crawler)" 14 **0/14056**
88.88.133.210 - - [18/Mar/2026:06:28:35 -0700] "GET /?fileloc=//usr/include/expat_config.h&path=//usr/include HTTP/1.1" 404 - "-" "Mozilla/5.0 (compatible; MJ12bot/v1.4.8; http://mj12bot.com/)" 10 **0/10187**
216.73.216.106 - - [18/Mar/2026:06:28:37 -0700] "GET /shopdetail/2020045771.html?fileloc=%2Fhome%2Ffmbi332s7bv7%2Fpublic_html%2Freadme.html&path=%2Fhome%2Ffmbi332s7bv7%2Fpublic_html HTTP/2.0" 404 - "-" "Mozilla/5.0 AppleWebKit/537.36 (KHTML, like Gecko; compatible; ClaudeBot/1.0; +claudebot@anthropic.com)" 10 **0/10800**
57.141.20.29 - - [18/Mar/2026:06:28:38 -0700] "GET /shopdetail/1661800211.html?fileloc=/home/fmbi332s7bv7/public_html/wp-activate.php&path=/home/fmbi332s7bv7/public_html HTTP/2.0" 404 - "-" "meta-externalagent/1.1 (+https://developers.facebook.com/docs/sharing/webmasters/crawler)" 17 **0/17672**
88.88.133.210 - - [18/Mar/2026:06:28:39 -0700] "GET /?fileloc=//usr/include/expat_external.h&path=//usr/include HTTP/1.1" 404 - "-" "Mozilla/5.0 (compatible; MJ12bot/v1.4.8; http://mj12bot.com/)" 11 **0/11551**
216.73.216.106 - - [18/Mar/2026:06:28:39 -0700] "GET /shopdetail/3499545393.html?fileloc=%2Fhome%2Ffmbi332s7bv7%2Fpublic_html%2Fwp-includes%2Fjs%2Fdist%2Fundo-manager.min.js&path=%2Fhome%2Ffmbi332s7bv7%2Fpublic_html%2Fwp-includes%2Fjs%2Fdist HTTP/2.0" 404 - "-" "Mozilla/5.0 AppleWebKit/537.36 (KHTML, like Gecko; compatible; ClaudeBot/1.0; +claudebot@anthropic.com)" 11 **0/11199**
74.7.227.150 - - [18/Mar/2026:06:28:40 -0700] "GET /?path=//proc/self/root/proc/thread-self/root/proc/thread-self/root/proc/thread-self/root/proc/self/root/proc/self/root/proc/thread-self/root/lib/.build-id/f1 HTTP/2.0" 404 - "https://www.powerchemyapikimyasallari.com/?path=//proc/self/root/proc/thread-self/root/proc/thread-self/root/proc/thread-self/root/proc/self/root/proc/self/root/proc/thread-self/root/lib/.build-id" "Mozilla/5.0 AppleWebKit/537.36 (KHTML, like Gecko; compatible; GPTBot/1.3; +https://openai.com/gptbot)" 11 **0/11818**
74.7.227.9 - - [18/Mar/2026:06:28:41 -0700] "GET /?path=//proc/self/root/proc/thread-self/root/proc/thread-self/root/proc/thread-self/root/proc/self/root/etc/sysconfig HTTP/2.0" 404 - "https://powerchemyapikimyasallari.com/?path=//proc/self/root/proc/thread-self/root/proc/thread-self/root/proc/thread-self/root/proc/self/root/etc" "Mozilla/5.0 AppleWebKit/537.36 (KHTML, like Gecko; compatible; GPTBot/1.3; +https://openai.com/gptbot)" 11 **0/11365**
88.88.133.210 - - [18/Mar/2026:06:28:43 -0700] "GET /?fileloc=//usr/include/fcntl.h&path=//usr/include HTTP/1.1" 404 - "-" "Mozilla/5.0 (compatible; MJ12bot/v1.4.8; http://mj12bot.com/)" 12 **0/12237**
216.73.216.106 - - [18/Mar/2026:06:28:43 -0700] "GET /shopdetail/2661958941.html?fileloc=%2Fhome%2Ffmbi332s7bv7%2Fpublic_html%2Fwp-includes%2Fblock-i18n.json&path=%2Fhome%2Ffmbi332s7bv7%2Fpublic_html%2Fwp-includes HTTP/2.0" 404 - "-" "Mozilla/5.0 AppleWebKit/537.36 (KHTML, like Gecko; compatible; ClaudeBot/1.0; +claudebot@anthropic.com)" 10 **0/10856**
57.141.20.52 - - [18/Mar/2026:06:28:43 -0700] "GET /shopdetail/2483632185.html?fileloc=/home/fmbi332s7bv7/public_html/wp-activate.php&path=/home/fmbi332s7bv7/public_html HTTP/2.0" 404 - "-" "meta-externalagent/1.1 (+https://developers.facebook.com/docs/sharing/webmasters/crawler)" 11 **0/11104**
88.88.133.210 - - [18/Mar/2026:06:28:46 -0700] "GET /?fileloc=//usr/include/features.h&path=//usr/include HTTP/1.1" 404 - "-" "Mozilla/5.0 (compatible; MJ12bot/v1.4.8; http://mj12bot.com/)" 9 **0/9899**
216.73.216.106 - - [18/Mar/2026:06:28:47 -0700] "GET /shopdetail/364228224.html?fileloc=%2Fhome%2Ffmbi332s7bv7%2Fpublic_html%2Fwp-admin%2Fsite-health.php&path=%2Fhome%2Ffmbi332s7bv7%2Fpublic_html%2Fwp-admin HTTP/2.0" 404 - "-" "Mozilla/5.0 AppleWebKit/537.36 (KHTML, like Gecko; compatible; ClaudeBot/1.0; +claudebot@anthropic.com)" 9 **0/9421**
57.141.20.48 - - [18/Mar/2026:06:28:49 -0700] "GET /shopdetail/3615206185.html?fileloc=/home/fmbi332s7bv7/public_html/wp-activate.php&path=/home/fmbi332s7bv7/public_html HTTP/2.0" 404 - "-" "meta-externalagent/1.1 (+https://developers.facebook.com/docs/sharing/webmasters/crawler)" 12 **0/12762**
88.88.133.210 - - [18/Mar/2026:06:28:50 -0700] "GET /?fileloc=//usr/include/fenv.h&path=//usr/include HTTP/1.1" 404 - "-" "Mozilla/5.0 (compatible; MJ12bot/v1.4.8; http://mj12bot.com/)" 8 **0/8858**
216.73.216.106 - - [18/Mar/2026:06:28:51 -0700] "GET /shopdetail/1539439638.html?fileloc=%2Fhome%2Ffmbi332s7bv7%2Fpublic_html%2Fwp-cron.php&path=%2Fhome%2Ffmbi332s7bv7%2Fpublic_html HTTP/2.0" 404 - "-" "Mozilla/5.0 AppleWebKit/537.36 (KHTML, like Gecko; compatible; ClaudeBot/1.0; +claudebot@anthropic.com)" 10 **0/10699**
88.88.133.210 - - [18/Mar/2026:06:28:53 -0700] "GET /?fileloc=//usr/include/fmtmsg.h&path=//usr/include HTTP/1.1" 404 - "-" "Mozilla/5.0 (compatible; MJ12bot/v1.4.8; http://mj12bot.com/)" 10 **0/10280**
57.141.20.24 - - [18/Mar/2026:06:28:54 -0700] "GET /shopdetail/1625969215.html?fileloc=/home/fmbi332s7bv7/public_html/wp-activate.php&path=/home/fmbi332s7bv7/public_html HTTP/2.0" 404 - "-" "meta-externalagent/1.1 (+https://developers.facebook.com/docs/sharing/webmasters/crawler)" 13 **0/13670**
216.73.216.106 - - [18/Mar/2026:06:28:55 -0700] "GET /shopdetail/3155840233.html?fileloc=%2Fhome%2Ffmbi332s7bv7%2Fpublic_html%2Fwp-login.php&path=%2Fhome%2Ffmbi332s7bv7%2Fpublic_html HTTP/2.0" 404 - "-" "Mozilla/5.0 AppleWebKit/537.36 (KHTML, like Gecko; compatible; ClaudeBot/1.0; +claudebot@anthropic.com)" 11 **0/11227**
88.88.133.210 - - [18/Mar/2026:06:28:57 -0700] "GET /?fileloc=//usr/include/fnmatch.h&path=//usr/include HTTP/1.1" 404 - "-" "Mozilla/5.0 (compatible; MJ12bot/v1.4.8; http://mj12bot.com/)" 11 **0/11944**
216.73.216.106 - - [18/Mar/2026:06:28:59 -0700] "GET /shopdetail/2713951873.html?fileloc=%2Fhome%2Ffmbi332s7bv7%2Fpublic_html%2Fwp-includes%2Ftheme-i18n.json&path=%2Fhome%2Ffmbi332s7bv7%2Fpublic_html%2Fwp-includes HTTP/2.0" 404 - "-" "Mozilla/5.0 AppleWebKit/537.36 (KHTML, like Gecko; compatible; ClaudeBot/1.0; +claudebot@anthropic.com)" 11 **0/11747**
57.141.20.27 - - [18/Mar/2026:06:28:59 -0700] "GET /shopdetail/1045977977.html?fileloc=//bin/mariadb-dumpslow&path=//bin HTTP/2.0" 404 - "-" "meta-externalagent/1.1 (+https://developers.facebook.com/docs/sharing/webmasters/crawler)" 10 **0/10854**
88.88.133.210 - - [18/Mar/2026:06:29:01 -0700] "GET /?fileloc=//usr/include/form.h&path=//usr/include HTTP/1.1" 404 - "-" "Mozilla/5.0 (compatible; MJ12bot/v1.4.8; http://mj12bot.com/)" 9 **0/9751**
216.73.216.106 - - [18/Mar/2026:06:29:03 -0700] "GET /shopdetail/2064511086.html?fileloc=%2Fhome%2Ffmbi332s7bv7%2Fpublic_html%2Ferror_log&path=%2Fhome%2Ffmbi332s7bv7%2Fpublic_html HTTP/2.0" 404 - "-" "Mozilla/5.0 AppleWebKit/537.36 (KHTML, like Gecko; compatible; ClaudeBot/1.0; +claudebot@anthropic.com)" 12 **0/12198**
57.141.20.36 - - [18/Mar/2026:06:29:04 -0700] "GET /shopdetail/2972124052.html?fileloc=/home/fmbi332s7bv7/public_html/txets.php&path=/home/fmbi332s7bv7/public_html HTTP/2.0" 404 - "-" "meta-externalagent/1.1 (+https://developers.facebook.com/docs/sharing/webmasters/crawler)" 14 **0/14413**
88.88.133.210 - - [18/Mar/2026:06:29:04 -0700] "GET /?fileloc=//usr/include/fpu_control.h&path=//usr/include HTTP/1.1" 404 - "-" "Mozilla/5.0 (compatible; MJ12bot/v1.4.8; http://mj12bot.com/)" 11 **0/11050**
216.73.216.106 - - [18/Mar/2026:06:29:07 -0700] "GET /shopdetail/1836926682.html?fileloc=%2Fhome%2Ffmbi332s7bv7%2Fpublic_html%2Fwp-admin%2Fmaint%2F.htaccess&path=%2Fhome%2Ffmbi332s7bv7%2Fpublic_html%2Fwp-admin%2Fmaint HTTP/2.0" 404 - "-" "Mozilla/5.0 AppleWebKit/537.36 (KHTML, like Gecko; compatible; ClaudeBot/1.0; +claudebot@anthropic.com)" 13 **0/13007**
88.88.133.210 - - [18/Mar/2026:06:29:08 -0700] "GET /?fileloc=//usr/include/fstab.h&path=//usr/include HTTP/1.1" 404 - "-" "Mozilla/5.0 (compatible; MJ12bot/v1.4.8; http://mj12bot.com/)" 8 **0/8550**
74.7.227.9 - - [18/Mar/2026:06:29:08 -0700] "GET /?path=//proc/self/root/proc/thread-self/root/proc/thread-self/root/proc/thread-self/root/proc/self/root/proc/thread-self/root/proc/thread-self/root/proc/self/root/proc/self/root/proc/thread-self/root/var/cache/man/es HTTP/2.0" 404 - "https://powerchemyapikimyasallari.com/?path=//proc/self/root/proc/thread-self/root/proc/thread-self/root/proc/thread-self/root/proc/self/root/proc/thread-self/root/proc/thread-self/root/proc/self/root/proc/self/root/proc/thread-self/root/var/cache/man" "Mozilla/5.0 AppleWebKit/537.36 (KHTML, like Gecko; compatible; GPTBot/1.3; +https://openai.com/gptbot)" 13 **0/13870**
57.141.20.57 - - [18/Mar/2026:06:29:09 -0700] "GET /shopdetail/2033203034.html?fileloc=/home/fmbi332s7bv7/public_html/txets.php&path=/home/fmbi332s7bv7/public_html HTTP/2.0" 404 - "-" "meta-externalagent/1.1 (+https://developers.facebook.com/docs/sharing/webmasters/crawler)" 16 **0/16600**
66.249.64.100 - - [18/Mar/2026:06:29:10 -0700] "GET /?o=34179277794307 HTTP/1.1" 404 - "-" "Mozilla/5.0 (Linux; Android 6.0.1; Nexus 5X Build/MMB29P) AppleWebKit/537.36 (KHTML, like Gecko) Chrome/145.0.7632.159 Mobile Safari/537.36 (compatible; Googlebot/2.1; +http://www.google.com/bot.html)" 11 **0/11818**
216.73.216.106 - - [18/Mar/2026:06:29:11 -0700] "GET /shopdetail/2794895807.html?fileloc=%2Fhome%2Ffmbi332s7bv7%2Fpublic_html%2Fwp-admin%2Fsite-health.php&path=%2Fhome%2Ffmbi332s7bv7%2Fpublic_html%2Fwp-admin HTTP/2.0" 404 - "-" "Mozilla/5.0 AppleWebKit/537.36 (KHTML, like Gecko; compatible; ClaudeBot/1.0; +claudebot@anthropic.com)" 13 **0/13011**
88.88.133.210 - - [18/Mar/2026:06:29:11 -0700] "GET /?fileloc=//usr/include/fstrm.h&path=//usr/include HTTP/1.1" 404 - "-" "Mozilla/5.0 (compatible; MJ12bot/v1.4.8; http://mj12bot.com/)" 10 **0/10572**
57.141.20.44 - - [18/Mar/2026:06:29:14 -0700] "GET /shopdetail/3171841159.html?fileloc=/home/fmbi332s7bv7/public_html/robots.txt&path=/home/fmbi332s7bv7/public_html HTTP/2.0" 404 - "-" "meta-externalagent/1.1 (+https://developers.facebook.com/docs/sharing/webmasters/crawler)" 11 **0/11804**
216.73.216.106 - - [18/Mar/2026:06:29:15 -0700] "GET /shopdetail/1569183175.html?fileloc=%2Fhome%2Ffmbi332s7bv7%2Fpublic_html%2Ferror_log&path=%2Fhome%2Ffmbi332s7bv7%2Fpublic_html HTTP/2.0" 404 - "-" "Mozilla/5.0 AppleWebKit/537.36 (KHTML, like Gecko; compatible; ClaudeBot/1.0; +claudebot@anthropic.com)" 13 **0/13376**
88.88.133.210 - - [18/Mar/2026:06:29:15 -0700] "GET /?fileloc=//usr/include/fts.h&path=//usr/include HTTP/1.1" 404 - "-" "Mozilla/5.0 (compatible; MJ12bot/v1.4.8; http://mj12bot.com/)" 11 **0/11058**
88.88.133.210 - - [18/Mar/2026:06:29:18 -0700] "GET /?fileloc=//usr/include/ftw.h&path=//usr/include HTTP/1.1" 404 - "-" "Mozilla/5.0 (compatible; MJ12bot/v1.4.8; http://mj12bot.com/)" 10 **0/10826**
216.73.216.106 - - [18/Mar/2026:06:29:19 -0700] "GET /shopdetail/1285963157.html?fileloc=%2F%2Flib64%2Flibisc.so.1107&path=%2F%2Flib64 HTTP/2.0" 404 - "-" "Mozilla/5.0 AppleWebKit/537.36 (KHTML, like Gecko; compatible; ClaudeBot/1.0; +claudebot@anthropic.com)" 12 **0/12731**
57.141.20.52 - - [18/Mar/2026:06:29:19 -0700] "GET /shopdetail/3881434864.html?fileloc=/home/fmbi332s7bv7/public_html/txets.php&path=/home/fmbi332s7bv7/public_html HTTP/2.0" 404 - "-" "meta-externalagent/1.1 (+https://developers.facebook.com/docs/sharing/webmasters/crawler)" 16 **0/16038**
88.88.133.210 - - [18/Mar/2026:06:29:22 -0700] "GET /?fileloc=//usr/include/gconv.h&path=//usr/include HTTP/1.1" 404 - "-" "Mozilla/5.0 (compatible; MJ12bot/v1.4.8; http://mj12bot.com/)" 10 **0/10747**
216.73.216.106 - - [18/Mar/2026:06:29:23 -0700] "GET /shopdetail/624631623.html?fileloc=%2Fhome%2Ffmbi332s7bv7%2Fpublic_html%2Freadme.html&path=%2Fhome%2Ffmbi332s7bv7%2Fpublic_html HTTP/2.0" 404 - "-" "Mozilla/5.0 AppleWebKit/537.36 (KHTML, like Gecko; compatible; ClaudeBot/1.0; +claudebot@anthropic.com)" 12 **0/12621**
57.141.20.24 - - [18/Mar/2026:06:29:25 -0700] "GET /shopdetail/4271454392.html?fileloc=/home/fmbi332s7bv7/public_html/txets.php&path=/home/fmbi332s7bv7/public_html HTTP/2.0" 404 - "-" "meta-externalagent/1.1 (+https://developers.facebook.com/docs/sharing/webmasters/crawler)" 13 **0/13505**
88.88.133.210 - - [18/Mar/2026:06:29:25 -0700] "GET /?fileloc=//usr/include/gd.h&path=//usr/include HTTP/1.1" 404 - "-" "Mozilla/5.0 (compatible; MJ12bot/v1.4.8; http://mj12bot.com/)" 13 **0/13682**
216.73.216.106 - - [18/Mar/2026:06:29:27 -0700] "GET /shopdetail/542987938.html?fileloc=%2F%2Flib64%2Flibevent-2.1.so.6&path=%2F%2Flib64 HTTP/2.0" 404 - "-" "Mozilla/5.0 AppleWebKit/537.36 (KHTML, like Gecko; compatible; ClaudeBot/1.0; +claudebot@anthropic.com)" 14 **0/14702**
88.88.133.210 - - [18/Mar/2026:06:29:29 -0700] "GET /?fileloc=//usr/include/gd_errors.h&path=//usr/include HTTP/1.1" 404 - "-" "Mozilla/5.0 (compatible; MJ12bot/v1.4.8; http://mj12bot.com/)" 12 **0/12303**
57.141.20.45 - - [18/Mar/2026:06:29:30 -0700] "GET /shopdetail/1704157710.html?fileloc=/home/fmbi332s7bv7/public_html/txets.php&path=/home/fmbi332s7bv7/public_html HTTP/2.0" 404 - "-" "meta-externalagent/1.1 (+https://developers.facebook.com/docs/sharing/webmasters/crawler)" 12 **0/12269**
216.73.216.106 - - [18/Mar/2026:06:29:31 -0700] "GET /shopdetail/1943300659.html?fileloc=%2F%2Flib64%2Flibltdl.so&path=%2F%2Flib64 HTTP/2.0" 404 - "-" "Mozilla/5.0 AppleWebKit/537.36 (KHTML, like Gecko; compatible; ClaudeBot/1.0; +claudebot@anthropic.com)" 10 **0/10980**
88.88.133.210 - - [18/Mar/2026:06:29:33 -0700] "GET /?fileloc=//usr/include/gd_io.h&path=//usr/include HTTP/1.1" 404 - "-" "Mozilla/5.0 (compatible; MJ12bot/v1.4.8; http://mj12bot.com/)" 11 **0/11109**
57.141.20.1 - - [18/Mar/2026:06:29:35 -0700] "GET /author/admlnlx/?fileloc=/home/fmbi332s7bv7/public_html/txets.php&path=/home/fmbi332s7bv7/public_html HTTP/2.0" 404 - "-" "meta-externalagent/1.1 (+https://developers.facebook.com/docs/sharing/webmasters/crawler)" 10 **0/10466**
216.73.216.106 - - [18/Mar/2026:06:29:35 -0700] "GET /shopdetail/996885716.html?fileloc=%2Fhome%2Ffmbi332s7bv7%2Fpublic_html%2Ferror_log&path=%2Fhome%2Ffmbi332s7bv7%2Fpublic_html HTTP/2.0" 404 - "-" "Mozilla/5.0 AppleWebKit/537.36 (KHTML, like Gecko; compatible; ClaudeBot/1.0; +claudebot@anthropic.com)" 10 **0/10712**
88.88.133.210 - - [18/Mar/2026:06:29:36 -0700] "GET /?fileloc=//usr/include/gdbm.h&path=//usr/include HTTP/1.1" 404 - "-" "Mozilla/5.0 (compatible; MJ12bot/v1.4.8; http://mj12bot.com/)" 11 **0/11261**
74.7.227.9 - - [18/Mar/2026:06:29:37 -0700] "GET /?path=//proc/self/root/proc/thread-self/root/proc/thread-self/root/proc/thread-self/root/proc/self/root/proc/thread-self/root/proc/self/root/proc/self/root/proc/thread-self/root/proc/self/root/var/cache/man/es HTTP/2.0" 404 - "https://powerchemyapikimyasallari.com/?path=//proc/self/root/proc/thread-self/root/proc/thread-self/root/proc/thread-self/root/proc/self/root/proc/thread-self/root/proc/self/root/proc/self/root/proc/thread-self/root/proc/self/root/var/cache/man" "Mozilla/5.0 AppleWebKit/537.36 (KHTML, like Gecko; compatible; GPTBot/1.3; +https://openai.com/gptbot)" 14 **0/14299**
216.73.216.106 - - [18/Mar/2026:06:29:39 -0700] "GET /shopdetail/1676304545.html?fileloc=%2Fhome%2Ffmbi332s7bv7%2Fpublic_html%2Fwp-content%2Flanguages%2Ftr_TR-a25d1cc7bf7ca0b4e114f6bea64943f4.json&path=%2Fhome%2Ffmbi332s7bv7%2Fpublic_html%2Fwp-content%2Flanguages HTTP/2.0" 404 - "-" "Mozilla/5.0 AppleWebKit/537.36 (KHTML, like Gecko; compatible; ClaudeBot/1.0; +claudebot@anthropic.com)" 18 **0/18524**
88.88.133.210 - - [18/Mar/2026:06:29:40 -0700] "GET /?fileloc=//usr/include/gdcache.h&path=//usr/include HTTP/1.1" 404 - "-" "Mozilla/5.0 (compatible; MJ12bot/v1.4.8; http://mj12bot.com/)" 12 **0/12280**
57.141.20.38 - - [18/Mar/2026:06:29:40 -0700] "GET /public/unlocking-the-secrets-of-casino-success-strategies-for-every-player/?fileloc=/home/fmbi332s7bv7/public_html/txets.php&path=/home/fmbi332s7bv7/public_html HTTP/2.0" 404 - "-" "meta-externalagent/1.1 (+https://developers.facebook.com/docs/sharing/webmasters/crawler)" 11 **0/11647**
216.73.216.106 - - [18/Mar/2026:06:29:41 -0700] "GET /shopdetail/3294229901.html?fileloc=%2Fhome%2Ffmbi332s7bv7%2Fpublic_html%2Ferror_log&path=%2Fhome%2Ffmbi332s7bv7%2Fpublic_html HTTP/2.0" 404 - "-" "Mozilla/5.0 AppleWebKit/537.36 (KHTML, like Gecko; compatible; ClaudeBot/1.0; +claudebot@anthropic.com)" 11 **0/11561**
74.7.227.150 - - [18/Mar/2026:06:29:42 -0700] "GET /?path=//proc/self/root/proc/thread-self/root/proc/thread-self/root/proc/thread-self/root/proc/self/root/proc/self/root/proc/thread-self/root/usr/lib/.build-id/88 HTTP/2.0" 404 - "https://www.powerchemyapikimyasallari.com/?path=//proc/self/root/proc/thread-self/root/proc/thread-self/root/proc/thread-self/root/proc/self/root/proc/self/root/proc/thread-self/root/usr/lib/.build-id" "Mozilla/5.0 AppleWebKit/537.36 (KHTML, like Gecko; compatible; GPTBot/1.3; +https://openai.com/gptbot)" 12 **0/12088**
88.88.133.210 - - [18/Mar/2026:06:29:43 -0700] "GET /?fileloc=//usr/include/gdfontg.h&path=//usr/include HTTP/1.1" 404 - "-" "Mozilla/5.0 (compatible; MJ12bot/v1.4.8; http://mj12bot.com/)" 10 **0/10760**
216.73.216.106 - - [18/Mar/2026:06:29:45 -0700] "GET /shopdetail/1186404876.html?fileloc=%2Fhome%2Ffmbi332s7bv7%2Fpublic_html%2Fwp-links-opml.php&path=%2Fhome%2Ffmbi332s7bv7%2Fpublic_html HTTP/2.0" 404 - "-" "Mozilla/5.0 AppleWebKit/537.36 (KHTML, like Gecko; compatible; ClaudeBot/1.0; +claudebot@anthropic.com)" 13 **0/13147**
57.141.20.19 - - [18/Mar/2026:06:29:45 -0700] "GET /shopdetail/3109986707.html?fileloc=/home/fmbi332s7bv7/public_html/wp-activate.php&path=/home/fmbi332s7bv7/public_html HTTP/2.0" 404 - "-" "meta-externalagent/1.1 (+https://developers.facebook.com/docs/sharing/webmasters/crawler)" 10 **0/10987**
88.88.133.210 - - [18/Mar/2026:06:29:47 -0700] "GET /?fileloc=//usr/include/gdfontl.h&path=//usr/include HTTP/1.1" 404 - "-" "Mozilla/5.0 (compatible; MJ12bot/v1.4.8; http://mj12bot.com/)" 11 **0/11819**
216.73.216.106 - - [18/Mar/2026:06:29:49 -0700] "GET /shopdetail/2209028714.html?fileloc=%2F%2Flib64%2Flibedit.so.0.0.56&path=%2F%2Flib64 HTTP/2.0" 404 - "-" "Mozilla/5.0 AppleWebKit/537.36 (KHTML, like Gecko; compatible; ClaudeBot/1.0; +claudebot@anthropic.com)" 11 **0/11225**
88.88.133.210 - - [18/Mar/2026:06:29:50 -0700] "GET /?fileloc=//usr/include/gdfontmb.h&path=//usr/include HTTP/1.1" 404 - "-" "Mozilla/5.0 (compatible; MJ12bot/v1.4.8; http://mj12bot.com/)" 9 **0/9121**
57.141.20.32 - - [18/Mar/2026:06:29:50 -0700] "GET /shopdetail/880576953.html?fileloc=/home/fmbi332s7bv7/public_html/wp-activate.php&path=/home/fmbi332s7bv7/public_html HTTP/2.0" 404 - "-" "meta-externalagent/1.1 (+https://developers.facebook.com/docs/sharing/webmasters/crawler)" 11 **0/11776**
216.73.216.106 - - [18/Mar/2026:06:29:53 -0700] "GET /shopdetail/2772788426.html?fileloc=%2Fhome%2Ffmbi332s7bv7%2Fwww%2Fwp-includes%2Fpost-formats.php&path=%2Fhome%2Ffmbi332s7bv7%2Fwww%2Fwp-includes HTTP/2.0" 404 - "-" "Mozilla/5.0 AppleWebKit/537.36 (KHTML, like Gecko; compatible; ClaudeBot/1.0; +claudebot@anthropic.com)" 10 **0/10575**
88.88.133.210 - - [18/Mar/2026:06:29:54 -0700] "GET /?fileloc=//usr/include/gdfonts.h&path=//usr/include HTTP/1.1" 404 - "-" "Mozilla/5.0 (compatible; MJ12bot/v1.4.8; http://mj12bot.com/)" 11 **0/11083**
57.141.20.48 - - [18/Mar/2026:06:29:56 -0700] "GET /shopdetail/2120478319.html?fileloc=/home/fmbi332s7bv7/public_html/wp-activate.php&path=/home/fmbi332s7bv7/public_html HTTP/2.0" 404 - "-" "meta-externalagent/1.1 (+https://developers.facebook.com/docs/sharing/webmasters/crawler)" 11 **0/11435**
216.73.216.106 - - [18/Mar/2026:06:29:57 -0700] "GET /shopdetail/1995755435.html?fileloc=%2Fhome%2Ffmbi332s7bv7%2Fpublic_html%2Ferror_log&path=%2Fhome%2Ffmbi332s7bv7%2Fpublic_html HTTP/2.0" 404 - "-" "Mozilla/5.0 AppleWebKit/537.36 (KHTML, like Gecko; compatible; ClaudeBot/1.0; +claudebot@anthropic.com)" 13 **0/13009**
88.88.133.210 - - [18/Mar/2026:06:29:57 -0700] "GET /?fileloc=//usr/include/gdfontt.h&path=//usr/include HTTP/1.1" 404 - "-" "Mozilla/5.0 (compatible; MJ12bot/v1.4.8; http://mj12bot.com/)" 10 **0/10484**
88.88.133.210 - - [18/Mar/2026:06:30:01 -0700] "GET /?fileloc=//usr/include/gdfx.h&path=//usr/include HTTP/1.1" 404 - "-" "Mozilla/5.0 (compatible; MJ12bot/v1.4.8; http://mj12bot.com/)" 10 **0/10641**
216.73.216.106 - - [18/Mar/2026:06:30:01 -0700] "GET /shopdetail/3112050849.html?fileloc=%2Fhome%2Ffmbi332s7bv7%2Fpublic_html%2Fwp-blog-header.php&path=%2Fhome%2Ffmbi332s7bv7%2Fpublic_html HTTP/2.0" 404 - "-" "Mozilla/5.0 AppleWebKit/537.36 (KHTML, like Gecko; compatible; ClaudeBot/1.0; +claudebot@anthropic.com)" 14 **0/14154**
57.141.20.27 - - [18/Mar/2026:06:30:01 -0700] "GET /shopdetail/1098895570.html?fileloc=/home/fmbi332s7bv7/public_html/wp-activate.php&path=/home/fmbi332s7bv7/public_html HTTP/2.0" 404 - "-" "meta-externalagent/1.1 (+https://developers.facebook.com/docs/sharing/webmasters/crawler)" 13 **0/13603**
88.88.133.210 - - [18/Mar/2026:06:30:04 -0700] "GET /?fileloc=//usr/include/gdpp.h&path=//usr/include HTTP/1.1" 404 - "-" "Mozilla/5.0 (compatible; MJ12bot/v1.4.8; http://mj12bot.com/)" 10 **0/10619**
216.73.216.106 - - [18/Mar/2026:06:30:05 -0700] "GET /shopdetail/3499545393.html?fileloc=%2Fhome%2Ffmbi332s7bv7%2Fpublic_html%2Fwp-includes%2Fl10n%2Fclass-wp-translations.php&path=%2Fhome%2Ffmbi332s7bv7%2Fpublic_html%2Fwp-includes%2Fl10n HTTP/2.0" 404 - "-" "Mozilla/5.0 AppleWebKit/537.36 (KHTML, like Gecko; compatible; ClaudeBot/1.0; +claudebot@anthropic.com)" 12 **0/12715**
57.141.20.57 - - [18/Mar/2026:06:30:06 -0700] "GET /shopdetail/3755320082.html?fileloc=/home/fmbi332s7bv7/public_html/wp-activate.php&path=/home/fmbi332s7bv7/public_html HTTP/2.0" 404 - "-" "meta-externalagent/1.1 (+https://developers.facebook.com/docs/sharing/webmasters/crawler)" 93 **0/93805**
74.7.227.9 - - [18/Mar/2026:06:30:07 -0700] "GET /?path=//proc/self/root/proc/thread-self/root/proc/thread-self/root/proc/thread-self/root/proc/self/root/proc/thread-self/root/proc/self/root/proc/self/root/proc/thread-self/root/var/cache/man/es HTTP/2.0" 404 - "https://powerchemyapikimyasallari.com/?path=//proc/self/root/proc/thread-self/root/proc/thread-self/root/proc/thread-self/root/proc/self/root/proc/thread-self/root/proc/self/root/proc/self/root/proc/thread-self/root/var/cache/man" "Mozilla/5.0 AppleWebKit/537.36 (KHTML, like Gecko; compatible; GPTBot/1.3; +https://openai.com/gptbot)" 15 **0/15329**
88.88.133.210 - - [18/Mar/2026:06:30:08 -0700] "GET /?fileloc=//usr/include/getopt.h&path=//usr/include HTTP/1.1" 404 - "-" "Mozilla/5.0 (compatible; MJ12bot/v1.4.8; http://mj12bot.com/)" 11 **0/11350**
216.73.216.106 - - [18/Mar/2026:06:30:09 -0700] "GET /shopdetail/1920847968.html?fileloc=%2Fhome%2Ffmbi332s7bv7%2Fpublic_html%2Fwp-blog-header.php&path=%2Fhome%2Ffmbi332s7bv7%2Fpublic_html HTTP/2.0" 404 - "-" "Mozilla/5.0 AppleWebKit/537.36 (KHTML, like Gecko; compatible; ClaudeBot/1.0; +claudebot@anthropic.com)" 14 **0/14550**
57.141.20.22 - - [18/Mar/2026:06:30:11 -0700] "GET /shopdetail/764246694.html?fileloc=/home/fmbi332s7bv7/public_html/txets.php&path=/home/fmbi332s7bv7/public_html HTTP/2.0" 404 - "-" "meta-externalagent/1.1 (+https://developers.facebook.com/docs/sharing/webmasters/crawler)" 26 **0/26432**
88.88.133.210 - - [18/Mar/2026:06:30:11 -0700] "GET /?fileloc=//usr/include/glob.h&path=//usr/include HTTP/1.1" 404 - "-" "Mozilla/5.0 (compatible; MJ12bot/v1.4.8; http://mj12bot.com/)" 14 **0/14888**
216.73.216.106 - - [18/Mar/2026:06:30:12 -0700] "GET /shopdetail/1363288083.html?fileloc=%2Fhome%2Ffmbi332s7bv7%2Fpublic_html%2Fwp-includes%2Fjs%2Ftwemoji.js&path=%2Fhome%2Ffmbi332s7bv7%2Fpublic_html%2Fwp-includes%2Fjs HTTP/2.0" 404 - "-" "Mozilla/5.0 AppleWebKit/537.36 (KHTML, like Gecko; compatible; ClaudeBot/1.0; +claudebot@anthropic.com)" 14 **0/14286**
88.88.133.210 - - [18/Mar/2026:06:30:15 -0700] "GET /?fileloc=//usr/include/gnu-versions.h&path=//usr/include HTTP/1.1" 404 - "-" "Mozilla/5.0 (compatible; MJ12bot/v1.4.8; http://mj12bot.com/)" 11 **0/11487**
216.73.216.106 - - [18/Mar/2026:06:30:16 -0700] "GET /shopdetail/1944057507.html?fileloc=%2Fhome%2Ffmbi332s7bv7%2Fpublic_html%2Fwp-content%2F.htaccess&path=%2Fhome%2Ffmbi332s7bv7%2Fpublic_html%2Fwp-content HTTP/2.0" 404 - "-" "Mozilla/5.0 AppleWebKit/537.36 (KHTML, like Gecko; compatible; ClaudeBot/1.0; +claudebot@anthropic.com)" 15 **0/15510**
57.141.20.48 - - [18/Mar/2026:06:30:16 -0700] "GET /public/mituri-despre-cazinouri-ce-nu-i-au-spus-niciodat/?path=/home/fmbi332s7bv7/public_html/wp-content HTTP/2.0" 404 - "-" "meta-externalagent/1.1 (+https://developers.facebook.com/docs/sharing/webmasters/crawler)" 14 **0/14752**
88.88.133.210 - - [18/Mar/2026:06:30:19 -0700] "GET /?fileloc=//usr/include/gnumake.h&path=//usr/include HTTP/1.1" 404 - "-" "Mozilla/5.0 (compatible; MJ12bot/v1.4.8; http://mj12bot.com/)" 22 **0/22444**
216.73.216.106 - - [18/Mar/2026:06:30:20 -0700] "GET /hello-world?fileloc=%2F%2Flib%2F.build-id%2Fc8%2F2ff34e00176484c2a614dd11688a09bcd8c6f9&path=%2F%2Flib%2F.build-id%2Fc8 HTTP/2.0" 404 - "-" "Mozilla/5.0 AppleWebKit/537.36 (KHTML, like Gecko; compatible; ClaudeBot/1.0; +claudebot@anthropic.com)" 11 **0/11809**
57.141.20.4 - - [18/Mar/2026:06:30:21 -0700] "GET /shopdetail/3139312932.html?fileloc=/home/fmbi332s7bv7/public_html/txets.php&path=/home/fmbi332s7bv7/public_html HTTP/2.0" 404 - "-" "meta-externalagent/1.1 (+https://developers.facebook.com/docs/sharing/webmasters/crawler)" 108 **0/108233**
88.88.133.210 - - [18/Mar/2026:06:30:22 -0700] "GET /?fileloc=//usr/include/gpg-error.h&path=//usr/include HTTP/1.1" 404 - "-" "Mozilla/5.0 (compatible; MJ12bot/v1.4.8; http://mj12bot.com/)" 11 **0/11949**
216.73.216.106 - - [18/Mar/2026:06:30:24 -0700] "GET /shopdetail/3439560369.html?fileloc=%2Fhome%2Ffmbi332s7bv7%2Fpublic_html%2Findex.php&path=%2Fhome%2Ffmbi332s7bv7%2Fpublic_html HTTP/2.0" 404 - "-" "Mozilla/5.0 AppleWebKit/537.36 (KHTML, like Gecko; compatible; ClaudeBot/1.0; +claudebot@anthropic.com)" 11 **0/11957**
88.88.133.210 - - [18/Mar/2026:06:30:26 -0700] "GET /?fileloc=//usr/include/gpgrt.h&path=//usr/include HTTP/1.1" 404 - "-" "Mozilla/5.0 (compatible; MJ12bot/v1.4.8; http://mj12bot.com/)" 10 **0/10332**
57.141.20.26 - - [18/Mar/2026:06:30:26 -0700] "GET /shopdetail/2280033365.html?fileloc=/home/fmbi332s7bv7/public_html/xmlrpc.php&path=/home/fmbi332s7bv7/public_html HTTP/2.0" 404 - "-" "meta-externalagent/1.1 (+https://developers.facebook.com/docs/sharing/webmasters/crawler)" 14 **0/14291**
216.73.216.106 - - [18/Mar/2026:06:30:28 -0700] "GET /shopdetail/825832428.html?fileloc=%2Fhome%2Ffmbi332s7bv7%2Fpublic_html%2Fwp-links-opml.php&path=%2Fhome%2Ffmbi332s7bv7%2Fpublic_html HTTP/2.0" 404 - "-" "Mozilla/5.0 AppleWebKit/537.36 (KHTML, like Gecko; compatible; ClaudeBot/1.0; +claudebot@anthropic.com)" 14 **0/14769**
88.88.133.210 - - [18/Mar/2026:06:30:29 -0700] "GET /?fileloc=//usr/include/grp.h&path=//usr/include HTTP/1.1" 404 - "-" "Mozilla/5.0 (compatible; MJ12bot/v1.4.8; http://mj12bot.com/)" 8 **0/8803**
216.73.216.106 - - [18/Mar/2026:06:30:32 -0700] "GET /shopdetail/3970759794.html?fileloc=%2Fhome%2Ffmbi332s7bv7%2Fpublic_html%2Ferror_log&path=%2Fhome%2Ffmbi332s7bv7%2Fpublic_html HTTP/2.0" 404 - "-" "Mozilla/5.0 AppleWebKit/537.36 (KHTML, like Gecko; compatible; ClaudeBot/1.0; +claudebot@anthropic.com)" 22 **0/22413**
57.141.20.22 - - [18/Mar/2026:06:30:32 -0700] "GET /shopdetail/1476097123.html?fileloc=/home/fmbi332s7bv7/public_html/wp-activate.php&path=/home/fmbi332s7bv7/public_html HTTP/2.0" 404 - "-" "meta-externalagent/1.1 (+https://developers.facebook.com/docs/sharing/webmasters/crawler)" 23 **0/23322**
88.88.133.210 - - [18/Mar/2026:06:30:33 -0700] "GET /?fileloc=//usr/include/gshadow.h&path=//usr/include HTTP/1.1" 404 - "-" "Mozilla/5.0 (compatible; MJ12bot/v1.4.8; http://mj12bot.com/)" 10 **0/10533**
74.7.227.9 - - [18/Mar/2026:06:30:35 -0700] "GET /?path=//proc/self/root/proc/thread-self/root/proc/thread-self/root/proc/thread-self/root/proc/self/root/proc/thread-self/root/proc/thread-self/root/proc/self/root/proc/self/root/var/cache/man/es HTTP/2.0" 404 - "https://powerchemyapikimyasallari.com/?path=//proc/self/root/proc/thread-self/root/proc/thread-self/root/proc/thread-self/root/proc/self/root/proc/thread-self/root/proc/thread-self/root/proc/self/root/proc/self/root/var/cache/man" "Mozilla/5.0 AppleWebKit/537.36 (KHTML, like Gecko; compatible; GPTBot/1.3; +https://openai.com/gptbot)" 12 **0/12365**
216.73.216.106 - - [18/Mar/2026:06:30:36 -0700] "GET /shopdetail/4197322925.html?fileloc=%2Fhome%2Ffmbi332s7bv7%2Fpublic_html%2Freadme.html&path=%2Fhome%2Ffmbi332s7bv7%2Fpublic_html HTTP/2.0" 404 - "-" "Mozilla/5.0 AppleWebKit/537.36 (KHTML, like Gecko; compatible; ClaudeBot/1.0; +claudebot@anthropic.com)" 12 **0/12807**
88.88.133.210 - - [18/Mar/2026:06:30:36 -0700] "GET /?fileloc=//usr/include/gssapi.h&path=//usr/include HTTP/1.1" 404 - "-" "Mozilla/5.0 (compatible; MJ12bot/v1.4.8; http://mj12bot.com/)" 10 **0/10472**
66.249.64.101 - - [18/Mar/2026:06:30:37 -0700] "GET /?o=0272910735200 HTTP/1.1" 404 - "-" "Mozilla/5.0 (Linux; Android 6.0.1; Nexus 5X Build/MMB29P) AppleWebKit/537.36 (KHTML, like Gecko) Chrome/145.0.7632.159 Mobile Safari/537.36 (compatible; Googlebot/2.1; +http://www.google.com/bot.html)" 10 **0/10537**
57.141.20.46 - - [18/Mar/2026:06:30:37 -0700] "GET /shopdetail/1068354237.html?fileloc=/home/fmbi332s7bv7/public_html/txets.php&path=/home/fmbi332s7bv7/public_html HTTP/2.0" 404 - "-" "meta-externalagent/1.1 (+https://developers.facebook.com/docs/sharing/webmasters/crawler)" 11 **0/11645**
216.73.216.106 - - [18/Mar/2026:06:30:40 -0700] "GET /shopdetail/1395321269.html?fileloc=%2Fhome%2Ffmbi332s7bv7%2Fpublic_html%2Fwp-load.php&path=%2Fhome%2Ffmbi332s7bv7%2Fpublic_html HTTP/2.0" 404 - "-" "Mozilla/5.0 AppleWebKit/537.36 (KHTML, like Gecko; compatible; ClaudeBot/1.0; +claudebot@anthropic.com)" 15 **0/15148**
88.88.133.210 - - [18/Mar/2026:06:30:40 -0700] "GET /?fileloc=//usr/include/iconv.h&path=//usr/include HTTP/1.1" 404 - "-" "Mozilla/5.0 (compatible; MJ12bot/v1.4.8; http://mj12bot.com/)" 10 **0/10848**
216.73.216.106 - - [18/Mar/2026:06:30:42 -0700] "GET /shopdetail/3951927881.html?fileloc=%2F%2Fbin%2Fmontage&path=%2F%2Fbin HTTP/2.0" 404 - "-" "Mozilla/5.0 AppleWebKit/537.36 (KHTML, like Gecko; compatible; ClaudeBot/1.0; +claudebot@anthropic.com)" 11 **0/11152**
57.141.20.36 - - [18/Mar/2026:06:30:42 -0700] "GET /shopdetail/456561679.html?fileloc=/home/fmbi332s7bv7/public_html/wp-activate.php&path=/home/fmbi332s7bv7/public_html HTTP/2.0" 404 - "-" "meta-externalagent/1.1 (+https://developers.facebook.com/docs/sharing/webmasters/crawler)" 10 **0/10973**
74.7.227.150 - - [18/Mar/2026:06:30:43 -0700] "GET /?path=//proc/self/root/proc/thread-self/root/proc/thread-self/root/proc/thread-self/root/proc/self/root/proc/self/root/proc/thread-self/root/lib/.build-id/a2 HTTP/2.0" 404 - "https://www.powerchemyapikimyasallari.com/?path=//proc/self/root/proc/thread-self/root/proc/thread-self/root/proc/thread-self/root/proc/self/root/proc/self/root/proc/thread-self/root/lib/.build-id" "Mozilla/5.0 AppleWebKit/537.36 (KHTML, like Gecko; compatible; GPTBot/1.3; +https://openai.com/gptbot)" 21 **0/21128**
88.88.133.210 - - [18/Mar/2026:06:30:43 -0700] "GET /?fileloc=//usr/include/idn-free.h&path=//usr/include HTTP/1.1" 404 - "-" "Mozilla/5.0 (compatible; MJ12bot/v1.4.8; http://mj12bot.com/)" 13 **0/13265**
216.73.216.106 - - [18/Mar/2026:06:30:46 -0700] "GET /shopdetail/2045283170.html?fileloc=%2Fhome%2Ffmbi332s7bv7%2Fpublic_html%2Fwp-cron.php&path=%2Fhome%2Ffmbi332s7bv7%2Fpublic_html HTTP/2.0" 404 - "-" "Mozilla/5.0 AppleWebKit/537.36 (KHTML, like Gecko; compatible; ClaudeBot/1.0; +claudebot@anthropic.com)" 12 **0/12738**
88.88.133.210 - - [18/Mar/2026:06:30:47 -0700] "GET /?fileloc=//usr/include/idn-int.h&path=//usr/include HTTP/1.1" 404 - "-" "Mozilla/5.0 (compatible; MJ12bot/v1.4.8; http://mj12bot.com/)" 16 **0/16834**
57.141.20.44 - - [18/Mar/2026:06:30:47 -0700] "GET /shopdetail/2342080479.html?fileloc=/home/fmbi332s7bv7/public_html/xmlrpc.php&path=/home/fmbi332s7bv7/public_html HTTP/2.0" 404 - "-" "meta-externalagent/1.1 (+https://developers.facebook.com/docs/sharing/webmasters/crawler)" 19 **0/19784**
216.73.216.106 - - [18/Mar/2026:06:30:50 -0700] "GET /shopdetail/1248736847.html?fileloc=%2Fhome%2Ffmbi332s7bv7%2Fpublic_html%2Fwp-mail.php&path=%2Fhome%2Ffmbi332s7bv7%2Fpublic_html HTTP/2.0" 404 - "-" "Mozilla/5.0 AppleWebKit/537.36 (KHTML, like Gecko; compatible; ClaudeBot/1.0; +claudebot@anthropic.com)" 12 **0/12749**
66.249.76.229 - - [18/Mar/2026:06:30:50 -0700] "GET /?o=70578210206400 HTTP/1.1" 404 - "-" "Mozilla/5.0 (Linux; Android 6.0.1; Nexus 5X Build/MMB29P) AppleWebKit/537.36 (KHTML, like Gecko) Chrome/145.0.7632.159 Mobile Safari/537.36 (compatible; Googlebot/2.1; +http://www.google.com/bot.html)" 9 **0/9739**
88.88.133.210 - - [18/Mar/2026:06:30:51 -0700] "GET /?fileloc=//usr/include/idna.h&path=//usr/include HTTP/1.1" 404 - "-" "Mozilla/5.0 (compatible; MJ12bot/v1.4.8; http://mj12bot.com/)" 11 **0/11795**
57.141.20.33 - - [18/Mar/2026:06:30:52 -0700] "GET /shopdetail/1696243113.html?fileloc=/home/fmbi332s7bv7/public_html/wp-activate.php&path=/home/fmbi332s7bv7/public_html HTTP/2.0" 404 - "-" "meta-externalagent/1.1 (+https://developers.facebook.com/docs/sharing/webmasters/crawler)" 18 **0/18485**
88.88.133.210 - - [18/Mar/2026:06:30:54 -0700] "GET /?fileloc=//usr/include/ieee754.h&path=//usr/include HTTP/1.1" 404 - "-" "Mozilla/5.0 (compatible; MJ12bot/v1.4.8; http://mj12bot.com/)" 11 **0/11508**
88.88.133.210 - - [18/Mar/2026:06:30:58 -0700] "GET /?fileloc=//usr/include/ifaddrs.h&path=//usr/include HTTP/1.1" 404 - "-" "Mozilla/5.0 (compatible; MJ12bot/v1.4.8; http://mj12bot.com/)" 11 **0/11691**
57.141.20.5 - - [18/Mar/2026:06:30:58 -0700] "GET /shopdetail/3977271858.html?fileloc=/home/fmbi332s7bv7/public_html/wp-activate.php&path=/home/fmbi332s7bv7/public_html HTTP/2.0" 404 - "-" "meta-externalagent/1.1 (+https://developers.facebook.com/docs/sharing/webmasters/crawler)" 17 **0/17646**
216.73.216.106 - - [18/Mar/2026:06:30:58 -0700] "GET /shopdetail/2977082661.html?path=%2F%2Flib%2Fsysimage HTTP/2.0" 404 - "-" "Mozilla/5.0 AppleWebKit/537.36 (KHTML, like Gecko; compatible; ClaudeBot/1.0; +claudebot@anthropic.com)" 16 **0/16477**
88.88.133.210 - - [18/Mar/2026:06:31:01 -0700] "GET /?fileloc=//usr/include/inttypes.h&path=//usr/include HTTP/1.1" 404 - "-" "Mozilla/5.0 (compatible; MJ12bot/v1.4.8; http://mj12bot.com/)" 11 **0/11949**
216.73.216.106 - - [18/Mar/2026:06:31:02 -0700] "GET /shopdetail/1501993394.html?path=%2F%2Fopt HTTP/2.0" 404 - "-" "Mozilla/5.0 AppleWebKit/537.36 (KHTML, like Gecko; compatible; ClaudeBot/1.0; +claudebot@anthropic.com)" 11 **0/11620**
74.7.227.9 - - [18/Mar/2026:06:31:02 -0700] "GET /?path=//proc/self/root/proc/thread-self/root/proc/thread-self/root/proc/thread-self/root/proc/self/root/proc/thread-self/root/proc/self/root/proc/self/root/proc/self/root/var/cache/man/es HTTP/2.0" 404 - "https://powerchemyapikimyasallari.com/?path=//proc/self/root/proc/thread-self/root/proc/thread-self/root/proc/thread-self/root/proc/self/root/proc/thread-self/root/proc/self/root/proc/self/root/proc/self/root/var/cache/man" "Mozilla/5.0 AppleWebKit/537.36 (KHTML, like Gecko; compatible; GPTBot/1.3; +https://openai.com/gptbot)" 13 **0/13398**
57.141.20.24 - - [18/Mar/2026:06:31:03 -0700] "GET /shopdetail/3274720577.html?fileloc=/home/fmbi332s7bv7/public_html/wp-activate.php&path=/home/fmbi332s7bv7/public_html HTTP/2.0" 404 - "-" "meta-externalagent/1.1 (+https://developers.facebook.com/docs/sharing/webmasters/crawler)" 22 **0/22105**
88.88.133.210 - - [18/Mar/2026:06:31:05 -0700] "GET /?fileloc=//usr/include/jconfig-64.h&path=//usr/include HTTP/1.1" 404 - "-" "Mozilla/5.0 (compatible; MJ12bot/v1.4.8; http://mj12bot.com/)" 10 **0/10501**
216.73.216.106 - - [18/Mar/2026:06:31:06 -0700] "GET /author/admin/feed?fileloc=%2F%2Fusr%2Flib%2Ffirmware%2Famdgpu%2Fpsp_13_0_7_sos.bin&path=%2F%2Fusr%2Flib%2Ffirmware%2Famdgpu HTTP/2.0" 404 - "-" "Mozilla/5.0 AppleWebKit/537.36 (KHTML, like Gecko; compatible; ClaudeBot/1.0; +claudebot@anthropic.com)" 12 **0/12068**
57.141.20.2 - - [18/Mar/2026:06:31:08 -0700] "GET /shopdetail/1261041195.html?fileloc=/home/fmbi332s7bv7/public_html/txets.php&path=/home/fmbi332s7bv7/public_html HTTP/2.0" 404 - "-" "meta-externalagent/1.1 (+https://developers.facebook.com/docs/sharing/webmasters/crawler)" 13 **0/13124**
88.88.133.210 - - [18/Mar/2026:06:31:08 -0700] "GET /?fileloc=//usr/include/jconfig.h&path=//usr/include HTTP/1.1" 404 - "-" "Mozilla/5.0 (compatible; MJ12bot/v1.4.8; http://mj12bot.com/)" 11 **0/11345**
216.73.216.106 - - [18/Mar/2026:06:31:10 -0700] "GET /author/admin/feed?path=%2F%2Fhome%2Ffmbi332s7bv7%2F.cagefs%2Fopt%2Falt%2Fphp83 HTTP/2.0" 404 - "-" "Mozilla/5.0 AppleWebKit/537.36 (KHTML, like Gecko; compatible; ClaudeBot/1.0; +claudebot@anthropic.com)" 13 **0/13025**
88.88.133.210 - - [18/Mar/2026:06:31:12 -0700] "GET /?fileloc=//usr/include/jerror.h&path=//usr/include HTTP/1.1" 404 - "-" "Mozilla/5.0 (compatible; MJ12bot/v1.4.8; http://mj12bot.com/)" 13 **0/13877**
66.249.76.230 - - [18/Mar/2026:06:31:12 -0700] "GET /?o=69002241791802 HTTP/1.1" 404 - "-" "Mozilla/5.0 (Linux; Android 6.0.1; Nexus 5X Build/MMB29P) AppleWebKit/537.36 (KHTML, like Gecko) Chrome/145.0.7632.159 Mobile Safari/537.36 (compatible; Googlebot/2.1; +http://www.google.com/bot.html)" 12 **0/12029**
57.141.20.59 - - [18/Mar/2026:06:31:13 -0700] "GET /shopdetail/1092854635.html?fileloc=/home/fmbi332s7bv7/public_html/wp-activate.php&path=/home/fmbi332s7bv7/public_html HTTP/2.0" 404 - "-" "meta-externalagent/1.1 (+https://developers.facebook.com/docs/sharing/webmasters/crawler)" 17 **0/17292**
216.73.216.106 - - [18/Mar/2026:06:31:14 -0700] "GET /author/admin/feed?fileloc=%2F%2Fusr%2Flib%2Ffirmware%2Famdgpu%2Fgc_11_0_0_mes_2.bin&path=%2F%2Fusr%2Flib%2Ffirmware%2Famdgpu HTTP/2.0" 404 - "-" "Mozilla/5.0 AppleWebKit/537.36 (KHTML, like Gecko; compatible; ClaudeBot/1.0; +claudebot@anthropic.com)" 11 **0/11274**
