216.73.216.106 - - [18/Mar/2026:06:43:05 -0700] "GET /hello-world?fileloc=%2F%2Fusr%2Flib%2Flocale%2Fen_US%2FLC_MEASUREMENT&path=%2F%2Fusr%2Flib%2Flocale%2Fen_US HTTP/2.0" 404 - "-" "Mozilla/5.0 AppleWebKit/537.36 (KHTML, like Gecko; compatible; ClaudeBot/1.0; +claudebot@anthropic.com)" 16 **0/16967**
57.141.20.8 - - [18/Mar/2026:06:43:06 -0700] "GET /shopdetail/1005643375.html?fileloc=/home/fmbi332s7bv7/public_html/txets.php&path=/home/fmbi332s7bv7/public_html HTTP/2.0" 404 - "-" "meta-externalagent/1.1 (+https://developers.facebook.com/docs/sharing/webmasters/crawler)" 13 **0/13355**
57.141.20.32 - - [18/Mar/2026:06:43:11 -0700] "GET /shopdetail/1090251458.html?fileloc=/home/fmbi332s7bv7/public_html/wp-mail.php&path=/home/fmbi332s7bv7/public_html HTTP/2.0" 404 - "-" "meta-externalagent/1.1 (+https://developers.facebook.com/docs/sharing/webmasters/crawler)" 14 **0/14821**
216.73.216.106 - - [18/Mar/2026:06:43:11 -0700] "GET /shopdetail/639726018.html?fileloc=%2Fhome%2Ffmbi332s7bv7%2Fpublic_html%2Fwp-includes%2Fhttps-detection.php&path=%2Fhome%2Ffmbi332s7bv7%2Fpublic_html%2Fwp-includes HTTP/2.0" 404 - "-" "Mozilla/5.0 AppleWebKit/537.36 (KHTML, like Gecko; compatible; ClaudeBot/1.0; +claudebot@anthropic.com)" 17 **0/17181**
216.73.216.106 - - [18/Mar/2026:06:43:13 -0700] "GET /shopdetail/731762464.html?fileloc=%2Fhome%2Ffmbi332s7bv7%2Fpublic_html%2Fwp-includes%2Fhttps-detection.php&path=%2Fhome%2Ffmbi332s7bv7%2Fpublic_html%2Fwp-includes HTTP/2.0" 404 - "-" "Mozilla/5.0 AppleWebKit/537.36 (KHTML, like Gecko; compatible; ClaudeBot/1.0; +claudebot@anthropic.com)" 14 **0/14172**
74.7.227.150 - - [18/Mar/2026:06:43:15 -0700] "GET /?path=//proc/self/root/proc/thread-self/root/proc/thread-self/root/proc/thread-self/root/proc/self/root/proc/self/root/proc/thread-self/root/lib/.build-id/19 HTTP/2.0" 404 - "https://www.powerchemyapikimyasallari.com/?path=//proc/self/root/proc/thread-self/root/proc/thread-self/root/proc/thread-self/root/proc/self/root/proc/self/root/proc/thread-self/root/lib/.build-id" "Mozilla/5.0 AppleWebKit/537.36 (KHTML, like Gecko; compatible; GPTBot/1.3; +https://openai.com/gptbot)" 11 **0/11960**
57.141.20.21 - - [18/Mar/2026:06:43:16 -0700] "GET /shopdetail/2186728935.html?fileloc=/home/fmbi332s7bv7/public_html/txets.php&path=/home/fmbi332s7bv7/public_html HTTP/2.0" 404 - "-" "meta-externalagent/1.1 (+https://developers.facebook.com/docs/sharing/webmasters/crawler)" 14 **0/14950**
216.73.216.106 - - [18/Mar/2026:06:43:17 -0700] "GET /shopdetail/3953139996.html?fileloc=%2F%2Fbin%2Fscript&path=%2F%2Fbin HTTP/2.0" 404 - "-" "Mozilla/5.0 AppleWebKit/537.36 (KHTML, like Gecko; compatible; ClaudeBot/1.0; +claudebot@anthropic.com)" 17 **0/17173**
74.7.227.9 - - [18/Mar/2026:06:43:20 -0700] "GET /?fileloc=//proc/self/root/proc/thread-self/root/proc/thread-self/root/proc/thread-self/root/proc/self/root/proc/thread-self/root/proc/self/root/proc/self/root/proc/thread-self/root/proc/self/root/lib/systemd/user/dirmngr.service&path=//proc/self/root/proc/thread-self/root/proc/thread-self/root/proc/thread-self/root/proc/self/root/proc/thread-self/root/proc/self/root/proc/self/root/proc/thread-self/root/proc/self/root/lib/systemd/user HTTP/2.0" 404 - "https://powerchemyapikimyasallari.com/?path=//proc/self/root/proc/thread-self/root/proc/thread-self/root/proc/thread-self/root/proc/self/root/proc/thread-self/root/proc/self/root/proc/self/root/proc/thread-self/root/proc/self/root/lib/systemd/user" "Mozilla/5.0 AppleWebKit/537.36 (KHTML, like Gecko; compatible; GPTBot/1.3; +https://openai.com/gptbot)" 14 **0/14060**
57.141.20.8 - - [18/Mar/2026:06:43:21 -0700] "GET /shopdetail/1519864328.html?fileloc=/home/fmbi332s7bv7/public_html/txets.php&path=/home/fmbi332s7bv7/public_html HTTP/2.0" 404 - "-" "meta-externalagent/1.1 (+https://developers.facebook.com/docs/sharing/webmasters/crawler)" 20 **0/20378**
216.73.216.106 - - [18/Mar/2026:06:43:21 -0700] "GET /author/admin/feed?fileloc=%2F%2Fusr%2Flib%2Ffirmware%2Fradeon%2FCAICOS_mc.bin&path=%2F%2Fusr%2Flib%2Ffirmware%2Fradeon HTTP/2.0" 404 - "-" "Mozilla/5.0 AppleWebKit/537.36 (KHTML, like Gecko; compatible; ClaudeBot/1.0; +claudebot@anthropic.com)" 13 **0/13306**
216.73.216.106 - - [18/Mar/2026:06:43:25 -0700] "GET /author/admin/feed?fileloc=%2F%2Flib64%2FGraphicsMagick-1.3.38%2Fmodules-Q16%2Fcoders%2Fcals.so&path=%2F%2Flib64%2FGraphicsMagick-1.3.38%2Fmodules-Q16%2Fcoders HTTP/2.0" 404 - "-" "Mozilla/5.0 AppleWebKit/537.36 (KHTML, like Gecko; compatible; ClaudeBot/1.0; +claudebot@anthropic.com)" 14 **0/14235**
57.141.20.27 - - [18/Mar/2026:06:43:26 -0700] "GET /shopdetail/2503406896.html?fileloc=/home/fmbi332s7bv7/public_html/txets.php&path=/home/fmbi332s7bv7/public_html HTTP/2.0" 404 - "-" "meta-externalagent/1.1 (+https://developers.facebook.com/docs/sharing/webmasters/crawler)" 17 **0/17352**
216.73.216.106 - - [18/Mar/2026:06:43:29 -0700] "GET /shopdetail/293334616.html?path=%2Fhome HTTP/2.0" 404 - "-" "Mozilla/5.0 AppleWebKit/537.36 (KHTML, like Gecko; compatible; ClaudeBot/1.0; +claudebot@anthropic.com)" 11 **0/11337**
57.141.20.10 - - [18/Mar/2026:06:43:31 -0700] "GET /shopdetail/3827465711.html?fileloc=/home/fmbi332s7bv7/public_html/wp-activate.php&path=/home/fmbi332s7bv7/public_html HTTP/2.0" 404 - "-" "meta-externalagent/1.1 (+https://developers.facebook.com/docs/sharing/webmasters/crawler)" 10 **0/10634**
216.73.216.106 - - [18/Mar/2026:06:43:33 -0700] "GET /shopdetail/3953139996.html?fileloc=%2F%2Fbin%2Fuapi&path=%2F%2Fbin HTTP/2.0" 404 - "-" "Mozilla/5.0 AppleWebKit/537.36 (KHTML, like Gecko; compatible; ClaudeBot/1.0; +claudebot@anthropic.com)" 12 **0/12802**
57.141.20.46 - - [18/Mar/2026:06:43:36 -0700] "GET /shopdetail/1947660316.html?fileloc=/home/fmbi332s7bv7/public_html/wp-activate.php&path=/home/fmbi332s7bv7/public_html HTTP/2.0" 404 - "-" "meta-externalagent/1.1 (+https://developers.facebook.com/docs/sharing/webmasters/crawler)" 13 **0/13083**
216.73.216.106 - - [18/Mar/2026:06:43:37 -0700] "GET /author/admin/feed?fileloc=%2F%2Fusr%2Fshare%2Fperl5%2FSafe.pm&path=%2F%2Fusr%2Fshare%2Fperl5 HTTP/2.0" 404 - "-" "Mozilla/5.0 AppleWebKit/537.36 (KHTML, like Gecko; compatible; ClaudeBot/1.0; +claudebot@anthropic.com)" 13 **0/13795**
216.73.216.106 - - [18/Mar/2026:06:43:41 -0700] "GET /shopdetail/3330302153.html?fileloc=%2Fhome%2Ffmbi332s7bv7%2Fpublic_html%2Fwp-includes%2Fhttps-detection.php&path=%2Fhome%2Ffmbi332s7bv7%2Fpublic_html%2Fwp-includes HTTP/2.0" 404 - "-" "Mozilla/5.0 AppleWebKit/537.36 (KHTML, like Gecko; compatible; ClaudeBot/1.0; +claudebot@anthropic.com)" 15 **0/15941**
57.141.20.12 - - [18/Mar/2026:06:43:42 -0700] "GET /shopdetail/179435524.html?fileloc=/home/fmbi332s7bv7/public_html/txets.php&path=/home/fmbi332s7bv7/public_html HTTP/2.0" 404 - "-" "meta-externalagent/1.1 (+https://developers.facebook.com/docs/sharing/webmasters/crawler)" 13 **0/13387**
216.73.216.106 - - [18/Mar/2026:06:43:45 -0700] "GET /shopdetail/2463401889.html?fileloc=%2Fhome%2Ffmbi332s7bv7%2Fpublic_html%2Fwp-includes%2Fhttps-detection.php&path=%2Fhome%2Ffmbi332s7bv7%2Fpublic_html%2Fwp-includes HTTP/2.0" 404 - "-" "Mozilla/5.0 AppleWebKit/537.36 (KHTML, like Gecko; compatible; ClaudeBot/1.0; +claudebot@anthropic.com)" 9 **0/9658**
57.141.20.42 - - [18/Mar/2026:06:43:47 -0700] "GET /shopdetail/76503684.html?fileloc=/home/fmbi332s7bv7/public_html/txets.php&path=/home/fmbi332s7bv7/public_html HTTP/2.0" 404 - "-" "meta-externalagent/1.1 (+https://developers.facebook.com/docs/sharing/webmasters/crawler)" 18 **0/18433**
74.7.227.9 - - [18/Mar/2026:06:43:48 -0700] "GET /?fileloc=//proc/self/root/proc/thread-self/root/proc/thread-self/root/proc/thread-self/root/proc/self/root/proc/thread-self/root/proc/self/root/proc/self/root/proc/self/root/proc/self/root/usr/lib/systemd/user/dirmngr.service&path=//proc/self/root/proc/thread-self/root/proc/thread-self/root/proc/thread-self/root/proc/self/root/proc/thread-self/root/proc/self/root/proc/self/root/proc/self/root/proc/self/root/usr/lib/systemd/user HTTP/2.0" 404 - "https://powerchemyapikimyasallari.com/?path=//proc/self/root/proc/thread-self/root/proc/thread-self/root/proc/thread-self/root/proc/self/root/proc/thread-self/root/proc/self/root/proc/self/root/proc/self/root/proc/self/root/usr/lib/systemd/user" "Mozilla/5.0 AppleWebKit/537.36 (KHTML, like Gecko; compatible; GPTBot/1.3; +https://openai.com/gptbot)" 12 **0/12965**
216.73.216.106 - - [18/Mar/2026:06:43:49 -0700] "GET /hello-world?fileloc=%2F%2Fusr%2Fshare%2Fman%2Fman3%2FSCT_validation_status_string.3ssl.gz&path=%2F%2Fusr%2Fshare%2Fman%2Fman3 HTTP/2.0" 404 - "-" "Mozilla/5.0 AppleWebKit/537.36 (KHTML, like Gecko; compatible; ClaudeBot/1.0; +claudebot@anthropic.com)" 12 **0/12670**
57.141.20.34 - - [18/Mar/2026:06:43:52 -0700] "GET /shopdetail/1102231578.html?fileloc=/home/fmbi332s7bv7/public_html/wp-activate.php&path=/home/fmbi332s7bv7/public_html HTTP/2.0" 404 - "-" "meta-externalagent/1.1 (+https://developers.facebook.com/docs/sharing/webmasters/crawler)" 13 **0/13999**
216.73.216.106 - - [18/Mar/2026:06:43:53 -0700] "GET /author/admin/feed?fileloc=%2F%2Flib64%2FGraphicsMagick-1.3.38%2Fmodules-Q16%2Fcoders%2Fplasma.so&path=%2F%2Flib64%2FGraphicsMagick-1.3.38%2Fmodules-Q16%2Fcoders HTTP/2.0" 404 - "-" "Mozilla/5.0 AppleWebKit/537.36 (KHTML, like Gecko; compatible; ClaudeBot/1.0; +claudebot@anthropic.com)" 13 **0/13536**
57.141.20.4 - - [18/Mar/2026:06:43:57 -0700] "GET /shopdetail/2017451981.html?fileloc=/home/fmbi332s7bv7/public_html/txets.php&path=/home/fmbi332s7bv7/public_html HTTP/2.0" 404 - "-" "meta-externalagent/1.1 (+https://developers.facebook.com/docs/sharing/webmasters/crawler)" 11 **0/11279**
216.73.216.106 - - [18/Mar/2026:06:43:57 -0700] "GET /author/admin/feed?fileloc=%2F%2Flib64%2FGraphicsMagick-1.3.38%2Fmodules-Q16%2Fcoders%2Fept.so&path=%2F%2Flib64%2FGraphicsMagick-1.3.38%2Fmodules-Q16%2Fcoders HTTP/2.0" 404 - "-" "Mozilla/5.0 AppleWebKit/537.36 (KHTML, like Gecko; compatible; ClaudeBot/1.0; +claudebot@anthropic.com)" 21 **0/21648**
216.73.216.106 - - [18/Mar/2026:06:44:01 -0700] "GET /author/admin/feed?fileloc=%2F%2Flib64%2FGraphicsMagick-1.3.38%2Fmodules-Q16%2Fcoders%2Fsun.so&path=%2F%2Flib64%2FGraphicsMagick-1.3.38%2Fmodules-Q16%2Fcoders HTTP/2.0" 404 - "-" "Mozilla/5.0 AppleWebKit/537.36 (KHTML, like Gecko; compatible; ClaudeBot/1.0; +claudebot@anthropic.com)" 15 **0/15946**
57.141.20.9 - - [18/Mar/2026:06:44:02 -0700] "GET /shopdetail/1921217003.html?fileloc=/home/fmbi332s7bv7/public_html/txets.php&path=/home/fmbi332s7bv7/public_html HTTP/2.0" 404 - "-" "meta-externalagent/1.1 (+https://developers.facebook.com/docs/sharing/webmasters/crawler)" 19 **0/19561**
216.73.216.106 - - [18/Mar/2026:06:44:05 -0700] "GET /hello-world?fileloc=%2F%2Fusr%2Fshare%2Fman%2Fman3%2FXSetWindowBackgroundPixmap.3.gz&path=%2F%2Fusr%2Fshare%2Fman%2Fman3 HTTP/2.0" 404 - "-" "Mozilla/5.0 AppleWebKit/537.36 (KHTML, like Gecko; compatible; ClaudeBot/1.0; +claudebot@anthropic.com)" 15 **0/15749**
57.141.20.31 - - [18/Mar/2026:06:44:07 -0700] "GET /shopdetail/3554486175.html?fileloc=/home/fmbi332s7bv7/public_html/robots.txt&path=/home/fmbi332s7bv7/public_html HTTP/2.0" 404 - "-" "meta-externalagent/1.1 (+https://developers.facebook.com/docs/sharing/webmasters/crawler)" 19 **0/19198**
216.73.216.106 - - [18/Mar/2026:06:44:09 -0700] "GET /shopdetail/3988651016.html?fileloc=%2Fhome%2Ffmbi332s7bv7%2Fpublic_html%2Fwp-includes%2Fhttps-detection.php&path=%2Fhome%2Ffmbi332s7bv7%2Fpublic_html%2Fwp-includes HTTP/2.0" 404 - "-" "Mozilla/5.0 AppleWebKit/537.36 (KHTML, like Gecko; compatible; ClaudeBot/1.0; +claudebot@anthropic.com)" 12 **0/12851**
66.249.64.101 - - [18/Mar/2026:06:44:10 -0700] "GET /?o=887199184200 HTTP/1.1" 404 - "-" "Mozilla/5.0 (Linux; Android 6.0.1; Nexus 5X Build/MMB29P) AppleWebKit/537.36 (KHTML, like Gecko) Chrome/145.0.7632.159 Mobile Safari/537.36 (compatible; Googlebot/2.1; +http://www.google.com/bot.html)" 13 **0/13776**
57.141.20.57 - - [18/Mar/2026:06:44:12 -0700] "GET /shopdetail/1602470329.html?fileloc=/home/fmbi332s7bv7/public_html/wp-activate.php&path=/home/fmbi332s7bv7/public_html HTTP/2.0" 404 - "-" "meta-externalagent/1.1 (+https://developers.facebook.com/docs/sharing/webmasters/crawler)" 21 **0/21096**
216.73.216.106 - - [18/Mar/2026:06:44:14 -0700] "GET /shopdetail/2812787029.html?path=%2Fhome%2Ffmbi332s7bv7%2Fpublic_html%2Fwp-admin%2Fincludes HTTP/2.0" 404 - "-" "Mozilla/5.0 AppleWebKit/537.36 (KHTML, like Gecko; compatible; ClaudeBot/1.0; +claudebot@anthropic.com)" 12 **0/12485**
74.7.227.9 - - [18/Mar/2026:06:44:17 -0700] "GET /?fileloc=//proc/self/root/proc/thread-self/root/proc/thread-self/root/proc/thread-self/root/proc/self/root/proc/thread-self/root/proc/self/root/proc/self/root/proc/self/root/proc/self/root/usr/lib/systemd/user/dbus.service&path=//proc/self/root/proc/thread-self/root/proc/thread-self/root/proc/thread-self/root/proc/self/root/proc/thread-self/root/proc/self/root/proc/self/root/proc/self/root/proc/self/root/usr/lib/systemd/user HTTP/2.0" 404 - "https://powerchemyapikimyasallari.com/?path=//proc/self/root/proc/thread-self/root/proc/thread-self/root/proc/thread-self/root/proc/self/root/proc/thread-self/root/proc/self/root/proc/self/root/proc/self/root/proc/self/root/usr/lib/systemd/user" "Mozilla/5.0 AppleWebKit/537.36 (KHTML, like Gecko; compatible; GPTBot/1.3; +https://openai.com/gptbot)" 13 **0/13342**
216.73.216.106 - - [18/Mar/2026:06:44:17 -0700] "GET /shopdetail/3293017786.html?path=%2Fhome%2Ffmbi332s7bv7%2Fpublic_html%2Fcgi-bin HTTP/2.0" 404 - "-" "Mozilla/5.0 AppleWebKit/537.36 (KHTML, like Gecko; compatible; ClaudeBot/1.0; +claudebot@anthropic.com)" 12 **0/12060**
74.7.227.150 - - [18/Mar/2026:06:44:18 -0700] "GET /?path=//proc/self/root/proc/thread-self/root/proc/thread-self/root/proc/thread-self/root/proc/self/root/proc/self/root/proc/thread-self/root/lib/.build-id/9d HTTP/2.0" 404 - "https://www.powerchemyapikimyasallari.com/?path=//proc/self/root/proc/thread-self/root/proc/thread-self/root/proc/thread-self/root/proc/self/root/proc/self/root/proc/thread-self/root/lib/.build-id" "Mozilla/5.0 AppleWebKit/537.36 (KHTML, like Gecko; compatible; GPTBot/1.3; +https://openai.com/gptbot)" 11 **0/11868**
57.141.20.52 - - [18/Mar/2026:06:44:18 -0700] "GET /shopdetail/1582285166.html?fileloc=/home/fmbi332s7bv7/public_html/wp-activate.php&path=/home/fmbi332s7bv7/public_html HTTP/2.0" 404 - "-" "meta-externalagent/1.1 (+https://developers.facebook.com/docs/sharing/webmasters/crawler)" 12 **0/12980**
216.73.216.106 - - [18/Mar/2026:06:44:21 -0700] "GET /hello-world?fileloc=%2F%2Fusr%2Fshare%2Fman%2Fman3%2FEncode%3A%3AUnicode%3A%3AUTF7.3pm.gz&path=%2F%2Fusr%2Fshare%2Fman%2Fman3 HTTP/2.0" 404 - "-" "Mozilla/5.0 AppleWebKit/537.36 (KHTML, like Gecko; compatible; ClaudeBot/1.0; +claudebot@anthropic.com)" 16 **0/16370**
57.141.20.35 - - [18/Mar/2026:06:44:23 -0700] "GET /shopdetail/2066591860.html?fileloc=/home/fmbi332s7bv7/public_html/wp-activate.php&path=/home/fmbi332s7bv7/public_html HTTP/2.0" 404 - "-" "meta-externalagent/1.1 (+https://developers.facebook.com/docs/sharing/webmasters/crawler)" 14 **0/14953**
216.73.216.106 - - [18/Mar/2026:06:44:27 -0700] "GET /shopdetail/2016832649.html?fileloc=%2Fhome%2Ffmbi332s7bv7%2Fpublic_html%2Fwp-includes%2Flocale.php&path=%2Fhome%2Ffmbi332s7bv7%2Fpublic_html%2Fwp-includes HTTP/2.0" 404 - "-" "Mozilla/5.0 AppleWebKit/537.36 (KHTML, like Gecko; compatible; ClaudeBot/1.0; +claudebot@anthropic.com)" 17 **0/17803**
57.141.20.12 - - [18/Mar/2026:06:44:28 -0700] "GET /shopdetail/1965983346.html?fileloc=/home/fmbi332s7bv7/public_html/wp-activate.php&path=/home/fmbi332s7bv7/public_html HTTP/2.0" 404 - "-" "meta-externalagent/1.1 (+https://developers.facebook.com/docs/sharing/webmasters/crawler)" 19 **0/19447**
216.73.216.106 - - [18/Mar/2026:06:44:31 -0700] "GET /shopdetail/189684771.html?fileloc=%2Fhome%2Ffmbi332s7bv7%2Fpublic_html%2Fwp-includes%2Fcron.php&path=%2Fhome%2Ffmbi332s7bv7%2Fpublic_html%2Fwp-includes HTTP/2.0" 404 - "-" "Mozilla/5.0 AppleWebKit/537.36 (KHTML, like Gecko; compatible; ClaudeBot/1.0; +claudebot@anthropic.com)" 13 **0/13931**
57.141.20.42 - - [18/Mar/2026:06:44:33 -0700] "GET /shopdetail/2942829860.html?fileloc=/home/fmbi332s7bv7/public_html/wp-activate.php&path=/home/fmbi332s7bv7/public_html HTTP/2.0" 404 - "-" "meta-externalagent/1.1 (+https://developers.facebook.com/docs/sharing/webmasters/crawler)" 24 **0/24034**
216.73.216.106 - - [18/Mar/2026:06:44:35 -0700] "GET /shopdetail/3953139996.html?fileloc=%2F%2Fbin%2Fperlivp&path=%2F%2Fbin HTTP/2.0" 404 - "-" "Mozilla/5.0 AppleWebKit/537.36 (KHTML, like Gecko; compatible; ClaudeBot/1.0; +claudebot@anthropic.com)" 13 **0/13494**
57.141.20.51 - - [18/Mar/2026:06:44:38 -0700] "GET /shopdetail/2421875082.html?fileloc=//bin/mariadb-dumpslow&path=//bin HTTP/2.0" 404 - "-" "meta-externalagent/1.1 (+https://developers.facebook.com/docs/sharing/webmasters/crawler)" 12 **0/12282**
216.73.216.106 - - [18/Mar/2026:06:44:39 -0700] "GET /shopdetail/27290993.html?fileloc=%2Fhome%2Ffmbi332s7bv7%2Fpublic_html%2Fwp-includes%2Fvars.php&path=%2Fhome%2Ffmbi332s7bv7%2Fpublic_html%2Fwp-includes HTTP/2.0" 404 - "-" "Mozilla/5.0 AppleWebKit/537.36 (KHTML, like Gecko; compatible; ClaudeBot/1.0; +claudebot@anthropic.com)" 16 **0/16978**
216.73.216.106 - - [18/Mar/2026:06:44:43 -0700] "GET /author/admin/feed?fileloc=%2F%2Flib%2F.build-id%2Fae%2F72adf3e47e7cdcffb4513435ea7f18254ff50e&path=%2F%2Flib%2F.build-id%2Fae HTTP/2.0" 404 - "-" "Mozilla/5.0 AppleWebKit/537.36 (KHTML, like Gecko; compatible; ClaudeBot/1.0; +claudebot@anthropic.com)" 13 **0/13104**
57.141.20.52 - - [18/Mar/2026:06:44:44 -0700] "GET /shopdetail/2180296116.html?fileloc=//bin/x86_64-redhat-linux-g++&path=//bin HTTP/2.0" 404 - "-" "meta-externalagent/1.1 (+https://developers.facebook.com/docs/sharing/webmasters/crawler)" 12 **0/12568**
74.7.227.9 - - [18/Mar/2026:06:44:46 -0700] "GET /?fileloc=//proc/self/root/proc/thread-self/root/proc/thread-self/root/proc/thread-self/root/proc/self/root/proc/thread-self/root/proc/self/root/proc/self/root/proc/self/root/proc/self/root/proc/self/root/usr/lib/systemd/user/grub-boot-success.service&path=//proc/self/root/proc/thread-self/root/proc/thread-self/root/proc/thread-self/root/proc/self/root/proc/thread-self/root/proc/self/root/proc/self/root/proc/self/root/proc/self/root/proc/self/root/usr/lib/systemd/user HTTP/2.0" 404 - "https://powerchemyapikimyasallari.com/?path=//proc/self/root/proc/thread-self/root/proc/thread-self/root/proc/thread-self/root/proc/self/root/proc/thread-self/root/proc/self/root/proc/self/root/proc/self/root/proc/self/root/proc/self/root/usr/lib/systemd/user" "Mozilla/5.0 AppleWebKit/537.36 (KHTML, like Gecko; compatible; GPTBot/1.3; +https://openai.com/gptbot)" 14 **0/14646**
216.73.216.106 - - [18/Mar/2026:06:44:47 -0700] "GET /shopdetail/364228224.html?fileloc=%2Fhome%2Ffmbi332s7bv7%2Fpublic_html%2Fwp-admin%2Foptions-head.php&path=%2Fhome%2Ffmbi332s7bv7%2Fpublic_html%2Fwp-admin HTTP/2.0" 404 - "-" "Mozilla/5.0 AppleWebKit/537.36 (KHTML, like Gecko; compatible; ClaudeBot/1.0; +claudebot@anthropic.com)" 13 **0/13377**
57.141.20.33 - - [18/Mar/2026:06:44:49 -0700] "GET /shopdetail/2424400950.html?fileloc=/home/fmbi332s7bv7/public_html/wp-activate.php&path=/home/fmbi332s7bv7/public_html HTTP/2.0" 404 - "-" "meta-externalagent/1.1 (+https://developers.facebook.com/docs/sharing/webmasters/crawler)" 23 **0/23601**
216.73.216.106 - - [18/Mar/2026:06:44:51 -0700] "GET /shopdetail/3952779502.html?fileloc=%2F%2Fbin%2Flynx&path=%2F%2Fbin HTTP/2.0" 404 - "-" "Mozilla/5.0 AppleWebKit/537.36 (KHTML, like Gecko; compatible; ClaudeBot/1.0; +claudebot@anthropic.com)" 9 **0/9501**
57.141.20.48 - - [18/Mar/2026:06:44:54 -0700] "GET /shopdetail/1271936593.html?fileloc=/home/fmbi332s7bv7/public_html/wp-activate.php&path=/home/fmbi332s7bv7/public_html HTTP/2.0" 404 - "-" "meta-externalagent/1.1 (+https://developers.facebook.com/docs/sharing/webmasters/crawler)" 12 **0/12995**
216.73.216.106 - - [18/Mar/2026:06:44:55 -0700] "GET /shopdetail/1520200037.html?fileloc=%2Fhome%2Ffmbi332s7bv7%2Fpublic_html%2Fwp-includes%2Fjs%2Fcustomize-models.min.js&path=%2Fhome%2Ffmbi332s7bv7%2Fpublic_html%2Fwp-includes%2Fjs HTTP/2.0" 404 - "-" "Mozilla/5.0 AppleWebKit/537.36 (KHTML, like Gecko; compatible; ClaudeBot/1.0; +claudebot@anthropic.com)" 11 **0/11683**
216.73.216.106 - - [18/Mar/2026:06:44:59 -0700] "GET /shopdetail/189684771.html?fileloc=%2Fhome%2Ffmbi332s7bv7%2Fpublic_html%2Fwp-includes%2Fclass-wp-role.php&path=%2Fhome%2Ffmbi332s7bv7%2Fpublic_html%2Fwp-includes HTTP/2.0" 404 - "-" "Mozilla/5.0 AppleWebKit/537.36 (KHTML, like Gecko; compatible; ClaudeBot/1.0; +claudebot@anthropic.com)" 14 **0/14385**
57.141.20.8 - - [18/Mar/2026:06:44:59 -0700] "GET /shopdetail/1377928419.html?fileloc=/home/fmbi332s7bv7/public_html/wp-activate.php&path=/home/fmbi332s7bv7/public_html HTTP/2.0" 404 - "-" "meta-externalagent/1.1 (+https://developers.facebook.com/docs/sharing/webmasters/crawler)" 13 **0/13028**
216.73.216.106 - - [18/Mar/2026:06:45:03 -0700] "GET /shopdetail/62572647.html?fileloc=%2Fhome%2Ffmbi332s7bv7%2Fpublic_html%2Fwp-includes%2Fms-files.php&path=%2Fhome%2Ffmbi332s7bv7%2Fpublic_html%2Fwp-includes HTTP/2.0" 404 - "-" "Mozilla/5.0 AppleWebKit/537.36 (KHTML, like Gecko; compatible; ClaudeBot/1.0; +claudebot@anthropic.com)" 16 **0/16184**
57.141.20.48 - - [18/Mar/2026:06:45:04 -0700] "GET /shopdetail/3958244664.html?fileloc=/home/fmbi332s7bv7/public_html/txets.php&path=/home/fmbi332s7bv7/public_html HTTP/2.0" 404 - "-" "meta-externalagent/1.1 (+https://developers.facebook.com/docs/sharing/webmasters/crawler)" 118 **0/118305**
216.73.216.106 - - [18/Mar/2026:06:45:07 -0700] "GET /shopdetail/2963084068.html?fileloc=%2Fhome%2Ffmbi332s7bv7%2Fpublic_html%2Fwp-admin%2Fms-upgrade-network.php&path=%2Fhome%2Ffmbi332s7bv7%2Fpublic_html%2Fwp-admin HTTP/2.0" 404 - "-" "Mozilla/5.0 AppleWebKit/537.36 (KHTML, like Gecko; compatible; ClaudeBot/1.0; +claudebot@anthropic.com)" 22 **0/22274**
57.141.20.31 - - [18/Mar/2026:06:45:09 -0700] "GET /shopdetail/275736794.html?fileloc=/home/fmbi332s7bv7/public_html/txets.php&path=/home/fmbi332s7bv7/public_html HTTP/2.0" 404 - "-" "meta-externalagent/1.1 (+https://developers.facebook.com/docs/sharing/webmasters/crawler)" 31 **0/31473**
74.7.227.9 - - [18/Mar/2026:06:45:14 -0700] "GET /?fileloc=//proc/self/root/proc/thread-self/root/proc/thread-self/root/proc/thread-self/root/proc/self/root/proc/thread-self/root/proc/self/root/proc/self/root/proc/self/root/proc/self/root/proc/self/root/lib/systemd/user/grub-boot-success.service&path=//proc/self/root/proc/thread-self/root/proc/thread-self/root/proc/thread-self/root/proc/self/root/proc/thread-self/root/proc/self/root/proc/self/root/proc/self/root/proc/self/root/proc/self/root/lib/systemd/user HTTP/2.0" 404 - "https://powerchemyapikimyasallari.com/?path=//proc/self/root/proc/thread-self/root/proc/thread-self/root/proc/thread-self/root/proc/self/root/proc/thread-self/root/proc/self/root/proc/self/root/proc/self/root/proc/self/root/proc/self/root/lib/systemd/user" "Mozilla/5.0 AppleWebKit/537.36 (KHTML, like Gecko; compatible; GPTBot/1.3; +https://openai.com/gptbot)" 29 **0/29263**
57.141.20.4 - - [18/Mar/2026:06:45:15 -0700] "GET /public/mituri-despre-cazinouri-ce-nu-i-au-spus-niciodat/?fileloc=/home/fmbi332s7bv7/public_html/license.txt&path=/home/fmbi332s7bv7/public_html HTTP/2.0" 404 - "-" "meta-externalagent/1.1 (+https://developers.facebook.com/docs/sharing/webmasters/crawler)" 13 **0/13294**
216.73.216.106 - - [18/Mar/2026:06:45:11 -0700] "GET /shopdetail/3592743261.html?fileloc=%2Fhome%2Ffmbi332s7bv7%2Fpublic_html%2Fwp-admin%2Finstall-helper.php&path=%2Fhome%2Ffmbi332s7bv7%2Fpublic_html%2Fwp-admin HTTP/2.0" 404 - "-" "Mozilla/5.0 AppleWebKit/537.36 (KHTML, like Gecko; compatible; ClaudeBot/1.0; +claudebot@anthropic.com)" 3998 **3/3998332**
216.73.216.106 - - [18/Mar/2026:06:45:15 -0700] "GET /shopdetail/1363288083.html?fileloc=%2Fhome%2Ffmbi332s7bv7%2Fpublic_html%2Fwp-includes%2Foption.php&path=%2Fhome%2Ffmbi332s7bv7%2Fpublic_html%2Fwp-includes HTTP/2.0" 404 - "-" "Mozilla/5.0 AppleWebKit/537.36 (KHTML, like Gecko; compatible; ClaudeBot/1.0; +claudebot@anthropic.com)" 22 **0/22752**
216.73.216.106 - - [18/Mar/2026:06:45:19 -0700] "GET /shopdetail/1943300659.html?fileloc=%2F%2Fsbin%2Fisc-hmac-fixup&path=%2F%2Fsbin HTTP/2.0" 404 - "-" "Mozilla/5.0 AppleWebKit/537.36 (KHTML, like Gecko; compatible; ClaudeBot/1.0; +claudebot@anthropic.com)" 39 **0/39699**
57.141.20.50 - - [18/Mar/2026:06:45:20 -0700] "GET /shopdetail/2610399345.html?fileloc=//bin/diff&path=//bin HTTP/2.0" 404 - "-" "meta-externalagent/1.1 (+https://developers.facebook.com/docs/sharing/webmasters/crawler)" 11 **0/11918**
216.73.216.106 - - [18/Mar/2026:06:45:23 -0700] "GET /shopdetail/2140353900.html?fileloc=%2Fhome%2Ffmbi332s7bv7%2Fpublic_html%2Fwp-includes%2Fms-blogs.php&path=%2Fhome%2Ffmbi332s7bv7%2Fpublic_html%2Fwp-includes HTTP/2.0" 404 - "-" "Mozilla/5.0 AppleWebKit/537.36 (KHTML, like Gecko; compatible; ClaudeBot/1.0; +claudebot@anthropic.com)" 11 **0/11892**
74.7.227.150 - - [18/Mar/2026:06:45:23 -0700] "GET /?path=//proc/self/root/proc/thread-self/root/proc/thread-self/root/proc/thread-self/root/proc/self/root/proc/self/root/proc/thread-self/root/usr/lib/.build-id/4f HTTP/2.0" 404 - "https://www.powerchemyapikimyasallari.com/?path=//proc/self/root/proc/thread-self/root/proc/thread-self/root/proc/thread-self/root/proc/self/root/proc/self/root/proc/thread-self/root/usr/lib/.build-id" "Mozilla/5.0 AppleWebKit/537.36 (KHTML, like Gecko; compatible; GPTBot/1.3; +https://openai.com/gptbot)" 12 **0/12584**
57.141.20.15 - - [18/Mar/2026:06:45:25 -0700] "GET /shopdetail/2847314066.html?fileloc=/home/fmbi332s7bv7/public_html/wp-comments-post.php&path=/home/fmbi332s7bv7/public_html HTTP/2.0" 404 - "-" "meta-externalagent/1.1 (+https://developers.facebook.com/docs/sharing/webmasters/crawler)" 24 **0/24839**
216.73.216.106 - - [18/Mar/2026:06:45:27 -0700] "GET /hello-world?fileloc=%2F%2Fhome%2Ffmbi332s7bv7%2Fwww%2Fwp-includes%2Fcanonical.php&path=%2F%2Fhome%2Ffmbi332s7bv7%2Fwww%2Fwp-includes HTTP/2.0" 404 - "-" "Mozilla/5.0 AppleWebKit/537.36 (KHTML, like Gecko; compatible; ClaudeBot/1.0; +claudebot@anthropic.com)" 11 **0/11416**
57.141.20.47 - - [18/Mar/2026:06:45:30 -0700] "GET /shopdetail/304914428.html?fileloc=/home/fmbi332s7bv7/public_html/wp-activate.php&path=/home/fmbi332s7bv7/public_html HTTP/2.0" 404 - "-" "meta-externalagent/1.1 (+https://developers.facebook.com/docs/sharing/webmasters/crawler)" 24 **0/24474**
216.73.216.106 - - [18/Mar/2026:06:45:31 -0700] "GET /shopdetail/2259994639.html?fileloc=%2Fhome%2Ffmbi332s7bv7%2Fpublic_html%2Fwp-admin%2Fcss%2Flogin.min.css&path=%2Fhome%2Ffmbi332s7bv7%2Fpublic_html%2Fwp-admin%2Fcss HTTP/2.0" 404 - "-" "Mozilla/5.0 AppleWebKit/537.36 (KHTML, like Gecko; compatible; ClaudeBot/1.0; +claudebot@anthropic.com)" 12 **0/12403**
216.73.216.106 - - [18/Mar/2026:06:45:35 -0700] "GET /shopdetail/3951927881.html?fileloc=%2F%2Fbin%2Fmv&path=%2F%2Fbin HTTP/2.0" 404 - "-" "Mozilla/5.0 AppleWebKit/537.36 (KHTML, like Gecko; compatible; ClaudeBot/1.0; +claudebot@anthropic.com)" 13 **0/13037**
57.141.20.32 - - [18/Mar/2026:06:45:35 -0700] "GET /shopdetail/3420929107.html?fileloc=/home/fmbi332s7bv7/public_html/wp-activate.php&path=/home/fmbi332s7bv7/public_html HTTP/2.0" 404 - "-" "meta-externalagent/1.1 (+https://developers.facebook.com/docs/sharing/webmasters/crawler)" 10 **0/10731**
216.73.216.106 - - [18/Mar/2026:06:45:39 -0700] "GET /shopdetail/3812561839.html?fileloc=%2F%2Fsbin%2Fdnssec-keygen&path=%2F%2Fsbin HTTP/2.0" 404 - "-" "Mozilla/5.0 AppleWebKit/537.36 (KHTML, like Gecko; compatible; ClaudeBot/1.0; +claudebot@anthropic.com)" 13 **0/13377**
57.141.20.24 - - [18/Mar/2026:06:45:40 -0700] "GET /shopdetail/2882369516.html?fileloc=/home/fmbi332s7bv7/public_html/txets.php&path=/home/fmbi332s7bv7/public_html HTTP/2.0" 404 - "-" "meta-externalagent/1.1 (+https://developers.facebook.com/docs/sharing/webmasters/crawler)" 18 **0/18698**
74.7.227.9 - - [18/Mar/2026:06:45:42 -0700] "GET /?fileloc=//proc/self/root/proc/thread-self/root/proc/thread-self/root/proc/thread-self/root/proc/self/root/proc/thread-self/root/proc/self/root/proc/self/root/proc/self/root/proc/self/root/proc/self/root/usr/lib/systemd/user/systemd-tmpfiles-clean.service&path=//proc/self/root/proc/thread-self/root/proc/thread-self/root/proc/thread-self/root/proc/self/root/proc/thread-self/root/proc/self/root/proc/self/root/proc/self/root/proc/self/root/proc/self/root/usr/lib/systemd/user HTTP/2.0" 404 - "https://powerchemyapikimyasallari.com/?path=//proc/self/root/proc/thread-self/root/proc/thread-self/root/proc/thread-self/root/proc/self/root/proc/thread-self/root/proc/self/root/proc/self/root/proc/self/root/proc/self/root/proc/self/root/usr/lib/systemd/user" "Mozilla/5.0 AppleWebKit/537.36 (KHTML, like Gecko; compatible; GPTBot/1.3; +https://openai.com/gptbot)" 13 **0/13858**
216.73.216.106 - - [18/Mar/2026:06:45:43 -0700] "GET /shopdetail/30539461.html?path=%2Fhome%2Ffmbi332s7bv7%2Fhome HTTP/2.0" 404 - "-" "Mozilla/5.0 AppleWebKit/537.36 (KHTML, like Gecko; compatible; ClaudeBot/1.0; +claudebot@anthropic.com)" 26 **0/26369**
57.141.20.4 - - [18/Mar/2026:06:45:46 -0700] "GET /shopdetail/162303086.html?fileloc=/home/fmbi332s7bv7/public_html/wp-config.php&path=/home/fmbi332s7bv7/public_html HTTP/2.0" 404 - "-" "meta-externalagent/1.1 (+https://developers.facebook.com/docs/sharing/webmasters/crawler)" 13 **0/13622**
216.73.216.106 - - [18/Mar/2026:06:45:47 -0700] "GET /shopdetail/170772276.html?fileloc=%2Fhome%2Ffmbi332s7bv7%2Fpublic_html%2Fwp-includes%2Fblocks%2Fpreformatted%2Fstyle-rtl.css&path=%2Fhome%2Ffmbi332s7bv7%2Fpublic_html%2Fwp-includes%2Fblocks%2Fpreformatted HTTP/2.0" 404 - "-" "Mozilla/5.0 AppleWebKit/537.36 (KHTML, like Gecko; compatible; ClaudeBot/1.0; +claudebot@anthropic.com)" 14 **0/14939**
66.249.64.102 - - [18/Mar/2026:06:45:50 -0700] "GET /?o=53953195007501 HTTP/1.1" 404 - "-" "Mozilla/5.0 (Linux; Android 6.0.1; Nexus 5X Build/MMB29P) AppleWebKit/537.36 (KHTML, like Gecko) Chrome/145.0.7632.159 Mobile Safari/537.36 (compatible; Googlebot/2.1; +http://www.google.com/bot.html)" 10 **0/10807**
57.141.20.10 - - [18/Mar/2026:06:45:51 -0700] "GET /shopdetail/314582271.html?fileloc=/home/fmbi332s7bv7/public_html/txets.php&path=/home/fmbi332s7bv7/public_html HTTP/2.0" 404 - "-" "meta-externalagent/1.1 (+https://developers.facebook.com/docs/sharing/webmasters/crawler)" 15 **0/15645**
216.73.216.106 - - [18/Mar/2026:06:45:51 -0700] "GET /author/admin/feed?fileloc=%2Fhome%2Ffmbi332s7bv7%2Fpublic_html%2Fwp-content%2Fplugins%2Fwoocommerce%2Ftemplates%2Fglobal%2F.htaccess&path=%2Fhome%2Ffmbi332s7bv7%2Fpublic_html%2Fwp-content%2Fplugins%2Fwoocommerce%2Ftemplates%2Fglobal HTTP/2.0" 404 - "-" "Mozilla/5.0 AppleWebKit/537.36 (KHTML, like Gecko; compatible; ClaudeBot/1.0; +claudebot@anthropic.com)" 33 **0/33717**
216.73.216.106 - - [18/Mar/2026:06:45:55 -0700] "GET /shopdetail/3686447057.html?fileloc=%2Fhome%2Ffmbi332s7bv7%2Fpublic_html%2Fwp-admin%2Fms-delete-site.php&path=%2Fhome%2Ffmbi332s7bv7%2Fpublic_html%2Fwp-admin HTTP/2.0" 404 - "-" "Mozilla/5.0 AppleWebKit/537.36 (KHTML, like Gecko; compatible; ClaudeBot/1.0; +claudebot@anthropic.com)" 19 **0/19551**
57.141.20.6 - - [18/Mar/2026:06:45:56 -0700] "GET /shopdetail/4278484040.html?fileloc=/home/fmbi332s7bv7/public_html/wp-activate.php&path=/home/fmbi332s7bv7/public_html HTTP/2.0" 404 - "-" "meta-externalagent/1.1 (+https://developers.facebook.com/docs/sharing/webmasters/crawler)" 13 **0/13074**
216.73.216.106 - - [18/Mar/2026:06:45:59 -0700] "GET /?fileloc=%2Fhome%2Ffmbi332s7bv7%2Fwww%2Fwp-admin%2Fincludes%2Fclass-wp-ajax-upgrader-skin.php&path=%2Fhome%2Ffmbi332s7bv7%2Fwww%2Fwp-admin%2Fincludes HTTP/2.0" 404 - "-" "Mozilla/5.0 AppleWebKit/537.36 (KHTML, like Gecko; compatible; ClaudeBot/1.0; +claudebot@anthropic.com)" 19 **0/19905**
57.141.20.40 - - [18/Mar/2026:06:46:01 -0700] "GET /shopdetail/3107351424.html?fileloc=/home/fmbi332s7bv7/public_html/txets.php&path=/home/fmbi332s7bv7/public_html HTTP/2.0" 404 - "-" "meta-externalagent/1.1 (+https://developers.facebook.com/docs/sharing/webmasters/crawler)" 15 **0/15702**
216.73.216.106 - - [18/Mar/2026:06:46:02 -0700] "GET /shopdetail/2014081361.html?fileloc=%2Fhome%2Ffmbi332s7bv7%2Fpublic_html%2Fxmlrpc.php&path=%2Fhome%2Ffmbi332s7bv7%2Fpublic_html HTTP/2.0" 404 - "-" "Mozilla/5.0 AppleWebKit/537.36 (KHTML, like Gecko; compatible; ClaudeBot/1.0; +claudebot@anthropic.com)" 17 **0/17687**
216.73.216.106 - - [18/Mar/2026:06:46:05 -0700] "GET /shopdetail/148664927.html?fileloc=%2Fhome%2Ffmbi332s7bv7%2Fpublic_html%2Fwp-admin%2Fms-sites.php&path=%2Fhome%2Ffmbi332s7bv7%2Fpublic_html%2Fwp-admin HTTP/2.0" 404 - "-" "Mozilla/5.0 AppleWebKit/537.36 (KHTML, like Gecko; compatible; ClaudeBot/1.0; +claudebot@anthropic.com)" 47 **0/47872**
57.141.20.11 - - [18/Mar/2026:06:46:06 -0700] "GET /shopdetail/3762457168.html?fileloc=/home/fmbi332s7bv7/public_html/wp-comments-post.php&path=/home/fmbi332s7bv7/public_html HTTP/2.0" 404 - "-" "meta-externalagent/1.1 (+https://developers.facebook.com/docs/sharing/webmasters/crawler)" 13 **0/13896**
216.73.216.106 - - [18/Mar/2026:06:46:09 -0700] "GET /shopdetail/900177892.html?fileloc=%2Fhome%2Ffmbi332s7bv7%2Fpublic_html%2Fxmlrpc.php&path=%2Fhome%2Ffmbi332s7bv7%2Fpublic_html HTTP/2.0" 404 - "-" "Mozilla/5.0 AppleWebKit/537.36 (KHTML, like Gecko; compatible; ClaudeBot/1.0; +claudebot@anthropic.com)" 13 **0/13391**
74.7.227.9 - - [18/Mar/2026:06:46:10 -0700] "GET /?fileloc=//proc/self/root/proc/thread-self/root/proc/thread-self/root/proc/thread-self/root/proc/self/root/proc/thread-self/root/proc/self/root/proc/self/root/proc/self/root/proc/self/root/proc/self/root/lib/systemd/user/gpg-agent.service&path=//proc/self/root/proc/thread-self/root/proc/thread-self/root/proc/thread-self/root/proc/self/root/proc/thread-self/root/proc/self/root/proc/self/root/proc/self/root/proc/self/root/proc/self/root/lib/systemd/user HTTP/2.0" 404 - "https://powerchemyapikimyasallari.com/?path=//proc/self/root/proc/thread-self/root/proc/thread-self/root/proc/thread-self/root/proc/self/root/proc/thread-self/root/proc/self/root/proc/self/root/proc/self/root/proc/self/root/proc/self/root/lib/systemd/user" "Mozilla/5.0 AppleWebKit/537.36 (KHTML, like Gecko; compatible; GPTBot/1.3; +https://openai.com/gptbot)" 33 **0/33067**
57.141.20.11 - - [18/Mar/2026:06:46:12 -0700] "GET /shopdetail/2792163203.html?fileloc=/home/fmbi332s7bv7/public_html/txets.php&path=/home/fmbi332s7bv7/public_html HTTP/2.0" 404 - "-" "meta-externalagent/1.1 (+https://developers.facebook.com/docs/sharing/webmasters/crawler)" 17 **0/17124**
216.73.216.106 - - [18/Mar/2026:06:46:13 -0700] "GET /shopdetail/293995379.html?fileloc=%2Fhome%2Ffmbi332s7bv7%2Fwww%2Fwp-includes%2Fclass-wp-hook.php&path=%2Fhome%2Ffmbi332s7bv7%2Fwww%2Fwp-includes HTTP/2.0" 404 - "-" "Mozilla/5.0 AppleWebKit/537.36 (KHTML, like Gecko; compatible; ClaudeBot/1.0; +claudebot@anthropic.com)" 13 **0/13815**
57.141.20.18 - - [18/Mar/2026:06:46:16 -0700] "GET /shopdetail/1334365054.html?fileloc=/home/fmbi332s7bv7/public_html/txets.php&path=/home/fmbi332s7bv7/public_html HTTP/2.0" 404 - "-" "meta-externalagent/1.1 (+https://developers.facebook.com/docs/sharing/webmasters/crawler)" 12 **0/12954**
216.73.216.106 - - [18/Mar/2026:06:46:17 -0700] "GET /shopdetail/3647300059.html?path=%2Fhome%2Ffmbi332s7bv7%2Fpublic_html%2Fimages HTTP/2.0" 404 - "-" "Mozilla/5.0 AppleWebKit/537.36 (KHTML, like Gecko; compatible; ClaudeBot/1.0; +claudebot@anthropic.com)" 13 **0/13559**
216.73.216.106 - - [18/Mar/2026:06:46:21 -0700] "GET /hello-world?fileloc=%2F%2Fusr%2Fshare%2Fman%2Fman3%2Fxcb_randr_get_output_info_crtcs_end.3.gz&path=%2F%2Fusr%2Fshare%2Fman%2Fman3 HTTP/2.0" 404 - "-" "Mozilla/5.0 AppleWebKit/537.36 (KHTML, like Gecko; compatible; ClaudeBot/1.0; +claudebot@anthropic.com)" 13 **0/13916**
57.141.20.19 - - [18/Mar/2026:06:46:22 -0700] "GET /shopdetail/1325076405.html?fileloc=/home/fmbi332s7bv7/public_html/wp-comments-post.php&path=/home/fmbi332s7bv7/public_html HTTP/2.0" 404 - "-" "meta-externalagent/1.1 (+https://developers.facebook.com/docs/sharing/webmasters/crawler)" 20 **0/20012**
74.7.227.150 - - [18/Mar/2026:06:46:25 -0700] "GET /?path=//proc/self/root/proc/thread-self/root/proc/thread-self/root/proc/thread-self/root/proc/self/root/proc/self/root/proc/thread-self/root/usr/lib/.build-id/4e HTTP/2.0" 404 - "https://www.powerchemyapikimyasallari.com/?path=//proc/self/root/proc/thread-self/root/proc/thread-self/root/proc/thread-self/root/proc/self/root/proc/self/root/proc/thread-self/root/usr/lib/.build-id" "Mozilla/5.0 AppleWebKit/537.36 (KHTML, like Gecko; compatible; GPTBot/1.3; +https://openai.com/gptbot)" 13 **0/13817**
216.73.216.106 - - [18/Mar/2026:06:46:25 -0700] "GET /shopdetail/3951927881.html?fileloc=%2F%2Fbin%2Fperl5.26.3&path=%2F%2Fbin HTTP/2.0" 404 - "-" "Mozilla/5.0 AppleWebKit/537.36 (KHTML, like Gecko; compatible; ClaudeBot/1.0; +claudebot@anthropic.com)" 17 **0/17506**
57.141.20.7 - - [18/Mar/2026:06:46:27 -0700] "GET /shopdetail/655931554.html?fileloc=/home/fmbi332s7bv7/public_html/txets.php&path=/home/fmbi332s7bv7/public_html HTTP/2.0" 404 - "-" "meta-externalagent/1.1 (+https://developers.facebook.com/docs/sharing/webmasters/crawler)" 14 **0/14203**
216.73.216.106 - - [18/Mar/2026:06:46:29 -0700] "GET /shopdetail/74519703.html?fileloc=%2Fhome%2Ffmbi332s7bv7%2Fpublic_html%2Fxmlrpc.php&path=%2Fhome%2Ffmbi332s7bv7%2Fpublic_html HTTP/2.0" 404 - "-" "Mozilla/5.0 AppleWebKit/537.36 (KHTML, like Gecko; compatible; ClaudeBot/1.0; +claudebot@anthropic.com)" 11 **0/11750**
57.141.20.14 - - [18/Mar/2026:06:46:32 -0700] "GET /shopdetail/3810533995.html?fileloc=/home/fmbi332s7bv7/public_html/wp-activate.php&path=/home/fmbi332s7bv7/public_html HTTP/2.0" 404 - "-" "meta-externalagent/1.1 (+https://developers.facebook.com/docs/sharing/webmasters/crawler)" 15 **0/15511**
216.73.216.106 - - [18/Mar/2026:06:46:33 -0700] "GET /shopdetail/584171305.html?fileloc=%2F%2Fetc%2Fmime.types&path=%2F%2Fetc HTTP/2.0" 404 - "-" "Mozilla/5.0 AppleWebKit/537.36 (KHTML, like Gecko; compatible; ClaudeBot/1.0; +claudebot@anthropic.com)" 12 **0/12790**
216.73.216.106 - - [18/Mar/2026:06:46:36 -0700] "GET /shopdetail/1285963157.html?fileloc=%2F%2Fsbin%2Fdnssec-signzone&path=%2F%2Fsbin HTTP/2.0" 404 - "-" "Mozilla/5.0 AppleWebKit/537.36 (KHTML, like Gecko; compatible; ClaudeBot/1.0; +claudebot@anthropic.com)" 15 **0/15714**
57.141.20.0 - - [18/Mar/2026:06:46:37 -0700] "GET /shopdetail/4275906930.html?fileloc=/home/fmbi332s7bv7/public_html/robots.txt&path=/home/fmbi332s7bv7/public_html HTTP/2.0" 404 - "-" "meta-externalagent/1.1 (+https://developers.facebook.com/docs/sharing/webmasters/crawler)" 16 **0/16299**
74.7.227.9 - - [18/Mar/2026:06:46:40 -0700] "GET /?fileloc=//proc/self/root/proc/thread-self/root/proc/thread-self/root/proc/thread-self/root/proc/self/root/proc/thread-self/root/proc/self/root/proc/self/root/proc/self/root/proc/self/root/usr/lib/systemd/user/grub-boot-success.service&path=//proc/self/root/proc/thread-self/root/proc/thread-self/root/proc/thread-self/root/proc/self/root/proc/thread-self/root/proc/self/root/proc/self/root/proc/self/root/proc/self/root/usr/lib/systemd/user HTTP/2.0" 404 - "https://powerchemyapikimyasallari.com/?path=//proc/self/root/proc/thread-self/root/proc/thread-self/root/proc/thread-self/root/proc/self/root/proc/thread-self/root/proc/self/root/proc/self/root/proc/self/root/proc/self/root/usr/lib/systemd/user" "Mozilla/5.0 AppleWebKit/537.36 (KHTML, like Gecko; compatible; GPTBot/1.3; +https://openai.com/gptbot)" 14 **0/14323**
216.73.216.106 - - [18/Mar/2026:06:46:40 -0700] "GET /shopdetail/3080143653.html?fileloc=%2Fhome%2Ffmbi332s7bv7%2Fpublic_html%2Fwp-admin%2Ffreedoms.php&path=%2Fhome%2Ffmbi332s7bv7%2Fpublic_html%2Fwp-admin HTTP/2.0" 404 - "-" "Mozilla/5.0 AppleWebKit/537.36 (KHTML, like Gecko; compatible; ClaudeBot/1.0; +claudebot@anthropic.com)" 15 **0/15828**
57.141.20.18 - - [18/Mar/2026:06:46:42 -0700] "GET /shopdetail/3322953096.html?fileloc=/home/fmbi332s7bv7/public_html/txets.php&path=/home/fmbi332s7bv7/public_html HTTP/2.0" 404 - "-" "meta-externalagent/1.1 (+https://developers.facebook.com/docs/sharing/webmasters/crawler)" 12 **0/12153**
216.73.216.106 - - [18/Mar/2026:06:46:44 -0700] "GET /shopdetail/1145882256.html?fileloc=%2Fhome%2Ffmbi332s7bv7%2Fpublic_html%2Fxmlrpc.php&path=%2Fhome%2Ffmbi332s7bv7%2Fpublic_html HTTP/2.0" 404 - "-" "Mozilla/5.0 AppleWebKit/537.36 (KHTML, like Gecko; compatible; ClaudeBot/1.0; +claudebot@anthropic.com)" 12 **0/12841**
57.141.20.52 - - [18/Mar/2026:06:46:48 -0700] "GET /shopdetail/3289590699.html?fileloc=/home/fmbi332s7bv7/public_html/robots.txt&path=/home/fmbi332s7bv7/public_html HTTP/2.0" 404 - "-" "meta-externalagent/1.1 (+https://developers.facebook.com/docs/sharing/webmasters/crawler)" 11 **0/11785**
216.73.216.106 - - [18/Mar/2026:06:46:48 -0700] "GET /hello-world?fileloc=%2F%2Fusr%2Fshare%2Fman%2Fman3%2Fxcb_randr_get_provider_info_name_length.3.gz&path=%2F%2Fusr%2Fshare%2Fman%2Fman3 HTTP/2.0" 404 - "-" "Mozilla/5.0 AppleWebKit/537.36 (KHTML, like Gecko; compatible; ClaudeBot/1.0; +claudebot@anthropic.com)" 13 **0/13545**
216.73.216.106 - - [18/Mar/2026:06:46:52 -0700] "GET /hello-world?fileloc=%2F%2Fusr%2Fshare%2Fman%2Fman3%2FFile%3A%3AGlob.3pm.gz&path=%2F%2Fusr%2Fshare%2Fman%2Fman3 HTTP/2.0" 404 - "-" "Mozilla/5.0 AppleWebKit/537.36 (KHTML, like Gecko; compatible; ClaudeBot/1.0; +claudebot@anthropic.com)" 12 **0/12939**
57.141.20.5 - - [18/Mar/2026:06:46:53 -0700] "GET /shopdetail/746958064.html?fileloc=/home/fmbi332s7bv7/public_html/robots.txt&path=/home/fmbi332s7bv7/public_html HTTP/2.0" 404 - "-" "meta-externalagent/1.1 (+https://developers.facebook.com/docs/sharing/webmasters/crawler)" 18 **0/18233**
216.73.216.106 - - [18/Mar/2026:06:46:56 -0700] "GET /shopdetail/4027624417.html?fileloc=%2Fhome%2Ffmbi332s7bv7%2Fpublic_html%2Fxmlrpc.php&path=%2Fhome%2Ffmbi332s7bv7%2Fpublic_html HTTP/2.0" 404 - "-" "Mozilla/5.0 AppleWebKit/537.36 (KHTML, like Gecko; compatible; ClaudeBot/1.0; +claudebot@anthropic.com)" 14 **0/14382**
57.141.20.40 - - [18/Mar/2026:06:46:58 -0700] "GET /shopdetail/585013599.html?fileloc=/home/fmbi332s7bv7/public_html/robots.txt&path=/home/fmbi332s7bv7/public_html HTTP/2.0" 404 - "-" "meta-externalagent/1.1 (+https://developers.facebook.com/docs/sharing/webmasters/crawler)" 13 **0/13011**
216.73.216.106 - - [18/Mar/2026:06:47:00 -0700] "GET /shopdetail/1761247407.html?fileloc=%2Fhome%2Ffmbi332s7bv7%2Fpublic_html%2Fwp-admin%2Fcontribute.php&path=%2Fhome%2Ffmbi332s7bv7%2Fpublic_html%2Fwp-admin HTTP/2.0" 404 - "-" "Mozilla/5.0 AppleWebKit/537.36 (KHTML, like Gecko; compatible; ClaudeBot/1.0; +claudebot@anthropic.com)" 12 **0/12494**
157.55.39.63 - - [18/Mar/2026:06:47:02 -0700] "GET /?o=5401536272103 HTTP/2.0" 404 - "-" "Mozilla/5.0 AppleWebKit/537.36 (KHTML, like Gecko; compatible; bingbot/2.0; +http://www.bing.com/bingbot.htm) Chrome/116.0.1938.76 Safari/537.36" 25 **0/25729**
57.141.20.27 - - [18/Mar/2026:06:47:03 -0700] "GET /public/zkoumani-psychologie-za-kasinovymi-hrami-a-chovanim-hracu/?path=/home/fmbi332s7bv7/public_html/images HTTP/2.0" 404 - "-" "meta-externalagent/1.1 (+https://developers.facebook.com/docs/sharing/webmasters/crawler)" 15 **0/15886**
216.73.216.106 - - [18/Mar/2026:06:47:04 -0700] "GET /shopdetail/4206732774.html?fileloc=%2Fhome%2Ffmbi332s7bv7%2Fpublic_html%2Fwp-admin%2Fcontribute.php&path=%2Fhome%2Ffmbi332s7bv7%2Fpublic_html%2Fwp-admin HTTP/2.0" 404 - "-" "Mozilla/5.0 AppleWebKit/537.36 (KHTML, like Gecko; compatible; ClaudeBot/1.0; +claudebot@anthropic.com)" 14 **0/14465**
216.73.216.106 - - [18/Mar/2026:06:47:08 -0700] "GET /shopdetail/308265488.html?fileloc=%2Fhome%2Ffmbi332s7bv7%2Fpublic_html%2Forpcw.php&path=%2Fhome%2Ffmbi332s7bv7%2Fpublic_html HTTP/2.0" 404 - "-" "Mozilla/5.0 AppleWebKit/537.36 (KHTML, like Gecko; compatible; ClaudeBot/1.0; +claudebot@anthropic.com)" 11 **0/11933**
74.7.227.9 - - [18/Mar/2026:06:47:08 -0700] "GET /?fileloc=//proc/self/root/proc/thread-self/root/proc/thread-self/root/proc/thread-self/root/proc/self/root/proc/thread-self/root/proc/self/root/proc/self/root/proc/self/root/lib/systemd/user/grub-boot-success.service&path=//proc/self/root/proc/thread-self/root/proc/thread-self/root/proc/thread-self/root/proc/self/root/proc/thread-self/root/proc/self/root/proc/self/root/proc/self/root/lib/systemd/user HTTP/2.0" 404 - "https://powerchemyapikimyasallari.com/?path=//proc/self/root/proc/thread-self/root/proc/thread-self/root/proc/thread-self/root/proc/self/root/proc/thread-self/root/proc/self/root/proc/self/root/proc/self/root/lib/systemd/user" "Mozilla/5.0 AppleWebKit/537.36 (KHTML, like Gecko; compatible; GPTBot/1.3; +https://openai.com/gptbot)" 12 **0/12720**
57.141.20.28 - - [18/Mar/2026:06:47:08 -0700] "GET /shopdetail/2931025588.html?fileloc=/home/fmbi332s7bv7/public_html/wp-activate.php&path=/home/fmbi332s7bv7/public_html HTTP/2.0" 404 - "-" "meta-externalagent/1.1 (+https://developers.facebook.com/docs/sharing/webmasters/crawler)" 14 **0/14577**
216.73.216.106 - - [18/Mar/2026:06:47:12 -0700] "GET /shopdetail/3049221756.html?fileloc=%2Fhome%2Ffmbi332s7bv7%2Fpublic_html%2Fwp-admin%2Fthemes.php&path=%2Fhome%2Ffmbi332s7bv7%2Fpublic_html%2Fwp-admin HTTP/2.0" 404 - "-" "Mozilla/5.0 AppleWebKit/537.36 (KHTML, like Gecko; compatible; ClaudeBot/1.0; +claudebot@anthropic.com)" 13 **0/13763**
57.141.20.11 - - [18/Mar/2026:06:47:13 -0700] "GET /shopdetail/3298293752.html?fileloc=/home/fmbi332s7bv7/public_html/wp-activate.php&path=/home/fmbi332s7bv7/public_html HTTP/2.0" 404 - "-" "meta-externalagent/1.1 (+https://developers.facebook.com/docs/sharing/webmasters/crawler)" 11 **0/11805**
216.73.216.106 - - [18/Mar/2026:06:47:16 -0700] "GET /hello-world?fileloc=%2Fhome%2Ffmbi332s7bv7%2Fpublic_html%2Fab8dcd30%2Fab8dcd30%2Fab8dcd30%2F.htaccess&path=%2Fhome%2Ffmbi332s7bv7%2Fpublic_html%2Fab8dcd30%2Fab8dcd30%2Fab8dcd30 HTTP/2.0" 404 - "-" "Mozilla/5.0 AppleWebKit/537.36 (KHTML, like Gecko; compatible; ClaudeBot/1.0; +claudebot@anthropic.com)" 13 **0/13488**
57.141.20.9 - - [18/Mar/2026:06:47:18 -0700] "GET /shopdetail/365773980.html?path=/home/fmbi332s7bv7/access-logs HTTP/2.0" 404 - "-" "meta-externalagent/1.1 (+https://developers.facebook.com/docs/sharing/webmasters/crawler)" 14 **0/14133**
216.73.216.106 - - [18/Mar/2026:06:47:20 -0700] "GET /shopdetail/139418629.html?fileloc=%2Fhome%2Ffmbi332s7bv7%2Fpublic_html%2Fwp-comments-post.php&path=%2Fhome%2Ffmbi332s7bv7%2Fpublic_html HTTP/2.0" 404 - "-" "Mozilla/5.0 AppleWebKit/537.36 (KHTML, like Gecko; compatible; ClaudeBot/1.0; +claudebot@anthropic.com)" 14 **0/14173**
216.73.216.106 - - [18/Mar/2026:06:47:24 -0700] "GET /?fileloc=%2Fhome%2Ffmbi332s7bv7%2Fwww%2Fwp-includes%2Fl10n%2Fclass-wp-translation-file.php&path=%2Fhome%2Ffmbi332s7bv7%2Fwww%2Fwp-includes%2Fl10n HTTP/2.0" 404 - "-" "Mozilla/5.0 AppleWebKit/537.36 (KHTML, like Gecko; compatible; ClaudeBot/1.0; +claudebot@anthropic.com)" 14 **0/14926**
57.141.20.27 - - [18/Mar/2026:06:47:24 -0700] "GET /shopdetail/42592092.html?fileloc=/home/fmbi332s7bv7/public_html/txets.php&path=/home/fmbi332s7bv7/public_html HTTP/2.0" 404 - "-" "meta-externalagent/1.1 (+https://developers.facebook.com/docs/sharing/webmasters/crawler)" 12 **0/12813**
74.7.227.150 - - [18/Mar/2026:06:47:27 -0700] "GET /?path=//proc/self/root/proc/thread-self/root/proc/thread-self/root/proc/thread-self/root/proc/self/root/proc/self/root/proc/thread-self/root/usr/lib/.build-id/48 HTTP/2.0" 404 - "https://www.powerchemyapikimyasallari.com/?path=//proc/self/root/proc/thread-self/root/proc/thread-self/root/proc/thread-self/root/proc/self/root/proc/self/root/proc/thread-self/root/usr/lib/.build-id" "Mozilla/5.0 AppleWebKit/537.36 (KHTML, like Gecko; compatible; GPTBot/1.3; +https://openai.com/gptbot)" 11 **0/11884**
216.73.216.106 - - [18/Mar/2026:06:47:28 -0700] "GET /shopdetail/293995379.html?fileloc=%2Fhome%2Ffmbi332s7bv7%2Fpublic_html%2Fxmlrpc.php&path=%2Fhome%2Ffmbi332s7bv7%2Fpublic_html HTTP/2.0" 404 - "-" "Mozilla/5.0 AppleWebKit/537.36 (KHTML, like Gecko; compatible; ClaudeBot/1.0; +claudebot@anthropic.com)" 14 **0/14554**
57.141.20.33 - - [18/Mar/2026:06:47:29 -0700] "GET /shopdetail/3131278705.html?fileloc=/home/fmbi332s7bv7/public_html/txets.php&path=/home/fmbi332s7bv7/public_html HTTP/2.0" 404 - "-" "meta-externalagent/1.1 (+https://developers.facebook.com/docs/sharing/webmasters/crawler)" 12 **0/12630**
66.249.64.101 - - [18/Mar/2026:06:47:30 -0700] "GET /?o=30600282050102 HTTP/1.1" 404 - "-" "Mozilla/5.0 (Linux; Android 6.0.1; Nexus 5X Build/MMB29P) AppleWebKit/537.36 (KHTML, like Gecko) Chrome/145.0.7632.159 Mobile Safari/537.36 (compatible; Googlebot/2.1; +http://www.google.com/bot.html)" 10 **0/10866**
216.73.216.106 - - [18/Mar/2026:06:47:32 -0700] "GET /shopdetail/1422762336.html?fileloc=%2Fhome%2Ffmbi332s7bv7%2Fpublic_html%2Fwp-includes%2Fjs%2Fwp-backbone.min.js&path=%2Fhome%2Ffmbi332s7bv7%2Fpublic_html%2Fwp-includes%2Fjs HTTP/2.0" 404 - "-" "Mozilla/5.0 AppleWebKit/537.36 (KHTML, like Gecko; compatible; ClaudeBot/1.0; +claudebot@anthropic.com)" 11 **0/11505**
57.141.20.7 - - [18/Mar/2026:06:47:34 -0700] "GET /shopdetail/3615206185.html?fileloc=/home/fmbi332s7bv7/public_html/robots.txt&path=/home/fmbi332s7bv7/public_html HTTP/2.0" 404 - "-" "meta-externalagent/1.1 (+https://developers.facebook.com/docs/sharing/webmasters/crawler)" 12 **0/12266**
216.73.216.106 - - [18/Mar/2026:06:47:35 -0700] "GET /shopdetail/888053807.html?fileloc=%2Fhome%2Ffmbi332s7bv7%2Fpublic_html%2Fxmlrpc.php&path=%2Fhome%2Ffmbi332s7bv7%2Fpublic_html HTTP/2.0" 404 - "-" "Mozilla/5.0 AppleWebKit/537.36 (KHTML, like Gecko; compatible; ClaudeBot/1.0; +claudebot@anthropic.com)" 9 **0/9748**
