57.141.20.36 - - [18/Mar/2026:06:03:10 -0700] "GET /shopdetail/4245617603.html?fileloc=/home/fmbi332s7bv7/public_html/robots.txt&path=/home/fmbi332s7bv7/public_html HTTP/2.0" 404 - "-" "meta-externalagent/1.1 (+https://developers.facebook.com/docs/sharing/webmasters/crawler)" 12 **0/12533**
216.73.216.106 - - [18/Mar/2026:06:03:13 -0700] "GET /shopdetail/140794267.html HTTP/2.0" 404 - "-" "Mozilla/5.0 AppleWebKit/537.36 (KHTML, like Gecko; compatible; ClaudeBot/1.0; +claudebot@anthropic.com)" 10 **0/10362**
57.141.20.55 - - [18/Mar/2026:06:03:13 -0700] "GET /shopdetail/3799243493.html?fileloc=/home/fmbi332s7bv7/public_html/wp-activate.php&path=/home/fmbi332s7bv7/public_html HTTP/2.0" 404 - "-" "meta-externalagent/1.1 (+https://developers.facebook.com/docs/sharing/webmasters/crawler)" 18 **0/18898**
74.7.227.9 - - [18/Mar/2026:06:03:14 -0700] "GET /?path=//proc/self/root/proc/thread-self/root/proc/thread-self/root/proc/thread-self/root/proc/self/root/proc/thread-self/root/proc/thread-self/root/proc/self/root/proc/self/root/etc/default HTTP/2.0" 404 - "https://powerchemyapikimyasallari.com/?path=//proc/self/root/proc/thread-self/root/proc/thread-self/root/proc/thread-self/root/proc/self/root/proc/thread-self/root/proc/thread-self/root/proc/self/root/proc/self/root/etc" "Mozilla/5.0 AppleWebKit/537.36 (KHTML, like Gecko; compatible; GPTBot/1.3; +https://openai.com/gptbot)" 13 **0/13140**
57.141.20.17 - - [18/Mar/2026:06:03:16 -0700] "GET /shopdetail/3302067157.html?fileloc=/home/fmbi332s7bv7/public_html/wp-blog-header.php&path=/home/fmbi332s7bv7/public_html HTTP/2.0" 404 - "-" "meta-externalagent/1.1 (+https://developers.facebook.com/docs/sharing/webmasters/crawler)" 13 **0/13379**
216.73.216.106 - - [18/Mar/2026:06:03:16 -0700] "GET /shopdetail/880216897.html HTTP/2.0" 404 - "-" "Mozilla/5.0 AppleWebKit/537.36 (KHTML, like Gecko; compatible; ClaudeBot/1.0; +claudebot@anthropic.com)" 12 **0/12797**
57.141.20.8 - - [18/Mar/2026:06:03:19 -0700] "GET /shopdetail/2587148325.html?fileloc=//bin/mariadb-tzinfo-to-sql&path=//bin HTTP/2.0" 404 - "-" "meta-externalagent/1.1 (+https://developers.facebook.com/docs/sharing/webmasters/crawler)" 11 **0/11302**
216.73.216.106 - - [18/Mar/2026:06:03:19 -0700] "GET /shopdetail/2950110225.html HTTP/2.0" 404 - "-" "Mozilla/5.0 AppleWebKit/537.36 (KHTML, like Gecko; compatible; ClaudeBot/1.0; +claudebot@anthropic.com)" 13 **0/13665**
57.141.20.7 - - [18/Mar/2026:06:03:22 -0700] "GET /shopdetail/1675952172.html?fileloc=/home/fmbi332s7bv7/public_html/wp-activate.php&path=/home/fmbi332s7bv7/public_html HTTP/2.0" 404 - "-" "meta-externalagent/1.1 (+https://developers.facebook.com/docs/sharing/webmasters/crawler)" 12 **0/12508**
216.73.216.106 - - [18/Mar/2026:06:03:22 -0700] "GET /shopdetail/2877807607.html HTTP/2.0" 404 - "-" "Mozilla/5.0 AppleWebKit/537.36 (KHTML, like Gecko; compatible; ClaudeBot/1.0; +claudebot@anthropic.com)" 11 **0/11056**
74.7.227.150 - - [18/Mar/2026:06:03:22 -0700] "GET /?path=//proc/self/root/proc/thread-self/root/proc/thread-self/root/proc/thread-self/root/proc/self/root/proc/self/root/proc/thread-self/root/usr/lib/.build-id/6f HTTP/2.0" 404 - "https://www.powerchemyapikimyasallari.com/?path=//proc/self/root/proc/thread-self/root/proc/thread-self/root/proc/thread-self/root/proc/self/root/proc/self/root/proc/thread-self/root/usr/lib/.build-id" "Mozilla/5.0 AppleWebKit/537.36 (KHTML, like Gecko; compatible; GPTBot/1.3; +https://openai.com/gptbot)" 13 **0/13371**
57.141.20.53 - - [18/Mar/2026:06:03:24 -0700] "GET /shopdetail/2457860670.html?fileloc=/home/fmbi332s7bv7/public_html/wp-comments-post.php&path=/home/fmbi332s7bv7/public_html HTTP/2.0" 404 - "-" "meta-externalagent/1.1 (+https://developers.facebook.com/docs/sharing/webmasters/crawler)" 11 **0/11802**
216.73.216.106 - - [18/Mar/2026:06:03:25 -0700] "GET /shopdetail/2912508925.html HTTP/2.0" 404 - "-" "Mozilla/5.0 AppleWebKit/537.36 (KHTML, like Gecko; compatible; ClaudeBot/1.0; +claudebot@anthropic.com)" 14 **0/14163**
57.141.20.40 - - [18/Mar/2026:06:03:27 -0700] "GET /shopdetail/737520576.html?fileloc=/home/fmbi332s7bv7/public_html/wp-trackback.php&path=/home/fmbi332s7bv7/public_html HTTP/2.0" 404 - "-" "meta-externalagent/1.1 (+https://developers.facebook.com/docs/sharing/webmasters/crawler)" 12 **0/12811**
216.73.216.106 - - [18/Mar/2026:06:03:28 -0700] "GET /shopdetail/969829129.html HTTP/2.0" 404 - "-" "Mozilla/5.0 AppleWebKit/537.36 (KHTML, like Gecko; compatible; ClaudeBot/1.0; +claudebot@anthropic.com)" 11 **0/11167**
57.141.20.37 - - [18/Mar/2026:06:03:29 -0700] "GET /shopdetail/736301200.html?fileloc=/home/fmbi332s7bv7/public_html/wp-activate.php&path=/home/fmbi332s7bv7/public_html HTTP/2.0" 404 - "-" "meta-externalagent/1.1 (+https://developers.facebook.com/docs/sharing/webmasters/crawler)" 16 **0/16769**
216.73.216.106 - - [18/Mar/2026:06:03:31 -0700] "GET /shopdetail/1983570689.html HTTP/2.0" 404 - "-" "Mozilla/5.0 AppleWebKit/537.36 (KHTML, like Gecko; compatible; ClaudeBot/1.0; +claudebot@anthropic.com)" 15 **0/15326**
57.141.20.29 - - [18/Mar/2026:06:03:32 -0700] "GET /shopdetail/1261118488.html?fileloc=/home/fmbi332s7bv7/public_html/wp-activate.php&path=/home/fmbi332s7bv7/public_html HTTP/2.0" 404 - "-" "meta-externalagent/1.1 (+https://developers.facebook.com/docs/sharing/webmasters/crawler)" 14 **0/14288**
216.73.216.106 - - [18/Mar/2026:06:03:34 -0700] "GET /shopdetail/3585108618.html HTTP/2.0" 404 - "-" "Mozilla/5.0 AppleWebKit/537.36 (KHTML, like Gecko; compatible; ClaudeBot/1.0; +claudebot@anthropic.com)" 11 **0/11450**
57.141.20.0 - - [18/Mar/2026:06:03:35 -0700] "GET /shopdetail/446704684.html?fileloc=/home/fmbi332s7bv7/public_html/xmlrpc.php&path=/home/fmbi332s7bv7/public_html HTTP/2.0" 404 - "-" "meta-externalagent/1.1 (+https://developers.facebook.com/docs/sharing/webmasters/crawler)" 12 **0/12109**
216.73.216.106 - - [18/Mar/2026:06:03:37 -0700] "GET /shopdetail/3784456660.html HTTP/2.0" 404 - "-" "Mozilla/5.0 AppleWebKit/537.36 (KHTML, like Gecko; compatible; ClaudeBot/1.0; +claudebot@anthropic.com)" 15 **0/15603**
57.141.20.39 - - [18/Mar/2026:06:03:38 -0700] "GET /shopdetail/3740034117.html?fileloc=/home/fmbi332s7bv7/public_html/index.php&path=/home/fmbi332s7bv7/public_html HTTP/2.0" 404 - "-" "meta-externalagent/1.1 (+https://developers.facebook.com/docs/sharing/webmasters/crawler)" 18 **0/18212**
216.73.216.106 - - [18/Mar/2026:06:03:40 -0700] "GET /shopdetail/3994526008.html HTTP/2.0" 404 - "-" "Mozilla/5.0 AppleWebKit/537.36 (KHTML, like Gecko; compatible; ClaudeBot/1.0; +claudebot@anthropic.com)" 10 **0/10042**
57.141.20.44 - - [18/Mar/2026:06:03:41 -0700] "GET /shopdetail/202982724.html?path=/home/fmbi332s7bv7/public_html HTTP/2.0" 404 - "-" "meta-externalagent/1.1 (+https://developers.facebook.com/docs/sharing/webmasters/crawler)" 11 **0/11103**
74.7.227.9 - - [18/Mar/2026:06:03:43 -0700] "GET /?path=//proc/self/root/proc/thread-self/root/proc/thread-self/root/proc/thread-self/root/proc/self/root/proc/thread-self/root/proc/self/root/proc/self/root/proc/self/root/proc/self/root/etc/default HTTP/2.0" 404 - "https://powerchemyapikimyasallari.com/?path=//proc/self/root/proc/thread-self/root/proc/thread-self/root/proc/thread-self/root/proc/self/root/proc/thread-self/root/proc/self/root/proc/self/root/proc/self/root/proc/self/root/etc" "Mozilla/5.0 AppleWebKit/537.36 (KHTML, like Gecko; compatible; GPTBot/1.3; +https://openai.com/gptbot)" 11 **0/11274**
216.73.216.106 - - [18/Mar/2026:06:03:43 -0700] "GET /shopdetail/1347083029.html HTTP/2.0" 404 - "-" "Mozilla/5.0 AppleWebKit/537.36 (KHTML, like Gecko; compatible; ClaudeBot/1.0; +claudebot@anthropic.com)" 13 **0/13598**
57.141.20.14 - - [18/Mar/2026:06:03:43 -0700] "GET /shopdetail/2157112248.html?fileloc=/home/fmbi332s7bv7/public_html/error_log&path=/home/fmbi332s7bv7/public_html HTTP/2.0" 404 - "-" "meta-externalagent/1.1 (+https://developers.facebook.com/docs/sharing/webmasters/crawler)" 13 **0/13120**
216.73.216.106 - - [18/Mar/2026:06:03:46 -0700] "GET /shopdetail/3782086676.html HTTP/2.0" 404 - "-" "Mozilla/5.0 AppleWebKit/537.36 (KHTML, like Gecko; compatible; ClaudeBot/1.0; +claudebot@anthropic.com)" 12 **0/12800**
57.141.20.24 - - [18/Mar/2026:06:03:46 -0700] "GET /shopdetail/2183396227.html?fileloc=/home/fmbi332s7bv7/public_html/txets.php&path=/home/fmbi332s7bv7/public_html HTTP/2.0" 404 - "-" "meta-externalagent/1.1 (+https://developers.facebook.com/docs/sharing/webmasters/crawler)" 15 **0/15596**
57.141.20.21 - - [18/Mar/2026:06:03:49 -0700] "GET /zachem-individu-vazhno-oschuschat-ljubopytstvo/?fileloc=/home/fmbi332s7bv7/public_html/.htaccess&path=/home/fmbi332s7bv7/public_html HTTP/2.0" 404 - "-" "meta-externalagent/1.1 (+https://developers.facebook.com/docs/sharing/webmasters/crawler)" 16 **0/16083**
216.73.216.106 - - [18/Mar/2026:06:03:49 -0700] "GET /author/admin/feed?path=%2F%2Fusr%2Flib%2Ffirmware%2Fmatrox HTTP/2.0" 404 - "-" "Mozilla/5.0 AppleWebKit/537.36 (KHTML, like Gecko; compatible; ClaudeBot/1.0; +claudebot@anthropic.com)" 10 **0/10552**
57.141.20.26 - - [18/Mar/2026:06:03:52 -0700] "GET /wat-zegt-trustpilot-over-de-betrouwbaarheid-van-aerobet-casino-in-2026/?fileloc=/home/fmbi332s7bv7/public_html/wp-mail.php&path=/home/fmbi332s7bv7/public_html HTTP/2.0" 404 - "-" "meta-externalagent/1.1 (+https://developers.facebook.com/docs/sharing/webmasters/crawler)" 12 **0/12029**
216.73.216.106 - - [18/Mar/2026:06:03:52 -0700] "GET /shopdetail/1049690753.html HTTP/2.0" 404 - "-" "Mozilla/5.0 AppleWebKit/537.36 (KHTML, like Gecko; compatible; ClaudeBot/1.0; +claudebot@anthropic.com)" 11 **0/11734**
57.141.20.16 - - [18/Mar/2026:06:03:54 -0700] "GET /shopdetail/703614588.html?fileloc=/home/fmbi332s7bv7/public_html/wp-activate.php&path=/home/fmbi332s7bv7/public_html HTTP/2.0" 404 - "-" "meta-externalagent/1.1 (+https://developers.facebook.com/docs/sharing/webmasters/crawler)" 18 **0/18986**
216.73.216.106 - - [18/Mar/2026:06:03:55 -0700] "GET /shopdetail/213054982.html HTTP/2.0" 404 - "-" "Mozilla/5.0 AppleWebKit/537.36 (KHTML, like Gecko; compatible; ClaudeBot/1.0; +claudebot@anthropic.com)" 14 **0/14427**
57.141.20.2 - - [18/Mar/2026:06:03:57 -0700] "GET /shopdetail/2215992376.html?fileloc=/home/fmbi332s7bv7/public_html/wp-activate.php&path=/home/fmbi332s7bv7/public_html HTTP/2.0" 404 - "-" "meta-externalagent/1.1 (+https://developers.facebook.com/docs/sharing/webmasters/crawler)" 12 **0/12926**
216.73.216.106 - - [18/Mar/2026:06:03:58 -0700] "GET /hello-world?fileloc=%2F%2Flib64%2Fpython3.12%2Funittest%2Fresult.py&path=%2F%2Flib64%2Fpython3.12%2Funittest HTTP/2.0" 404 - "-" "Mozilla/5.0 AppleWebKit/537.36 (KHTML, like Gecko; compatible; ClaudeBot/1.0; +claudebot@anthropic.com)" 12 **0/12540**
57.141.20.2 - - [18/Mar/2026:06:04:00 -0700] "GET /shopdetail/2797234137.html?fileloc=/home/fmbi332s7bv7/public_html/txets.php&path=/home/fmbi332s7bv7/public_html HTTP/2.0" 404 - "-" "meta-externalagent/1.1 (+https://developers.facebook.com/docs/sharing/webmasters/crawler)" 11 **0/11808**
216.73.216.106 - - [18/Mar/2026:06:04:01 -0700] "GET /hello-world?fileloc=%2F%2Fopt%2Falt%2Fpython27%2Flib64%2Fpython2.7%2Fencodings%2Fmac_farsi.py&path=%2F%2Fopt%2Falt%2Fpython27%2Flib64%2Fpython2.7%2Fencodings HTTP/2.0" 404 - "-" "Mozilla/5.0 AppleWebKit/537.36 (KHTML, like Gecko; compatible; ClaudeBot/1.0; +claudebot@anthropic.com)" 15 **0/15032**
57.141.20.52 - - [18/Mar/2026:06:04:02 -0700] "GET /public/die-geheimnisse-der-casino-strategien-entschlusseln-was-jeder-spieler-wissen-sollte/?fileloc=/home/fmbi332s7bv7/public_html/wp-config.php&path=/home/fmbi332s7bv7/public_html HTTP/2.0" 404 - "-" "meta-externalagent/1.1 (+https://developers.facebook.com/docs/sharing/webmasters/crawler)" 15 **0/15676**
216.73.216.106 - - [18/Mar/2026:06:04:05 -0700] "GET /shopdetail/870434355.html?path=%2Fhome%2Ffmbi332s7bv7%2Fpublic_html%2Fwp-content HTTP/2.0" 404 - "-" "Mozilla/5.0 AppleWebKit/537.36 (KHTML, like Gecko; compatible; ClaudeBot/1.0; +claudebot@anthropic.com)" 16 **0/16148**
57.141.20.34 - - [18/Mar/2026:06:04:06 -0700] "GET /shopdetail/2071601743.html?fileloc=/home/fmbi332s7bv7/public_html/wp-activate.php&path=/home/fmbi332s7bv7/public_html HTTP/2.0" 404 - "-" "meta-externalagent/1.1 (+https://developers.facebook.com/docs/sharing/webmasters/crawler)" 12 **0/12548**
216.73.216.106 - - [18/Mar/2026:06:04:07 -0700] "GET /shopdetail/1364500182.html?path=%2Fhome%2Ffmbi332s7bv7%2Fpublic_html HTTP/2.0" 404 - "-" "Mozilla/5.0 AppleWebKit/537.36 (KHTML, like Gecko; compatible; ClaudeBot/1.0; +claudebot@anthropic.com)" 15 **0/15833**
57.141.20.40 - - [18/Mar/2026:06:04:08 -0700] "GET /shopdetail/4096336377.html?fileloc=/home/fmbi332s7bv7/public_html/wp-comments-post.php&path=/home/fmbi332s7bv7/public_html HTTP/2.0" 404 - "-" "meta-externalagent/1.1 (+https://developers.facebook.com/docs/sharing/webmasters/crawler)" 11 **0/11418**
216.73.216.106 - - [18/Mar/2026:06:04:10 -0700] "GET /shopdetail/1285963157.html?fileloc=%2F%2Fsbin%2Fsasldblistusers2&path=%2F%2Fsbin HTTP/2.0" 404 - "-" "Mozilla/5.0 AppleWebKit/537.36 (KHTML, like Gecko; compatible; ClaudeBot/1.0; +claudebot@anthropic.com)" 11 **0/11642**
74.7.227.9 - - [18/Mar/2026:06:04:10 -0700] "GET /?path=//proc/self/root/proc/thread-self/root/proc/thread-self/root/proc/thread-self/root/proc/self/root/proc/thread-self/root/lib/tuned/accelerator-performance HTTP/2.0" 404 - "https://powerchemyapikimyasallari.com/?path=//proc/self/root/proc/thread-self/root/proc/thread-self/root/proc/thread-self/root/proc/self/root/proc/thread-self/root/lib/tuned" "Mozilla/5.0 AppleWebKit/537.36 (KHTML, like Gecko; compatible; GPTBot/1.3; +https://openai.com/gptbot)" 13 **0/13218**
57.141.20.23 - - [18/Mar/2026:06:04:11 -0700] "GET /shopdetail/1823314152.html?fileloc=/home/fmbi332s7bv7/public_html/wp-activate.php&path=/home/fmbi332s7bv7/public_html HTTP/2.0" 404 - "-" "meta-externalagent/1.1 (+https://developers.facebook.com/docs/sharing/webmasters/crawler)" 12 **0/12176**
216.73.216.106 - - [18/Mar/2026:06:04:13 -0700] "GET /hello-world?fileloc=%2F%2Fhome%2Ffmbi332s7bv7%2Fwww%2Fwp-includes%2Fcustomize%2Fclass-wp-customize-nav-menu-location-control.php&path=%2F%2Fhome%2Ffmbi332s7bv7%2Fwww%2Fwp-includes%2Fcustomize HTTP/2.0" 404 - "-" "Mozilla/5.0 AppleWebKit/537.36 (KHTML, like Gecko; compatible; ClaudeBot/1.0; +claudebot@anthropic.com)" 13 **0/13214**
57.141.20.52 - - [18/Mar/2026:06:04:14 -0700] "GET /shopdetail/939368871.html?fileloc=/home/fmbi332s7bv7/public_html/robots.txt&path=/home/fmbi332s7bv7/public_html HTTP/2.0" 404 - "-" "meta-externalagent/1.1 (+https://developers.facebook.com/docs/sharing/webmasters/crawler)" 12 **0/12253**
57.141.20.45 - - [18/Mar/2026:06:04:16 -0700] "GET /shopdetail/2317081846.html?fileloc=/home/fmbi332s7bv7/public_html/wp-activate.php&path=/home/fmbi332s7bv7/public_html HTTP/2.0" 404 - "-" "meta-externalagent/1.1 (+https://developers.facebook.com/docs/sharing/webmasters/crawler)" 11 **0/11676**
216.73.216.106 - - [18/Mar/2026:06:04:16 -0700] "GET /shopdetail/2239099373.html?path=%2Fhome%2Ffmbi332s7bv7%2Fpublic_html%2Fwp-includes HTTP/2.0" 404 - "-" "Mozilla/5.0 AppleWebKit/537.36 (KHTML, like Gecko; compatible; ClaudeBot/1.0; +claudebot@anthropic.com)" 12 **0/12731**
57.141.20.58 - - [18/Mar/2026:06:04:19 -0700] "GET /shopdetail/2273794313.html?fileloc=/home/fmbi332s7bv7/public_html/wp-activate.php&path=/home/fmbi332s7bv7/public_html HTTP/2.0" 404 - "-" "meta-externalagent/1.1 (+https://developers.facebook.com/docs/sharing/webmasters/crawler)" 15 **0/15004**
216.73.216.106 - - [18/Mar/2026:06:04:19 -0700] "GET /shopdetail/2753875947.html?fileloc=%2F%2Fbin%2Fnumfmt&path=%2F%2Fbin HTTP/2.0" 404 - "-" "Mozilla/5.0 AppleWebKit/537.36 (KHTML, like Gecko; compatible; ClaudeBot/1.0; +claudebot@anthropic.com)" 11 **0/11738**
57.141.20.38 - - [18/Mar/2026:06:04:22 -0700] "GET /shopdetail/149989713.html?fileloc=/home/fmbi332s7bv7/public_html/txets.php&path=/home/fmbi332s7bv7/public_html HTTP/2.0" 404 - "-" "meta-externalagent/1.1 (+https://developers.facebook.com/docs/sharing/webmasters/crawler)" 11 **0/11888**
216.73.216.106 - - [18/Mar/2026:06:04:22 -0700] "GET /shopdetail/23914304.html?path=%2Fhome%2Ffmbi332s7bv7%2Fssl HTTP/2.0" 404 - "-" "Mozilla/5.0 AppleWebKit/537.36 (KHTML, like Gecko; compatible; ClaudeBot/1.0; +claudebot@anthropic.com)" 12 **0/12796**
57.141.20.2 - - [18/Mar/2026:06:04:24 -0700] "GET /shopdetail/643473416.html?fileloc=/home/fmbi332s7bv7/public_html/txets.php&path=/home/fmbi332s7bv7/public_html HTTP/2.0" 404 - "-" "meta-externalagent/1.1 (+https://developers.facebook.com/docs/sharing/webmasters/crawler)" 12 **0/12107**
216.73.216.106 - - [18/Mar/2026:06:04:25 -0700] "GET /author/admin/feed?fileloc=%2F%2Fusr%2Flib%2Ffirmware%2Fiwlwifi-bz-b0-fm-c0-94.ucode&path=%2F%2Fusr%2Flib%2Ffirmware HTTP/2.0" 404 - "-" "Mozilla/5.0 AppleWebKit/537.36 (KHTML, like Gecko; compatible; ClaudeBot/1.0; +claudebot@anthropic.com)" 10 **0/10358**
57.141.20.0 - - [18/Mar/2026:06:04:27 -0700] "GET /shopdetail/1158591063.html?path=/home/fmbi332s7bv7/www/cgi-bin HTTP/2.0" 404 - "-" "meta-externalagent/1.1 (+https://developers.facebook.com/docs/sharing/webmasters/crawler)" 14 **0/14525**
74.7.227.150 - - [18/Mar/2026:06:04:28 -0700] "GET /?path=//proc/self/root/proc/thread-self/root/proc/thread-self/root/proc/thread-self/root/proc/self/root/proc/self/root/proc/thread-self/root/usr/lib/.build-id/68 HTTP/2.0" 404 - "https://www.powerchemyapikimyasallari.com/?path=//proc/self/root/proc/thread-self/root/proc/thread-self/root/proc/thread-self/root/proc/self/root/proc/self/root/proc/thread-self/root/usr/lib/.build-id" "Mozilla/5.0 AppleWebKit/537.36 (KHTML, like Gecko; compatible; GPTBot/1.3; +https://openai.com/gptbot)" 12 **0/12685**
216.73.216.106 - - [18/Mar/2026:06:04:28 -0700] "GET /shopdetail/1582071169.html?path=%2Fhome%2Ffmbi332s7bv7%2Fpublic_html%2Fcgi-bin HTTP/2.0" 404 - "-" "Mozilla/5.0 AppleWebKit/537.36 (KHTML, like Gecko; compatible; ClaudeBot/1.0; +claudebot@anthropic.com)" 21 **0/21875**
57.141.20.26 - - [18/Mar/2026:06:04:30 -0700] "GET /shopdetail/2275023498.html?fileloc=/home/fmbi332s7bv7/public_html/xmlrpc.php&path=/home/fmbi332s7bv7/public_html HTTP/2.0" 404 - "-" "meta-externalagent/1.1 (+https://developers.facebook.com/docs/sharing/webmasters/crawler)" 11 **0/11593**
216.73.216.106 - - [18/Mar/2026:06:04:31 -0700] "GET /shopdetail/3952779502.html?fileloc=%2F%2Fbin%2Fmkdir&path=%2F%2Fbin HTTP/2.0" 404 - "-" "Mozilla/5.0 AppleWebKit/537.36 (KHTML, like Gecko; compatible; ClaudeBot/1.0; +claudebot@anthropic.com)" 10 **0/10301**
57.141.20.50 - - [18/Mar/2026:06:04:33 -0700] "GET /shopdetail/2252423448.html?fileloc=/home/fmbi332s7bv7/public_html/robots.txt&path=/home/fmbi332s7bv7/public_html HTTP/2.0" 404 - "-" "meta-externalagent/1.1 (+https://developers.facebook.com/docs/sharing/webmasters/crawler)" 11 **0/11709**
216.73.216.106 - - [18/Mar/2026:06:04:34 -0700] "GET /shopdetail/2155385899.html?path=%2Fhome%2Ffmbi332s7bv7%2Fpublic_html HTTP/2.0" 404 - "-" "Mozilla/5.0 AppleWebKit/537.36 (KHTML, like Gecko; compatible; ClaudeBot/1.0; +claudebot@anthropic.com)" 11 **0/11323**
57.141.20.38 - - [18/Mar/2026:06:04:35 -0700] "GET /shopdetail/575707862.html?fileloc=/home/fmbi332s7bv7/public_html/wp-signup.php&path=/home/fmbi332s7bv7/public_html HTTP/2.0" 404 - "-" "meta-externalagent/1.1 (+https://developers.facebook.com/docs/sharing/webmasters/crawler)" 12 **0/12697**
216.73.216.106 - - [18/Mar/2026:06:04:37 -0700] "GET /shopdetail/1238082225.html?fileloc=%2Fhome%2Ffmbi332s7bv7%2Fpublic_html%2Fwp-admin%2Fplugin-editor.php&path=%2Fhome%2Ffmbi332s7bv7%2Fpublic_html%2Fwp-admin HTTP/2.0" 404 - "-" "Mozilla/5.0 AppleWebKit/537.36 (KHTML, like Gecko; compatible; ClaudeBot/1.0; +claudebot@anthropic.com)" 16 **0/16484**
74.7.227.9 - - [18/Mar/2026:06:04:38 -0700] "GET /?path=//proc/self/root/proc/thread-self/root/proc/thread-self/root/proc/thread-self/root/proc/self/root/proc/thread-self/root/proc/sys/kernel/usermodehelper HTTP/2.0" 404 - "https://powerchemyapikimyasallari.com/?path=//proc/self/root/proc/thread-self/root/proc/thread-self/root/proc/thread-self/root/proc/self/root/proc/thread-self/root/proc/sys/kernel" "Mozilla/5.0 AppleWebKit/537.36 (KHTML, like Gecko; compatible; GPTBot/1.3; +https://openai.com/gptbot)" 15 **0/15227**
57.141.20.25 - - [18/Mar/2026:06:04:38 -0700] "GET /shopdetail/464674859.html?fileloc=/home/fmbi332s7bv7/public_html/wp-activate.php&path=/home/fmbi332s7bv7/public_html HTTP/2.0" 404 - "-" "meta-externalagent/1.1 (+https://developers.facebook.com/docs/sharing/webmasters/crawler)" 15 **0/15685**
216.73.216.106 - - [18/Mar/2026:06:04:40 -0700] "GET /shopdetail/3493771825.html?path=%2Fhome%2Ffmbi332s7bv7%2Fpublic_html%2Fwp-includes%2Fjs%2Fmediaelement HTTP/2.0" 404 - "-" "Mozilla/5.0 AppleWebKit/537.36 (KHTML, like Gecko; compatible; ClaudeBot/1.0; +claudebot@anthropic.com)" 10 **0/10876**
57.141.20.47 - - [18/Mar/2026:06:04:41 -0700] "GET /shopdetail/2934960542.html?fileloc=/home/fmbi332s7bv7/public_html/xmlrpc.php&path=/home/fmbi332s7bv7/public_html HTTP/2.0" 404 - "-" "meta-externalagent/1.1 (+https://developers.facebook.com/docs/sharing/webmasters/crawler)" 10 **0/10030**
216.73.216.106 - - [18/Mar/2026:06:04:43 -0700] "GET /shopdetail/1944057507.html?path=%2Fhome%2Ffmbi332s7bv7%2Fpublic_html%2Fwp-includes%2Fblocks%2Fbuttons HTTP/2.0" 404 - "-" "Mozilla/5.0 AppleWebKit/537.36 (KHTML, like Gecko; compatible; ClaudeBot/1.0; +claudebot@anthropic.com)" 11 **0/11970**
57.141.20.44 - - [18/Mar/2026:06:04:44 -0700] "GET /shopdetail/3711912714.html?fileloc=/home/fmbi332s7bv7/public_html/wp-load.php&path=/home/fmbi332s7bv7/public_html HTTP/2.0" 404 - "-" "meta-externalagent/1.1 (+https://developers.facebook.com/docs/sharing/webmasters/crawler)" 11 **0/11799**
216.73.216.106 - - [18/Mar/2026:06:04:46 -0700] "GET /shopdetail/3953139996.html?fileloc=%2F%2Fbin%2Frev&path=%2F%2Fbin HTTP/2.0" 404 - "-" "Mozilla/5.0 AppleWebKit/537.36 (KHTML, like Gecko; compatible; ClaudeBot/1.0; +claudebot@anthropic.com)" 12 **0/12814**
57.141.20.55 - - [18/Mar/2026:06:04:46 -0700] "GET /shopdetail/3468344995.html?fileloc=/home/fmbi332s7bv7/public_html/wp-comments-post.php&path=/home/fmbi332s7bv7/public_html HTTP/2.0" 404 - "-" "meta-externalagent/1.1 (+https://developers.facebook.com/docs/sharing/webmasters/crawler)" 13 **0/13164**
57.141.20.9 - - [18/Mar/2026:06:04:49 -0700] "GET /shopdetail/2569629748.html?fileloc=/home/fmbi332s7bv7/public_html/wp-comments-post.php&path=/home/fmbi332s7bv7/public_html HTTP/2.0" 404 - "-" "meta-externalagent/1.1 (+https://developers.facebook.com/docs/sharing/webmasters/crawler)" 10 **0/10522**
216.73.216.106 - - [18/Mar/2026:06:04:49 -0700] "GET /shopdetail/44809570.html?path=%2Fhome%2Ffmbi332s7bv7%2Fpublic_html HTTP/2.0" 404 - "-" "Mozilla/5.0 AppleWebKit/537.36 (KHTML, like Gecko; compatible; ClaudeBot/1.0; +claudebot@anthropic.com)" 11 **0/11475**
57.141.20.51 - - [18/Mar/2026:06:04:52 -0700] "GET /shopdetail/3566716822.html?fileloc=/home/fmbi332s7bv7/public_html/wp-settings.php&path=/home/fmbi332s7bv7/public_html HTTP/2.0" 404 - "-" "meta-externalagent/1.1 (+https://developers.facebook.com/docs/sharing/webmasters/crawler)" 12 **0/12139**
216.73.216.106 - - [18/Mar/2026:06:04:52 -0700] "GET /shopdetail/3733287652.html?path=%2Fhome%2Ffmbi332s7bv7%2Fpublic_html%2Fwp-includes%2Fl10n HTTP/2.0" 404 - "-" "Mozilla/5.0 AppleWebKit/537.36 (KHTML, like Gecko; compatible; ClaudeBot/1.0; +claudebot@anthropic.com)" 11 **0/11310**
57.141.20.42 - - [18/Mar/2026:06:04:55 -0700] "GET /shopdetail/3113777214.html?fileloc=/home/fmbi332s7bv7/public_html/index.php&path=/home/fmbi332s7bv7/public_html HTTP/2.0" 404 - "-" "meta-externalagent/1.1 (+https://developers.facebook.com/docs/sharing/webmasters/crawler)" 12 **0/12971**
216.73.216.106 - - [18/Mar/2026:06:04:55 -0700] "GET /shopdetail/1538281753.html?path=%2Fhome%2Ffmbi332s7bv7%2Fpublic_html%2Fwp-includes HTTP/2.0" 404 - "-" "Mozilla/5.0 AppleWebKit/537.36 (KHTML, like Gecko; compatible; ClaudeBot/1.0; +claudebot@anthropic.com)" 12 **0/12355**
57.141.20.52 - - [18/Mar/2026:06:04:57 -0700] "GET /shopdetail/2888413577.html?fileloc=/home/fmbi332s7bv7/public_html/wp-cron.php&path=/home/fmbi332s7bv7/public_html HTTP/2.0" 404 - "-" "meta-externalagent/1.1 (+https://developers.facebook.com/docs/sharing/webmasters/crawler)" 11 **0/11451**
216.73.216.106 - - [18/Mar/2026:06:04:58 -0700] "GET /shopdetail/153417222.html?path=%2Fhome%2Ffmbi332s7bv7%2Fpublic_html%2Fwp-includes HTTP/2.0" 404 - "-" "Mozilla/5.0 AppleWebKit/537.36 (KHTML, like Gecko; compatible; ClaudeBot/1.0; +claudebot@anthropic.com)" 12 **0/12933**
57.141.20.56 - - [18/Mar/2026:06:05:00 -0700] "GET /shopdetail/3208444737.html?fileloc=/home/fmbi332s7bv7/public_html/wp-activate.php&path=/home/fmbi332s7bv7/public_html HTTP/2.0" 404 - "-" "meta-externalagent/1.1 (+https://developers.facebook.com/docs/sharing/webmasters/crawler)" 12 **0/12498**
216.73.216.106 - - [18/Mar/2026:06:05:01 -0700] "GET /shopdetail/1869912315.html?path=%2Fhome%2Ffmbi332s7bv7%2Fpublic_html%2Fwp-includes%2FIXR HTTP/2.0" 404 - "-" "Mozilla/5.0 AppleWebKit/537.36 (KHTML, like Gecko; compatible; ClaudeBot/1.0; +claudebot@anthropic.com)" 23 **0/23790**
57.141.20.10 - - [18/Mar/2026:06:05:03 -0700] "GET /shopdetail/1036975805.html?fileloc=/home/fmbi332s7bv7/public_html/txets.php&path=/home/fmbi332s7bv7/public_html HTTP/2.0" 404 - "-" "meta-externalagent/1.1 (+https://developers.facebook.com/docs/sharing/webmasters/crawler)" 23 **0/23604**
216.73.216.106 - - [18/Mar/2026:06:05:04 -0700] "GET /shopdetail/296419577.html?fileloc=%2Fhome%2Ffmbi332s7bv7%2Fpublic_html%2Fwp-admin%2Fcss%2Finstall.min.css&path=%2Fhome%2Ffmbi332s7bv7%2Fpublic_html%2Fwp-admin%2Fcss HTTP/2.0" 404 - "-" "Mozilla/5.0 AppleWebKit/537.36 (KHTML, like Gecko; compatible; ClaudeBot/1.0; +claudebot@anthropic.com)" 12 **0/12182**
57.141.20.25 - - [18/Mar/2026:06:05:05 -0700] "GET /shopdetail/295878836.html?fileloc=/home/fmbi332s7bv7/public_html/wp-comments-post.php&path=/home/fmbi332s7bv7/public_html HTTP/2.0" 404 - "-" "meta-externalagent/1.1 (+https://developers.facebook.com/docs/sharing/webmasters/crawler)" 84 **0/84446**
74.7.227.9 - - [18/Mar/2026:06:05:07 -0700] "GET /?path=//proc/self/root/proc/thread-self/root/proc/thread-self/root/proc/thread-self/root/proc/self/root/proc/thread-self/root/etc/crypto-policies/policies/modules HTTP/2.0" 404 - "https://powerchemyapikimyasallari.com/?path=//proc/self/root/proc/thread-self/root/proc/thread-self/root/proc/thread-self/root/proc/self/root/proc/thread-self/root/etc/crypto-policies/policies" "Mozilla/5.0 AppleWebKit/537.36 (KHTML, like Gecko; compatible; GPTBot/1.3; +https://openai.com/gptbot)" 22 **0/22599**
216.73.216.106 - - [18/Mar/2026:06:05:07 -0700] "GET /?fileloc=%2Fhome%2Ffmbi332s7bv7%2Fwww%2Fwp-admin%2Fcss%2Fdeprecated-media.min.css&path=%2Fhome%2Ffmbi332s7bv7%2Fwww%2Fwp-admin%2Fcss HTTP/2.0" 404 - "-" "Mozilla/5.0 AppleWebKit/537.36 (KHTML, like Gecko; compatible; ClaudeBot/1.0; +claudebot@anthropic.com)" 12 **0/12095**
57.141.20.57 - - [18/Mar/2026:06:05:09 -0700] "GET /shopdetail/3012431121.html?fileloc=//bin/pgrep&path=//bin HTTP/2.0" 404 - "-" "meta-externalagent/1.1 (+https://developers.facebook.com/docs/sharing/webmasters/crawler)" 12 **0/12590**
216.73.216.106 - - [18/Mar/2026:06:05:10 -0700] "GET /shopdetail/2586116051.html?path=%2Fhome%2Ffmbi332s7bv7%2Fpublic_html%2Fwp-includes%2Fblock-bindings HTTP/2.0" 404 - "-" "Mozilla/5.0 AppleWebKit/537.36 (KHTML, like Gecko; compatible; ClaudeBot/1.0; +claudebot@anthropic.com)" 11 **0/11019**
57.141.20.27 - - [18/Mar/2026:06:05:11 -0700] "GET /shopdetail/3312767274.html?fileloc=/home/fmbi332s7bv7/public_html/wp-blog-header.php&path=/home/fmbi332s7bv7/public_html HTTP/2.0" 404 - "-" "meta-externalagent/1.1 (+https://developers.facebook.com/docs/sharing/webmasters/crawler)" 13 **0/13570**
216.73.216.106 - - [18/Mar/2026:06:05:13 -0700] "GET /shopdetail/1754037148.html?fileloc=%2Fhome%2Ffmbi332s7bv7%2Fpublic_html%2Fwp-includes%2Fcache-compat.php&path=%2Fhome%2Ffmbi332s7bv7%2Fpublic_html%2Fwp-includes HTTP/2.0" 404 - "-" "Mozilla/5.0 AppleWebKit/537.36 (KHTML, like Gecko; compatible; ClaudeBot/1.0; +claudebot@anthropic.com)" 13 **0/13391**
57.141.20.15 - - [18/Mar/2026:06:05:14 -0700] "GET /shopdetail/892445202.html?path=/home/fmbi332s7bv7/application_backups HTTP/2.0" 404 - "-" "meta-externalagent/1.1 (+https://developers.facebook.com/docs/sharing/webmasters/crawler)" 13 **0/13517**
216.73.216.106 - - [18/Mar/2026:06:05:16 -0700] "GET /shopdetail/3957892291.html?fileloc=%2Fhome%2Ffmbi332s7bv7%2Fpublic_html%2Fwp-includes%2Fcss%2Fadmin-bar.min.css&path=%2Fhome%2Ffmbi332s7bv7%2Fpublic_html%2Fwp-includes%2Fcss HTTP/2.0" 404 - "-" "Mozilla/5.0 AppleWebKit/537.36 (KHTML, like Gecko; compatible; ClaudeBot/1.0; +claudebot@anthropic.com)" 10 **0/10404**
57.141.20.26 - - [18/Mar/2026:06:05:17 -0700] "GET /shopdetail/2819901044.html?fileloc=/home/fmbi332s7bv7/public_html/wp-config-sample.php&path=/home/fmbi332s7bv7/public_html HTTP/2.0" 404 - "-" "meta-externalagent/1.1 (+https://developers.facebook.com/docs/sharing/webmasters/crawler)" 14 **0/14346**
216.73.216.106 - - [18/Mar/2026:06:05:19 -0700] "GET /shopdetail/148664927.html?fileloc=%2Fhome%2Ffmbi332s7bv7%2Fpublic_html%2Fwp-admin%2Fplugin-editor.php&path=%2Fhome%2Ffmbi332s7bv7%2Fpublic_html%2Fwp-admin HTTP/2.0" 404 - "-" "Mozilla/5.0 AppleWebKit/537.36 (KHTML, like Gecko; compatible; ClaudeBot/1.0; +claudebot@anthropic.com)" 20 **0/20843**
57.141.20.48 - - [18/Mar/2026:06:05:19 -0700] "GET /shopdetail/2988078655.html?fileloc=/home/fmbi332s7bv7/public_html/wp-comments-post.php&path=/home/fmbi332s7bv7/public_html HTTP/2.0" 404 - "-" "meta-externalagent/1.1 (+https://developers.facebook.com/docs/sharing/webmasters/crawler)" 21 **0/21145**
57.141.20.40 - - [18/Mar/2026:06:05:22 -0700] "GET /shopdetail/2644002139.html?fileloc=/home/fmbi332s7bv7/public_html/wp-blog-header.php&path=/home/fmbi332s7bv7/public_html HTTP/2.0" 404 - "-" "meta-externalagent/1.1 (+https://developers.facebook.com/docs/sharing/webmasters/crawler)" 12 **0/12570**
216.73.216.106 - - [18/Mar/2026:06:05:22 -0700] "GET /hello-world?fileloc=%2F%2Fusr%2Fshare%2Fman%2Fman1%2Faria_pack.1.gz&path=%2F%2Fusr%2Fshare%2Fman%2Fman1 HTTP/2.0" 404 - "-" "Mozilla/5.0 AppleWebKit/537.36 (KHTML, like Gecko; compatible; ClaudeBot/1.0; +claudebot@anthropic.com)" 10 **0/10879**
57.141.20.28 - - [18/Mar/2026:06:05:25 -0700] "GET /public/exploring-the-advantages-of-online-gambling-versus-3/?fileloc=/home/fmbi332s7bv7/public_html/index.php&path=/home/fmbi332s7bv7/public_html HTTP/2.0" 404 - "-" "meta-externalagent/1.1 (+https://developers.facebook.com/docs/sharing/webmasters/crawler)" 13 **0/13966**
216.73.216.106 - - [18/Mar/2026:06:05:25 -0700] "GET /shopdetail/2734847123.html?path=%2Fhome%2Ffmbi332s7bv7%2Fpublic_html%2Fwp-admin%2Fmaint HTTP/2.0" 404 - "-" "Mozilla/5.0 AppleWebKit/537.36 (KHTML, like Gecko; compatible; ClaudeBot/1.0; +claudebot@anthropic.com)" 10 **0/10991**
57.141.20.8 - - [18/Mar/2026:06:05:28 -0700] "GET /shopdetail/1411221631.html?fileloc=/home/fmbi332s7bv7/public_html/wp-login.php&path=/home/fmbi332s7bv7/public_html HTTP/2.0" 404 - "-" "meta-externalagent/1.1 (+https://developers.facebook.com/docs/sharing/webmasters/crawler)" 13 **0/13545**
216.73.216.106 - - [18/Mar/2026:06:05:28 -0700] "GET /shopdetail/3952779502.html?fileloc=%2F%2Fbin%2Fcolumn&path=%2F%2Fbin HTTP/2.0" 404 - "-" "Mozilla/5.0 AppleWebKit/537.36 (KHTML, like Gecko; compatible; ClaudeBot/1.0; +claudebot@anthropic.com)" 22 **0/22551**
57.141.20.57 - - [18/Mar/2026:06:05:30 -0700] "GET /shopdetail/3790601799.html?fileloc=/home/fmbi332s7bv7/public_html/wp-activate.php&path=/home/fmbi332s7bv7/public_html HTTP/2.0" 404 - "-" "meta-externalagent/1.1 (+https://developers.facebook.com/docs/sharing/webmasters/crawler)" 13 **0/13710**
216.73.216.106 - - [18/Mar/2026:06:05:31 -0700] "GET /shopdetail/1618211286.html?path=%2Fhome%2Ffmbi332s7bv7%2Fpublic_html%2Fwp-admin HTTP/2.0" 404 - "-" "Mozilla/5.0 AppleWebKit/537.36 (KHTML, like Gecko; compatible; ClaudeBot/1.0; +claudebot@anthropic.com)" 25 **0/25123**
57.141.20.16 - - [18/Mar/2026:06:05:33 -0700] "GET /shopdetail/1536121982.html?fileloc=/home/fmbi332s7bv7/public_html/index.php&path=/home/fmbi332s7bv7/public_html HTTP/2.0" 404 - "-" "meta-externalagent/1.1 (+https://developers.facebook.com/docs/sharing/webmasters/crawler)" 17 **0/17567**
74.7.227.150 - - [18/Mar/2026:06:05:33 -0700] "GET /?path=//proc/self/root/proc/thread-self/root/proc/thread-self/root/proc/thread-self/root/proc/self/root/proc/self/root/proc/thread-self/root/usr/lib/.build-id/20 HTTP/2.0" 404 - "https://www.powerchemyapikimyasallari.com/?path=//proc/self/root/proc/thread-self/root/proc/thread-self/root/proc/thread-self/root/proc/self/root/proc/self/root/proc/thread-self/root/usr/lib/.build-id" "Mozilla/5.0 AppleWebKit/537.36 (KHTML, like Gecko; compatible; GPTBot/1.3; +https://openai.com/gptbot)" 13 **0/13078**
216.73.216.106 - - [18/Mar/2026:06:05:34 -0700] "GET /shopdetail/526750147.html?fileloc=%2Fhome%2Ffmbi332s7bv7%2Fpublic_html%2Fwp-admin%2Ftheme-editor.php&path=%2Fhome%2Ffmbi332s7bv7%2Fpublic_html%2Fwp-admin HTTP/2.0" 404 - "-" "Mozilla/5.0 AppleWebKit/537.36 (KHTML, like Gecko; compatible; ClaudeBot/1.0; +claudebot@anthropic.com)" 13 **0/13152**
57.141.20.55 - - [18/Mar/2026:06:05:36 -0700] "GET /shopdetail/2814934533.html?fileloc=/home/fmbi332s7bv7/public_html/wp-activate.php&path=/home/fmbi332s7bv7/public_html HTTP/2.0" 404 - "-" "meta-externalagent/1.1 (+https://developers.facebook.com/docs/sharing/webmasters/crawler)" 13 **0/13554**
74.7.227.9 - - [18/Mar/2026:06:05:36 -0700] "GET /?path=//proc/self/root/proc/thread-self/root/proc/thread-self/root/proc/thread-self/root/proc/self/root/proc/thread-self/root/proc/thread-self/root/etc/cl.selector.conf.d/php.extensions.d HTTP/2.0" 404 - "https://powerchemyapikimyasallari.com/?path=//proc/self/root/proc/thread-self/root/proc/thread-self/root/proc/thread-self/root/proc/self/root/proc/thread-self/root/proc/thread-self/root/etc/cl.selector.conf.d" "Mozilla/5.0 AppleWebKit/537.36 (KHTML, like Gecko; compatible; GPTBot/1.3; +https://openai.com/gptbot)" 14 **0/14909**
216.73.216.106 - - [18/Mar/2026:06:05:37 -0700] "GET /shopdetail/1261565212.html?path=%2Fhome%2Ffmbi332s7bv7%2Fapplication_backups HTTP/2.0" 404 - "-" "Mozilla/5.0 AppleWebKit/537.36 (KHTML, like Gecko; compatible; ClaudeBot/1.0; +claudebot@anthropic.com)" 13 **0/13689**
57.141.20.44 - - [18/Mar/2026:06:05:39 -0700] "GET /shopdetail/718149934.html?fileloc=/home/fmbi332s7bv7/public_html/xmlrpc.php&path=/home/fmbi332s7bv7/public_html HTTP/2.0" 404 - "-" "meta-externalagent/1.1 (+https://developers.facebook.com/docs/sharing/webmasters/crawler)" 17 **0/17559**
216.73.216.106 - - [18/Mar/2026:06:05:40 -0700] "GET /author/admin/feed?fileloc=%2F%2Fusr%2Flib%2Ffirmware%2Fiwlwifi-QuZ-a0-hr-b0-66.ucode&path=%2F%2Fusr%2Flib%2Ffirmware HTTP/2.0" 404 - "-" "Mozilla/5.0 AppleWebKit/537.36 (KHTML, like Gecko; compatible; ClaudeBot/1.0; +claudebot@anthropic.com)" 14 **0/14602**
57.141.20.41 - - [18/Mar/2026:06:05:41 -0700] "GET /shopdetail/4028889446.html?fileloc=/home/fmbi332s7bv7/public_html/txets.php&path=/home/fmbi332s7bv7/public_html HTTP/2.0" 404 - "-" "meta-externalagent/1.1 (+https://developers.facebook.com/docs/sharing/webmasters/crawler)" 13 **0/13778**
216.73.216.106 - - [18/Mar/2026:06:05:43 -0700] "GET /shopdetail/28666599.html?path=%2Fhome%2Ffmbi332s7bv7 HTTP/2.0" 404 - "-" "Mozilla/5.0 AppleWebKit/537.36 (KHTML, like Gecko; compatible; ClaudeBot/1.0; +claudebot@anthropic.com)" 11 **0/11934**
57.141.20.54 - - [18/Mar/2026:06:05:44 -0700] "GET /shopdetail/3594463195.html?fileloc=/home/fmbi332s7bv7/public_html/robots.txt&path=/home/fmbi332s7bv7/public_html HTTP/2.0" 404 - "-" "meta-externalagent/1.1 (+https://developers.facebook.com/docs/sharing/webmasters/crawler)" 13 **0/13614**
216.73.216.106 - - [18/Mar/2026:06:05:46 -0700] "GET /shopdetail/384108302.html?fileloc=%2Fhome%2Ffmbi332s7bv7%2Fpublic_html%2Fwp-admin%2Fadmin-header.php&path=%2Fhome%2Ffmbi332s7bv7%2Fpublic_html%2Fwp-admin HTTP/2.0" 404 - "-" "Mozilla/5.0 AppleWebKit/537.36 (KHTML, like Gecko; compatible; ClaudeBot/1.0; +claudebot@anthropic.com)" 13 **0/13044**
57.141.20.14 - - [18/Mar/2026:06:05:47 -0700] "GET /shopdetail/2409072505.html?fileloc=/home/fmbi332s7bv7/public_html/txets.php&path=/home/fmbi332s7bv7/public_html HTTP/2.0" 404 - "-" "meta-externalagent/1.1 (+https://developers.facebook.com/docs/sharing/webmasters/crawler)" 18 **0/18025**
216.73.216.106 - - [18/Mar/2026:06:05:49 -0700] "GET /hello-world?fileloc=%2F%2Fusr%2Fshare%2Fman%2Fman1%2Fcolrm.1.gz&path=%2F%2Fusr%2Fshare%2Fman%2Fman1 HTTP/2.0" 404 - "-" "Mozilla/5.0 AppleWebKit/537.36 (KHTML, like Gecko; compatible; ClaudeBot/1.0; +claudebot@anthropic.com)" 13 **0/13093**
57.141.20.31 - - [18/Mar/2026:06:05:50 -0700] "GET /shopdetail/3797008945.html?fileloc=/home/fmbi332s7bv7/public_html/wp-config.php&path=/home/fmbi332s7bv7/public_html HTTP/2.0" 404 - "-" "meta-externalagent/1.1 (+https://developers.facebook.com/docs/sharing/webmasters/crawler)" 13 **0/13059**
57.141.20.28 - - [18/Mar/2026:06:05:52 -0700] "GET /shopdetail/637245645.html?fileloc=/home/fmbi332s7bv7/public_html/xmlrpc.php&path=/home/fmbi332s7bv7/public_html HTTP/2.0" 404 - "-" "meta-externalagent/1.1 (+https://developers.facebook.com/docs/sharing/webmasters/crawler)" 12 **0/12268**
216.73.216.106 - - [18/Mar/2026:06:05:52 -0700] "GET /shopdetail/2140353900.html?path=%2Fhome%2Ffmbi332s7bv7%2Fpublic_html%2Fwp-includes%2FID3 HTTP/2.0" 404 - "-" "Mozilla/5.0 AppleWebKit/537.36 (KHTML, like Gecko; compatible; ClaudeBot/1.0; +claudebot@anthropic.com)" 11 **0/11993**
57.141.20.13 - - [18/Mar/2026:06:05:55 -0700] "GET /shopdetail/3655583239.html?fileloc=/home/fmbi332s7bv7/public_html/wp-comments-post.php&path=/home/fmbi332s7bv7/public_html HTTP/2.0" 404 - "-" "meta-externalagent/1.1 (+https://developers.facebook.com/docs/sharing/webmasters/crawler)" 13 **0/13716**
216.73.216.106 - - [18/Mar/2026:06:05:55 -0700] "GET /shopdetail/2179935698.html?path=%2Fhome%2Ffmbi332s7bv7 HTTP/2.0" 404 - "-" "Mozilla/5.0 AppleWebKit/537.36 (KHTML, like Gecko; compatible; ClaudeBot/1.0; +claudebot@anthropic.com)" 12 **0/12341**
57.141.20.14 - - [18/Mar/2026:06:05:58 -0700] "GET /shopdetail/2519531499.html?fileloc=/home/fmbi332s7bv7/public_html/wp-activate.php&path=/home/fmbi332s7bv7/public_html HTTP/2.0" 404 - "-" "meta-externalagent/1.1 (+https://developers.facebook.com/docs/sharing/webmasters/crawler)" 11 **0/11601**
216.73.216.106 - - [18/Mar/2026:06:05:58 -0700] "GET /shopdetail/3223139382.html?fileloc=%2F%2Fsbin%2Fpluginviewer&path=%2F%2Fsbin HTTP/2.0" 404 - "-" "Mozilla/5.0 AppleWebKit/537.36 (KHTML, like Gecko; compatible; ClaudeBot/1.0; +claudebot@anthropic.com)" 20 **0/20233**
57.141.20.4 - - [18/Mar/2026:06:06:00 -0700] "GET /shopdetail/2256480478.html?fileloc=/home/fmbi332s7bv7/public_html/txets.php&path=/home/fmbi332s7bv7/public_html HTTP/2.0" 404 - "-" "meta-externalagent/1.1 (+https://developers.facebook.com/docs/sharing/webmasters/crawler)" 18 **0/18749**
216.73.216.106 - - [18/Mar/2026:06:06:01 -0700] "GET /hello-world?fileloc=%2F%2Fusr%2Fshare%2Fman%2Fman1%2Ftar.1.gz&path=%2F%2Fusr%2Fshare%2Fman%2Fman1 HTTP/2.0" 404 - "-" "Mozilla/5.0 AppleWebKit/537.36 (KHTML, like Gecko; compatible; ClaudeBot/1.0; +claudebot@anthropic.com)" 22 **0/22740**
57.141.20.12 - - [18/Mar/2026:06:06:03 -0700] "GET /shopdetail/1324852193.html?fileloc=/home/fmbi332s7bv7/public_html/robots.txt&path=/home/fmbi332s7bv7/public_html HTTP/2.0" 404 - "-" "meta-externalagent/1.1 (+https://developers.facebook.com/docs/sharing/webmasters/crawler)" 15 **0/15158**
216.73.216.106 - - [18/Mar/2026:06:06:04 -0700] "GET /shopdetail/1285963157.html?fileloc=%2F%2Fbin%2Fbzip2&path=%2F%2Fbin HTTP/2.0" 404 - "-" "Mozilla/5.0 AppleWebKit/537.36 (KHTML, like Gecko; compatible; ClaudeBot/1.0; +claudebot@anthropic.com)" 17 **0/17198**
74.7.227.9 - - [18/Mar/2026:06:06:05 -0700] "GET /?path=//proc/self/root/proc/thread-self/root/proc/thread-self/root/proc/thread-self/root/proc/self/root/proc/thread-self/root/proc/self/root/etc/cl.selector.conf.d/php.extensions.d HTTP/2.0" 404 - "https://powerchemyapikimyasallari.com/?path=//proc/self/root/proc/thread-self/root/proc/thread-self/root/proc/thread-self/root/proc/self/root/proc/thread-self/root/proc/self/root/etc/cl.selector.conf.d" "Mozilla/5.0 AppleWebKit/537.36 (KHTML, like Gecko; compatible; GPTBot/1.3; +https://openai.com/gptbot)" 12 **0/12034**
57.141.20.20 - - [18/Mar/2026:06:06:06 -0700] "GET /shopdetail/2220684102.html?fileloc=/home/fmbi332s7bv7/public_html/orpcw.php&path=/home/fmbi332s7bv7/public_html HTTP/2.0" 404 - "-" "meta-externalagent/1.1 (+https://developers.facebook.com/docs/sharing/webmasters/crawler)" 20 **0/20674**
57.141.20.48 - - [18/Mar/2026:06:06:09 -0700] "GET /shopdetail/337537472.html?fileloc=/home/fmbi332s7bv7/public_html/robots.txt&path=/home/fmbi332s7bv7/public_html HTTP/2.0" 404 - "-" "meta-externalagent/1.1 (+https://developers.facebook.com/docs/sharing/webmasters/crawler)" 12 **0/12557**
57.141.20.26 - - [18/Mar/2026:06:06:12 -0700] "GET /shopdetail/2947214476.html?fileloc=/home/fmbi332s7bv7/public_html/wp-settings.php&path=/home/fmbi332s7bv7/public_html HTTP/2.0" 404 - "-" "meta-externalagent/1.1 (+https://developers.facebook.com/docs/sharing/webmasters/crawler)" 14 **0/14755**
216.73.216.106 - - [18/Mar/2026:06:06:12 -0700] "GET /author/admin/feed?fileloc=%2F%2Fopt%2Falt%2Falt-ImageMagick%2Fusr%2Fshare%2Fman%2Fman1%2Fconjure.1&path=%2F%2Fopt%2Falt%2Falt-ImageMagick%2Fusr%2Fshare%2Fman%2Fman1 HTTP/2.0" 404 - "-" "Mozilla/5.0 AppleWebKit/537.36 (KHTML, like Gecko; compatible; ClaudeBot/1.0; +claudebot@anthropic.com)" 18 **0/18954**
57.141.20.28 - - [18/Mar/2026:06:06:14 -0700] "GET /shopdetail/3469307311.html?fileloc=/home/fmbi332s7bv7/public_html/wp-activate.php&path=/home/fmbi332s7bv7/public_html HTTP/2.0" 404 - "-" "meta-externalagent/1.1 (+https://developers.facebook.com/docs/sharing/webmasters/crawler)" 11 **0/11108**
216.73.216.106 - - [18/Mar/2026:06:06:14 -0700] "GET /shopdetail/2178887182.html?path=%2Fhome%2Ffmbi332s7bv7 HTTP/2.0" 404 - "-" "Mozilla/5.0 AppleWebKit/537.36 (KHTML, like Gecko; compatible; ClaudeBot/1.0; +claudebot@anthropic.com)" 11 **0/11340**
57.141.20.6 - - [18/Mar/2026:06:06:17 -0700] "GET /shopdetail/290567870.html?fileloc=/home/fmbi332s7bv7/public_html/wp-cron.php&path=/home/fmbi332s7bv7/public_html HTTP/2.0" 404 - "-" "meta-externalagent/1.1 (+https://developers.facebook.com/docs/sharing/webmasters/crawler)" 12 **0/12177**
216.73.216.106 - - [18/Mar/2026:06:06:17 -0700] "GET /shopdetail/525898558.html?fileloc=%2Fhome%2Ffmbi332s7bv7%2Fpublic_html%2Fwp-admin%2Fauthorize-application.php&path=%2Fhome%2Ffmbi332s7bv7%2Fpublic_html%2Fwp-admin HTTP/2.0" 404 - "-" "Mozilla/5.0 AppleWebKit/537.36 (KHTML, like Gecko; compatible; ClaudeBot/1.0; +claudebot@anthropic.com)" 16 **0/16847**
57.141.20.44 - - [18/Mar/2026:06:06:20 -0700] "GET /shopdetail/438697320.html?fileloc=/home/fmbi332s7bv7/public_html/wp-activate.php&path=/home/fmbi332s7bv7/public_html HTTP/2.0" 404 - "-" "meta-externalagent/1.1 (+https://developers.facebook.com/docs/sharing/webmasters/crawler)" 12 **0/12418**
216.73.216.106 - - [18/Mar/2026:06:06:20 -0700] "GET /shopdetail/2209028714.html?fileloc=%2F%2Flib64%2Flibhdf5_hl_cpp.so.100&path=%2F%2Flib64 HTTP/2.0" 404 - "-" "Mozilla/5.0 AppleWebKit/537.36 (KHTML, like Gecko; compatible; ClaudeBot/1.0; +claudebot@anthropic.com)" 13 **0/13268**
57.141.20.49 - - [18/Mar/2026:06:06:22 -0700] "GET /shopdetail/4277616979.html?fileloc=/home/fmbi332s7bv7/public_html/wp-cron.php&path=/home/fmbi332s7bv7/public_html HTTP/2.0" 404 - "-" "meta-externalagent/1.1 (+https://developers.facebook.com/docs/sharing/webmasters/crawler)" 36 **0/36021**
216.73.216.106 - - [18/Mar/2026:06:06:23 -0700] "GET /hello-world?fileloc=%2F%2Fusr%2Fshare%2Fman%2Fman1%2Ffree.1.gz&path=%2F%2Fusr%2Fshare%2Fman%2Fman1 HTTP/2.0" 404 - "-" "Mozilla/5.0 AppleWebKit/537.36 (KHTML, like Gecko; compatible; ClaudeBot/1.0; +claudebot@anthropic.com)" 12 **0/12883**
57.141.20.7 - - [18/Mar/2026:06:06:25 -0700] "GET /shopdetail/3969960215.html?fileloc=/home/fmbi332s7bv7/public_html/wp-comments-post.php&path=/home/fmbi332s7bv7/public_html HTTP/2.0" 404 - "-" "meta-externalagent/1.1 (+https://developers.facebook.com/docs/sharing/webmasters/crawler)" 14 **0/14288**
216.73.216.106 - - [18/Mar/2026:06:06:26 -0700] "GET /shopdetail/488255387.html?fileloc=%2Fhome%2Ffmbi332s7bv7%2Fpublic_html%2Fwp-includes%2Fclass-wp-oembed.php&path=%2Fhome%2Ffmbi332s7bv7%2Fpublic_html%2Fwp-includes HTTP/2.0" 404 - "-" "Mozilla/5.0 AppleWebKit/537.36 (KHTML, like Gecko; compatible; ClaudeBot/1.0; +claudebot@anthropic.com)" 13 **0/13066**
57.141.20.48 - - [18/Mar/2026:06:06:28 -0700] "GET /shopdetail/4107987313.html?fileloc=/home/fmbi332s7bv7/public_html/wp-blog-header.php&path=/home/fmbi332s7bv7/public_html HTTP/2.0" 404 - "-" "meta-externalagent/1.1 (+https://developers.facebook.com/docs/sharing/webmasters/crawler)" 14 **0/14525**
216.73.216.106 - - [18/Mar/2026:06:06:29 -0700] "GET /shopdetail/3161641060.html?fileloc=%2F%2Fsbin%2Fcracklib-packer&path=%2F%2Fsbin HTTP/2.0" 404 - "-" "Mozilla/5.0 AppleWebKit/537.36 (KHTML, like Gecko; compatible; ClaudeBot/1.0; +claudebot@anthropic.com)" 10 **0/10032**
57.141.20.30 - - [18/Mar/2026:06:06:31 -0700] "GET /shopdetail/729219012.html?fileloc=/home/fmbi332s7bv7/public_html/wp-comments-post.php&path=/home/fmbi332s7bv7/public_html HTTP/2.0" 404 - "-" "meta-externalagent/1.1 (+https://developers.facebook.com/docs/sharing/webmasters/crawler)" 13 **0/13869**
74.7.227.9 - - [18/Mar/2026:06:06:32 -0700] "GET /?path=//proc/self/root/proc/thread-self/root/proc/thread-self/root/proc/thread-self/root/proc/self/root/proc/thread-self/root/proc/self/root/proc/self/root/proc/self/root/proc/self/root/proc/self/root/usr/lib/locale/en_BW HTTP/2.0" 404 - "https://powerchemyapikimyasallari.com/?path=//proc/self/root/proc/thread-self/root/proc/thread-self/root/proc/thread-self/root/proc/self/root/proc/thread-self/root/proc/self/root/proc/self/root/proc/self/root/proc/self/root/proc/self/root/usr/lib/locale" "Mozilla/5.0 AppleWebKit/537.36 (KHTML, like Gecko; compatible; GPTBot/1.3; +https://openai.com/gptbot)" 19 **0/19263**
216.73.216.106 - - [18/Mar/2026:06:06:32 -0700] "GET /shopdetail/2034533045.html?fileloc=%2Fhome%2Ffmbi332s7bv7%2Fpublic_html%2Fwp-admin%2Fadmin-functions.php&path=%2Fhome%2Ffmbi332s7bv7%2Fpublic_html%2Fwp-admin HTTP/2.0" 404 - "-" "Mozilla/5.0 AppleWebKit/537.36 (KHTML, like Gecko; compatible; ClaudeBot/1.0; +claudebot@anthropic.com)" 14 **0/14989**
57.141.20.31 - - [18/Mar/2026:06:06:34 -0700] "GET /shopdetail/825763662.html?fileloc=/home/fmbi332s7bv7/public_html/wp-blog-header.php&path=/home/fmbi332s7bv7/public_html HTTP/2.0" 404 - "-" "meta-externalagent/1.1 (+https://developers.facebook.com/docs/sharing/webmasters/crawler)" 11 **0/11092**
216.73.216.106 - - [18/Mar/2026:06:06:35 -0700] "GET /shopdetail/3812561839.html?fileloc=%2F%2Fbin%2Frview&path=%2F%2Fbin HTTP/2.0" 404 - "-" "Mozilla/5.0 AppleWebKit/537.36 (KHTML, like Gecko; compatible; ClaudeBot/1.0; +claudebot@anthropic.com)" 12 **0/12341**
57.141.20.37 - - [18/Mar/2026:06:06:36 -0700] "GET /shopdetail/967836665.html?fileloc=/home/fmbi332s7bv7/public_html/readme.html&path=/home/fmbi332s7bv7/public_html HTTP/2.0" 404 - "-" "meta-externalagent/1.1 (+https://developers.facebook.com/docs/sharing/webmasters/crawler)" 12 **0/12856**
74.7.227.150 - - [18/Mar/2026:06:06:38 -0700] "GET /?path=//proc/self/root/proc/thread-self/root/proc/thread-self/root/proc/thread-self/root/proc/self/root/proc/self/root/proc/thread-self/root/lib/.build-id/5e HTTP/2.0" 404 - "https://www.powerchemyapikimyasallari.com/?path=//proc/self/root/proc/thread-self/root/proc/thread-self/root/proc/thread-self/root/proc/self/root/proc/self/root/proc/thread-self/root/lib/.build-id" "Mozilla/5.0 AppleWebKit/537.36 (KHTML, like Gecko; compatible; GPTBot/1.3; +https://openai.com/gptbot)" 20 **0/20216**
216.73.216.106 - - [18/Mar/2026:06:06:38 -0700] "GET /shopdetail/3951927881.html?fileloc=%2F%2Fbin%2Fpre-grohtml&path=%2F%2Fbin HTTP/2.0" 404 - "-" "Mozilla/5.0 AppleWebKit/537.36 (KHTML, like Gecko; compatible; ClaudeBot/1.0; +claudebot@anthropic.com)" 15 **0/15538**
74.7.228.44 - - [18/Mar/2026:06:06:39 -0700] "GET /robots.txt HTTP/2.0" 200 87 "-" "Mozilla/5.0 (Macintosh; Intel Mac OS X 10_15_7) AppleWebKit/537.36 (KHTML, like Gecko) Chrome/131.0.0.0 Safari/537.36; compatible; OAI-SearchBot/1.3; robots.txt; +https://openai.com/searchbot" 16 **0/16369**
57.141.20.15 - - [18/Mar/2026:06:06:39 -0700] "GET /shopdetail/3187574662.html?fileloc=/home/fmbi332s7bv7/public_html/wp-settings.php&path=/home/fmbi332s7bv7/public_html HTTP/2.0" 404 - "-" "meta-externalagent/1.1 (+https://developers.facebook.com/docs/sharing/webmasters/crawler)" 13 **0/13177**
216.73.216.106 - - [18/Mar/2026:06:06:41 -0700] "GET /shopdetail/1503205477.html?fileloc=%2Fhome%2Ffmbi332s7bv7%2Fpublic_html%2Fwp-includes%2Fblock-template-utils.php&path=%2Fhome%2Ffmbi332s7bv7%2Fpublic_html%2Fwp-includes HTTP/2.0" 404 - "-" "Mozilla/5.0 AppleWebKit/537.36 (KHTML, like Gecko; compatible; ClaudeBot/1.0; +claudebot@anthropic.com)" 15 **0/15246**
57.141.20.50 - - [18/Mar/2026:06:06:42 -0700] "GET /public/discovering-the-hidden-strategies-for-winning-big-at-casino-tables/?fileloc=/home/fmbi332s7bv7/public_html/xmlrpc.php&path=/home/fmbi332s7bv7/public_html HTTP/2.0" 404 - "-" "meta-externalagent/1.1 (+https://developers.facebook.com/docs/sharing/webmasters/crawler)" 12 **0/12838**
216.73.216.106 - - [18/Mar/2026:06:06:44 -0700] "GET /shopdetail/1520200037.html?fileloc=%2Fhome%2Ffmbi332s7bv7%2Fpublic_html%2Fwp-includes%2Fcss%2Fbuttons-rtl.min.css&path=%2Fhome%2Ffmbi332s7bv7%2Fpublic_html%2Fwp-includes%2Fcss HTTP/2.0" 404 - "-" "Mozilla/5.0 AppleWebKit/537.36 (KHTML, like Gecko; compatible; ClaudeBot/1.0; +claudebot@anthropic.com)" 12 **0/12271**
