216.73.216.106 - - [18/Mar/2026:07:36:59 -0700] "GET /author/admin/feed?fileloc=%2Fhome%2Ffmbi332s7bv7%2Fwww%2Fwp-includes%2Fclass-walker-page.php&path=%2Fhome%2Ffmbi332s7bv7%2Fwww%2Fwp-includes HTTP/2.0" 404 - "-" "Mozilla/5.0 AppleWebKit/537.36 (KHTML, like Gecko; compatible; ClaudeBot/1.0; +claudebot@anthropic.com)" 11 **0/11676**
216.73.216.106 - - [18/Mar/2026:07:37:02 -0700] "GET /shopdetail/364228224.html?path=%2Fhome%2Ffmbi332s7bv7%2Fpublic_html%2Fwp-includes%2Fblocks%2Fsearch HTTP/2.0" 404 - "-" "Mozilla/5.0 AppleWebKit/537.36 (KHTML, like Gecko; compatible; ClaudeBot/1.0; +claudebot@anthropic.com)" 12 **0/12763**
57.141.20.24 - - [18/Mar/2026:07:37:02 -0700] "GET /shopdetail/3932319199.html?fileloc=/home/fmbi332s7bv7/public_html/wp-activate.php&path=/home/fmbi332s7bv7/public_html HTTP/2.0" 404 - "-" "meta-externalagent/1.1 (+https://developers.facebook.com/docs/sharing/webmasters/crawler)" 13 **0/13716**
216.73.216.106 - - [18/Mar/2026:07:37:05 -0700] "GET /shopdetail/1519511955.html?fileloc=%2F%2Fsbin%2Fpluginviewer&path=%2F%2Fsbin HTTP/2.0" 404 - "-" "Mozilla/5.0 AppleWebKit/537.36 (KHTML, like Gecko; compatible; ClaudeBot/1.0; +claudebot@anthropic.com)" 11 **0/11231**
57.141.20.30 - - [18/Mar/2026:07:37:07 -0700] "GET /shopdetail/3568926179.html?fileloc=/home/fmbi332s7bv7/public_html/wp-activate.php&path=/home/fmbi332s7bv7/public_html HTTP/2.0" 404 - "-" "meta-externalagent/1.1 (+https://developers.facebook.com/docs/sharing/webmasters/crawler)" 14 **0/14915**
216.73.216.106 - - [18/Mar/2026:07:37:08 -0700] "GET /shopdetail/1520200037.html?fileloc=%2Fhome%2Ffmbi332s7bv7%2Fpublic_html%2Fwp-admin%2Fedit-form-comment.php&path=%2Fhome%2Ffmbi332s7bv7%2Fpublic_html%2Fwp-admin HTTP/2.0" 404 - "-" "Mozilla/5.0 AppleWebKit/537.36 (KHTML, like Gecko; compatible; ClaudeBot/1.0; +claudebot@anthropic.com)" 14 **0/14093**
216.73.216.106 - - [18/Mar/2026:07:37:11 -0700] "GET /shopdetail/1285963157.html?fileloc=%2F%2Fbin%2Fstream&path=%2F%2Fbin HTTP/2.0" 404 - "-" "Mozilla/5.0 AppleWebKit/537.36 (KHTML, like Gecko; compatible; ClaudeBot/1.0; +claudebot@anthropic.com)" 18 **0/18865**
57.141.20.23 - - [18/Mar/2026:07:37:12 -0700] "GET /shopdetail/3070828183.html?fileloc=/home/fmbi332s7bv7/public_html/wp-activate.php&path=/home/fmbi332s7bv7/public_html HTTP/2.0" 404 - "-" "meta-externalagent/1.1 (+https://developers.facebook.com/docs/sharing/webmasters/crawler)" 33 **0/33162**
216.73.216.106 - - [18/Mar/2026:07:37:14 -0700] "GET /shopdetail/3812561839.html?fileloc=%2F%2Fbin%2Fmkdir&path=%2F%2Fbin HTTP/2.0" 404 - "-" "Mozilla/5.0 AppleWebKit/537.36 (KHTML, like Gecko; compatible; ClaudeBot/1.0; +claudebot@anthropic.com)" 11 **0/11507**
216.73.216.106 - - [18/Mar/2026:07:37:17 -0700] "GET /shopdetail/1944057507.html?fileloc=%2Fhome%2Ffmbi332s7bv7%2Fpublic_html%2Fwp-includes%2Fclass-wp-error.php&path=%2Fhome%2Ffmbi332s7bv7%2Fpublic_html%2Fwp-includes HTTP/2.0" 404 - "-" "Mozilla/5.0 AppleWebKit/537.36 (KHTML, like Gecko; compatible; ClaudeBot/1.0; +claudebot@anthropic.com)" 16 **0/16148**
57.141.20.33 - - [18/Mar/2026:07:37:18 -0700] "GET /shopdetail/3129129149.html?fileloc=/home/fmbi332s7bv7/public_html/wp-comments-post.php&path=/home/fmbi332s7bv7/public_html HTTP/2.0" 404 - "-" "meta-externalagent/1.1 (+https://developers.facebook.com/docs/sharing/webmasters/crawler)" 14 **0/14373**
74.7.227.9 - - [18/Mar/2026:07:37:20 -0700] "GET /?path=//proc/self/root/proc/thread-self/root/proc/thread-self/root/proc/thread-self/root/proc/self/root/proc/thread-self/root/lib/.build-id/f3 HTTP/2.0" 404 - "https://powerchemyapikimyasallari.com/?path=//proc/self/root/proc/thread-self/root/proc/thread-self/root/proc/thread-self/root/proc/self/root/proc/thread-self/root/lib/.build-id" "Mozilla/5.0 AppleWebKit/537.36 (KHTML, like Gecko; compatible; GPTBot/1.3; +https://openai.com/gptbot)" 20 **0/20285**
216.73.216.106 - - [18/Mar/2026:07:37:20 -0700] "GET /shopdetail/421591701.html?fileloc=%2Fhome%2Ffmbi332s7bv7%2Fpublic_html%2Fwp-includes%2Fblock-editor.php&path=%2Fhome%2Ffmbi332s7bv7%2Fpublic_html%2Fwp-includes HTTP/2.0" 404 - "-" "Mozilla/5.0 AppleWebKit/537.36 (KHTML, like Gecko; compatible; ClaudeBot/1.0; +claudebot@anthropic.com)" 12 **0/12204**
57.141.20.43 - - [18/Mar/2026:07:37:23 -0700] "GET /shopdetail/631539559.html?fileloc=/home/fmbi332s7bv7/public_html/wp-activate.php&path=/home/fmbi332s7bv7/public_html HTTP/2.0" 404 - "-" "meta-externalagent/1.1 (+https://developers.facebook.com/docs/sharing/webmasters/crawler)" 15 **0/15689**
216.73.216.106 - - [18/Mar/2026:07:37:23 -0700] "GET /hello-world?fileloc=%2F%2Fhome%2Ffmbi332s7bv7%2Fwww%2Fwp-admin%2Fasync-upload.php&path=%2F%2Fhome%2Ffmbi332s7bv7%2Fwww%2Fwp-admin HTTP/2.0" 404 - "-" "Mozilla/5.0 AppleWebKit/537.36 (KHTML, like Gecko; compatible; ClaudeBot/1.0; +claudebot@anthropic.com)" 11 **0/11250**
216.73.216.106 - - [18/Mar/2026:07:37:26 -0700] "GET /author/admin/feed?fileloc=%2Fhome%2Ffmbi332s7bv7%2Fwww%2Fwp-admin%2Fincludes%2Fmedia.php&path=%2Fhome%2Ffmbi332s7bv7%2Fwww%2Fwp-admin%2Fincludes HTTP/2.0" 404 - "-" "Mozilla/5.0 AppleWebKit/537.36 (KHTML, like Gecko; compatible; ClaudeBot/1.0; +claudebot@anthropic.com)" 11 **0/11105**
57.141.20.52 - - [18/Mar/2026:07:37:28 -0700] "GET /shopdetail/2401424401.html?fileloc=/home/fmbi332s7bv7/public_html/txets.php&path=/home/fmbi332s7bv7/public_html HTTP/2.0" 404 - "-" "meta-externalagent/1.1 (+https://developers.facebook.com/docs/sharing/webmasters/crawler)" 14 **0/14925**
216.73.216.106 - - [18/Mar/2026:07:37:29 -0700] "GET /shopdetail/3129783465.html?path=%2Fhome%2Ffmbi332s7bv7%2Fpublic_html HTTP/2.0" 404 - "-" "Mozilla/5.0 AppleWebKit/537.36 (KHTML, like Gecko; compatible; ClaudeBot/1.0; +claudebot@anthropic.com)" 11 **0/11295**
216.73.216.106 - - [18/Mar/2026:07:37:32 -0700] "GET /shopdetail/2958453425.html?path=%2Fhome%2Ffmbi332s7bv7%2Fpublic_html%2Fwp-content HTTP/2.0" 404 - "-" "Mozilla/5.0 AppleWebKit/537.36 (KHTML, like Gecko; compatible; ClaudeBot/1.0; +claudebot@anthropic.com)" 10 **0/10148**
57.141.20.18 - - [18/Mar/2026:07:37:33 -0700] "GET /shopdetail/4076328621.html?fileloc=/home/fmbi332s7bv7/public_html/wp-activate.php&path=/home/fmbi332s7bv7/public_html HTTP/2.0" 404 - "-" "meta-externalagent/1.1 (+https://developers.facebook.com/docs/sharing/webmasters/crawler)" 13 **0/13283**
216.73.216.106 - - [18/Mar/2026:07:37:35 -0700] "GET /shopdetail/488255387.html?fileloc=%2Fhome%2Ffmbi332s7bv7%2Fpublic_html%2Fwp-includes%2Fdefault-widgets.php&path=%2Fhome%2Ffmbi332s7bv7%2Fpublic_html%2Fwp-includes HTTP/2.0" 404 - "-" "Mozilla/5.0 AppleWebKit/537.36 (KHTML, like Gecko; compatible; ClaudeBot/1.0; +claudebot@anthropic.com)" 15 **0/15876**
57.141.20.6 - - [18/Mar/2026:07:37:39 -0700] "GET /shopdetail/976383542.html?fileloc=/home/fmbi332s7bv7/public_html/robots.txt&path=/home/fmbi332s7bv7/public_html HTTP/2.0" 404 - "-" "meta-externalagent/1.1 (+https://developers.facebook.com/docs/sharing/webmasters/crawler)" 16 **0/16677**
216.73.216.106 - - [18/Mar/2026:07:37:39 -0700] "GET /shopdetail/2960877607.html?path=%2Fhome%2Ffmbi332s7bv7%2Fpublic_html HTTP/2.0" 404 - "-" "Mozilla/5.0 AppleWebKit/537.36 (KHTML, like Gecko; compatible; ClaudeBot/1.0; +claudebot@anthropic.com)" 11 **0/11819**
216.73.216.106 - - [18/Mar/2026:07:37:41 -0700] "GET /shopdetail/3161641060.html?fileloc=%2F%2Fbin%2Ftaskset&path=%2F%2Fbin HTTP/2.0" 404 - "-" "Mozilla/5.0 AppleWebKit/537.36 (KHTML, like Gecko; compatible; ClaudeBot/1.0; +claudebot@anthropic.com)" 11 **0/11206**
57.141.20.1 - - [18/Mar/2026:07:37:44 -0700] "GET /shopdetail/787103586.html?fileloc=/home/fmbi332s7bv7/public_html/wp-mail.php&path=/home/fmbi332s7bv7/public_html HTTP/2.0" 404 - "-" "meta-externalagent/1.1 (+https://developers.facebook.com/docs/sharing/webmasters/crawler)" 12 **0/12645**
216.73.216.106 - - [18/Mar/2026:07:37:44 -0700] "GET /shopdetail/3864188511.html?path=%2Fhome%2Ffmbi332s7bv7%2Fssl HTTP/2.0" 404 - "-" "Mozilla/5.0 AppleWebKit/537.36 (KHTML, like Gecko; compatible; ClaudeBot/1.0; +claudebot@anthropic.com)" 15 **0/15479**
216.73.216.106 - - [18/Mar/2026:07:37:47 -0700] "GET /shopdetail/3874072461.html?path=%2Fhome%2Ffmbi332s7bv7%2Fpublic_html%2Fwp-content HTTP/2.0" 404 - "-" "Mozilla/5.0 AppleWebKit/537.36 (KHTML, like Gecko; compatible; ClaudeBot/1.0; +claudebot@anthropic.com)" 19 **0/19274**
74.7.227.9 - - [18/Mar/2026:07:37:49 -0700] "GET /?path=//proc/self/root/proc/thread-self/root/proc/thread-self/root/proc/thread-self/root/proc/self/root/proc/thread-self/root/lib/.build-id/7b HTTP/2.0" 404 - "https://powerchemyapikimyasallari.com/?path=//proc/self/root/proc/thread-self/root/proc/thread-self/root/proc/thread-self/root/proc/self/root/proc/thread-self/root/lib/.build-id" "Mozilla/5.0 AppleWebKit/537.36 (KHTML, like Gecko; compatible; GPTBot/1.3; +https://openai.com/gptbot)" 14 **0/14592**
57.141.20.18 - - [18/Mar/2026:07:37:49 -0700] "GET /shopdetail/4257855717.html?fileloc=/home/fmbi332s7bv7/public_html/wp-activate.php&path=/home/fmbi332s7bv7/public_html HTTP/2.0" 404 - "-" "meta-externalagent/1.1 (+https://developers.facebook.com/docs/sharing/webmasters/crawler)" 34 **0/34011**
216.73.216.106 - - [18/Mar/2026:07:37:50 -0700] "GET /shopdetail/237565719.html?fileloc=%2Fhome%2Ffmbi332s7bv7%2Fpublic_html%2Fwp-includes%2FID3%2Fmodule.audio-video.quicktime.php&path=%2Fhome%2Ffmbi332s7bv7%2Fpublic_html%2Fwp-includes%2FID3 HTTP/2.0" 404 - "-" "Mozilla/5.0 AppleWebKit/537.36 (KHTML, like Gecko; compatible; ClaudeBot/1.0; +claudebot@anthropic.com)" 13 **0/13907**
216.73.216.106 - - [18/Mar/2026:07:37:53 -0700] "GET /shopdetail/1285963157.html?path=%2F%2Flib64%2Fruby%2Fracc HTTP/2.0" 404 - "-" "Mozilla/5.0 AppleWebKit/537.36 (KHTML, like Gecko; compatible; ClaudeBot/1.0; +claudebot@anthropic.com)" 21 **0/21098**
57.141.20.47 - - [18/Mar/2026:07:37:54 -0700] "GET /shopdetail/3559397150.html?fileloc=/home/fmbi332s7bv7/public_html/txets.php&path=/home/fmbi332s7bv7/public_html HTTP/2.0" 404 - "-" "meta-externalagent/1.1 (+https://developers.facebook.com/docs/sharing/webmasters/crawler)" 19 **0/19316**
216.73.216.106 - - [18/Mar/2026:07:37:56 -0700] "GET /shopdetail/3910908021.html?path=%2Fhome%2Ffmbi332s7bv7 HTTP/2.0" 404 - "-" "Mozilla/5.0 AppleWebKit/537.36 (KHTML, like Gecko; compatible; ClaudeBot/1.0; +claudebot@anthropic.com)" 12 **0/12277**
74.7.227.150 - - [18/Mar/2026:07:37:58 -0700] "GET /?path=//proc/self/root/proc/thread-self/root/proc/thread-self/root/proc/thread-self/root/proc/self/root/proc/self/root/proc/thread-self/root/lib/.build-id/a6 HTTP/2.0" 404 - "https://www.powerchemyapikimyasallari.com/?path=//proc/self/root/proc/thread-self/root/proc/thread-self/root/proc/thread-self/root/proc/self/root/proc/self/root/proc/thread-self/root/lib/.build-id" "Mozilla/5.0 AppleWebKit/537.36 (KHTML, like Gecko; compatible; GPTBot/1.3; +https://openai.com/gptbot)" 20 **0/20475**
57.141.20.15 - - [18/Mar/2026:07:37:59 -0700] "GET /shopdetail/1901284807.html?fileloc=/home/fmbi332s7bv7/public_html/wp-mail.php&path=/home/fmbi332s7bv7/public_html HTTP/2.0" 404 - "-" "meta-externalagent/1.1 (+https://developers.facebook.com/docs/sharing/webmasters/crawler)" 11 **0/11813**
216.73.216.106 - - [18/Mar/2026:07:37:59 -0700] "GET /shopdetail/2086505675.html?fileloc=%2Fhome%2Ffmbi332s7bv7%2Fpublic_html%2Fwp-includes%2Fclass-wp-dependency.php&path=%2Fhome%2Ffmbi332s7bv7%2Fpublic_html%2Fwp-includes HTTP/2.0" 404 - "-" "Mozilla/5.0 AppleWebKit/537.36 (KHTML, like Gecko; compatible; ClaudeBot/1.0; +claudebot@anthropic.com)" 13 **0/13529**
216.73.216.106 - - [18/Mar/2026:07:38:02 -0700] "GET /shopdetail/1900613449.html?path=%2Fhome%2Ffmbi332s7bv7%2Fpublic_html%2Fab8dcd30 HTTP/2.0" 404 - "-" "Mozilla/5.0 AppleWebKit/537.36 (KHTML, like Gecko; compatible; ClaudeBot/1.0; +claudebot@anthropic.com)" 28 **0/28179**
57.141.20.44 - - [18/Mar/2026:07:38:04 -0700] "GET /shopdetail/2776064229.html?fileloc=/home/fmbi332s7bv7/public_html/wp-activate.php&path=/home/fmbi332s7bv7/public_html HTTP/2.0" 404 - "-" "meta-externalagent/1.1 (+https://developers.facebook.com/docs/sharing/webmasters/crawler)" 13 **0/13699**
216.73.216.106 - - [18/Mar/2026:07:38:05 -0700] "GET /shopdetail/1406732157.html?path=%2Fhome%2Ffmbi332s7bv7 HTTP/2.0" 404 - "-" "Mozilla/5.0 AppleWebKit/537.36 (KHTML, like Gecko; compatible; ClaudeBot/1.0; +claudebot@anthropic.com)" 14 **0/14453**
216.73.216.106 - - [18/Mar/2026:07:38:08 -0700] "GET /shopdetail/652864945.html?fileloc=%2Fhome%2Ffmbi332s7bv7%2Fpublic_html%2Fwp-admin%2Fauthorize-application.php&path=%2Fhome%2Ffmbi332s7bv7%2Fpublic_html%2Fwp-admin HTTP/2.0" 404 - "-" "Mozilla/5.0 AppleWebKit/537.36 (KHTML, like Gecko; compatible; ClaudeBot/1.0; +claudebot@anthropic.com)" 14 **0/14790**
57.141.20.29 - - [18/Mar/2026:07:38:10 -0700] "GET /shopdetail/2419013927.html?fileloc=/home/fmbi332s7bv7/public_html/wp-activate.php&path=/home/fmbi332s7bv7/public_html HTTP/2.0" 404 - "-" "meta-externalagent/1.1 (+https://developers.facebook.com/docs/sharing/webmasters/crawler)" 13 **0/13803**
216.73.216.106 - - [18/Mar/2026:07:38:11 -0700] "GET /shopdetail/17752967.html?fileloc=%2Fhome%2Ffmbi332s7bv7%2Fpublic_html%2Fwp-admin%2Fuser%2Fmenu.php&path=%2Fhome%2Ffmbi332s7bv7%2Fpublic_html%2Fwp-admin%2Fuser HTTP/2.0" 404 - "-" "Mozilla/5.0 AppleWebKit/537.36 (KHTML, like Gecko; compatible; ClaudeBot/1.0; +claudebot@anthropic.com)" 14 **0/14360**
216.73.216.106 - - [18/Mar/2026:07:38:14 -0700] "GET /shopdetail/849131050.html?path=%2Fhome%2Ffmbi332s7bv7%2Fpublic_html HTTP/2.0" 404 - "-" "Mozilla/5.0 AppleWebKit/537.36 (KHTML, like Gecko; compatible; ClaudeBot/1.0; +claudebot@anthropic.com)" 15 **0/15014**
57.141.20.35 - - [18/Mar/2026:07:38:14 -0700] "GET /shopdetail/3647593053.html?fileloc=/home/fmbi332s7bv7/public_html/robots.txt&path=/home/fmbi332s7bv7/public_html HTTP/2.0" 404 - "-" "meta-externalagent/1.1 (+https://developers.facebook.com/docs/sharing/webmasters/crawler)" 14 **0/14875**
216.73.216.106 - - [18/Mar/2026:07:38:17 -0700] "GET /shopdetail/2313339322.html?path=%2Fhome%2Ffmbi332s7bv7%2Fpublic_html HTTP/2.0" 404 - "-" "Mozilla/5.0 AppleWebKit/537.36 (KHTML, like Gecko; compatible; ClaudeBot/1.0; +claudebot@anthropic.com)" 15 **0/15506**
74.7.227.9 - - [18/Mar/2026:07:38:18 -0700] "GET /?path=//proc/self/root/proc/thread-self/root/proc/thread-self/root/proc/thread-self/root/proc/self/root/proc/thread-self/root/lib/.build-id/a9 HTTP/2.0" 404 - "https://powerchemyapikimyasallari.com/?path=//proc/self/root/proc/thread-self/root/proc/thread-self/root/proc/thread-self/root/proc/self/root/proc/thread-self/root/lib/.build-id" "Mozilla/5.0 AppleWebKit/537.36 (KHTML, like Gecko; compatible; GPTBot/1.3; +https://openai.com/gptbot)" 15 **0/15317**
57.141.20.33 - - [18/Mar/2026:07:38:20 -0700] "GET /public/penzugyi-menedzsment-strategiak/?fileloc=/home/fmbi332s7bv7/public_html/wp-mail.php&path=/home/fmbi332s7bv7/public_html HTTP/2.0" 404 - "-" "meta-externalagent/1.1 (+https://developers.facebook.com/docs/sharing/webmasters/crawler)" 15 **0/15018**
216.73.216.106 - - [18/Mar/2026:07:38:20 -0700] "GET /shopdetail/400617425.html?fileloc=%2Fhome%2Ffmbi332s7bv7%2Fpublic_html%2Fwp-includes%2Fcache.php&path=%2Fhome%2Ffmbi332s7bv7%2Fpublic_html%2Fwp-includes HTTP/2.0" 404 - "-" "Mozilla/5.0 AppleWebKit/537.36 (KHTML, like Gecko; compatible; ClaudeBot/1.0; +claudebot@anthropic.com)" 12 **0/12568**
216.73.216.106 - - [18/Mar/2026:07:38:23 -0700] "GET /shopdetail/460317214.html?path=%2Fhome%2Ffmbi332s7bv7%2Fpublic_html%2Fwp-content HTTP/2.0" 404 - "-" "Mozilla/5.0 AppleWebKit/537.36 (KHTML, like Gecko; compatible; ClaudeBot/1.0; +claudebot@anthropic.com)" 9 **0/9875**
57.141.20.5 - - [18/Mar/2026:07:38:25 -0700] "GET /shopdetail/1979722739.html?fileloc=/home/fmbi332s7bv7/public_html/txets.php&path=/home/fmbi332s7bv7/public_html HTTP/2.0" 404 - "-" "meta-externalagent/1.1 (+https://developers.facebook.com/docs/sharing/webmasters/crawler)" 18 **0/18693**
216.73.216.106 - - [18/Mar/2026:07:38:26 -0700] "GET /shopdetail/3951927881.html?path=%2F%2Flib%2Fkcare HTTP/2.0" 404 - "-" "Mozilla/5.0 AppleWebKit/537.36 (KHTML, like Gecko; compatible; ClaudeBot/1.0; +claudebot@anthropic.com)" 11 **0/11879**
216.73.216.106 - - [18/Mar/2026:07:38:29 -0700] "GET /shopdetail/3458454612.html?path=%2Fhome%2Ffmbi332s7bv7%2Fpublic_html HTTP/2.0" 404 - "-" "Mozilla/5.0 AppleWebKit/537.36 (KHTML, like Gecko; compatible; ClaudeBot/1.0; +claudebot@anthropic.com)" 11 **0/11266**
57.141.20.34 - - [18/Mar/2026:07:38:31 -0700] "GET /shopdetail/2948151089.html?fileloc=/home/fmbi332s7bv7/public_html/txets.php&path=/home/fmbi332s7bv7/public_html HTTP/2.0" 404 - "-" "meta-externalagent/1.1 (+https://developers.facebook.com/docs/sharing/webmasters/crawler)" 14 **0/14196**
66.249.64.102 - - [18/Mar/2026:07:38:32 -0700] "GET /?o=19796122175104 HTTP/1.1" 404 - "-" "Mozilla/5.0 (Linux; Android 6.0.1; Nexus 5X Build/MMB29P) AppleWebKit/537.36 (KHTML, like Gecko) Chrome/145.0.7632.159 Mobile Safari/537.36 (compatible; Googlebot/2.1; +http://www.google.com/bot.html)" 15 **0/15077**
216.73.216.106 - - [18/Mar/2026:07:38:32 -0700] "GET /shopdetail/3928066104.html?path=%2Fhome%2Ffmbi332s7bv7%2Fpublic_html%2Fab8dcd30%2Fab8dcd30 HTTP/2.0" 404 - "-" "Mozilla/5.0 AppleWebKit/537.36 (KHTML, like Gecko; compatible; ClaudeBot/1.0; +claudebot@anthropic.com)" 13 **0/13875**
216.73.216.106 - - [18/Mar/2026:07:38:35 -0700] "GET /shopdetail/717885507.html?path=%2Fhome%2Ffmbi332s7bv7%2Fpublic_html%2Fwp-includes%2Fpomo HTTP/2.0" 404 - "-" "Mozilla/5.0 AppleWebKit/537.36 (KHTML, like Gecko; compatible; ClaudeBot/1.0; +claudebot@anthropic.com)" 14 **0/14043**
57.141.20.17 - - [18/Mar/2026:07:38:35 -0700] "GET /shopdetail/114181887.html?fileloc=/home/fmbi332s7bv7/public_html/txets.php&path=/home/fmbi332s7bv7/public_html HTTP/2.0" 404 - "-" "meta-externalagent/1.1 (+https://developers.facebook.com/docs/sharing/webmasters/crawler)" 15 **0/15192**
216.73.216.106 - - [18/Mar/2026:07:38:38 -0700] "GET /shopdetail/2352567253.html?path=%2Fhome%2Ffmbi332s7bv7%2Fpublic_html HTTP/2.0" 404 - "-" "Mozilla/5.0 AppleWebKit/537.36 (KHTML, like Gecko; compatible; ClaudeBot/1.0; +claudebot@anthropic.com)" 16 **0/16311**
57.141.20.34 - - [18/Mar/2026:07:38:41 -0700] "GET /shopdetail/3756059768.html?fileloc=/home/fmbi332s7bv7/public_html/wp-comments-post.php&path=/home/fmbi332s7bv7/public_html HTTP/2.0" 404 - "-" "meta-externalagent/1.1 (+https://developers.facebook.com/docs/sharing/webmasters/crawler)" 15 **0/15065**
216.73.216.106 - - [18/Mar/2026:07:38:41 -0700] "GET /shopdetail/3032798889.html?fileloc=%2Fhome%2Ffmbi332s7bv7%2Fpublic_html%2Fwp-includes%2Fcss%2Fcustomize-preview-rtl.min.css&path=%2Fhome%2Ffmbi332s7bv7%2Fpublic_html%2Fwp-includes%2Fcss HTTP/2.0" 404 - "-" "Mozilla/5.0 AppleWebKit/537.36 (KHTML, like Gecko; compatible; ClaudeBot/1.0; +claudebot@anthropic.com)" 14 **0/14941**
216.73.216.106 - - [18/Mar/2026:07:38:44 -0700] "GET /shopdetail/63722065.html?fileloc=%2Fhome%2Ffmbi332s7bv7%2Fpublic_html%2Fwp-includes%2Fembed.php&path=%2Fhome%2Ffmbi332s7bv7%2Fpublic_html%2Fwp-includes HTTP/2.0" 404 - "-" "Mozilla/5.0 AppleWebKit/537.36 (KHTML, like Gecko; compatible; ClaudeBot/1.0; +claudebot@anthropic.com)" 15 **0/15889**
57.141.20.43 - - [18/Mar/2026:07:38:46 -0700] "GET /shopdetail/2159501024.html?fileloc=/home/fmbi332s7bv7/public_html/wp-activate.php&path=/home/fmbi332s7bv7/public_html HTTP/2.0" 404 - "-" "meta-externalagent/1.1 (+https://developers.facebook.com/docs/sharing/webmasters/crawler)" 12 **0/12549**
74.7.227.9 - - [18/Mar/2026:07:38:46 -0700] "GET /?path=//proc/self/root/proc/thread-self/root/proc/thread-self/root/proc/thread-self/root/proc/self/root/proc/thread-self/root/lib/.build-id/6e HTTP/2.0" 404 - "https://powerchemyapikimyasallari.com/?path=//proc/self/root/proc/thread-self/root/proc/thread-self/root/proc/thread-self/root/proc/self/root/proc/thread-self/root/lib/.build-id" "Mozilla/5.0 AppleWebKit/537.36 (KHTML, like Gecko; compatible; GPTBot/1.3; +https://openai.com/gptbot)" 12 **0/12948**
216.73.216.106 - - [18/Mar/2026:07:38:47 -0700] "GET /shopdetail/3253980697.html?path=%2Fhome%2Ffmbi332s7bv7%2Fpublic_html%2Fab8dcd30 HTTP/2.0" 404 - "-" "Mozilla/5.0 AppleWebKit/537.36 (KHTML, like Gecko; compatible; ClaudeBot/1.0; +claudebot@anthropic.com)" 10 **0/10505**
216.73.216.106 - - [18/Mar/2026:07:38:50 -0700] "GET /shopdetail/3223139382.html?fileloc=%2F%2Fbin%2Ffmt&path=%2F%2Fbin HTTP/2.0" 404 - "-" "Mozilla/5.0 AppleWebKit/537.36 (KHTML, like Gecko; compatible; ClaudeBot/1.0; +claudebot@anthropic.com)" 12 **0/12821**
57.141.20.24 - - [18/Mar/2026:07:38:51 -0700] "GET /shopdetail/39171828.html?fileloc=/home/fmbi332s7bv7/public_html/txets.php&path=/home/fmbi332s7bv7/public_html HTTP/2.0" 404 - "-" "meta-externalagent/1.1 (+https://developers.facebook.com/docs/sharing/webmasters/crawler)" 14 **0/14296**
216.73.216.106 - - [18/Mar/2026:07:38:53 -0700] "GET /shopdetail/2352567253.html?fileloc=%2Fhome%2Ffmbi332s7bv7%2Fpublic_html%2Fwp-includes%2Fcache.php&path=%2Fhome%2Ffmbi332s7bv7%2Fpublic_html%2Fwp-includes HTTP/2.0" 404 - "-" "Mozilla/5.0 AppleWebKit/537.36 (KHTML, like Gecko; compatible; ClaudeBot/1.0; +claudebot@anthropic.com)" 18 **0/18441**
57.141.20.52 - - [18/Mar/2026:07:38:56 -0700] "GET /shopdetail/2543489283.html?fileloc=/home/fmbi332s7bv7/public_html/txets.php&path=/home/fmbi332s7bv7/public_html HTTP/2.0" 404 - "-" "meta-externalagent/1.1 (+https://developers.facebook.com/docs/sharing/webmasters/crawler)" 13 **0/13834**
216.73.216.106 - - [18/Mar/2026:07:38:56 -0700] "GET /shopdetail/4099885192.html?path=%2Fhome%2Ffmbi332s7bv7%2Fpublic_html%2Fab8dcd30 HTTP/2.0" 404 - "-" "Mozilla/5.0 AppleWebKit/537.36 (KHTML, like Gecko; compatible; ClaudeBot/1.0; +claudebot@anthropic.com)" 18 **0/18311**
74.7.227.150 - - [18/Mar/2026:07:38:59 -0700] "GET /?path=//proc/self/root/proc/thread-self/root/proc/thread-self/root/proc/thread-self/root/proc/self/root/proc/self/root/proc/thread-self/root/usr/lib/.build-id/84 HTTP/2.0" 404 - "https://www.powerchemyapikimyasallari.com/?path=//proc/self/root/proc/thread-self/root/proc/thread-self/root/proc/thread-self/root/proc/self/root/proc/self/root/proc/thread-self/root/usr/lib/.build-id" "Mozilla/5.0 AppleWebKit/537.36 (KHTML, like Gecko; compatible; GPTBot/1.3; +https://openai.com/gptbot)" 11 **0/11683**
216.73.216.106 - - [18/Mar/2026:07:38:59 -0700] "GET /shopdetail/2016832649.html?fileloc=%2Fhome%2Ffmbi332s7bv7%2Fpublic_html%2Fwp-includes%2Fclass-wp-oembed.php&path=%2Fhome%2Ffmbi332s7bv7%2Fpublic_html%2Fwp-includes HTTP/2.0" 404 - "-" "Mozilla/5.0 AppleWebKit/537.36 (KHTML, like Gecko; compatible; ClaudeBot/1.0; +claudebot@anthropic.com)" 15 **0/15795**
57.141.20.26 - - [18/Mar/2026:07:39:01 -0700] "GET /shopdetail/72662735.html?fileloc=/home/fmbi332s7bv7/public_html/txets.php&path=/home/fmbi332s7bv7/public_html HTTP/2.0" 404 - "-" "meta-externalagent/1.1 (+https://developers.facebook.com/docs/sharing/webmasters/crawler)" 29 **0/29214**
216.73.216.106 - - [18/Mar/2026:07:39:02 -0700] "GET /shopdetail/3049221756.html?fileloc=%2Fhome%2Ffmbi332s7bv7%2Fpublic_html%2Fwp-admin%2Ftheme-editor.php&path=%2Fhome%2Ffmbi332s7bv7%2Fpublic_html%2Fwp-admin HTTP/2.0" 404 - "-" "Mozilla/5.0 AppleWebKit/537.36 (KHTML, like Gecko; compatible; ClaudeBot/1.0; +claudebot@anthropic.com)" 23 **0/23171**
216.73.216.106 - - [18/Mar/2026:07:39:05 -0700] "GET /shopdetail/2374856437.html?path=%2Fhome%2Ffmbi332s7bv7%2Fpublic_html%2Fab8dcd30%2Fab8dcd30 HTTP/2.0" 404 - "-" "Mozilla/5.0 AppleWebKit/537.36 (KHTML, like Gecko; compatible; ClaudeBot/1.0; +claudebot@anthropic.com)" 13 **0/13531**
57.141.20.57 - - [18/Mar/2026:07:39:06 -0700] "GET /shopdetail/736301200.html?fileloc=/home/fmbi332s7bv7/public_html/txets.php&path=/home/fmbi332s7bv7/public_html HTTP/2.0" 404 - "-" "meta-externalagent/1.1 (+https://developers.facebook.com/docs/sharing/webmasters/crawler)" 14 **0/14124**
216.73.216.106 - - [18/Mar/2026:07:39:10 -0700] "GET /hello-world?fileloc=%2F%2Flib64%2Fpython3.6%2Fshutil.py&path=%2F%2Flib64%2Fpython3.6 HTTP/2.0" 404 - "-" "Mozilla/5.0 AppleWebKit/537.36 (KHTML, like Gecko; compatible; ClaudeBot/1.0; +claudebot@anthropic.com)" 16 **0/16239**
57.141.20.46 - - [18/Mar/2026:07:39:11 -0700] "GET /shopdetail/3422598045.html?path=/home/fmbi332s7bv7/application_backups HTTP/2.0" 404 - "-" "meta-externalagent/1.1 (+https://developers.facebook.com/docs/sharing/webmasters/crawler)" 23 **0/23804**
216.73.216.106 - - [18/Mar/2026:07:39:12 -0700] "GET /author/admin/feed?fileloc=%2F%2Flib64%2Fpython2.7%2Fsunau.pyc&path=%2F%2Flib64%2Fpython2.7 HTTP/2.0" 404 - "-" "Mozilla/5.0 AppleWebKit/537.36 (KHTML, like Gecko; compatible; ClaudeBot/1.0; +claudebot@anthropic.com)" 12 **0/12235**
216.73.216.106 - - [18/Mar/2026:07:39:15 -0700] "GET /author/admin/feed?fileloc=%2F%2Flib64%2Fpython2.7%2Ffractions.pyo&path=%2F%2Flib64%2Fpython2.7 HTTP/2.0" 404 - "-" "Mozilla/5.0 AppleWebKit/537.36 (KHTML, like Gecko; compatible; ClaudeBot/1.0; +claudebot@anthropic.com)" 23 **0/23298**
74.7.227.9 - - [18/Mar/2026:07:39:15 -0700] "GET /?path=//proc/self/root/proc/thread-self/root/proc/thread-self/root/proc/thread-self/root/proc/self/root/proc/thread-self/root/lib/.build-id/c9 HTTP/2.0" 404 - "https://powerchemyapikimyasallari.com/?path=//proc/self/root/proc/thread-self/root/proc/thread-self/root/proc/thread-self/root/proc/self/root/proc/thread-self/root/lib/.build-id" "Mozilla/5.0 AppleWebKit/537.36 (KHTML, like Gecko; compatible; GPTBot/1.3; +https://openai.com/gptbot)" 14 **0/14740**
57.141.20.16 - - [18/Mar/2026:07:39:17 -0700] "GET /shopdetail/2899714234.html?fileloc=/home/fmbi332s7bv7/public_html/wp-activate.php&path=/home/fmbi332s7bv7/public_html HTTP/2.0" 404 - "-" "meta-externalagent/1.1 (+https://developers.facebook.com/docs/sharing/webmasters/crawler)" 19 **0/19560**
216.73.216.106 - - [18/Mar/2026:07:39:18 -0700] "GET /hello-world?fileloc=%2F%2Flib64%2Fpython3.6%2Fftplib.py&path=%2F%2Flib64%2Fpython3.6 HTTP/2.0" 404 - "-" "Mozilla/5.0 AppleWebKit/537.36 (KHTML, like Gecko; compatible; ClaudeBot/1.0; +claudebot@anthropic.com)" 11 **0/11827**
216.73.216.106 - - [18/Mar/2026:07:39:21 -0700] "GET /hello-world?path=%2F%2Flib64%2Fpython3.6%2Flib2to3%2Ffixes HTTP/2.0" 404 - "-" "Mozilla/5.0 AppleWebKit/537.36 (KHTML, like Gecko; compatible; ClaudeBot/1.0; +claudebot@anthropic.com)" 13 **0/13603**
57.141.20.24 - - [18/Mar/2026:07:39:22 -0700] "GET /shopdetail/580270599.html?fileloc=/home/fmbi332s7bv7/public_html/wp-activate.php&path=/home/fmbi332s7bv7/public_html HTTP/2.0" 404 - "-" "meta-externalagent/1.1 (+https://developers.facebook.com/docs/sharing/webmasters/crawler)" 36 **0/36400**
216.73.216.106 - - [18/Mar/2026:07:39:24 -0700] "GET /author/admin/feed?fileloc=%2F%2Flib64%2Fpython2.7%2Furllib.py&path=%2F%2Flib64%2Fpython2.7 HTTP/2.0" 404 - "-" "Mozilla/5.0 AppleWebKit/537.36 (KHTML, like Gecko; compatible; ClaudeBot/1.0; +claudebot@anthropic.com)" 11 **0/11732**
216.73.216.106 - - [18/Mar/2026:07:39:27 -0700] "GET /hello-world?fileloc=%2F%2Fopt%2Falt%2Fpython38%2Flib64%2Fpython3.8%2Flib-dynload%2Ffcntl.cpython-38-x86_64-linux-gnu.so&path=%2F%2Fopt%2Falt%2Fpython38%2Flib64%2Fpython3.8%2Flib-dynload HTTP/2.0" 404 - "-" "Mozilla/5.0 AppleWebKit/537.36 (KHTML, like Gecko; compatible; ClaudeBot/1.0; +claudebot@anthropic.com)" 9 **0/9352**
57.141.20.13 - - [18/Mar/2026:07:39:27 -0700] "GET /shopdetail/580270599.html?fileloc=/home/fmbi332s7bv7/public_html/wp-activate.php&path=/home/fmbi332s7bv7/public_html HTTP/2.0" 404 - "-" "meta-externalagent/1.1 (+https://developers.facebook.com/docs/sharing/webmasters/crawler)" 11 **0/11720**
216.73.216.106 - - [18/Mar/2026:07:39:30 -0700] "GET /shopdetail/2228640992.html HTTP/2.0" 404 - "-" "Mozilla/5.0 AppleWebKit/537.36 (KHTML, like Gecko; compatible; ClaudeBot/1.0; +claudebot@anthropic.com)" 11 **0/11074**
216.73.216.106 - - [18/Mar/2026:07:39:33 -0700] "GET /author/admin/feed?fileloc=%2F%2Flib64%2Fpython2.7%2Fpyclbr.pyo&path=%2F%2Flib64%2Fpython2.7 HTTP/2.0" 404 - "-" "Mozilla/5.0 AppleWebKit/537.36 (KHTML, like Gecko; compatible; ClaudeBot/1.0; +claudebot@anthropic.com)" 11 **0/11012**
57.141.20.55 - - [18/Mar/2026:07:39:33 -0700] "GET /shopdetail/3197641682.html?fileloc=/home/fmbi332s7bv7/public_html/txets.php&path=/home/fmbi332s7bv7/public_html HTTP/2.0" 404 - "-" "meta-externalagent/1.1 (+https://developers.facebook.com/docs/sharing/webmasters/crawler)" 17 **0/17033**
216.73.216.106 - - [18/Mar/2026:07:39:36 -0700] "GET /hello-world?fileloc=%2F%2Flib64%2Fpython3.12%2Fsecrets.py&path=%2F%2Flib64%2Fpython3.12 HTTP/2.0" 404 - "-" "Mozilla/5.0 AppleWebKit/537.36 (KHTML, like Gecko; compatible; ClaudeBot/1.0; +claudebot@anthropic.com)" 11 **0/11272**
57.141.20.9 - - [18/Mar/2026:07:39:37 -0700] "GET /shopdetail/2964682230.html?fileloc=/home/fmbi332s7bv7/public_html/wp-activate.php&path=/home/fmbi332s7bv7/public_html HTTP/2.0" 404 - "-" "meta-externalagent/1.1 (+https://developers.facebook.com/docs/sharing/webmasters/crawler)" 17 **0/17291**
57.141.20.27 - - [18/Mar/2026:07:39:43 -0700] "GET /shopdetail/3164382267.html?fileloc=/home/fmbi332s7bv7/public_html/txets.php&path=/home/fmbi332s7bv7/public_html HTTP/2.0" 404 - "-" "meta-externalagent/1.1 (+https://developers.facebook.com/docs/sharing/webmasters/crawler)" 12 **0/12861**
216.73.216.106 - - [18/Mar/2026:07:39:43 -0700] "GET /shopdetail/27290993.html?fileloc=%2Fhome%2Ffmbi332s7bv7%2Fpublic_html%2Fwp-includes%2Fclass-simplepie.php&path=%2Fhome%2Ffmbi332s7bv7%2Fpublic_html%2Fwp-includes HTTP/2.0" 404 - "-" "Mozilla/5.0 AppleWebKit/537.36 (KHTML, like Gecko; compatible; ClaudeBot/1.0; +claudebot@anthropic.com)" 10 **0/10033**
74.7.227.9 - - [18/Mar/2026:07:39:44 -0700] "GET /?path=//proc/self/root/proc/thread-self/root/proc/thread-self/root/proc/thread-self/root/proc/self/root/proc/thread-self/root/lib/.build-id/5a HTTP/2.0" 404 - "https://powerchemyapikimyasallari.com/?path=//proc/self/root/proc/thread-self/root/proc/thread-self/root/proc/thread-self/root/proc/self/root/proc/thread-self/root/lib/.build-id" "Mozilla/5.0 AppleWebKit/537.36 (KHTML, like Gecko; compatible; GPTBot/1.3; +https://openai.com/gptbot)" 9 **0/9952**
216.73.216.106 - - [18/Mar/2026:07:39:45 -0700] "GET /shopdetail/62572647.html?fileloc=%2Fhome%2Ffmbi332s7bv7%2Fpublic_html%2Fwp-includes%2Fload.php&path=%2Fhome%2Ffmbi332s7bv7%2Fpublic_html%2Fwp-includes HTTP/2.0" 404 - "-" "Mozilla/5.0 AppleWebKit/537.36 (KHTML, like Gecko; compatible; ClaudeBot/1.0; +claudebot@anthropic.com)" 12 **0/12992**
57.141.20.3 - - [18/Mar/2026:07:39:47 -0700] "GET /shopdetail/2948151089.html?fileloc=/home/fmbi332s7bv7/public_html/wp-comments-post.php&path=/home/fmbi332s7bv7/public_html HTTP/2.0" 404 - "-" "meta-externalagent/1.1 (+https://developers.facebook.com/docs/sharing/webmasters/crawler)" 10 **0/10712**
216.73.216.106 - - [18/Mar/2026:07:39:48 -0700] "GET /shopdetail/1761213641.html?path=%2Fhome%2Ffmbi332s7bv7%2Fpublic_html%2Fab8dcd30 HTTP/2.0" 404 - "-" "Mozilla/5.0 AppleWebKit/537.36 (KHTML, like Gecko; compatible; ClaudeBot/1.0; +claudebot@anthropic.com)" 12 **0/12369**
216.73.216.106 - - [18/Mar/2026:07:39:51 -0700] "GET /shopdetail/2442464752.html?fileloc=%2Fhome%2Ffmbi332s7bv7%2Fpublic_html%2Fwp-admin%2Fauthorize-application.php&path=%2Fhome%2Ffmbi332s7bv7%2Fpublic_html%2Fwp-admin HTTP/2.0" 404 - "-" "Mozilla/5.0 AppleWebKit/537.36 (KHTML, like Gecko; compatible; ClaudeBot/1.0; +claudebot@anthropic.com)" 10 **0/10288**
57.141.20.4 - - [18/Mar/2026:07:39:53 -0700] "GET /shopdetail/1828418836.html?fileloc=/home/fmbi332s7bv7/public_html/wp-activate.php&path=/home/fmbi332s7bv7/public_html HTTP/2.0" 404 - "-" "meta-externalagent/1.1 (+https://developers.facebook.com/docs/sharing/webmasters/crawler)" 8 **0/8596**
216.73.216.106 - - [18/Mar/2026:07:39:54 -0700] "GET /hello-world?fileloc=%2F%2Flib64%2Flibxcb-xv.so&path=%2F%2Flib64 HTTP/2.0" 404 - "-" "Mozilla/5.0 AppleWebKit/537.36 (KHTML, like Gecko; compatible; ClaudeBot/1.0; +claudebot@anthropic.com)" 13 **0/13357**
57.141.20.10 - - [18/Mar/2026:07:39:57 -0700] "GET /shopdetail/12280892.html?fileloc=/home/fmbi332s7bv7/public_html/txets.php&path=/home/fmbi332s7bv7/public_html HTTP/2.0" 404 - "-" "meta-externalagent/1.1 (+https://developers.facebook.com/docs/sharing/webmasters/crawler)" 14 **0/14136**
216.73.216.106 - - [18/Mar/2026:07:39:57 -0700] "GET /shopdetail/2444888934.html?fileloc=%2Fhome%2Ffmbi332s7bv7%2Fpublic_html%2Fwp-includes%2Ftemplate-loader.php&path=%2Fhome%2Ffmbi332s7bv7%2Fpublic_html%2Fwp-includes HTTP/2.0" 404 - "-" "Mozilla/5.0 AppleWebKit/537.36 (KHTML, like Gecko; compatible; ClaudeBot/1.0; +claudebot@anthropic.com)" 15 **0/15662**
216.73.216.106 - - [18/Mar/2026:07:40:00 -0700] "GET /shopdetail/2977082661.html?fileloc=%2F%2Fsbin%2Fexim&path=%2F%2Fsbin HTTP/2.0" 404 - "-" "Mozilla/5.0 AppleWebKit/537.36 (KHTML, like Gecko; compatible; ClaudeBot/1.0; +claudebot@anthropic.com)" 10 **0/10788**
74.7.227.150 - - [18/Mar/2026:07:40:02 -0700] "GET /?path=//proc/self/root/proc/thread-self/root/proc/thread-self/root/proc/thread-self/root/proc/self/root/proc/self/root/proc/thread-self/root/lib/.build-id/5a HTTP/2.0" 404 - "https://www.powerchemyapikimyasallari.com/?path=//proc/self/root/proc/thread-self/root/proc/thread-self/root/proc/thread-self/root/proc/self/root/proc/self/root/proc/thread-self/root/lib/.build-id" "Mozilla/5.0 AppleWebKit/537.36 (KHTML, like Gecko; compatible; GPTBot/1.3; +https://openai.com/gptbot)" 48 **0/48826**
57.141.20.55 - - [18/Mar/2026:07:40:03 -0700] "GET /shopdetail/1091179164.html?fileloc=/home/fmbi332s7bv7/public_html/robots.txt&path=/home/fmbi332s7bv7/public_html HTTP/2.0" 404 - "-" "meta-externalagent/1.1 (+https://developers.facebook.com/docs/sharing/webmasters/crawler)" 26 **0/26347**
216.73.216.106 - - [18/Mar/2026:07:40:03 -0700] "GET /shopdetail/3646087944.html?path=%2Fhome%2Ffmbi332s7bv7%2Fpublic_html%2Fab8dcd30 HTTP/2.0" 404 - "-" "Mozilla/5.0 AppleWebKit/537.36 (KHTML, like Gecko; compatible; ClaudeBot/1.0; +claudebot@anthropic.com)" 31 **0/31116**
216.73.216.106 - - [18/Mar/2026:07:40:06 -0700] "GET /shopdetail/3566338820.html?path=%2Fhome%2Ffmbi332s7bv7 HTTP/2.0" 404 - "-" "Mozilla/5.0 AppleWebKit/537.36 (KHTML, like Gecko; compatible; ClaudeBot/1.0; +claudebot@anthropic.com)" 14 **0/14392**
57.141.20.37 - - [18/Mar/2026:07:40:08 -0700] "GET /shopdetail/1905614773.html?fileloc=/home/fmbi332s7bv7/public_html/robots.txt&path=/home/fmbi332s7bv7/public_html HTTP/2.0" 404 - "-" "meta-externalagent/1.1 (+https://developers.facebook.com/docs/sharing/webmasters/crawler)" 22 **0/22887**
216.73.216.106 - - [18/Mar/2026:07:40:09 -0700] "GET /shopdetail/1799809303.html?path=%2Fhome%2Ffmbi332s7bv7%2Fpublic_html%2F.tmb HTTP/2.0" 404 - "-" "Mozilla/5.0 AppleWebKit/537.36 (KHTML, like Gecko; compatible; ClaudeBot/1.0; +claudebot@anthropic.com)" 12 **0/12809**
74.7.227.9 - - [18/Mar/2026:07:40:11 -0700] "GET /?path=//proc/self/root/proc/thread-self/root/proc/thread-self/root/proc/thread-self/root/proc/self/root/proc/thread-self/root/lib/.build-id/5e HTTP/2.0" 404 - "https://powerchemyapikimyasallari.com/?path=//proc/self/root/proc/thread-self/root/proc/thread-self/root/proc/thread-self/root/proc/self/root/proc/thread-self/root/lib/.build-id" "Mozilla/5.0 AppleWebKit/537.36 (KHTML, like Gecko; compatible; GPTBot/1.3; +https://openai.com/gptbot)" 14 **0/14046**
216.73.216.106 - - [18/Mar/2026:07:40:12 -0700] "GET /shopdetail/1429817133.html?path=%2Fhome%2Ffmbi332s7bv7%2Fpublic_html%2Fwp-content HTTP/2.0" 404 - "-" "Mozilla/5.0 AppleWebKit/537.36 (KHTML, like Gecko; compatible; ClaudeBot/1.0; +claudebot@anthropic.com)" 14 **0/14659**
57.141.20.34 - - [18/Mar/2026:07:40:14 -0700] "GET /shopdetail/2713171492.html?fileloc=/home/fmbi332s7bv7/public_html/wp-activate.php&path=/home/fmbi332s7bv7/public_html HTTP/2.0" 404 - "-" "meta-externalagent/1.1 (+https://developers.facebook.com/docs/sharing/webmasters/crawler)" 14 **0/14876**
216.73.216.106 - - [18/Mar/2026:07:40:15 -0700] "GET /shopdetail/1709460133.html?fileloc=%2Fhome%2Ffmbi332s7bv7%2Fpublic_html%2Fwp-admin%2Fedit-form-advanced.php&path=%2Fhome%2Ffmbi332s7bv7%2Fpublic_html%2Fwp-admin HTTP/2.0" 404 - "-" "Mozilla/5.0 AppleWebKit/537.36 (KHTML, like Gecko; compatible; ClaudeBot/1.0; +claudebot@anthropic.com)" 12 **0/12928**
216.73.216.106 - - [18/Mar/2026:07:40:18 -0700] "GET /shopdetail/3499545393.html?fileloc=%2Fhome%2Ffmbi332s7bv7%2Fpublic_html%2Fwp-includes%2Fclass-wp-user.php&path=%2Fhome%2Ffmbi332s7bv7%2Fpublic_html%2Fwp-includes HTTP/2.0" 404 - "-" "Mozilla/5.0 AppleWebKit/537.36 (KHTML, like Gecko; compatible; ClaudeBot/1.0; +claudebot@anthropic.com)" 17 **0/17277**
57.141.20.41 - - [18/Mar/2026:07:40:18 -0700] "GET /shopdetail/2456898774.html?fileloc=/home/fmbi332s7bv7/public_html/robots.txt&path=/home/fmbi332s7bv7/public_html HTTP/2.0" 404 - "-" "meta-externalagent/1.1 (+https://developers.facebook.com/docs/sharing/webmasters/crawler)" 16 **0/16264**
216.73.216.106 - - [18/Mar/2026:07:40:23 -0700] "GET /?fileloc=%2Fhome%2Ffmbi332s7bv7%2Fwww%2Fwp-includes%2Fclass-walker-category-dropdown.php&path=%2Fhome%2Ffmbi332s7bv7%2Fwww%2Fwp-includes HTTP/2.0" 404 - "-" "Mozilla/5.0 AppleWebKit/537.36 (KHTML, like Gecko; compatible; ClaudeBot/1.0; +claudebot@anthropic.com)" 14 **0/14236**
57.141.20.50 - - [18/Mar/2026:07:40:24 -0700] "GET /shopdetail/3816454408.html?fileloc=/home/fmbi332s7bv7/public_html/wp-comments-post.php&path=/home/fmbi332s7bv7/public_html HTTP/2.0" 404 - "-" "meta-externalagent/1.1 (+https://developers.facebook.com/docs/sharing/webmasters/crawler)" 12 **0/12502**
216.73.216.106 - - [18/Mar/2026:07:40:25 -0700] "GET /shopdetail/1676304545.html?fileloc=%2Fhome%2Ffmbi332s7bv7%2Fpublic_html%2Fwp-admin%2Fcss%2F.htaccess&path=%2Fhome%2Ffmbi332s7bv7%2Fpublic_html%2Fwp-admin%2Fcss HTTP/2.0" 404 - "-" "Mozilla/5.0 AppleWebKit/537.36 (KHTML, like Gecko; compatible; ClaudeBot/1.0; +claudebot@anthropic.com)" 12 **0/12182**
216.73.216.106 - - [18/Mar/2026:07:40:28 -0700] "GET /shopdetail/1862899389.html?fileloc=%2Fhome%2Ffmbi332s7bv7%2Fpublic_html%2Fwp-admin%2Fplugins.php&path=%2Fhome%2Ffmbi332s7bv7%2Fpublic_html%2Fwp-admin HTTP/2.0" 404 - "-" "Mozilla/5.0 AppleWebKit/537.36 (KHTML, like Gecko; compatible; ClaudeBot/1.0; +claudebot@anthropic.com)" 14 **0/14463**
57.141.20.55 - - [18/Mar/2026:07:40:29 -0700] "GET /shopdetail/855508900.html?fileloc=/home/fmbi332s7bv7/public_html/robots.txt&path=/home/fmbi332s7bv7/public_html HTTP/2.0" 404 - "-" "meta-externalagent/1.1 (+https://developers.facebook.com/docs/sharing/webmasters/crawler)" 9 **0/9863**
216.73.216.106 - - [18/Mar/2026:07:40:31 -0700] "GET /shopdetail/190140022.html?path=%2Fhome%2Ffmbi332s7bv7%2Fpublic_html%2Fab8dcd30 HTTP/2.0" 404 - "-" "Mozilla/5.0 AppleWebKit/537.36 (KHTML, like Gecko; compatible; ClaudeBot/1.0; +claudebot@anthropic.com)" 9 **0/9873**
216.73.216.106 - - [18/Mar/2026:07:40:34 -0700] "GET /shopdetail/1412217607.html?path=%2Fhome%2Ffmbi332s7bv7%2Fpublic_html%2Fwp-includes%2Fcertificates HTTP/2.0" 404 - "-" "Mozilla/5.0 AppleWebKit/537.36 (KHTML, like Gecko; compatible; ClaudeBot/1.0; +claudebot@anthropic.com)" 24 **0/24044**
57.141.20.58 - - [18/Mar/2026:07:40:34 -0700] "GET /shopdetail/1365891684.html?fileloc=/home/fmbi332s7bv7/public_html/wp-activate.php&path=/home/fmbi332s7bv7/public_html HTTP/2.0" 404 - "-" "meta-externalagent/1.1 (+https://developers.facebook.com/docs/sharing/webmasters/crawler)" 13 **0/13567**
216.73.216.106 - - [18/Mar/2026:07:40:37 -0700] "GET /shopdetail/3952779502.html?fileloc=%2F%2Fbin%2Ftail&path=%2F%2Fbin HTTP/2.0" 404 - "-" "Mozilla/5.0 AppleWebKit/537.36 (KHTML, like Gecko; compatible; ClaudeBot/1.0; +claudebot@anthropic.com)" 12 **0/12401**
57.141.20.17 - - [18/Mar/2026:07:40:39 -0700] "GET /shopdetail/3935817162.html?fileloc=/home/fmbi332s7bv7/public_html/robots.txt&path=/home/fmbi332s7bv7/public_html HTTP/2.0" 404 - "-" "meta-externalagent/1.1 (+https://developers.facebook.com/docs/sharing/webmasters/crawler)" 11 **0/11540**
216.73.216.106 - - [18/Mar/2026:07:40:40 -0700] "GET /shopdetail/266705950.html?path=%2Fhome%2Ffmbi332s7bv7%2Fpublic_html HTTP/2.0" 404 - "-" "Mozilla/5.0 AppleWebKit/537.36 (KHTML, like Gecko; compatible; ClaudeBot/1.0; +claudebot@anthropic.com)" 16 **0/16326**
74.7.227.9 - - [18/Mar/2026:07:40:41 -0700] "GET /?path=//proc/self/root/proc/thread-self/root/proc/thread-self/root/proc/thread-self/root/proc/self/root/proc/thread-self/root/lib/.build-id/e7 HTTP/2.0" 404 - "https://powerchemyapikimyasallari.com/?path=//proc/self/root/proc/thread-self/root/proc/thread-self/root/proc/thread-self/root/proc/self/root/proc/thread-self/root/lib/.build-id" "Mozilla/5.0 AppleWebKit/537.36 (KHTML, like Gecko; compatible; GPTBot/1.3; +https://openai.com/gptbot)" 11 **0/11990**
216.73.216.106 - - [18/Mar/2026:07:40:43 -0700] "GET /shopdetail/1258943741.html?path=%2Fhome%2Ffmbi332s7bv7%2Fpublic_html%2Fwp-content HTTP/2.0" 404 - "-" "Mozilla/5.0 AppleWebKit/537.36 (KHTML, like Gecko; compatible; ClaudeBot/1.0; +claudebot@anthropic.com)" 9 **0/9695**
57.141.20.23 - - [18/Mar/2026:07:40:45 -0700] "GET /shopdetail/3944600072.html?fileloc=/home/fmbi332s7bv7/public_html/txets.php&path=/home/fmbi332s7bv7/public_html HTTP/2.0" 404 - "-" "meta-externalagent/1.1 (+https://developers.facebook.com/docs/sharing/webmasters/crawler)" 12 **0/12571**
216.73.216.106 - - [18/Mar/2026:07:40:46 -0700] "GET /author/admin/feed?path=%2F%2Fhome%2Ffmbi332s7bv7%2Fmail%2F.birgul%40powerchemyapikimyasallari_com%2F.Sent HTTP/2.0" 404 - "-" "Mozilla/5.0 AppleWebKit/537.36 (KHTML, like Gecko; compatible; ClaudeBot/1.0; +claudebot@anthropic.com)" 9 **0/9866**
216.73.216.106 - - [18/Mar/2026:07:40:49 -0700] "GET /hello-world?fileloc=%2F%2Fusr%2Fshare%2Fman%2Fman3%2FEVP_PKEY_CTX_set_rsa_keygen_pubexp.3ssl.gz&path=%2F%2Fusr%2Fshare%2Fman%2Fman3 HTTP/2.0" 404 - "-" "Mozilla/5.0 AppleWebKit/537.36 (KHTML, like Gecko; compatible; ClaudeBot/1.0; +claudebot@anthropic.com)" 10 **0/10732**
57.141.20.28 - - [18/Mar/2026:07:40:50 -0700] "GET /shopdetail/36373022.html?fileloc=/home/fmbi332s7bv7/public_html/txets.php&path=/home/fmbi332s7bv7/public_html HTTP/2.0" 404 - "-" "meta-externalagent/1.1 (+https://developers.facebook.com/docs/sharing/webmasters/crawler)" 12 **0/12754**
216.73.216.106 - - [18/Mar/2026:07:40:52 -0700] "GET /shopdetail/3087274770.html?path=%2Fhome%2Ffmbi332s7bv7%2Fpublic_html%2Fwp-content HTTP/2.0" 404 - "-" "Mozilla/5.0 AppleWebKit/537.36 (KHTML, like Gecko; compatible; ClaudeBot/1.0; +claudebot@anthropic.com)" 12 **0/12778**
57.141.20.3 - - [18/Mar/2026:07:40:54 -0700] "GET /shopdetail/2817040124.html?fileloc=/home/fmbi332s7bv7/public_html/wp-activate.php&path=/home/fmbi332s7bv7/public_html HTTP/2.0" 404 - "-" "meta-externalagent/1.1 (+https://developers.facebook.com/docs/sharing/webmasters/crawler)" 12 **0/12150**
216.73.216.106 - - [18/Mar/2026:07:40:55 -0700] "GET /shopdetail/3842081130.html?path=%2Fhome%2Ffmbi332s7bv7%2Fpublic_html%2Fwp-content HTTP/2.0" 404 - "-" "Mozilla/5.0 AppleWebKit/537.36 (KHTML, like Gecko; compatible; ClaudeBot/1.0; +claudebot@anthropic.com)" 14 **0/14275**
216.73.216.106 - - [18/Mar/2026:07:40:58 -0700] "GET /hello-world?fileloc=%2F%2Fusr%2Fshare%2Fman%2Fman3%2Fvid_attr.3x.gz&path=%2F%2Fusr%2Fshare%2Fman%2Fman3 HTTP/2.0" 404 - "-" "Mozilla/5.0 AppleWebKit/537.36 (KHTML, like Gecko; compatible; ClaudeBot/1.0; +claudebot@anthropic.com)" 14 **0/14431**
57.141.20.57 - - [18/Mar/2026:07:41:00 -0700] "GET /shopdetail/3008787489.html?fileloc=/home/fmbi332s7bv7/public_html/txets.php&path=/home/fmbi332s7bv7/public_html HTTP/2.0" 404 - "-" "meta-externalagent/1.1 (+https://developers.facebook.com/docs/sharing/webmasters/crawler)" 10 **0/10409**
216.73.216.106 - - [18/Mar/2026:07:41:01 -0700] "GET /shopdetail/42385372.html?fileloc=%2Fhome%2Ffmbi332s7bv7%2Fpublic_html%2Fwp-includes%2Fjs%2Fwp-pointer.js&path=%2Fhome%2Ffmbi332s7bv7%2Fpublic_html%2Fwp-includes%2Fjs HTTP/2.0" 404 - "-" "Mozilla/5.0 AppleWebKit/537.36 (KHTML, like Gecko; compatible; ClaudeBot/1.0; +claudebot@anthropic.com)" 14 **0/14866**
216.73.216.106 - - [18/Mar/2026:07:41:04 -0700] "GET /shopdetail/1141293468.html?path=%2Fhome%2Ffmbi332s7bv7%2Fpublic_html%2Fwp-content HTTP/2.0" 404 - "-" "Mozilla/5.0 AppleWebKit/537.36 (KHTML, like Gecko; compatible; ClaudeBot/1.0; +claudebot@anthropic.com)" 14 **0/14571**
57.141.20.41 - - [18/Mar/2026:07:41:05 -0700] "GET /shopdetail/1020451646.html?fileloc=/home/fmbi332s7bv7/public_html/wp-activate.php&path=/home/fmbi332s7bv7/public_html HTTP/2.0" 404 - "-" "meta-externalagent/1.1 (+https://developers.facebook.com/docs/sharing/webmasters/crawler)" 14 **0/14196**
74.7.227.150 - - [18/Mar/2026:07:41:05 -0700] "GET /?path=//proc/self/root/proc/thread-self/root/proc/thread-self/root/proc/thread-self/root/proc/self/root/proc/self/root/proc/thread-self/root/usr/lib/.build-id/57 HTTP/2.0" 404 - "https://www.powerchemyapikimyasallari.com/?path=//proc/self/root/proc/thread-self/root/proc/thread-self/root/proc/thread-self/root/proc/self/root/proc/self/root/proc/thread-self/root/usr/lib/.build-id" "Mozilla/5.0 AppleWebKit/537.36 (KHTML, like Gecko; compatible; GPTBot/1.3; +https://openai.com/gptbot)" 16 **0/16743**
216.73.216.106 - - [18/Mar/2026:07:41:07 -0700] "GET /shopdetail/1978683188.html?path=%2Fhome%2Ffmbi332s7bv7%2Fpublic_html%2Fab8dcd30 HTTP/2.0" 404 - "-" "Mozilla/5.0 AppleWebKit/537.36 (KHTML, like Gecko; compatible; ClaudeBot/1.0; +claudebot@anthropic.com)" 14 **0/14704**
74.7.227.9 - - [18/Mar/2026:07:41:09 -0700] "GET /?path=//proc/self/root/proc/thread-self/root/proc/thread-self/root/proc/thread-self/root/proc/self/root/proc/thread-self/root/lib/.build-id/8f HTTP/2.0" 404 - "https://powerchemyapikimyasallari.com/?path=//proc/self/root/proc/thread-self/root/proc/thread-self/root/proc/thread-self/root/proc/self/root/proc/thread-self/root/lib/.build-id" "Mozilla/5.0 AppleWebKit/537.36 (KHTML, like Gecko; compatible; GPTBot/1.3; +https://openai.com/gptbot)" 12 **0/12494**
216.73.216.106 - - [18/Mar/2026:07:41:10 -0700] "GET /shopdetail/1540488154.html?path=%2Fhome%2Ffmbi332s7bv7%2Fpublic_html%2Fwp-content HTTP/2.0" 404 - "-" "Mozilla/5.0 AppleWebKit/537.36 (KHTML, like Gecko; compatible; ClaudeBot/1.0; +claudebot@anthropic.com)" 14 **0/14039**
57.141.20.33 - - [18/Mar/2026:07:41:10 -0700] "GET /shopdetail/184468970.html?fileloc=/home/fmbi332s7bv7/public_html/wp-activate.php&path=/home/fmbi332s7bv7/public_html HTTP/2.0" 404 - "-" "meta-externalagent/1.1 (+https://developers.facebook.com/docs/sharing/webmasters/crawler)" 18 **0/18776**
216.73.216.106 - - [18/Mar/2026:07:41:13 -0700] "GET /hello-world?fileloc=%2F%2Fusr%2Fshare%2Fman%2Fman3%2Fcurs_getcchar.3x.gz&path=%2F%2Fusr%2Fshare%2Fman%2Fman3 HTTP/2.0" 404 - "-" "Mozilla/5.0 AppleWebKit/537.36 (KHTML, like Gecko; compatible; ClaudeBot/1.0; +claudebot@anthropic.com)" 13 **0/13598**
57.141.20.48 - - [18/Mar/2026:07:41:16 -0700] "GET /shopdetail/2637859096.html?fileloc=/home/fmbi332s7bv7/public_html/wp-activate.php&path=/home/fmbi332s7bv7/public_html HTTP/2.0" 404 - "-" "meta-externalagent/1.1 (+https://developers.facebook.com/docs/sharing/webmasters/crawler)" 13 **0/13259**
216.73.216.106 - - [18/Mar/2026:07:41:16 -0700] "GET /hello-world?fileloc=%2F%2Flib%2Ffirmware%2Fbrcm%2Fbrcmfmac43012-sdio.clm_blob&path=%2F%2Flib%2Ffirmware%2Fbrcm HTTP/2.0" 404 - "-" "Mozilla/5.0 AppleWebKit/537.36 (KHTML, like Gecko; compatible; ClaudeBot/1.0; +claudebot@anthropic.com)" 15 **0/15175**
216.73.216.106 - - [18/Mar/2026:07:41:19 -0700] "GET /shopdetail/1179228367.html?fileloc=%2Fhome%2Ffmbi332s7bv7%2Fpublic_html%2Fwp-admin%2Fadmin.php&path=%2Fhome%2Ffmbi332s7bv7%2Fpublic_html%2Fwp-admin HTTP/2.0" 404 - "-" "Mozilla/5.0 AppleWebKit/537.36 (KHTML, like Gecko; compatible; ClaudeBot/1.0; +claudebot@anthropic.com)" 13 **0/13735**
57.141.20.47 - - [18/Mar/2026:07:41:21 -0700] "GET /shopdetail/2424391141.html?fileloc=/home/fmbi332s7bv7/public_html/wp-config.php&path=/home/fmbi332s7bv7/public_html HTTP/2.0" 404 - "-" "meta-externalagent/1.1 (+https://developers.facebook.com/docs/sharing/webmasters/crawler)" 10 **0/10131**
216.73.216.106 - - [18/Mar/2026:07:41:22 -0700] "GET /shopdetail/2753875947.html?path=%2Fhome%2Ffmbi332s7bv7%2Fpublic_html%2Fwp-admin%2Fmaint HTTP/2.0" 404 - "-" "Mozilla/5.0 AppleWebKit/537.36 (KHTML, like Gecko; compatible; ClaudeBot/1.0; +claudebot@anthropic.com)" 17 **0/17071**
216.73.216.106 - - [18/Mar/2026:07:41:25 -0700] "GET /shopdetail/3963746792.html?path=%2Fhome%2Ffmbi332s7bv7 HTTP/2.0" 404 - "-" "Mozilla/5.0 AppleWebKit/537.36 (KHTML, like Gecko; compatible; ClaudeBot/1.0; +claudebot@anthropic.com)" 11 **0/11043**
57.141.20.7 - - [18/Mar/2026:07:41:26 -0700] "GET /shopdetail/3517126535.html?fileloc=/home/fmbi332s7bv7/public_html/wp-activate.php&path=/home/fmbi332s7bv7/public_html HTTP/2.0" 404 - "-" "meta-externalagent/1.1 (+https://developers.facebook.com/docs/sharing/webmasters/crawler)" 13 **0/13856**
216.73.216.106 - - [18/Mar/2026:07:41:28 -0700] "GET /shopdetail/2883486798.html?path=%2Fhome%2Ffmbi332s7bv7 HTTP/2.0" 404 - "-" "Mozilla/5.0 AppleWebKit/537.36 (KHTML, like Gecko; compatible; ClaudeBot/1.0; +claudebot@anthropic.com)" 12 **0/12167**
216.73.216.106 - - [18/Mar/2026:07:41:31 -0700] "GET /shopdetail/1836926682.html?fileloc=%2Fhome%2Ffmbi332s7bv7%2Fpublic_html%2Fwp-includes%2Fclass-wp-editor.php&path=%2Fhome%2Ffmbi332s7bv7%2Fpublic_html%2Fwp-includes HTTP/2.0" 404 - "-" "Mozilla/5.0 AppleWebKit/537.36 (KHTML, like Gecko; compatible; ClaudeBot/1.0; +claudebot@anthropic.com)" 11 **0/11758**
57.141.20.20 - - [18/Mar/2026:07:41:31 -0700] "GET /shopdetail/1633730006.html?fileloc=/home/fmbi332s7bv7/public_html/wp-comments-post.php&path=/home/fmbi332s7bv7/public_html HTTP/2.0" 404 - "-" "meta-externalagent/1.1 (+https://developers.facebook.com/docs/sharing/webmasters/crawler)" 12 **0/12224**
216.73.216.106 - - [18/Mar/2026:07:41:34 -0700] "GET /shopdetail/897753710.html?path=%2Fhome%2Ffmbi332s7bv7 HTTP/2.0" 404 - "-" "Mozilla/5.0 AppleWebKit/537.36 (KHTML, like Gecko; compatible; ClaudeBot/1.0; +claudebot@anthropic.com)" 13 **0/13098**
