216.73.216.106 - - [18/Mar/2026:06:38:35 -0700] "GET /shopdetail/3447758119.html?fileloc=%2Fhome%2Ffmbi332s7bv7%2Fmail%2F.muhasebe%40powerchemyapikimyasallari_com%2Fmaildirsize&path=%2Fhome%2Ffmbi332s7bv7%2Fmail%2F.muhasebe%40powerchemyapikimyasallari_com HTTP/2.0" 404 - "-" "Mozilla/5.0 AppleWebKit/537.36 (KHTML, like Gecko; compatible; ClaudeBot/1.0; +claudebot@anthropic.com)" 13 **0/13025**
74.7.227.9 - - [18/Mar/2026:06:38:36 -0700] "GET /?fileloc=//proc/self/root/proc/thread-self/root/proc/thread-self/root/proc/thread-self/root/proc/self/root/proc/thread-self/root/proc/self/root/proc/self/root/proc/thread-self/root/proc/self/root/lib/systemd/user/gpg-agent.service&path=//proc/self/root/proc/thread-self/root/proc/thread-self/root/proc/thread-self/root/proc/self/root/proc/thread-self/root/proc/self/root/proc/self/root/proc/thread-self/root/proc/self/root/lib/systemd/user HTTP/2.0" 404 - "https://powerchemyapikimyasallari.com/?path=//proc/self/root/proc/thread-self/root/proc/thread-self/root/proc/thread-self/root/proc/self/root/proc/thread-self/root/proc/self/root/proc/self/root/proc/thread-self/root/proc/self/root/lib/systemd/user" "Mozilla/5.0 AppleWebKit/537.36 (KHTML, like Gecko; compatible; GPTBot/1.3; +https://openai.com/gptbot)" 26 **0/26545**
57.141.20.5 - - [18/Mar/2026:06:38:37 -0700] "GET /shopdetail/2795747396.html?fileloc=/home/fmbi332s7bv7/public_html/wp-activate.php&path=/home/fmbi332s7bv7/public_html HTTP/2.0" 404 - "-" "meta-externalagent/1.1 (+https://developers.facebook.com/docs/sharing/webmasters/crawler)" 16 **0/16014**
216.73.216.106 - - [18/Mar/2026:06:38:39 -0700] "GET /shopdetail/3447758119.html?fileloc=%2Fhome%2Ffmbi332s7bv7%2Fmail%2F.muhasebe%40powerchemyapikimyasallari_com%2Fdovecot-uidlist&path=%2Fhome%2Ffmbi332s7bv7%2Fmail%2F.muhasebe%40powerchemyapikimyasallari_com HTTP/2.0" 404 - "-" "Mozilla/5.0 AppleWebKit/537.36 (KHTML, like Gecko; compatible; ClaudeBot/1.0; +claudebot@anthropic.com)" 11 **0/11206**
57.141.20.30 - - [18/Mar/2026:06:38:42 -0700] "GET /shopdetail/2061699.html?fileloc=/home/fmbi332s7bv7/public_html/wp-activate.php&path=/home/fmbi332s7bv7/public_html HTTP/2.0" 404 - "-" "meta-externalagent/1.1 (+https://developers.facebook.com/docs/sharing/webmasters/crawler)" 11 **0/11246**
216.73.216.106 - - [18/Mar/2026:06:38:43 -0700] "GET /shopdetail/3494793066.html?fileloc=%2Fhome%2Ffmbi332s7bv7%2Fmail%2F.metin%40powerchemyapikimyasallari_com%2Fdovecot-uidvalidity.67c6ec57&path=%2Fhome%2Ffmbi332s7bv7%2Fmail%2F.metin%40powerchemyapikimyasallari_com HTTP/2.0" 404 - "-" "Mozilla/5.0 AppleWebKit/537.36 (KHTML, like Gecko; compatible; ClaudeBot/1.0; +claudebot@anthropic.com)" 11 **0/11260**
216.73.216.106 - - [18/Mar/2026:06:38:47 -0700] "GET /shopdetail/3494793066.html?fileloc=%2Fhome%2Ffmbi332s7bv7%2Fmail%2F.metin%40powerchemyapikimyasallari_com%2Fdovecot.mailbox.log&path=%2Fhome%2Ffmbi332s7bv7%2Fmail%2F.metin%40powerchemyapikimyasallari_com HTTP/2.0" 404 - "-" "Mozilla/5.0 AppleWebKit/537.36 (KHTML, like Gecko; compatible; ClaudeBot/1.0; +claudebot@anthropic.com)" 13 **0/13283**
57.141.20.13 - - [18/Mar/2026:06:38:47 -0700] "GET /shopdetail/1000642035.html?fileloc=/home/fmbi332s7bv7/public_html/wp-activate.php&path=/home/fmbi332s7bv7/public_html HTTP/2.0" 404 - "-" "meta-externalagent/1.1 (+https://developers.facebook.com/docs/sharing/webmasters/crawler)" 94 **0/94665**
216.73.216.106 - - [18/Mar/2026:06:38:51 -0700] "GET /shopdetail/154629321.html?fileloc=%2Fhome%2Ffmbi332s7bv7%2Fmail%2F.muhasebe%40powerchemyapikimyasallari_com%2Fdovecot.index.log&path=%2Fhome%2Ffmbi332s7bv7%2Fmail%2F.muhasebe%40powerchemyapikimyasallari_com HTTP/2.0" 404 - "-" "Mozilla/5.0 AppleWebKit/537.36 (KHTML, like Gecko; compatible; ClaudeBot/1.0; +claudebot@anthropic.com)" 14 **0/14975**
57.141.20.51 - - [18/Mar/2026:06:38:52 -0700] "GET /shopdetail/1557170511.html?fileloc=/home/fmbi332s7bv7/public_html/wp-activate.php&path=/home/fmbi332s7bv7/public_html HTTP/2.0" 404 - "-" "meta-externalagent/1.1 (+https://developers.facebook.com/docs/sharing/webmasters/crawler)" 13 **0/13013**
216.73.216.106 - - [18/Mar/2026:06:38:55 -0700] "GET /shopdetail/3447758119.html?fileloc=%2Fhome%2Ffmbi332s7bv7%2Fmail%2F.muhasebe%40powerchemyapikimyasallari_com%2Fdovecot.index.log&path=%2Fhome%2Ffmbi332s7bv7%2Fmail%2F.muhasebe%40powerchemyapikimyasallari_com HTTP/2.0" 404 - "-" "Mozilla/5.0 AppleWebKit/537.36 (KHTML, like Gecko; compatible; ClaudeBot/1.0; +claudebot@anthropic.com)" 11 **0/11020**
57.141.20.13 - - [18/Mar/2026:06:38:57 -0700] "GET /shopdetail/2699472704.html?fileloc=/home/fmbi332s7bv7/public_html/txets.php&path=/home/fmbi332s7bv7/public_html HTTP/2.0" 404 - "-" "meta-externalagent/1.1 (+https://developers.facebook.com/docs/sharing/webmasters/crawler)" 11 **0/11142**
216.73.216.106 - - [18/Mar/2026:06:38:59 -0700] "GET /shopdetail/1181455638.html?fileloc=%2Fhome%2Ffmbi332s7bv7%2Fpublic_html%2Fimages%2Ftoggige-arrow.jpg&path=%2Fhome%2Ffmbi332s7bv7%2Fpublic_html%2Fimages HTTP/2.0" 404 - "-" "Mozilla/5.0 AppleWebKit/537.36 (KHTML, like Gecko; compatible; ClaudeBot/1.0; +claudebot@anthropic.com)" 14 **0/14829**
57.141.20.52 - - [18/Mar/2026:06:39:03 -0700] "GET /shopdetail/365265285.html?fileloc=/home/fmbi332s7bv7/public_html/wp-activate.php&path=/home/fmbi332s7bv7/public_html HTTP/2.0" 404 - "-" "meta-externalagent/1.1 (+https://developers.facebook.com/docs/sharing/webmasters/crawler)" 14 **0/14750**
74.7.227.150 - - [18/Mar/2026:06:39:04 -0700] "GET /?path=//proc/self/root/proc/thread-self/root/proc/thread-self/root/proc/thread-self/root/proc/self/root/proc/self/root/proc/thread-self/root/usr/lib/.build-id/83 HTTP/2.0" 404 - "https://www.powerchemyapikimyasallari.com/?path=//proc/self/root/proc/thread-self/root/proc/thread-self/root/proc/thread-self/root/proc/self/root/proc/self/root/proc/thread-self/root/usr/lib/.build-id" "Mozilla/5.0 AppleWebKit/537.36 (KHTML, like Gecko; compatible; GPTBot/1.3; +https://openai.com/gptbot)" 13 **0/13043**
216.73.216.106 - - [18/Mar/2026:06:39:04 -0700] "GET /shopdetail/3484543632.html?fileloc=%2Fhome%2Ffmbi332s7bv7%2Fpublic_html%2Fwp-includes%2Fcomment-template.php&path=%2Fhome%2Ffmbi332s7bv7%2Fpublic_html%2Fwp-includes HTTP/2.0" 404 - "-" "Mozilla/5.0 AppleWebKit/537.36 (KHTML, like Gecko; compatible; ClaudeBot/1.0; +claudebot@anthropic.com)" 20 **0/20284**
74.7.227.9 - - [18/Mar/2026:06:39:06 -0700] "GET /?fileloc=//proc/self/root/proc/thread-self/root/proc/thread-self/root/proc/thread-self/root/proc/self/root/proc/thread-self/root/proc/self/root/proc/self/root/proc/self/root/proc/self/root/proc/self/root/usr/lib/systemd/user/gpg-agent.service&path=//proc/self/root/proc/thread-self/root/proc/thread-self/root/proc/thread-self/root/proc/self/root/proc/thread-self/root/proc/self/root/proc/self/root/proc/self/root/proc/self/root/proc/self/root/usr/lib/systemd/user HTTP/2.0" 404 - "https://powerchemyapikimyasallari.com/?path=//proc/self/root/proc/thread-self/root/proc/thread-self/root/proc/thread-self/root/proc/self/root/proc/thread-self/root/proc/self/root/proc/self/root/proc/self/root/proc/self/root/proc/self/root/usr/lib/systemd/user" "Mozilla/5.0 AppleWebKit/537.36 (KHTML, like Gecko; compatible; GPTBot/1.3; +https://openai.com/gptbot)" 26 **0/26070**
216.73.216.106 - - [18/Mar/2026:06:39:06 -0700] "GET /shopdetail/2778555579.html?path=%2Fhome%2Ffmbi332s7bv7%2Fmail HTTP/2.0" 404 - "-" "Mozilla/5.0 AppleWebKit/537.36 (KHTML, like Gecko; compatible; ClaudeBot/1.0; +claudebot@anthropic.com)" 13 **0/13188**
57.141.20.18 - - [18/Mar/2026:06:39:08 -0700] "GET /shopdetail/1647423498.html?fileloc=/home/fmbi332s7bv7/public_html/txets.php&path=/home/fmbi332s7bv7/public_html HTTP/2.0" 404 - "-" "meta-externalagent/1.1 (+https://developers.facebook.com/docs/sharing/webmasters/crawler)" 22 **0/22485**
66.249.64.100 - - [18/Mar/2026:06:39:10 -0700] "GET /?o=6597139613502 HTTP/1.1" 404 - "-" "Mozilla/5.0 (Linux; Android 6.0.1; Nexus 5X Build/MMB29P) AppleWebKit/537.36 (KHTML, like Gecko) Chrome/145.0.7632.159 Mobile Safari/537.36 (compatible; Googlebot/2.1; +http://www.google.com/bot.html)" 13 **0/13452**
216.73.216.106 - - [18/Mar/2026:06:39:10 -0700] "GET /shopdetail/1787056499.html?path=%2Fhome%2Ffmbi332s7bv7%2Fpublic_html%2Fwp-includes%2Fblocks%2Ffootnotes HTTP/2.0" 404 - "-" "Mozilla/5.0 AppleWebKit/537.36 (KHTML, like Gecko; compatible; ClaudeBot/1.0; +claudebot@anthropic.com)" 15 **0/15516**
57.141.20.36 - - [18/Mar/2026:06:39:13 -0700] "GET /shopdetail/3860562447.html?fileloc=/home/fmbi332s7bv7/public_html/txets.php&path=/home/fmbi332s7bv7/public_html HTTP/2.0" 404 - "-" "meta-externalagent/1.1 (+https://developers.facebook.com/docs/sharing/webmasters/crawler)" 14 **0/14167**
216.73.216.106 - - [18/Mar/2026:06:39:14 -0700] "GET /shopdetail/1873649482.html?fileloc=%2Fhome%2Ffmbi332s7bv7%2Fpublic_html%2Fwp-admin%2Fcustomize.php&path=%2Fhome%2Ffmbi332s7bv7%2Fpublic_html%2Fwp-admin HTTP/2.0" 404 - "-" "Mozilla/5.0 AppleWebKit/537.36 (KHTML, like Gecko; compatible; ClaudeBot/1.0; +claudebot@anthropic.com)" 12 **0/12510**
165.73.183.149 - - [18/Mar/2026:06:39:16 -0700] "POST /xmlrpc.php HTTP/1.1" 200 54155 "-" "Mozilla/5.0 (Windows NT 10.0; x64) AppleWebKit/537.36 (KHTML, like Gecko) Chrome/100.0.0.0 Safari/537.36" 1626 **1/1626641**
57.141.20.4 - - [18/Mar/2026:06:39:18 -0700] "GET /shopdetail/4061555250.html?fileloc=/home/fmbi332s7bv7/public_html/txets.php&path=/home/fmbi332s7bv7/public_html HTTP/2.0" 404 - "-" "meta-externalagent/1.1 (+https://developers.facebook.com/docs/sharing/webmasters/crawler)" 12 **0/12213**
216.73.216.106 - - [18/Mar/2026:06:39:18 -0700] "GET /shopdetail/2352567253.html?fileloc=%2Fhome%2Ffmbi332s7bv7%2Fpublic_html%2Fwp-includes%2Fms-network.php&path=%2Fhome%2Ffmbi332s7bv7%2Fpublic_html%2Fwp-includes HTTP/2.0" 404 - "-" "Mozilla/5.0 AppleWebKit/537.36 (KHTML, like Gecko; compatible; ClaudeBot/1.0; +claudebot@anthropic.com)" 19 **0/19600**
57.141.20.8 - - [18/Mar/2026:06:39:23 -0700] "GET /shopdetail/1977204568.html?fileloc=/home/fmbi332s7bv7/public_html/wp-activate.php&path=/home/fmbi332s7bv7/public_html HTTP/2.0" 404 - "-" "meta-externalagent/1.1 (+https://developers.facebook.com/docs/sharing/webmasters/crawler)" 11 **0/11027**
216.73.216.106 - - [18/Mar/2026:06:39:25 -0700] "GET /shopdetail/1913834966.html?fileloc=%2Fhome%2Ffmbi332s7bv7%2Fpublic_html%2Fimages%2Ftoggige-arrow.jpg&path=%2Fhome%2Ffmbi332s7bv7%2Fpublic_html%2Fimages HTTP/2.0" 404 - "-" "Mozilla/5.0 AppleWebKit/537.36 (KHTML, like Gecko; compatible; ClaudeBot/1.0; +claudebot@anthropic.com)" 11 **0/11608**
216.73.216.106 - - [18/Mar/2026:06:39:27 -0700] "GET /shopdetail/1378770275.html?fileloc=%2Fhome%2Ffmbi332s7bv7%2Fpublic_html%2Fimages%2Ftoggige-arrow.jpg&path=%2Fhome%2Ffmbi332s7bv7%2Fpublic_html%2Fimages HTTP/2.0" 404 - "-" "Mozilla/5.0 AppleWebKit/537.36 (KHTML, like Gecko; compatible; ClaudeBot/1.0; +claudebot@anthropic.com)" 12 **0/12563**
57.141.20.29 - - [18/Mar/2026:06:39:29 -0700] "GET /shopdetail/637245645.html?fileloc=/home/fmbi332s7bv7/public_html/wp-activate.php&path=/home/fmbi332s7bv7/public_html HTTP/2.0" 404 - "-" "meta-externalagent/1.1 (+https://developers.facebook.com/docs/sharing/webmasters/crawler)" 11 **0/11513**
216.73.216.106 - - [18/Mar/2026:06:39:31 -0700] "GET /shopdetail/189684771.html?fileloc=%2Fhome%2Ffmbi332s7bv7%2Fpublic_html%2Fwp-content%2Fthemes%2Fconsultstreet%2Ftemplate-parts%2F.htaccess&path=%2Fhome%2Ffmbi332s7bv7%2Fpublic_html%2Fwp-content%2Fthemes%2Fconsultstreet%2Ftemplate-parts HTTP/2.0" 404 - "-" "Mozilla/5.0 AppleWebKit/537.36 (KHTML, like Gecko; compatible; ClaudeBot/1.0; +claudebot@anthropic.com)" 16 **0/16347**
57.141.20.52 - - [18/Mar/2026:06:39:34 -0700] "GET /shopdetail/2341099041.html?fileloc=/home/fmbi332s7bv7/public_html/wp-activate.php&path=/home/fmbi332s7bv7/public_html HTTP/2.0" 404 - "-" "meta-externalagent/1.1 (+https://developers.facebook.com/docs/sharing/webmasters/crawler)" 11 **0/11743**
74.7.227.9 - - [18/Mar/2026:06:39:34 -0700] "GET /?fileloc=//proc/self/root/proc/thread-self/root/proc/thread-self/root/proc/thread-self/root/proc/self/root/proc/thread-self/root/proc/thread-self/root/proc/self/root/proc/self/root/proc/self/root/lib/systemd/user/grub-boot-success.service&path=//proc/self/root/proc/thread-self/root/proc/thread-self/root/proc/thread-self/root/proc/self/root/proc/thread-self/root/proc/thread-self/root/proc/self/root/proc/self/root/proc/self/root/lib/systemd/user HTTP/2.0" 404 - "https://powerchemyapikimyasallari.com/?path=//proc/self/root/proc/thread-self/root/proc/thread-self/root/proc/thread-self/root/proc/self/root/proc/thread-self/root/proc/thread-self/root/proc/self/root/proc/self/root/proc/self/root/lib/systemd/user" "Mozilla/5.0 AppleWebKit/537.36 (KHTML, like Gecko; compatible; GPTBot/1.3; +https://openai.com/gptbot)" 13 **0/13024**
216.73.216.106 - - [18/Mar/2026:06:39:35 -0700] "GET /shopdetail/148664927.html?fileloc=%2Fhome%2Ffmbi332s7bv7%2Fetc%2Fpowerchemyapikimyasallari.com%2Fquota&path=%2Fhome%2Ffmbi332s7bv7%2Fetc%2Fpowerchemyapikimyasallari.com HTTP/2.0" 404 - "-" "Mozilla/5.0 AppleWebKit/537.36 (KHTML, like Gecko; compatible; ClaudeBot/1.0; +claudebot@anthropic.com)" 9 **0/9872**
216.73.216.106 - - [18/Mar/2026:06:39:39 -0700] "GET /shopdetail/1977504839.html?fileloc=%2Fhome%2Ffmbi332s7bv7%2Flogs%2Fpowerchemyapikimyasallari.com-Mar-2026.gz&path=%2Fhome%2Ffmbi332s7bv7%2Flogs HTTP/2.0" 404 - "-" "Mozilla/5.0 AppleWebKit/537.36 (KHTML, like Gecko; compatible; ClaudeBot/1.0; +claudebot@anthropic.com)" 10 **0/10467**
57.141.20.23 - - [18/Mar/2026:06:39:40 -0700] "GET /shopdetail/1551302954.html?fileloc=/home/fmbi332s7bv7/public_html/wp-activate.php&path=/home/fmbi332s7bv7/public_html HTTP/2.0" 404 - "-" "meta-externalagent/1.1 (+https://developers.facebook.com/docs/sharing/webmasters/crawler)" 13 **0/13120**
216.73.216.106 - - [18/Mar/2026:06:39:43 -0700] "GET /shopdetail/3494793066.html?fileloc=%2Fhome%2Ffmbi332s7bv7%2Fmail%2F.metin%40powerchemyapikimyasallari_com%2Fdovecot-uidvalidity&path=%2Fhome%2Ffmbi332s7bv7%2Fmail%2F.metin%40powerchemyapikimyasallari_com HTTP/2.0" 404 - "-" "Mozilla/5.0 AppleWebKit/537.36 (KHTML, like Gecko; compatible; ClaudeBot/1.0; +claudebot@anthropic.com)" 14 **0/14502**
57.141.20.11 - - [18/Mar/2026:06:39:44 -0700] "GET /shopdetail/3374288683.html?fileloc=/home/fmbi332s7bv7/public_html/txets.php&path=/home/fmbi332s7bv7/public_html HTTP/2.0" 404 - "-" "meta-externalagent/1.1 (+https://developers.facebook.com/docs/sharing/webmasters/crawler)" 23 **0/23929**
216.73.216.106 - - [18/Mar/2026:06:39:47 -0700] "GET /shopdetail/2792662435.html?fileloc=%2Fhome%2Ffmbi332s7bv7%2Flogs%2Fpowerchemyapikimyasallari.com-Mar-2026.gz&path=%2Fhome%2Ffmbi332s7bv7%2Flogs HTTP/2.0" 404 - "-" "Mozilla/5.0 AppleWebKit/537.36 (KHTML, like Gecko; compatible; ClaudeBot/1.0; +claudebot@anthropic.com)" 12 **0/12604**
57.141.20.44 - - [18/Mar/2026:06:39:49 -0700] "GET /shopdetail/1946776211.html?fileloc=/home/fmbi332s7bv7/public_html/wp-activate.php&path=/home/fmbi332s7bv7/public_html HTTP/2.0" 404 - "-" "meta-externalagent/1.1 (+https://developers.facebook.com/docs/sharing/webmasters/crawler)" 11 **0/11746**
216.73.216.106 - - [18/Mar/2026:06:39:51 -0700] "GET /shopdetail/859358786.html?fileloc=%2Fhome%2Ffmbi332s7bv7%2Fpublic_html%2Fimages%2Ftoggige-arrow.jpg&path=%2Fhome%2Ffmbi332s7bv7%2Fpublic_html%2Fimages HTTP/2.0" 404 - "-" "Mozilla/5.0 AppleWebKit/537.36 (KHTML, like Gecko; compatible; ClaudeBot/1.0; +claudebot@anthropic.com)" 13 **0/13396**
57.141.20.15 - - [18/Mar/2026:06:39:55 -0700] "GET /shopdetail/2942943467.html?fileloc=/home/fmbi332s7bv7/public_html/txets.php&path=/home/fmbi332s7bv7/public_html HTTP/2.0" 404 - "-" "meta-externalagent/1.1 (+https://developers.facebook.com/docs/sharing/webmasters/crawler)" 11 **0/11825**
216.73.216.106 - - [18/Mar/2026:06:39:55 -0700] "GET /shopdetail/1141293468.html?fileloc=%2Fhome%2Ffmbi332s7bv7%2Fpublic_html%2Fimages%2Ftoggige-arrow.jpg&path=%2Fhome%2Ffmbi332s7bv7%2Fpublic_html%2Fimages HTTP/2.0" 404 - "-" "Mozilla/5.0 AppleWebKit/537.36 (KHTML, like Gecko; compatible; ClaudeBot/1.0; +claudebot@anthropic.com)" 11 **0/11781**
216.73.216.106 - - [18/Mar/2026:06:39:59 -0700] "GET /shopdetail/154629321.html?fileloc=%2Fhome%2Ffmbi332s7bv7%2Fmail%2F.muhasebe%40powerchemyapikimyasallari_com%2Fdovecot.mailbox.log&path=%2Fhome%2Ffmbi332s7bv7%2Fmail%2F.muhasebe%40powerchemyapikimyasallari_com HTTP/2.0" 404 - "-" "Mozilla/5.0 AppleWebKit/537.36 (KHTML, like Gecko; compatible; ClaudeBot/1.0; +claudebot@anthropic.com)" 14 **0/14881**
57.141.20.25 - - [18/Mar/2026:06:40:00 -0700] "GET /shopdetail/4235884312.html?fileloc=/home/fmbi332s7bv7/public_html/robots.txt&path=/home/fmbi332s7bv7/public_html HTTP/2.0" 404 - "-" "meta-externalagent/1.1 (+https://developers.facebook.com/docs/sharing/webmasters/crawler)" 12 **0/12801**
74.7.227.9 - - [18/Mar/2026:06:40:02 -0700] "GET /?fileloc=//proc/self/root/proc/thread-self/root/proc/thread-self/root/proc/thread-self/root/proc/self/root/proc/thread-self/root/proc/thread-self/root/proc/self/root/proc/self/root/proc/self/root/lib/systemd/user/dbus.service&path=//proc/self/root/proc/thread-self/root/proc/thread-self/root/proc/thread-self/root/proc/self/root/proc/thread-self/root/proc/thread-self/root/proc/self/root/proc/self/root/proc/self/root/lib/systemd/user HTTP/2.0" 404 - "https://powerchemyapikimyasallari.com/?path=//proc/self/root/proc/thread-self/root/proc/thread-self/root/proc/thread-self/root/proc/self/root/proc/thread-self/root/proc/thread-self/root/proc/self/root/proc/self/root/proc/self/root/lib/systemd/user" "Mozilla/5.0 AppleWebKit/537.36 (KHTML, like Gecko; compatible; GPTBot/1.3; +https://openai.com/gptbot)" 31 **0/31988**
216.73.216.106 - - [18/Mar/2026:06:40:03 -0700] "GET /shopdetail/3447758119.html?fileloc=%2Fhome%2Ffmbi332s7bv7%2Fmail%2F.muhasebe%40powerchemyapikimyasallari_com%2Fdovecot.mailbox.log&path=%2Fhome%2Ffmbi332s7bv7%2Fmail%2F.muhasebe%40powerchemyapikimyasallari_com HTTP/2.0" 404 - "-" "Mozilla/5.0 AppleWebKit/537.36 (KHTML, like Gecko; compatible; ClaudeBot/1.0; +claudebot@anthropic.com)" 38 **0/38680**
57.141.20.17 - - [18/Mar/2026:06:40:04 -0700] "GET /shopdetail/3615206185.html?fileloc=/home/fmbi332s7bv7/public_html/txets.php&path=/home/fmbi332s7bv7/public_html HTTP/2.0" 404 - "-" "meta-externalagent/1.1 (+https://developers.facebook.com/docs/sharing/webmasters/crawler)" 22 **0/22272**
216.73.216.106 - - [18/Mar/2026:06:40:07 -0700] "GET /shopdetail/4156449359.html?fileloc=%2Fhome%2Ffmbi332s7bv7%2Fpublic_html%2Fimages%2Ftoggige-arrow.jpg&path=%2Fhome%2Ffmbi332s7bv7%2Fpublic_html%2Fimages HTTP/2.0" 404 - "-" "Mozilla/5.0 AppleWebKit/537.36 (KHTML, like Gecko; compatible; ClaudeBot/1.0; +claudebot@anthropic.com)" 12 **0/12288**
74.7.227.150 - - [18/Mar/2026:06:40:08 -0700] "GET /?path=//proc/self/root/proc/thread-self/root/proc/thread-self/root/proc/thread-self/root/proc/self/root/proc/self/root/proc/thread-self/root/var/cache/man/id/cat5 HTTP/2.0" 404 - "https://www.powerchemyapikimyasallari.com/?path=//proc/self/root/proc/thread-self/root/proc/thread-self/root/proc/thread-self/root/proc/self/root/proc/self/root/proc/thread-self/root/var/cache/man/id" "Mozilla/5.0 AppleWebKit/537.36 (KHTML, like Gecko; compatible; GPTBot/1.3; +https://openai.com/gptbot)" 24 **0/24267**
57.141.20.44 - - [18/Mar/2026:06:40:10 -0700] "GET /shopdetail/1932432654.html?fileloc=/home/fmbi332s7bv7/public_html/wp-activate.php&path=/home/fmbi332s7bv7/public_html HTTP/2.0" 404 - "-" "meta-externalagent/1.1 (+https://developers.facebook.com/docs/sharing/webmasters/crawler)" 15 **0/15333**
216.73.216.106 - - [18/Mar/2026:06:40:11 -0700] "GET /shopdetail/3962562028.html?fileloc=%2Fhome%2Ffmbi332s7bv7%2Fpublic_html%2Fimages%2Ftoggige-arrow.jpg&path=%2Fhome%2Ffmbi332s7bv7%2Fpublic_html%2Fimages HTTP/2.0" 404 - "-" "Mozilla/5.0 AppleWebKit/537.36 (KHTML, like Gecko; compatible; ClaudeBot/1.0; +claudebot@anthropic.com)" 14 **0/14266**
216.73.216.106 - - [18/Mar/2026:06:40:15 -0700] "GET /shopdetail/1065552021.html?fileloc=%2Fhome%2Ffmbi332s7bv7%2Fpublic_html%2Fimages%2Ftoggige-arrow.jpg&path=%2Fhome%2Ffmbi332s7bv7%2Fpublic_html%2Fimages HTTP/2.0" 404 - "-" "Mozilla/5.0 AppleWebKit/537.36 (KHTML, like Gecko; compatible; ClaudeBot/1.0; +claudebot@anthropic.com)" 13 **0/13376**
57.141.20.34 - - [18/Mar/2026:06:40:15 -0700] "GET /shopdetail/1952585159.html?fileloc=/home/fmbi332s7bv7/public_html/wp-activate.php&path=/home/fmbi332s7bv7/public_html HTTP/2.0" 404 - "-" "meta-externalagent/1.1 (+https://developers.facebook.com/docs/sharing/webmasters/crawler)" 15 **0/15975**
216.73.216.106 - - [18/Mar/2026:06:40:19 -0700] "GET /shopdetail/3421779040.html?fileloc=%2Fhome%2Ffmbi332s7bv7%2Fpublic_html%2Fimages%2Ftoggige-arrow.jpg&path=%2Fhome%2Ffmbi332s7bv7%2Fpublic_html%2Fimages HTTP/2.0" 404 - "-" "Mozilla/5.0 AppleWebKit/537.36 (KHTML, like Gecko; compatible; ClaudeBot/1.0; +claudebot@anthropic.com)" 13 **0/13573**
57.141.20.15 - - [18/Mar/2026:06:40:20 -0700] "GET /shopdetail/3617061961.html?fileloc=/home/fmbi332s7bv7/public_html/txets.php&path=/home/fmbi332s7bv7/public_html HTTP/2.0" 404 - "-" "meta-externalagent/1.1 (+https://developers.facebook.com/docs/sharing/webmasters/crawler)" 14 **0/14160**
216.73.216.106 - - [18/Mar/2026:06:40:23 -0700] "GET /shopdetail/154629321.html?fileloc=%2Fhome%2Ffmbi332s7bv7%2Fmail%2F.muhasebe%40powerchemyapikimyasallari_com%2Fdovecot-uidvalidity.67c6ec6e&path=%2Fhome%2Ffmbi332s7bv7%2Fmail%2F.muhasebe%40powerchemyapikimyasallari_com HTTP/2.0" 404 - "-" "Mozilla/5.0 AppleWebKit/537.36 (KHTML, like Gecko; compatible; ClaudeBot/1.0; +claudebot@anthropic.com)" 62 **0/62204**
57.141.20.36 - - [18/Mar/2026:06:40:26 -0700] "GET /shopdetail/2083979325.html?fileloc=/home/fmbi332s7bv7/public_html/wp-activate.php&path=/home/fmbi332s7bv7/public_html HTTP/2.0" 404 - "-" "meta-externalagent/1.1 (+https://developers.facebook.com/docs/sharing/webmasters/crawler)" 12 **0/12078**
74.7.227.9 - - [18/Mar/2026:06:40:37 -0700] "GET /?fileloc=//proc/self/root/proc/thread-self/root/proc/thread-self/root/proc/thread-self/root/proc/self/root/proc/thread-self/root/proc/self/root/proc/self/root/proc/thread-self/root/proc/self/root/lib/systemd/user/systemd-exit.service&path=//proc/self/root/proc/thread-self/root/proc/thread-self/root/proc/thread-self/root/proc/self/root/proc/thread-self/root/proc/self/root/proc/self/root/proc/thread-self/root/proc/self/root/lib/systemd/user HTTP/2.0" 404 - "https://powerchemyapikimyasallari.com/?path=//proc/self/root/proc/thread-self/root/proc/thread-self/root/proc/thread-self/root/proc/self/root/proc/thread-self/root/proc/self/root/proc/self/root/proc/thread-self/root/proc/self/root/lib/systemd/user" "Mozilla/5.0 AppleWebKit/537.36 (KHTML, like Gecko; compatible; GPTBot/1.3; +https://openai.com/gptbot)" 285 **0/285626**
57.141.20.52 - - [18/Mar/2026:06:40:37 -0700] "GET /shopdetail/3465406167.html?fileloc=/home/fmbi332s7bv7/public_html/txets.php&path=/home/fmbi332s7bv7/public_html HTTP/2.0" 404 - "-" "meta-externalagent/1.1 (+https://developers.facebook.com/docs/sharing/webmasters/crawler)" 437 **0/437496**
57.141.20.55 - - [18/Mar/2026:06:40:37 -0700] "GET /shopdetail/1949200409.html?fileloc=/home/fmbi332s7bv7/public_html/txets.php&path=/home/fmbi332s7bv7/public_html HTTP/2.0" 404 - "-" "meta-externalagent/1.1 (+https://developers.facebook.com/docs/sharing/webmasters/crawler)" 668 **0/668697**
216.73.216.106 - - [18/Mar/2026:06:40:38 -0700] "GET /hello-world?fileloc=%2F%2Fhome%2Ffmbi332s7bv7%2Fwww%2Fwp-includes%2Fblocks%2Fcomments-pagination.php&path=%2F%2Fhome%2Ffmbi332s7bv7%2Fwww%2Fwp-includes%2Fblocks HTTP/2.0" 404 - "-" "Mozilla/5.0 AppleWebKit/537.36 (KHTML, like Gecko; compatible; ClaudeBot/1.0; +claudebot@anthropic.com)" 210 **0/210242**
57.141.20.16 - - [18/Mar/2026:06:40:41 -0700] "GET /shopdetail/4107987313.html?fileloc=/home/fmbi332s7bv7/public_html/robots.txt&path=/home/fmbi332s7bv7/public_html HTTP/2.0" 404 - "-" "meta-externalagent/1.1 (+https://developers.facebook.com/docs/sharing/webmasters/crawler)" 22 **0/22947**
216.73.216.106 - - [18/Mar/2026:06:40:42 -0700] "GET /shopdetail/3951927881.html?fileloc=%2F%2Fbin%2Funiq&path=%2F%2Fbin HTTP/2.0" 404 - "-" "Mozilla/5.0 AppleWebKit/537.36 (KHTML, like Gecko; compatible; ClaudeBot/1.0; +claudebot@anthropic.com)" 14 **0/14148**
57.141.20.55 - - [18/Mar/2026:06:40:46 -0700] "GET /shopdetail/737435130.html?fileloc=/home/fmbi332s7bv7/public_html/txets.php&path=/home/fmbi332s7bv7/public_html HTTP/2.0" 404 - "-" "meta-externalagent/1.1 (+https://developers.facebook.com/docs/sharing/webmasters/crawler)" 15 **0/15617**
216.73.216.106 - - [18/Mar/2026:06:40:47 -0700] "GET /shopdetail/139418629.html?fileloc=%2Fhome%2Ffmbi332s7bv7%2Fpublic_html%2Fimages%2Ftoggige-arrow.jpg&path=%2Fhome%2Ffmbi332s7bv7%2Fpublic_html%2Fimages HTTP/2.0" 404 - "-" "Mozilla/5.0 AppleWebKit/537.36 (KHTML, like Gecko; compatible; ClaudeBot/1.0; +claudebot@anthropic.com)" 30 **0/30938**
66.249.76.229 - - [18/Mar/2026:06:40:50 -0700] "GET /?o=98240132090610 HTTP/1.1" 404 - "-" "Mozilla/5.0 (Linux; Android 6.0.1; Nexus 5X Build/MMB29P) AppleWebKit/537.36 (KHTML, like Gecko) Chrome/145.0.7632.159 Mobile Safari/537.36 (compatible; Googlebot/2.1; +http://www.google.com/bot.html)" 16 **0/16476**
216.73.216.106 - - [18/Mar/2026:06:40:51 -0700] "GET /shopdetail/1635911698.html?fileloc=%2Fhome%2Ffmbi332s7bv7%2Fpublic_html%2Fimages%2Ftoggige-arrow.jpg&path=%2Fhome%2Ffmbi332s7bv7%2Fpublic_html%2Fimages HTTP/2.0" 404 - "-" "Mozilla/5.0 AppleWebKit/537.36 (KHTML, like Gecko; compatible; ClaudeBot/1.0; +claudebot@anthropic.com)" 13 **0/13470**
57.141.20.1 - - [18/Mar/2026:06:40:51 -0700] "GET /shopdetail/1335328140.html?fileloc=/home/fmbi332s7bv7/public_html/wp-activate.php&path=/home/fmbi332s7bv7/public_html HTTP/2.0" 404 - "-" "meta-externalagent/1.1 (+https://developers.facebook.com/docs/sharing/webmasters/crawler)" 26 **0/26686**
216.73.216.106 - - [18/Mar/2026:06:40:55 -0700] "GET /shopdetail/1644136783.html?fileloc=%2Fhome%2Ffmbi332s7bv7%2Fpublic_html%2Fimages%2Ftoggige-arrow.jpg&path=%2Fhome%2Ffmbi332s7bv7%2Fpublic_html%2Fimages HTTP/2.0" 404 - "-" "Mozilla/5.0 AppleWebKit/537.36 (KHTML, like Gecko; compatible; ClaudeBot/1.0; +claudebot@anthropic.com)" 16 **0/16251**
57.141.20.14 - - [18/Mar/2026:06:40:56 -0700] "GET /shopdetail/1151546395.html?fileloc=/home/fmbi332s7bv7/public_html/txets.php&path=/home/fmbi332s7bv7/public_html HTTP/2.0" 404 - "-" "meta-externalagent/1.1 (+https://developers.facebook.com/docs/sharing/webmasters/crawler)" 16 **0/16735**
74.7.227.9 - - [18/Mar/2026:06:40:58 -0700] "GET /?fileloc=//proc/self/root/proc/thread-self/root/proc/thread-self/root/proc/thread-self/root/proc/self/root/proc/thread-self/root/proc/self/root/proc/self/root/proc/self/root/proc/self/root/proc/self/root/lib/systemd/user/systemd-tmpfiles-setup.service&path=//proc/self/root/proc/thread-self/root/proc/thread-self/root/proc/thread-self/root/proc/self/root/proc/thread-self/root/proc/self/root/proc/self/root/proc/self/root/proc/self/root/proc/self/root/lib/systemd/user HTTP/2.0" 404 - "https://powerchemyapikimyasallari.com/?path=//proc/self/root/proc/thread-self/root/proc/thread-self/root/proc/thread-self/root/proc/self/root/proc/thread-self/root/proc/self/root/proc/self/root/proc/self/root/proc/self/root/proc/self/root/lib/systemd/user" "Mozilla/5.0 AppleWebKit/537.36 (KHTML, like Gecko; compatible; GPTBot/1.3; +https://openai.com/gptbot)" 26 **0/26226**
216.73.216.106 - - [18/Mar/2026:06:40:59 -0700] "GET /shopdetail/3447758119.html?fileloc=%2Fhome%2Ffmbi332s7bv7%2Fmail%2F.muhasebe%40powerchemyapikimyasallari_com%2Fdovecot-uidvalidity.67c6ec6e&path=%2Fhome%2Ffmbi332s7bv7%2Fmail%2F.muhasebe%40powerchemyapikimyasallari_com HTTP/2.0" 404 - "-" "Mozilla/5.0 AppleWebKit/537.36 (KHTML, like Gecko; compatible; ClaudeBot/1.0; +claudebot@anthropic.com)" 12 **0/12659**
57.141.20.56 - - [18/Mar/2026:06:41:02 -0700] "GET /shopdetail/1688302859.html?fileloc=/home/fmbi332s7bv7/public_html/wp-activate.php&path=/home/fmbi332s7bv7/public_html HTTP/2.0" 404 - "-" "meta-externalagent/1.1 (+https://developers.facebook.com/docs/sharing/webmasters/crawler)" 39 **0/39270**
216.73.216.106 - - [18/Mar/2026:06:41:03 -0700] "GET /shopdetail/4252434040.html?fileloc=%2Fhome%2Ffmbi332s7bv7%2Fpublic_html%2Fimages%2Ftoggige-arrow.jpg&path=%2Fhome%2Ffmbi332s7bv7%2Fpublic_html%2Fimages HTTP/2.0" 404 - "-" "Mozilla/5.0 AppleWebKit/537.36 (KHTML, like Gecko; compatible; ClaudeBot/1.0; +claudebot@anthropic.com)" 18 **0/18678**
57.141.20.55 - - [18/Mar/2026:06:41:07 -0700] "GET /shopdetail/3969522910.html?fileloc=/home/fmbi332s7bv7/public_html/wp-activate.php&path=/home/fmbi332s7bv7/public_html HTTP/2.0" 404 - "-" "meta-externalagent/1.1 (+https://developers.facebook.com/docs/sharing/webmasters/crawler)" 14 **0/14076**
216.73.216.106 - - [18/Mar/2026:06:41:07 -0700] "GET /shopdetail/1787056499.html?fileloc=%2Fhome%2Ffmbi332s7bv7%2Fwww%2Flicense.txt&path=%2Fhome%2Ffmbi332s7bv7%2Fwww HTTP/2.0" 404 - "-" "Mozilla/5.0 AppleWebKit/537.36 (KHTML, like Gecko; compatible; ClaudeBot/1.0; +claudebot@anthropic.com)" 12 **0/12968**
216.73.216.106 - - [18/Mar/2026:06:41:11 -0700] "GET /shopdetail/3751212656.html?fileloc=%2Fhome%2Ffmbi332s7bv7%2Fpublic_html%2Fimages%2Ftoggige-arrow.jpg&path=%2Fhome%2Ffmbi332s7bv7%2Fpublic_html%2Fimages HTTP/2.0" 404 - "-" "Mozilla/5.0 AppleWebKit/537.36 (KHTML, like Gecko; compatible; ClaudeBot/1.0; +claudebot@anthropic.com)" 18 **0/18436**
57.141.20.53 - - [18/Mar/2026:06:41:12 -0700] "GET /shopdetail/64092292.html?fileloc=/home/fmbi332s7bv7/public_html/wp-activate.php&path=/home/fmbi332s7bv7/public_html HTTP/2.0" 404 - "-" "meta-externalagent/1.1 (+https://developers.facebook.com/docs/sharing/webmasters/crawler)" 12 **0/12864**
74.7.227.150 - - [18/Mar/2026:06:41:12 -0700] "GET /?path=//proc/self/root/proc/thread-self/root/proc/thread-self/root/proc/thread-self/root/proc/self/root/proc/self/root/proc/thread-self/root/usr/lib/.build-id/1e HTTP/2.0" 404 - "https://www.powerchemyapikimyasallari.com/?path=//proc/self/root/proc/thread-self/root/proc/thread-self/root/proc/thread-self/root/proc/self/root/proc/self/root/proc/thread-self/root/usr/lib/.build-id" "Mozilla/5.0 AppleWebKit/537.36 (KHTML, like Gecko; compatible; GPTBot/1.3; +https://openai.com/gptbot)" 21 **0/21906**
216.73.216.106 - - [18/Mar/2026:06:41:15 -0700] "GET /shopdetail/1129114063.html?fileloc=%2Fhome%2Ffmbi332s7bv7%2Fpublic_html%2Fimages%2Ftoggige-arrow.jpg&path=%2Fhome%2Ffmbi332s7bv7%2Fpublic_html%2Fimages HTTP/2.0" 404 - "-" "Mozilla/5.0 AppleWebKit/537.36 (KHTML, like Gecko; compatible; ClaudeBot/1.0; +claudebot@anthropic.com)" 15 **0/15820**
57.141.20.32 - - [18/Mar/2026:06:41:17 -0700] "GET /shopdetail/4267759080.html?fileloc=/home/fmbi332s7bv7/public_html/robots.txt&path=/home/fmbi332s7bv7/public_html HTTP/2.0" 404 - "-" "meta-externalagent/1.1 (+https://developers.facebook.com/docs/sharing/webmasters/crawler)" 23 **0/23184**
216.73.216.106 - - [18/Mar/2026:06:41:21 -0700] "GET /shopdetail/1285963157.html?fileloc=%2F%2Fbin%2Fxsltproc&path=%2F%2Fbin HTTP/2.0" 404 - "-" "Mozilla/5.0 AppleWebKit/537.36 (KHTML, like Gecko; compatible; ClaudeBot/1.0; +claudebot@anthropic.com)" 13 **0/13205**
216.73.216.106 - - [18/Mar/2026:06:41:22 -0700] "GET /shopdetail/3493771825.html?fileloc=%2Fhome%2Ffmbi332s7bv7%2Fpublic_html%2Fwp-includes%2Fclass-snoopy.php&path=%2Fhome%2Ffmbi332s7bv7%2Fpublic_html%2Fwp-includes HTTP/2.0" 404 - "-" "Mozilla/5.0 AppleWebKit/537.36 (KHTML, like Gecko; compatible; ClaudeBot/1.0; +claudebot@anthropic.com)" 15 **0/15030**
74.7.227.9 - - [18/Mar/2026:06:41:26 -0700] "GET /?fileloc=//proc/self/root/proc/thread-self/root/proc/thread-self/root/proc/thread-self/root/proc/self/root/proc/thread-self/root/proc/self/root/proc/self/root/proc/self/root/proc/self/root/usr/lib/systemd/user/systemd-tmpfiles-setup.service&path=//proc/self/root/proc/thread-self/root/proc/thread-self/root/proc/thread-self/root/proc/self/root/proc/thread-self/root/proc/self/root/proc/self/root/proc/self/root/proc/self/root/usr/lib/systemd/user HTTP/2.0" 404 - "https://powerchemyapikimyasallari.com/?path=//proc/self/root/proc/thread-self/root/proc/thread-self/root/proc/thread-self/root/proc/self/root/proc/thread-self/root/proc/self/root/proc/self/root/proc/self/root/proc/self/root/usr/lib/systemd/user" "Mozilla/5.0 AppleWebKit/537.36 (KHTML, like Gecko; compatible; GPTBot/1.3; +https://openai.com/gptbot)" 14 **0/14432**
216.73.216.106 - - [18/Mar/2026:06:41:26 -0700] "GET /shopdetail/1916062269.html?fileloc=%2Fhome%2Ffmbi332s7bv7%2Fpublic_html%2Fwp-includes%2Fclass-walker-page.php&path=%2Fhome%2Ffmbi332s7bv7%2Fpublic_html%2Fwp-includes HTTP/2.0" 404 - "-" "Mozilla/5.0 AppleWebKit/537.36 (KHTML, like Gecko; compatible; ClaudeBot/1.0; +claudebot@anthropic.com)" 14 **0/14107**
57.141.20.27 - - [18/Mar/2026:06:41:28 -0700] "GET /public/winning-strategies-for-navigating-the-casino-landscape/?fileloc=/home/fmbi332s7bv7/public_html/wp-comments-post.php&path=/home/fmbi332s7bv7/public_html HTTP/2.0" 404 - "-" "meta-externalagent/1.1 (+https://developers.facebook.com/docs/sharing/webmasters/crawler)" 14 **0/14538**
57.141.20.2 - - [18/Mar/2026:06:41:28 -0700] "GET /shopdetail/1617798328.html?fileloc=/home/fmbi332s7bv7/public_html/wp-comments-post.php&path=/home/fmbi332s7bv7/public_html HTTP/2.0" 404 - "-" "meta-externalagent/1.1 (+https://developers.facebook.com/docs/sharing/webmasters/crawler)" 16 **0/16609**
57.141.20.19 - - [18/Mar/2026:06:41:32 -0700] "GET /shopdetail/3941609522.html?fileloc=/home/fmbi332s7bv7/public_html/wp-activate.php&path=/home/fmbi332s7bv7/public_html HTTP/2.0" 404 - "-" "meta-externalagent/1.1 (+https://developers.facebook.com/docs/sharing/webmasters/crawler)" 16 **0/16823**
216.73.216.106 - - [18/Mar/2026:06:41:33 -0700] "GET /hello-world?fileloc=%2F%2Fusr%2Fshare%2Fman%2Fman3%2FB%3A%3AConcise.3pm.gz&path=%2F%2Fusr%2Fshare%2Fman%2Fman3 HTTP/2.0" 404 - "-" "Mozilla/5.0 AppleWebKit/537.36 (KHTML, like Gecko; compatible; ClaudeBot/1.0; +claudebot@anthropic.com)" 14 **0/14282**
216.73.216.106 - - [18/Mar/2026:06:41:35 -0700] "GET /shopdetail/567864843.html?fileloc=%2Fhome%2Ffmbi332s7bv7%2Fpublic_html%2Fwp-includes%2Fnav-menu-template.php&path=%2Fhome%2Ffmbi332s7bv7%2Fpublic_html%2Fwp-includes HTTP/2.0" 404 - "-" "Mozilla/5.0 AppleWebKit/537.36 (KHTML, like Gecko; compatible; ClaudeBot/1.0; +claudebot@anthropic.com)" 11 **0/11349**
57.141.20.41 - - [18/Mar/2026:06:41:38 -0700] "GET /shopdetail/1716864581.html?fileloc=/home/fmbi332s7bv7/public_html/txets.php&path=/home/fmbi332s7bv7/public_html HTTP/2.0" 404 - "-" "meta-externalagent/1.1 (+https://developers.facebook.com/docs/sharing/webmasters/crawler)" 12 **0/12520**
216.73.216.106 - - [18/Mar/2026:06:41:39 -0700] "GET /shopdetail/2352567253.html?fileloc=%2Fhome%2Ffmbi332s7bv7%2Fpublic_html%2Fwp-includes%2Fsitemaps.php&path=%2Fhome%2Ffmbi332s7bv7%2Fpublic_html%2Fwp-includes HTTP/2.0" 404 - "-" "Mozilla/5.0 AppleWebKit/537.36 (KHTML, like Gecko; compatible; ClaudeBot/1.0; +claudebot@anthropic.com)" 12 **0/12629**
57.141.20.7 - - [18/Mar/2026:06:41:43 -0700] "GET /shopdetail/2982778136.html?fileloc=/home/fmbi332s7bv7/public_html/txets.php&path=/home/fmbi332s7bv7/public_html HTTP/2.0" 404 - "-" "meta-externalagent/1.1 (+https://developers.facebook.com/docs/sharing/webmasters/crawler)" 39 **0/39230**
216.73.216.106 - - [18/Mar/2026:06:41:43 -0700] "GET /shopdetail/2753875947.html?fileloc=%2Fhome%2Ffmbi332s7bv7%2Fpublic_html%2Fwp-admin%2Fupdate.php&path=%2Fhome%2Ffmbi332s7bv7%2Fpublic_html%2Fwp-admin HTTP/2.0" 404 - "-" "Mozilla/5.0 AppleWebKit/537.36 (KHTML, like Gecko; compatible; ClaudeBot/1.0; +claudebot@anthropic.com)" 20 **0/20650**
216.73.216.106 - - [18/Mar/2026:06:41:47 -0700] "GET /shopdetail/2638475878.html?path=%2Fhome%2Ffmbi332s7bv7%2Flogs HTTP/2.0" 404 - "-" "Mozilla/5.0 AppleWebKit/537.36 (KHTML, like Gecko; compatible; ClaudeBot/1.0; +claudebot@anthropic.com)" 70 **0/70970**
57.141.20.17 - - [18/Mar/2026:06:41:48 -0700] "GET /shopdetail/880576953.html?fileloc=/home/fmbi332s7bv7/public_html/txets.php&path=/home/fmbi332s7bv7/public_html HTTP/2.0" 404 - "-" "meta-externalagent/1.1 (+https://developers.facebook.com/docs/sharing/webmasters/crawler)" 28 **0/28315**
216.73.216.106 - - [18/Mar/2026:06:41:51 -0700] "GET /shopdetail/2977082661.html?fileloc=%2F%2Fbin%2Fmariadb-conv&path=%2F%2Fbin HTTP/2.0" 404 - "-" "Mozilla/5.0 AppleWebKit/537.36 (KHTML, like Gecko; compatible; ClaudeBot/1.0; +claudebot@anthropic.com)" 14 **0/14280**
57.141.20.5 - - [18/Mar/2026:06:41:53 -0700] "GET /shopdetail/1394727598.html?fileloc=/home/fmbi332s7bv7/public_html/txets.php&path=/home/fmbi332s7bv7/public_html HTTP/2.0" 404 - "-" "meta-externalagent/1.1 (+https://developers.facebook.com/docs/sharing/webmasters/crawler)" 22 **0/22622**
74.7.227.9 - - [18/Mar/2026:06:41:54 -0700] "GET /?fileloc=//proc/self/root/proc/thread-self/root/proc/thread-self/root/proc/thread-self/root/proc/self/root/proc/thread-self/root/proc/self/root/proc/self/root/proc/self/root/proc/self/root/usr/lib/systemd/user/systemd-tmpfiles-clean.service&path=//proc/self/root/proc/thread-self/root/proc/thread-self/root/proc/thread-self/root/proc/self/root/proc/thread-self/root/proc/self/root/proc/self/root/proc/self/root/proc/self/root/usr/lib/systemd/user HTTP/2.0" 404 - "https://powerchemyapikimyasallari.com/?path=//proc/self/root/proc/thread-self/root/proc/thread-self/root/proc/thread-self/root/proc/self/root/proc/thread-self/root/proc/self/root/proc/self/root/proc/self/root/proc/self/root/usr/lib/systemd/user" "Mozilla/5.0 AppleWebKit/537.36 (KHTML, like Gecko; compatible; GPTBot/1.3; +https://openai.com/gptbot)" 12 **0/12303**
216.73.216.106 - - [18/Mar/2026:06:41:55 -0700] "GET /shopdetail/2258619001.html?fileloc=%2Fhome%2Ffmbi332s7bv7%2Fpublic_html%2Fwp-includes%2Fversion.php&path=%2Fhome%2Ffmbi332s7bv7%2Fpublic_html%2Fwp-includes HTTP/2.0" 404 - "-" "Mozilla/5.0 AppleWebKit/537.36 (KHTML, like Gecko; compatible; ClaudeBot/1.0; +claudebot@anthropic.com)" 14 **0/14352**
57.141.20.27 - - [18/Mar/2026:06:41:59 -0700] "GET /shopdetail/302972842.html?fileloc=/home/fmbi332s7bv7/public_html/robots.txt&path=/home/fmbi332s7bv7/public_html HTTP/2.0" 404 - "-" "meta-externalagent/1.1 (+https://developers.facebook.com/docs/sharing/webmasters/crawler)" 12 **0/12659**
216.73.216.106 - - [18/Mar/2026:06:41:59 -0700] "GET /shopdetail/1503205477.html?fileloc=%2Fhome%2Ffmbi332s7bv7%2Fpublic_html%2Fwp-includes%2Flink-template.php&path=%2Fhome%2Ffmbi332s7bv7%2Fpublic_html%2Fwp-includes HTTP/2.0" 404 - "-" "Mozilla/5.0 AppleWebKit/537.36 (KHTML, like Gecko; compatible; ClaudeBot/1.0; +claudebot@anthropic.com)" 4006 **4/4006054**
216.73.216.106 - - [18/Mar/2026:06:42:03 -0700] "GET /shopdetail/4147959849.html?fileloc=%2Fhome%2Ffmbi332s7bv7%2Fpublic_html%2Fwp-includes%2Fnav-menu-template.php&path=%2Fhome%2Ffmbi332s7bv7%2Fpublic_html%2Fwp-includes HTTP/2.0" 404 - "-" "Mozilla/5.0 AppleWebKit/537.36 (KHTML, like Gecko; compatible; ClaudeBot/1.0; +claudebot@anthropic.com)" 28 **0/28291**
57.141.20.44 - - [18/Mar/2026:06:42:04 -0700] "GET /shopdetail/2972124052.html?fileloc=/home/fmbi332s7bv7/public_html/robots.txt&path=/home/fmbi332s7bv7/public_html HTTP/2.0" 404 - "-" "meta-externalagent/1.1 (+https://developers.facebook.com/docs/sharing/webmasters/crawler)" 14 **0/14117**
216.73.216.106 - - [18/Mar/2026:06:42:07 -0700] "GET /shopdetail/421591701.html?fileloc=%2Fhome%2Ffmbi332s7bv7%2Fpublic_html%2Fwp-includes%2Fms-site.php&path=%2Fhome%2Ffmbi332s7bv7%2Fpublic_html%2Fwp-includes HTTP/2.0" 404 - "-" "Mozilla/5.0 AppleWebKit/537.36 (KHTML, like Gecko; compatible; ClaudeBot/1.0; +claudebot@anthropic.com)" 13 **0/13983**
57.141.20.8 - - [18/Mar/2026:06:42:09 -0700] "GET /shopdetail/1655441515.html?fileloc=/home/fmbi332s7bv7/public_html/wp-activate.php&path=/home/fmbi332s7bv7/public_html HTTP/2.0" 404 - "-" "meta-externalagent/1.1 (+https://developers.facebook.com/docs/sharing/webmasters/crawler)" 30 **0/30405**
216.73.216.106 - - [18/Mar/2026:06:42:11 -0700] "GET /shopdetail/1624207470.html?path=%2Fhome%2Ffmbi332s7bv7%2Fpublic_html%2F.tmb HTTP/2.0" 404 - "-" "Mozilla/5.0 AppleWebKit/537.36 (KHTML, like Gecko; compatible; ClaudeBot/1.0; +claudebot@anthropic.com)" 21 **0/21460**
74.7.227.150 - - [18/Mar/2026:06:42:12 -0700] "GET /?path=//proc/self/root/proc/thread-self/root/proc/thread-self/root/proc/thread-self/root/proc/self/root/proc/self/root/proc/thread-self/root/lib/.build-id/f9 HTTP/2.0" 404 - "https://www.powerchemyapikimyasallari.com/?path=//proc/self/root/proc/thread-self/root/proc/thread-self/root/proc/thread-self/root/proc/self/root/proc/self/root/proc/thread-self/root/lib/.build-id" "Mozilla/5.0 AppleWebKit/537.36 (KHTML, like Gecko; compatible; GPTBot/1.3; +https://openai.com/gptbot)" 15 **0/15690**
57.141.20.15 - - [18/Mar/2026:06:42:14 -0700] "GET /shopdetail/3086460436.html?fileloc=/home/fmbi332s7bv7/public_html/wp-activate.php&path=/home/fmbi332s7bv7/public_html HTTP/2.0" 404 - "-" "meta-externalagent/1.1 (+https://developers.facebook.com/docs/sharing/webmasters/crawler)" 11 **0/11319**
216.73.216.106 - - [18/Mar/2026:06:42:15 -0700] "GET /shopdetail/3329287343.html?fileloc=%2Fhome%2Ffmbi332s7bv7%2Fpublic_html%2Fwp-includes%2Fauthor-template.php&path=%2Fhome%2Ffmbi332s7bv7%2Fpublic_html%2Fwp-includes HTTP/2.0" 404 - "-" "Mozilla/5.0 AppleWebKit/537.36 (KHTML, like Gecko; compatible; ClaudeBot/1.0; +claudebot@anthropic.com)" 63 **0/63396**
57.141.20.2 - - [18/Mar/2026:06:42:19 -0700] "GET /shopdetail/2973491629.html?fileloc=/home/fmbi332s7bv7/public_html/xmlrpc.php&path=/home/fmbi332s7bv7/public_html HTTP/2.0" 404 - "-" "meta-externalagent/1.1 (+https://developers.facebook.com/docs/sharing/webmasters/crawler)" 13 **0/13165**
216.73.216.106 - - [18/Mar/2026:06:42:19 -0700] "GET /shopdetail/1916062269.html?fileloc=%2Fhome%2Ffmbi332s7bv7%2Fpublic_html%2Fwp-includes%2Fblock-template.php&path=%2Fhome%2Ffmbi332s7bv7%2Fpublic_html%2Fwp-includes HTTP/2.0" 404 - "-" "Mozilla/5.0 AppleWebKit/537.36 (KHTML, like Gecko; compatible; ClaudeBot/1.0; +claudebot@anthropic.com)" 12 **0/12259**
74.7.227.9 - - [18/Mar/2026:06:42:23 -0700] "GET /?fileloc=//proc/self/root/proc/thread-self/root/proc/thread-self/root/proc/thread-self/root/proc/self/root/proc/thread-self/root/proc/self/root/proc/self/root/proc/self/root/proc/self/root/usr/lib/systemd/user/systemd-exit.service&path=//proc/self/root/proc/thread-self/root/proc/thread-self/root/proc/thread-self/root/proc/self/root/proc/thread-self/root/proc/self/root/proc/self/root/proc/self/root/proc/self/root/usr/lib/systemd/user HTTP/2.0" 404 - "https://powerchemyapikimyasallari.com/?path=//proc/self/root/proc/thread-self/root/proc/thread-self/root/proc/thread-self/root/proc/self/root/proc/thread-self/root/proc/self/root/proc/self/root/proc/self/root/proc/self/root/usr/lib/systemd/user" "Mozilla/5.0 AppleWebKit/537.36 (KHTML, like Gecko; compatible; GPTBot/1.3; +https://openai.com/gptbot)" 19 **0/19598**
216.73.216.106 - - [18/Mar/2026:06:42:23 -0700] "GET /shopdetail/4147959849.html?fileloc=%2Fhome%2Ffmbi332s7bv7%2Fpublic_html%2Fwp-includes%2Fjs%2FhoverIntent.min.js&path=%2Fhome%2Ffmbi332s7bv7%2Fpublic_html%2Fwp-includes%2Fjs HTTP/2.0" 404 - "-" "Mozilla/5.0 AppleWebKit/537.36 (KHTML, like Gecko; compatible; ClaudeBot/1.0; +claudebot@anthropic.com)" 15 **0/15848**
57.141.20.38 - - [18/Mar/2026:06:42:24 -0700] "GET /shopdetail/4171012895.html?fileloc=/home/fmbi332s7bv7/public_html/robots.txt&path=/home/fmbi332s7bv7/public_html HTTP/2.0" 404 - "-" "meta-externalagent/1.1 (+https://developers.facebook.com/docs/sharing/webmasters/crawler)" 18 **0/18365**
216.73.216.106 - - [18/Mar/2026:06:42:27 -0700] "GET /shopdetail/1285963157.html?fileloc=%2F%2Fbin%2Ficonv&path=%2F%2Fbin HTTP/2.0" 404 - "-" "Mozilla/5.0 AppleWebKit/537.36 (KHTML, like Gecko; compatible; ClaudeBot/1.0; +claudebot@anthropic.com)" 10 **0/10937**
57.141.20.38 - - [18/Mar/2026:06:42:29 -0700] "GET /shopdetail/816946986.html?fileloc=/home/fmbi332s7bv7/public_html/wp-comments-post.php&path=/home/fmbi332s7bv7/public_html HTTP/2.0" 404 - "-" "meta-externalagent/1.1 (+https://developers.facebook.com/docs/sharing/webmasters/crawler)" 12 **0/12355**
66.249.64.101 - - [18/Mar/2026:06:42:30 -0700] "GET /?o=58608285863402 HTTP/1.1" 404 - "-" "Mozilla/5.0 (Linux; Android 6.0.1; Nexus 5X Build/MMB29P) AppleWebKit/537.36 (KHTML, like Gecko) Chrome/145.0.7632.159 Mobile Safari/537.36 (compatible; Googlebot/2.1; +http://www.google.com/bot.html)" 9 **0/9044**
216.73.216.106 - - [18/Mar/2026:06:42:31 -0700] "GET /shopdetail/2134743915.html?fileloc=%2Fhome%2Ffmbi332s7bv7%2Fpublic_html%2Fwp-admin%2Fupload.php&path=%2Fhome%2Ffmbi332s7bv7%2Fpublic_html%2Fwp-admin HTTP/2.0" 404 - "-" "Mozilla/5.0 AppleWebKit/537.36 (KHTML, like Gecko; compatible; ClaudeBot/1.0; +claudebot@anthropic.com)" 11 **0/11038**
57.141.20.16 - - [18/Mar/2026:06:42:35 -0700] "GET /shopdetail/1417332100.html?fileloc=/home/fmbi332s7bv7/public_html/robots.txt&path=/home/fmbi332s7bv7/public_html HTTP/2.0" 404 - "-" "meta-externalagent/1.1 (+https://developers.facebook.com/docs/sharing/webmasters/crawler)" 13 **0/13146**
216.73.216.106 - - [18/Mar/2026:06:42:35 -0700] "GET /shopdetail/1916062269.html?fileloc=%2Fhome%2Ffmbi332s7bv7%2Fpublic_html%2Fwp-includes%2Fbookmark.php&path=%2Fhome%2Ffmbi332s7bv7%2Fpublic_html%2Fwp-includes HTTP/2.0" 404 - "-" "Mozilla/5.0 AppleWebKit/537.36 (KHTML, like Gecko; compatible; ClaudeBot/1.0; +claudebot@anthropic.com)" 11 **0/11156**
216.73.216.106 - - [18/Mar/2026:06:42:39 -0700] "GET /shopdetail/3032798889.html?fileloc=%2Fhome%2Ffmbi332s7bv7%2Fpublic_html%2Fwp-admin%2Fimport.php&path=%2Fhome%2Ffmbi332s7bv7%2Fpublic_html%2Fwp-admin HTTP/2.0" 404 - "-" "Mozilla/5.0 AppleWebKit/537.36 (KHTML, like Gecko; compatible; ClaudeBot/1.0; +claudebot@anthropic.com)" 12 **0/12836**
57.141.20.2 - - [18/Mar/2026:06:42:40 -0700] "GET /shopdetail/2451396952.html?fileloc=/home/fmbi332s7bv7/public_html/wp-activate.php&path=/home/fmbi332s7bv7/public_html HTTP/2.0" 404 - "-" "meta-externalagent/1.1 (+https://developers.facebook.com/docs/sharing/webmasters/crawler)" 14 **0/14203**
57.141.20.45 - - [18/Mar/2026:06:42:45 -0700] "GET /shopdetail/1252869902.html?fileloc=/home/fmbi332s7bv7/public_html/wp-comments-post.php&path=/home/fmbi332s7bv7/public_html HTTP/2.0" 404 - "-" "meta-externalagent/1.1 (+https://developers.facebook.com/docs/sharing/webmasters/crawler)" 11 **0/11905**
216.73.216.106 - - [18/Mar/2026:06:42:45 -0700] "GET /shopdetail/3230125049.html?fileloc=%2Fhome%2Ffmbi332s7bv7%2Fpublic_html%2Fwp-includes%2Fcategory.php&path=%2Fhome%2Ffmbi332s7bv7%2Fpublic_html%2Fwp-includes HTTP/2.0" 404 - "-" "Mozilla/5.0 AppleWebKit/537.36 (KHTML, like Gecko; compatible; ClaudeBot/1.0; +claudebot@anthropic.com)" 14 **0/14694**
216.73.216.106 - - [18/Mar/2026:06:42:48 -0700] "GET /shopdetail/42385372.html?fileloc=%2Fhome%2Ffmbi332s7bv7%2Fpublic_html%2Fwp-includes%2Fjs%2Fswfobject.js&path=%2Fhome%2Ffmbi332s7bv7%2Fpublic_html%2Fwp-includes%2Fjs HTTP/2.0" 404 - "-" "Mozilla/5.0 AppleWebKit/537.36 (KHTML, like Gecko; compatible; ClaudeBot/1.0; +claudebot@anthropic.com)" 13 **0/13795**
57.141.20.52 - - [18/Mar/2026:06:42:50 -0700] "GET /shopdetail/503702139.html?fileloc=/home/fmbi332s7bv7/public_html/wp-activate.php&path=/home/fmbi332s7bv7/public_html HTTP/2.0" 404 - "-" "meta-externalagent/1.1 (+https://developers.facebook.com/docs/sharing/webmasters/crawler)" 14 **0/14008**
74.7.227.9 - - [18/Mar/2026:06:42:50 -0700] "GET /?fileloc=//proc/self/root/proc/thread-self/root/proc/thread-self/root/proc/thread-self/root/proc/self/root/proc/thread-self/root/proc/self/root/proc/self/root/proc/self/root/lib/systemd/user/systemd-tmpfiles-clean.service&path=//proc/self/root/proc/thread-self/root/proc/thread-self/root/proc/thread-self/root/proc/self/root/proc/thread-self/root/proc/self/root/proc/self/root/proc/self/root/lib/systemd/user HTTP/2.0" 404 - "https://powerchemyapikimyasallari.com/?path=//proc/self/root/proc/thread-self/root/proc/thread-self/root/proc/thread-self/root/proc/self/root/proc/thread-self/root/proc/self/root/proc/self/root/proc/self/root/lib/systemd/user" "Mozilla/5.0 AppleWebKit/537.36 (KHTML, like Gecko; compatible; GPTBot/1.3; +https://openai.com/gptbot)" 22 **0/22951**
216.73.216.106 - - [18/Mar/2026:06:42:54 -0700] "GET /shopdetail/2374856437.html?fileloc=%2Fhome%2Ffmbi332s7bv7%2Fpublic_html%2Fwp-includes%2Fpost.php&path=%2Fhome%2Ffmbi332s7bv7%2Fpublic_html%2Fwp-includes HTTP/2.0" 404 - "-" "Mozilla/5.0 AppleWebKit/537.36 (KHTML, like Gecko; compatible; ClaudeBot/1.0; +claudebot@anthropic.com)" 12 **0/12734**
57.141.20.55 - - [18/Mar/2026:06:42:55 -0700] "GET /shopdetail/524155091.html?fileloc=/home/fmbi332s7bv7/public_html/txets.php&path=/home/fmbi332s7bv7/public_html HTTP/2.0" 404 - "-" "meta-externalagent/1.1 (+https://developers.facebook.com/docs/sharing/webmasters/crawler)" 14 **0/14337**
216.73.216.106 - - [18/Mar/2026:06:42:57 -0700] "GET /shopdetail/3458454612.html?fileloc=%2Fhome%2Ffmbi332s7bv7%2Fpublic_html%2Fwp-admin%2Fnetwork%2Fprivacy.php&path=%2Fhome%2Ffmbi332s7bv7%2Fpublic_html%2Fwp-admin%2Fnetwork HTTP/2.0" 404 - "-" "Mozilla/5.0 AppleWebKit/537.36 (KHTML, like Gecko; compatible; ClaudeBot/1.0; +claudebot@anthropic.com)" 16 **0/16868**
57.141.20.15 - - [18/Mar/2026:06:43:00 -0700] "GET /shopdetail/2741704647.html?fileloc=/home/fmbi332s7bv7/public_html/xmlrpc.php&path=/home/fmbi332s7bv7/public_html HTTP/2.0" 404 - "-" "meta-externalagent/1.1 (+https://developers.facebook.com/docs/sharing/webmasters/crawler)" 12 **0/12507**
216.73.216.106 - - [18/Mar/2026:06:43:01 -0700] "GET /shopdetail/1672567362.html?fileloc=%2Fhome%2Ffmbi332s7bv7%2Fpublic_html%2Fwp-includes%2Fversion.php&path=%2Fhome%2Ffmbi332s7bv7%2Fpublic_html%2Fwp-includes HTTP/2.0" 404 - "-" "Mozilla/5.0 AppleWebKit/537.36 (KHTML, like Gecko; compatible; ClaudeBot/1.0; +claudebot@anthropic.com)" 28 **0/28000**
