88.88.133.210 - - [18/Mar/2026:06:34:55 -0700] "GET /?fileloc=//usr/include/stdc-predef.h&path=//usr/include HTTP/1.1" 404 - "-" "Mozilla/5.0 (compatible; MJ12bot/v1.4.8; http://mj12bot.com/)" 18 **0/18753**
74.7.227.150 - - [18/Mar/2026:06:34:56 -0700] "GET /?path=//proc/self/root/proc/thread-self/root/proc/thread-self/root/proc/thread-self/root/proc/self/root/proc/self/root/proc/thread-self/root/usr/lib/.build-id/2a HTTP/2.0" 404 - "https://www.powerchemyapikimyasallari.com/?path=//proc/self/root/proc/thread-self/root/proc/thread-self/root/proc/thread-self/root/proc/self/root/proc/self/root/proc/thread-self/root/usr/lib/.build-id" "Mozilla/5.0 AppleWebKit/537.36 (KHTML, like Gecko; compatible; GPTBot/1.3; +https://openai.com/gptbot)" 8 **0/8771**
216.73.216.106 - - [18/Mar/2026:06:34:59 -0700] "GET /shopdetail/542987938.html?fileloc=%2F%2Flib64%2Flibtss2-tctildr.so.0&path=%2F%2Flib64 HTTP/2.0" 404 - "-" "Mozilla/5.0 AppleWebKit/537.36 (KHTML, like Gecko; compatible; ClaudeBot/1.0; +claudebot@anthropic.com)" 10 **0/10437**
88.88.133.210 - - [18/Mar/2026:06:34:59 -0700] "GET /?fileloc=//usr/include/stdint.h&path=//usr/include HTTP/1.1" 404 - "-" "Mozilla/5.0 (compatible; MJ12bot/v1.4.8; http://mj12bot.com/)" 9 **0/9662**
57.141.20.39 - - [18/Mar/2026:06:35:00 -0700] "GET /shopdetail/1241375098.html?fileloc=/home/fmbi332s7bv7/public_html/wp-activate.php&path=/home/fmbi332s7bv7/public_html HTTP/2.0" 404 - "-" "meta-externalagent/1.1 (+https://developers.facebook.com/docs/sharing/webmasters/crawler)" 11 **0/11606**
88.88.133.210 - - [18/Mar/2026:06:35:02 -0700] "GET /?fileloc=//usr/include/stdio.h&path=//usr/include HTTP/1.1" 404 - "-" "Mozilla/5.0 (compatible; MJ12bot/v1.4.8; http://mj12bot.com/)" 12 **0/12367**
216.73.216.106 - - [18/Mar/2026:06:35:03 -0700] "GET /shopdetail/600686921.html?fileloc=%2Fhome%2Ffmbi332s7bv7%2F.bash_logout&path=%2Fhome%2Ffmbi332s7bv7 HTTP/2.0" 404 - "-" "Mozilla/5.0 AppleWebKit/537.36 (KHTML, like Gecko; compatible; ClaudeBot/1.0; +claudebot@anthropic.com)" 21 **0/21056**
57.141.20.57 - - [18/Mar/2026:06:35:05 -0700] "GET /shopdetail/4273904235.html?fileloc=/home/fmbi332s7bv7/public_html/wp-activate.php&path=/home/fmbi332s7bv7/public_html HTTP/2.0" 404 - "-" "meta-externalagent/1.1 (+https://developers.facebook.com/docs/sharing/webmasters/crawler)" 13 **0/13110**
88.88.133.210 - - [18/Mar/2026:06:35:06 -0700] "GET /?fileloc=//usr/include/stdio_ext.h&path=//usr/include HTTP/1.1" 404 - "-" "Mozilla/5.0 (compatible; MJ12bot/v1.4.8; http://mj12bot.com/)" 10 **0/10377**
216.73.216.106 - - [18/Mar/2026:06:35:07 -0700] "GET /shopdetail/1285963157.html?fileloc=%2F%2Flib64%2Flibnl-idiag-3.so.200.26.0&path=%2F%2Flib64 HTTP/2.0" 404 - "-" "Mozilla/5.0 AppleWebKit/537.36 (KHTML, like Gecko; compatible; ClaudeBot/1.0; +claudebot@anthropic.com)" 13 **0/13408**
66.249.64.101 - - [18/Mar/2026:06:35:08 -0700] "GET /?o=9822648696902 HTTP/1.1" 404 - "-" "Mozilla/5.0 (Linux; Android 6.0.1; Nexus 5X Build/MMB29P) AppleWebKit/537.36 (KHTML, like Gecko) Chrome/145.0.7632.159 Mobile Safari/537.36 (compatible; Googlebot/2.1; +http://www.google.com/bot.html)" 10 **0/10264**
88.88.133.210 - - [18/Mar/2026:06:35:10 -0700] "GET /?fileloc=//usr/include/stdlib.h&path=//usr/include HTTP/1.1" 404 - "-" "Mozilla/5.0 (compatible; MJ12bot/v1.4.8; http://mj12bot.com/)" 10 **0/10749**
216.73.216.106 - - [18/Mar/2026:06:35:10 -0700] "GET /shopdetail/2365353823.html?fileloc=%2Fhome%2Ffmbi332s7bv7%2Fpublic_html%2Fwp-content%2Flanguages%2Ftr_TR-bf0f094965d3d4a95b47babcb35fc136.json&path=%2Fhome%2Ffmbi332s7bv7%2Fpublic_html%2Fwp-content%2Flanguages HTTP/2.0" 404 - "-" "Mozilla/5.0 AppleWebKit/537.36 (KHTML, like Gecko; compatible; ClaudeBot/1.0; +claudebot@anthropic.com)" 12 **0/12460**
57.141.20.42 - - [18/Mar/2026:06:35:10 -0700] "GET /public/penzugyi-menedzsment-strategiak/?fileloc=/home/fmbi332s7bv7/public_html/xmlrpc.php&path=/home/fmbi332s7bv7/public_html HTTP/2.0" 404 - "-" "meta-externalagent/1.1 (+https://developers.facebook.com/docs/sharing/webmasters/crawler)" 20 **0/20457**
88.88.133.210 - - [18/Mar/2026:06:35:13 -0700] "GET /?fileloc=//usr/include/string.h&path=//usr/include HTTP/1.1" 404 - "-" "Mozilla/5.0 (compatible; MJ12bot/v1.4.8; http://mj12bot.com/)" 11 **0/11086**
216.73.216.106 - - [18/Mar/2026:06:35:13 -0700] "GET /shopdetail/1872111921.html?fileloc=%2Fhome%2Ffmbi332s7bv7%2Fpublic_html%2F.htaccess&path=%2Fhome%2Ffmbi332s7bv7%2Fpublic_html HTTP/2.0" 404 - "-" "Mozilla/5.0 AppleWebKit/537.36 (KHTML, like Gecko; compatible; ClaudeBot/1.0; +claudebot@anthropic.com)" 13 **0/13382**
57.141.20.1 - - [18/Mar/2026:06:35:15 -0700] "GET /shopdetail/3554486175.html?fileloc=/home/fmbi332s7bv7/public_html/txets.php&path=/home/fmbi332s7bv7/public_html HTTP/2.0" 404 - "-" "meta-externalagent/1.1 (+https://developers.facebook.com/docs/sharing/webmasters/crawler)" 14 **0/14078**
88.88.133.210 - - [18/Mar/2026:06:35:17 -0700] "GET /?fileloc=//usr/include/stringprep.h&path=//usr/include HTTP/1.1" 404 - "-" "Mozilla/5.0 (compatible; MJ12bot/v1.4.8; http://mj12bot.com/)" 12 **0/12661**
74.7.227.9 - - [18/Mar/2026:06:35:19 -0700] "GET /?fileloc=//proc/self/root/proc/thread-self/root/proc/thread-self/root/proc/thread-self/root/proc/self/root/proc/thread-self/root/proc/self/ns/user&path=//proc/self/root/proc/thread-self/root/proc/thread-self/root/proc/thread-self/root/proc/self/root/proc/thread-self/root/proc/self/ns HTTP/2.0" 404 - "https://powerchemyapikimyasallari.com/?path=//proc/self/root/proc/thread-self/root/proc/thread-self/root/proc/thread-self/root/proc/self/root/proc/thread-self/root/proc/self/ns" "Mozilla/5.0 AppleWebKit/537.36 (KHTML, like Gecko; compatible; GPTBot/1.3; +https://openai.com/gptbot)" 14 **0/14008**
216.73.216.106 - - [18/Mar/2026:06:35:20 -0700] "GET /shopdetail/147452828.html?fileloc=%2Fhome%2Ffmbi332s7bv7%2Fpublic_html%2Flicense.txt&path=%2Fhome%2Ffmbi332s7bv7%2Fpublic_html HTTP/2.0" 404 - "-" "Mozilla/5.0 AppleWebKit/537.36 (KHTML, like Gecko; compatible; ClaudeBot/1.0; +claudebot@anthropic.com)" 11 **0/11712**
88.88.133.210 - - [18/Mar/2026:06:35:20 -0700] "GET /?fileloc=//usr/include/strings.h&path=//usr/include HTTP/1.1" 404 - "-" "Mozilla/5.0 (compatible; MJ12bot/v1.4.8; http://mj12bot.com/)" 10 **0/10420**
57.141.20.22 - - [18/Mar/2026:06:35:21 -0700] "GET /shopdetail/496849491.html?fileloc=/home/fmbi332s7bv7/public_html/wp-activate.php&path=/home/fmbi332s7bv7/public_html HTTP/2.0" 404 - "-" "meta-externalagent/1.1 (+https://developers.facebook.com/docs/sharing/webmasters/crawler)" 12 **0/12757**
216.73.216.106 - - [18/Mar/2026:06:35:23 -0700] "GET /shopdetail/1332012096.html?fileloc=%2Fhome%2Ffmbi332s7bv7%2Fpublic_html%2Flicense.txt&path=%2Fhome%2Ffmbi332s7bv7%2Fpublic_html HTTP/2.0" 404 - "-" "Mozilla/5.0 AppleWebKit/537.36 (KHTML, like Gecko; compatible; ClaudeBot/1.0; +claudebot@anthropic.com)" 12 **0/12178**
88.88.133.210 - - [18/Mar/2026:06:35:24 -0700] "GET /?fileloc=//usr/include/syscall.h&path=//usr/include HTTP/1.1" 404 - "-" "Mozilla/5.0 (compatible; MJ12bot/v1.4.8; http://mj12bot.com/)" 10 **0/10125**
88.88.133.210 - - [18/Mar/2026:06:35:32 -0700] "GET /?fileloc=//usr/include/sysexits.h&path=//usr/include HTTP/1.1" 404 - "-" "Mozilla/5.0 (compatible; MJ12bot/v1.4.8; http://mj12bot.com/)" 67 **0/67387**
57.141.20.8 - - [18/Mar/2026:06:35:32 -0700] "GET /shopdetail/87487348.html?fileloc=/home/fmbi332s7bv7/public_html/wp-activate.php&path=/home/fmbi332s7bv7/public_html HTTP/2.0" 404 - "-" "meta-externalagent/1.1 (+https://developers.facebook.com/docs/sharing/webmasters/crawler)" 47 **0/47449**
216.73.216.106 - - [18/Mar/2026:06:35:32 -0700] "GET /shopdetail/682708345.html?fileloc=%2Fhome%2Ffmbi332s7bv7%2Fpublic_html%2Flicense.txt&path=%2Fhome%2Ffmbi332s7bv7%2Fpublic_html HTTP/2.0" 404 - "-" "Mozilla/5.0 AppleWebKit/537.36 (KHTML, like Gecko; compatible; ClaudeBot/1.0; +claudebot@anthropic.com)" 19 **0/19122**
57.141.20.48 - - [18/Mar/2026:06:35:32 -0700] "GET /shopdetail/1308910704.html?fileloc=/home/fmbi332s7bv7/public_html/robots.txt&path=/home/fmbi332s7bv7/public_html HTTP/2.0" 404 - "-" "meta-externalagent/1.1 (+https://developers.facebook.com/docs/sharing/webmasters/crawler)" 36 **0/36475**
216.73.216.106 - - [18/Mar/2026:06:35:35 -0700] "GET /shopdetail/2734847123.html?fileloc=%2Fhome%2Ffmbi332s7bv7%2Fpublic_html%2Fwp-content%2Fuploads%2Fwoocommerce-placeholder-150x150.png&path=%2Fhome%2Ffmbi332s7bv7%2Fpublic_html%2Fwp-content%2Fuploads HTTP/2.0" 404 - "-" "Mozilla/5.0 AppleWebKit/537.36 (KHTML, like Gecko; compatible; ClaudeBot/1.0; +claudebot@anthropic.com)" 43 **0/43135**
88.88.133.210 - - [18/Mar/2026:06:35:36 -0700] "GET /?fileloc=//usr/include/syslog.h&path=//usr/include HTTP/1.1" 404 - "-" "Mozilla/5.0 (compatible; MJ12bot/v1.4.8; http://mj12bot.com/)" 11 **0/11414**
57.141.20.45 - - [18/Mar/2026:06:35:36 -0700] "GET /public/exploring-the-allure-of-casino-games-why-they-captivate-so-many-players/?fileloc=/home/fmbi332s7bv7/public_html/wp-links-opml.php&path=/home/fmbi332s7bv7/public_html HTTP/2.0" 404 - "-" "meta-externalagent/1.1 (+https://developers.facebook.com/docs/sharing/webmasters/crawler)" 17 **0/17103**
216.73.216.106 - - [18/Mar/2026:06:35:39 -0700] "GET /shopdetail/2351355170.html?fileloc=%2Fhome%2Ffmbi332s7bv7%2Fpublic_html%2Fwp-content%2Fuploads%2Fwoocommerce-placeholder-800x800.png&path=%2Fhome%2Ffmbi332s7bv7%2Fpublic_html%2Fwp-content%2Fuploads HTTP/2.0" 404 - "-" "Mozilla/5.0 AppleWebKit/537.36 (KHTML, like Gecko; compatible; ClaudeBot/1.0; +claudebot@anthropic.com)" 14 **0/14190**
88.88.133.210 - - [18/Mar/2026:06:35:40 -0700] "GET /?fileloc=//usr/include/tar.h&path=//usr/include HTTP/1.1" 404 - "-" "Mozilla/5.0 (compatible; MJ12bot/v1.4.8; http://mj12bot.com/)" 15 **0/15063**
57.141.20.7 - - [18/Mar/2026:06:35:42 -0700] "GET /shopdetail/3556112076.html?fileloc=/home/fmbi332s7bv7/public_html/txets.php&path=/home/fmbi332s7bv7/public_html HTTP/2.0" 404 - "-" "meta-externalagent/1.1 (+https://developers.facebook.com/docs/sharing/webmasters/crawler)" 33 **0/33069**
216.73.216.106 - - [18/Mar/2026:06:35:43 -0700] "GET /shopdetail/3787669766.html?fileloc=%2Fhome%2Ffmbi332s7bv7%2Ftmp%2Fwebalizer%2Fdaily_usage_202503.png&path=%2Fhome%2Ffmbi332s7bv7%2Ftmp%2Fwebalizer HTTP/2.0" 404 - "-" "Mozilla/5.0 AppleWebKit/537.36 (KHTML, like Gecko; compatible; ClaudeBot/1.0; +claudebot@anthropic.com)" 25 **0/25572**
88.88.133.210 - - [18/Mar/2026:06:35:43 -0700] "GET /?fileloc=//usr/include/term.h&path=//usr/include HTTP/1.1" 404 - "-" "Mozilla/5.0 (compatible; MJ12bot/v1.4.8; http://mj12bot.com/)" 35 **0/35231**
74.7.227.9 - - [18/Mar/2026:06:35:46 -0700] "GET /?path=//proc/self/root/proc/thread-self/root/proc/thread-self/root/proc/thread-self/root/proc/self/root/proc/thread-self/root/proc/self/root/proc/self/root/proc/thread-self/root/proc/self/root/proc/thread-self/root/var/www HTTP/2.0" 404 - "https://powerchemyapikimyasallari.com/?path=//proc/self/root/proc/thread-self/root/proc/thread-self/root/proc/thread-self/root/proc/self/root/proc/thread-self/root/proc/self/root/proc/self/root/proc/thread-self/root/proc/self/root/proc/thread-self/root/var" "Mozilla/5.0 AppleWebKit/537.36 (KHTML, like Gecko; compatible; GPTBot/1.3; +https://openai.com/gptbot)" 14 **0/14987**
57.141.20.57 - - [18/Mar/2026:06:35:47 -0700] "GET /shopdetail/718149934.html?fileloc=/home/fmbi332s7bv7/public_html/wp-activate.php&path=/home/fmbi332s7bv7/public_html HTTP/2.0" 404 - "-" "meta-externalagent/1.1 (+https://developers.facebook.com/docs/sharing/webmasters/crawler)" 23 **0/23921**
88.88.133.210 - - [18/Mar/2026:06:35:47 -0700] "GET /?fileloc=//usr/include/term_entry.h&path=//usr/include HTTP/1.1" 404 - "-" "Mozilla/5.0 (compatible; MJ12bot/v1.4.8; http://mj12bot.com/)" 12 **0/12068**
216.73.216.106 - - [18/Mar/2026:06:35:47 -0700] "GET /shopdetail/1605452732.html?fileloc=%2Fhome%2Ffmbi332s7bv7%2Fwww%2Fwp-content%2Flanguages%2Ftr_TR-803bf1ce2131e13efc590c1bc47851fc.json&path=%2Fhome%2Ffmbi332s7bv7%2Fwww%2Fwp-content%2Flanguages HTTP/2.0" 404 - "-" "Mozilla/5.0 AppleWebKit/537.36 (KHTML, like Gecko; compatible; ClaudeBot/1.0; +claudebot@anthropic.com)" 12 **0/12357**
88.88.133.210 - - [18/Mar/2026:06:35:50 -0700] "GET /?fileloc=//usr/include/termcap.h&path=//usr/include HTTP/1.1" 404 - "-" "Mozilla/5.0 (compatible; MJ12bot/v1.4.8; http://mj12bot.com/)" 11 **0/11973**
216.73.216.106 - - [18/Mar/2026:06:35:51 -0700] "GET /shopdetail/2719216500.html?fileloc=%2Fhome%2Ffmbi332s7bv7%2Fpublic_html%2Fwp-content%2Flanguages%2Ftr_TR-0eebe503220d4a00341eb011b92769b4.json&path=%2Fhome%2Ffmbi332s7bv7%2Fpublic_html%2Fwp-content%2Flanguages HTTP/2.0" 404 - "-" "Mozilla/5.0 AppleWebKit/537.36 (KHTML, like Gecko; compatible; ClaudeBot/1.0; +claudebot@anthropic.com)" 24 **0/24783**
57.141.20.0 - - [18/Mar/2026:06:35:52 -0700] "GET /shopdetail/12950182.html?fileloc=/home/fmbi332s7bv7/public_html/txets.php&path=/home/fmbi332s7bv7/public_html HTTP/2.0" 404 - "-" "meta-externalagent/1.1 (+https://developers.facebook.com/docs/sharing/webmasters/crawler)" 10 **0/10905**
88.88.133.210 - - [18/Mar/2026:06:35:54 -0700] "GET /?fileloc=//usr/include/termio.h&path=//usr/include HTTP/1.1" 404 - "-" "Mozilla/5.0 (compatible; MJ12bot/v1.4.8; http://mj12bot.com/)" 17 **0/17084**
216.73.216.106 - - [18/Mar/2026:06:35:55 -0700] "GET /hello-world?fileloc=%2F%2Flib%2F.build-id%2F01%2F101b58698320bbdbfec363785b14c3417f75b1&path=%2F%2Flib%2F.build-id%2F01 HTTP/2.0" 404 - "-" "Mozilla/5.0 AppleWebKit/537.36 (KHTML, like Gecko; compatible; ClaudeBot/1.0; +claudebot@anthropic.com)" 13 **0/13608**
74.7.227.150 - - [18/Mar/2026:06:35:56 -0700] "GET /?path=//proc/self/root/proc/thread-self/root/proc/thread-self/root/proc/thread-self/root/proc/self/root/proc/self/root/proc/thread-self/root/usr/lib/.build-id/d1 HTTP/2.0" 404 - "https://www.powerchemyapikimyasallari.com/?path=//proc/self/root/proc/thread-self/root/proc/thread-self/root/proc/thread-self/root/proc/self/root/proc/self/root/proc/thread-self/root/usr/lib/.build-id" "Mozilla/5.0 AppleWebKit/537.36 (KHTML, like Gecko; compatible; GPTBot/1.3; +https://openai.com/gptbot)" 15 **0/15330**
57.141.20.30 - - [18/Mar/2026:06:35:57 -0700] "GET /shopdetail/1882612798.html?fileloc=/home/fmbi332s7bv7/public_html/wp-comments-post.php&path=/home/fmbi332s7bv7/public_html HTTP/2.0" 404 - "-" "meta-externalagent/1.1 (+https://developers.facebook.com/docs/sharing/webmasters/crawler)" 15 **0/15214**
88.88.133.210 - - [18/Mar/2026:06:35:58 -0700] "GET /?fileloc=//usr/include/termios.h&path=//usr/include HTTP/1.1" 404 - "-" "Mozilla/5.0 (compatible; MJ12bot/v1.4.8; http://mj12bot.com/)" 15 **0/15197**
216.73.216.106 - - [18/Mar/2026:06:35:59 -0700] "GET /shopdetail/1598276223.html?fileloc=%2Fhome%2Ffmbi332s7bv7%2F.bash_profile&path=%2Fhome%2Ffmbi332s7bv7 HTTP/2.0" 404 - "-" "Mozilla/5.0 AppleWebKit/537.36 (KHTML, like Gecko; compatible; ClaudeBot/1.0; +claudebot@anthropic.com)" 14 **0/14490**
88.88.133.210 - - [18/Mar/2026:06:36:01 -0700] "GET /?fileloc=//usr/include/tgmath.h&path=//usr/include HTTP/1.1" 404 - "-" "Mozilla/5.0 (compatible; MJ12bot/v1.4.8; http://mj12bot.com/)" 28 **0/28532**
57.141.20.7 - - [18/Mar/2026:06:36:02 -0700] "GET /shopdetail/643473416.html?fileloc=/home/fmbi332s7bv7/public_html/xmlrpc.php&path=/home/fmbi332s7bv7/public_html HTTP/2.0" 404 - "-" "meta-externalagent/1.1 (+https://developers.facebook.com/docs/sharing/webmasters/crawler)" 14 **0/14433**
216.73.216.106 - - [18/Mar/2026:06:36:03 -0700] "GET /shopdetail/3357721387.html?fileloc=%2Fhome%2Ffmbi332s7bv7%2Fpublic_html%2Fwp-content%2Flanguages%2Ftr_TR-f70806bf0c7d62f2908bd5a1c3fe4efc.json&path=%2Fhome%2Ffmbi332s7bv7%2Fpublic_html%2Fwp-content%2Flanguages HTTP/2.0" 404 - "-" "Mozilla/5.0 AppleWebKit/537.36 (KHTML, like Gecko; compatible; ClaudeBot/1.0; +claudebot@anthropic.com)" 26 **0/26957**
88.88.133.210 - - [18/Mar/2026:06:36:05 -0700] "GET /?fileloc=//usr/include/thread_db.h&path=//usr/include HTTP/1.1" 404 - "-" "Mozilla/5.0 (compatible; MJ12bot/v1.4.8; http://mj12bot.com/)" 17 **0/17012**
216.73.216.106 - - [18/Mar/2026:06:36:07 -0700] "GET /shopdetail/1443699473.html?fileloc=%2Fhome%2Ffmbi332s7bv7%2Fpublic_html%2Fwp-content%2Flanguages%2Ftr_TR-0eebe503220d4a00341eb011b92769b4.json&path=%2Fhome%2Ffmbi332s7bv7%2Fpublic_html%2Fwp-content%2Flanguages HTTP/2.0" 404 - "-" "Mozilla/5.0 AppleWebKit/537.36 (KHTML, like Gecko; compatible; ClaudeBot/1.0; +claudebot@anthropic.com)" 24 **0/24001**
57.141.20.40 - - [18/Mar/2026:06:36:08 -0700] "GET /shopdetail/2926083659.html?fileloc=/home/fmbi332s7bv7/public_html/wp-activate.php&path=/home/fmbi332s7bv7/public_html HTTP/2.0" 404 - "-" "meta-externalagent/1.1 (+https://developers.facebook.com/docs/sharing/webmasters/crawler)" 16 **0/16903**
88.88.133.210 - - [18/Mar/2026:06:36:09 -0700] "GET /?fileloc=//usr/include/threads.h&path=//usr/include HTTP/1.1" 404 - "-" "Mozilla/5.0 (compatible; MJ12bot/v1.4.8; http://mj12bot.com/)" 16 **0/16457**
216.73.216.106 - - [18/Mar/2026:06:36:11 -0700] "GET /shopdetail/1605452732.html?fileloc=%2Fhome%2Ffmbi332s7bv7%2Fwww%2Fwp-content%2Flanguages%2Fthemes%2F.htaccess&path=%2Fhome%2Ffmbi332s7bv7%2Fwww%2Fwp-content%2Flanguages%2Fthemes HTTP/2.0" 404 - "-" "Mozilla/5.0 AppleWebKit/537.36 (KHTML, like Gecko; compatible; ClaudeBot/1.0; +claudebot@anthropic.com)" 16 **0/16690**
57.141.20.28 - - [18/Mar/2026:06:36:12 -0700] "GET /shopdetail/4293798152.html?fileloc=/home/fmbi332s7bv7/public_html/txets.php&path=/home/fmbi332s7bv7/public_html HTTP/2.0" 404 - "-" "meta-externalagent/1.1 (+https://developers.facebook.com/docs/sharing/webmasters/crawler)" 20 **0/20715**
88.88.133.210 - - [18/Mar/2026:06:36:12 -0700] "GET /?fileloc=//usr/include/tic.h&path=//usr/include HTTP/1.1" 404 - "-" "Mozilla/5.0 (compatible; MJ12bot/v1.4.8; http://mj12bot.com/)" 11 **0/11961**
74.7.227.9 - - [18/Mar/2026:06:36:15 -0700] "GET /?path=//proc/self/root/proc/thread-self/root/proc/thread-self/root/proc/thread-self/root/proc/self/root/proc/thread-self/root/proc/thread-self/root/proc/self/root/proc/self/root/proc/self/root/proc/thread-self/root/var/www HTTP/2.0" 404 - "https://powerchemyapikimyasallari.com/?path=//proc/self/root/proc/thread-self/root/proc/thread-self/root/proc/thread-self/root/proc/self/root/proc/thread-self/root/proc/thread-self/root/proc/self/root/proc/self/root/proc/self/root/proc/thread-self/root/var" "Mozilla/5.0 AppleWebKit/537.36 (KHTML, like Gecko; compatible; GPTBot/1.3; +https://openai.com/gptbot)" 12 **0/12200**
216.73.216.106 - - [18/Mar/2026:06:36:16 -0700] "GET /shopdetail/1323082311.html?fileloc=%2Fhome%2Ffmbi332s7bv7%2Fwww%2Fimages%2Fimages%2FKYqyvIZanxEp.m3u&path=%2Fhome%2Ffmbi332s7bv7%2Fwww%2Fimages%2Fimages HTTP/2.0" 404 - "-" "Mozilla/5.0 AppleWebKit/537.36 (KHTML, like Gecko; compatible; ClaudeBot/1.0; +claudebot@anthropic.com)" 20 **0/20126**
88.88.133.210 - - [18/Mar/2026:06:36:16 -0700] "GET /?fileloc=//usr/include/tiff.h&path=//usr/include HTTP/1.1" 404 - "-" "Mozilla/5.0 (compatible; MJ12bot/v1.4.8; http://mj12bot.com/)" 18 **0/18170**
57.141.20.13 - - [18/Mar/2026:06:36:18 -0700] "GET /shopdetail/2806160166.html?fileloc=/home/fmbi332s7bv7/public_html/wp-comments-post.php&path=/home/fmbi332s7bv7/public_html HTTP/2.0" 404 - "-" "meta-externalagent/1.1 (+https://developers.facebook.com/docs/sharing/webmasters/crawler)" 14 **0/14265**
216.73.216.106 - - [18/Mar/2026:06:36:19 -0700] "GET /shopdetail/2713951873.html?fileloc=%2Fhome%2Ffmbi332s7bv7%2Fpublic_html%2Fimages%2Fimages%2Fimages%2FEPTjIwRrakViglLZANen.flv&path=%2Fhome%2Ffmbi332s7bv7%2Fpublic_html%2Fimages%2Fimages%2Fimages HTTP/2.0" 404 - "-" "Mozilla/5.0 AppleWebKit/537.36 (KHTML, like Gecko; compatible; ClaudeBot/1.0; +claudebot@anthropic.com)" 15 **0/15214**
88.88.133.210 - - [18/Mar/2026:06:36:20 -0700] "GET /?fileloc=//usr/include/tiffconf-64.h&path=//usr/include HTTP/1.1" 404 - "-" "Mozilla/5.0 (compatible; MJ12bot/v1.4.8; http://mj12bot.com/)" 11 **0/11626**
57.141.20.31 - - [18/Mar/2026:06:36:23 -0700] "GET /shopdetail/631143687.html?fileloc=/home/fmbi332s7bv7/public_html/wp-activate.php&path=/home/fmbi332s7bv7/public_html HTTP/2.0" 404 - "-" "meta-externalagent/1.1 (+https://developers.facebook.com/docs/sharing/webmasters/crawler)" 23 **0/23448**
216.73.216.106 - - [18/Mar/2026:06:36:23 -0700] "GET /shopdetail/3928066104.html?fileloc=%2Fhome%2Ffmbi332s7bv7%2Fpublic_html%2Fimages%2Fimages%2Fimages%2FEPTjIwRrakViglLZANen.flv&path=%2Fhome%2Ffmbi332s7bv7%2Fpublic_html%2Fimages%2Fimages%2Fimages HTTP/2.0" 404 - "-" "Mozilla/5.0 AppleWebKit/537.36 (KHTML, like Gecko; compatible; ClaudeBot/1.0; +claudebot@anthropic.com)" 13 **0/13011**
88.88.133.210 - - [18/Mar/2026:06:36:23 -0700] "GET /?fileloc=//usr/include/tiffconf.h&path=//usr/include HTTP/1.1" 404 - "-" "Mozilla/5.0 (compatible; MJ12bot/v1.4.8; http://mj12bot.com/)" 14 **0/14803**
88.88.133.210 - - [18/Mar/2026:06:36:27 -0700] "GET /?fileloc=//usr/include/tiffio.h&path=//usr/include HTTP/1.1" 404 - "-" "Mozilla/5.0 (compatible; MJ12bot/v1.4.8; http://mj12bot.com/)" 11 **0/11265**
216.73.216.106 - - [18/Mar/2026:06:36:27 -0700] "GET /shopdetail/3966171006.html?fileloc=%2Fhome%2Ffmbi332s7bv7%2Fpublic_html%2Fimages%2Fimages%2Fimages%2FEPTjIwRrakViglLZANen.flv&path=%2Fhome%2Ffmbi332s7bv7%2Fpublic_html%2Fimages%2Fimages%2Fimages HTTP/2.0" 404 - "-" "Mozilla/5.0 AppleWebKit/537.36 (KHTML, like Gecko; compatible; ClaudeBot/1.0; +claudebot@anthropic.com)" 10 **0/10569**
57.141.20.23 - - [18/Mar/2026:06:36:28 -0700] "GET /shopdetail/1631855092.html?fileloc=/home/fmbi332s7bv7/public_html/wp-activate.php&path=/home/fmbi332s7bv7/public_html HTTP/2.0" 404 - "-" "meta-externalagent/1.1 (+https://developers.facebook.com/docs/sharing/webmasters/crawler)" 12 **0/12605**
88.88.133.210 - - [18/Mar/2026:06:36:30 -0700] "GET /?fileloc=//usr/include/tiffio.hxx&path=//usr/include HTTP/1.1" 404 - "-" "Mozilla/5.0 (compatible; MJ12bot/v1.4.8; http://mj12bot.com/)" 15 **0/15272**
216.73.216.106 - - [18/Mar/2026:06:36:31 -0700] "GET /shopdetail/2713951873.html?fileloc=%2Fhome%2Ffmbi332s7bv7%2Fpublic_html%2Fimages%2Fimages%2Fimages%2FvsZcjJm.jpg&path=%2Fhome%2Ffmbi332s7bv7%2Fpublic_html%2Fimages%2Fimages%2Fimages HTTP/2.0" 404 - "-" "Mozilla/5.0 AppleWebKit/537.36 (KHTML, like Gecko; compatible; ClaudeBot/1.0; +claudebot@anthropic.com)" 11 **0/11560**
57.141.20.21 - - [18/Mar/2026:06:36:33 -0700] "GET /shopdetail/1654306303.html?fileloc=/home/fmbi332s7bv7/public_html/wp-activate.php&path=/home/fmbi332s7bv7/public_html HTTP/2.0" 404 - "-" "meta-externalagent/1.1 (+https://developers.facebook.com/docs/sharing/webmasters/crawler)" 12 **0/12724**
88.88.133.210 - - [18/Mar/2026:06:36:34 -0700] "GET /?fileloc=//usr/include/tiffvers.h&path=//usr/include HTTP/1.1" 404 - "-" "Mozilla/5.0 (compatible; MJ12bot/v1.4.8; http://mj12bot.com/)" 9 **0/9963**
216.73.216.106 - - [18/Mar/2026:06:36:35 -0700] "GET /shopdetail/2713951873.html?fileloc=%2Fhome%2Ffmbi332s7bv7%2Fpublic_html%2Fimages%2Fimages%2Fimages%2FvBwihbesPW.swf&path=%2Fhome%2Ffmbi332s7bv7%2Fpublic_html%2Fimages%2Fimages%2Fimages HTTP/2.0" 404 - "-" "Mozilla/5.0 AppleWebKit/537.36 (KHTML, like Gecko; compatible; ClaudeBot/1.0; +claudebot@anthropic.com)" 11 **0/11481**
88.88.133.210 - - [18/Mar/2026:06:36:38 -0700] "GET /?fileloc=//usr/include/time.h&path=//usr/include HTTP/1.1" 404 - "-" "Mozilla/5.0 (compatible; MJ12bot/v1.4.8; http://mj12bot.com/)" 12 **0/12880**
57.141.20.9 - - [18/Mar/2026:06:36:38 -0700] "GET /shopdetail/2537800315.html?fileloc=/home/fmbi332s7bv7/public_html/txets.php&path=/home/fmbi332s7bv7/public_html HTTP/2.0" 404 - "-" "meta-externalagent/1.1 (+https://developers.facebook.com/docs/sharing/webmasters/crawler)" 15 **0/15856**
216.73.216.106 - - [18/Mar/2026:06:36:39 -0700] "GET /shopdetail/3928066104.html?fileloc=%2Fhome%2Ffmbi332s7bv7%2Fpublic_html%2Fimages%2Fimages%2Fimages%2FvsZcjJm.jpg&path=%2Fhome%2Ffmbi332s7bv7%2Fpublic_html%2Fimages%2Fimages%2Fimages HTTP/2.0" 404 - "-" "Mozilla/5.0 AppleWebKit/537.36 (KHTML, like Gecko; compatible; ClaudeBot/1.0; +claudebot@anthropic.com)" 27 **0/27537**
88.88.133.210 - - [18/Mar/2026:06:36:41 -0700] "GET /?fileloc=//usr/include/tld.h&path=//usr/include HTTP/1.1" 404 - "-" "Mozilla/5.0 (compatible; MJ12bot/v1.4.8; http://mj12bot.com/)" 11 **0/11271**
216.73.216.106 - - [18/Mar/2026:06:36:43 -0700] "GET /shopdetail/3966171006.html?fileloc=%2Fhome%2Ffmbi332s7bv7%2Fpublic_html%2Fimages%2Fimages%2Fimages%2FvsZcjJm.jpg&path=%2Fhome%2Ffmbi332s7bv7%2Fpublic_html%2Fimages%2Fimages%2Fimages HTTP/2.0" 404 - "-" "Mozilla/5.0 AppleWebKit/537.36 (KHTML, like Gecko; compatible; ClaudeBot/1.0; +claudebot@anthropic.com)" 9 **0/9043**
57.141.20.45 - - [18/Mar/2026:06:36:43 -0700] "GET /shopdetail/1634279290.html?fileloc=//lib64/libgmodule-2.0.so.0.5600.4&path=//lib64 HTTP/2.0" 404 - "-" "meta-externalagent/1.1 (+https://developers.facebook.com/docs/sharing/webmasters/crawler)" 11 **0/11116**
74.7.227.9 - - [18/Mar/2026:06:36:44 -0700] "GET /?path=//proc/self/root/proc/thread-self/root/proc/thread-self/root/proc/thread-self/root/proc/self/root/proc/thread-self/root/proc/thread-self/root/proc/self/root/proc/self/root/proc/thread-self/root/proc/self/root/var/www HTTP/2.0" 404 - "https://powerchemyapikimyasallari.com/?path=//proc/self/root/proc/thread-self/root/proc/thread-self/root/proc/thread-self/root/proc/self/root/proc/thread-self/root/proc/thread-self/root/proc/self/root/proc/self/root/proc/thread-self/root/proc/self/root/var" "Mozilla/5.0 AppleWebKit/537.36 (KHTML, like Gecko; compatible; GPTBot/1.3; +https://openai.com/gptbot)" 21 **0/21160**
88.88.133.210 - - [18/Mar/2026:06:36:45 -0700] "GET /?fileloc=//usr/include/ttyent.h&path=//usr/include HTTP/1.1" 404 - "-" "Mozilla/5.0 (compatible; MJ12bot/v1.4.8; http://mj12bot.com/)" 11 **0/11564**
216.73.216.106 - - [18/Mar/2026:06:36:46 -0700] "GET /shopdetail/1323082311.html?path=%2F%2Ftmp HTTP/2.0" 404 - "-" "Mozilla/5.0 AppleWebKit/537.36 (KHTML, like Gecko; compatible; ClaudeBot/1.0; +claudebot@anthropic.com)" 11 **0/11692**
57.141.20.24 - - [18/Mar/2026:06:36:48 -0700] "GET /shopdetail/2392109337.html?fileloc=/home/fmbi332s7bv7/public_html/wp-activate.php&path=/home/fmbi332s7bv7/public_html HTTP/2.0" 404 - "-" "meta-externalagent/1.1 (+https://developers.facebook.com/docs/sharing/webmasters/crawler)" 21 **0/21164**
88.88.133.210 - - [18/Mar/2026:06:36:49 -0700] "GET /?fileloc=//usr/include/uchar.h&path=//usr/include HTTP/1.1" 404 - "-" "Mozilla/5.0 (compatible; MJ12bot/v1.4.8; http://mj12bot.com/)" 9 **0/9559**
216.73.216.106 - - [18/Mar/2026:06:36:49 -0700] "GET /shopdetail/3322110834.html?path=%2F%2Fproc HTTP/2.0" 404 - "-" "Mozilla/5.0 AppleWebKit/537.36 (KHTML, like Gecko; compatible; ClaudeBot/1.0; +claudebot@anthropic.com)" 11 **0/11427**
88.88.133.210 - - [18/Mar/2026:06:36:52 -0700] "GET /?fileloc=//usr/include/ucontext.h&path=//usr/include HTTP/1.1" 404 - "-" "Mozilla/5.0 (compatible; MJ12bot/v1.4.8; http://mj12bot.com/)" 9 **0/9984**
216.73.216.106 - - [18/Mar/2026:06:36:53 -0700] "GET /hello-world?fileloc=%2F%2Fusr%2Flibexec%2Fgetconf%2FPOSIX_V6_LP64_OFF64&path=%2F%2Fusr%2Flibexec%2Fgetconf HTTP/2.0" 404 - "-" "Mozilla/5.0 AppleWebKit/537.36 (KHTML, like Gecko; compatible; ClaudeBot/1.0; +claudebot@anthropic.com)" 10 **0/10355**
57.141.20.0 - - [18/Mar/2026:06:36:54 -0700] "GET /shopdetail/4107256982.html?fileloc=/home/fmbi332s7bv7/public_html/txets.php&path=/home/fmbi332s7bv7/public_html HTTP/2.0" 404 - "-" "meta-externalagent/1.1 (+https://developers.facebook.com/docs/sharing/webmasters/crawler)" 15 **0/15141**
88.88.133.210 - - [18/Mar/2026:06:36:56 -0700] "GET /?fileloc=//usr/include/ulimit.h&path=//usr/include HTTP/1.1" 404 - "-" "Mozilla/5.0 (compatible; MJ12bot/v1.4.8; http://mj12bot.com/)" 9 **0/9503**
216.73.216.106 - - [18/Mar/2026:06:36:57 -0700] "GET /hello-world?fileloc=%2F%2Fopt%2Falt%2Fphp73%2Fetc%2Fphp.d.all%2Fyaz.ini&path=%2F%2Fopt%2Falt%2Fphp73%2Fetc%2Fphp.d.all HTTP/2.0" 404 - "-" "Mozilla/5.0 AppleWebKit/537.36 (KHTML, like Gecko; compatible; ClaudeBot/1.0; +claudebot@anthropic.com)" 12 **0/12612**
74.7.227.150 - - [18/Mar/2026:06:36:58 -0700] "GET /?path=//proc/self/root/proc/thread-self/root/proc/thread-self/root/proc/thread-self/root/proc/self/root/proc/self/root/proc/thread-self/root/usr/lib/.build-id/7a HTTP/2.0" 404 - "https://www.powerchemyapikimyasallari.com/?path=//proc/self/root/proc/thread-self/root/proc/thread-self/root/proc/thread-self/root/proc/self/root/proc/self/root/proc/thread-self/root/usr/lib/.build-id" "Mozilla/5.0 AppleWebKit/537.36 (KHTML, like Gecko; compatible; GPTBot/1.3; +https://openai.com/gptbot)" 11 **0/11200**
57.141.20.20 - - [18/Mar/2026:06:36:59 -0700] "GET /shopdetail/2722379630.html?fileloc=/home/fmbi332s7bv7/public_html/wp-activate.php&path=/home/fmbi332s7bv7/public_html HTTP/2.0" 404 - "-" "meta-externalagent/1.1 (+https://developers.facebook.com/docs/sharing/webmasters/crawler)" 11 **0/11289**
88.88.133.210 - - [18/Mar/2026:06:36:59 -0700] "GET /?fileloc=//usr/include/unctrl.h&path=//usr/include HTTP/1.1" 404 - "-" "Mozilla/5.0 (compatible; MJ12bot/v1.4.8; http://mj12bot.com/)" 11 **0/11095**
216.73.216.106 - - [18/Mar/2026:06:37:01 -0700] "GET /hello-world?path=%2F%2Fproc%2Firq%2F47%2Fvirtio2-event HTTP/2.0" 404 - "-" "Mozilla/5.0 AppleWebKit/537.36 (KHTML, like Gecko; compatible; ClaudeBot/1.0; +claudebot@anthropic.com)" 11 **0/11484**
88.88.133.210 - - [18/Mar/2026:06:37:03 -0700] "GET /?fileloc=//usr/include/unistd.h&path=//usr/include HTTP/1.1" 404 - "-" "Mozilla/5.0 (compatible; MJ12bot/v1.4.8; http://mj12bot.com/)" 30 **0/30739**
57.141.20.16 - - [18/Mar/2026:06:37:04 -0700] "GET /shopdetail/100733286.html?fileloc=/home/fmbi332s7bv7/public_html/txets.php&path=/home/fmbi332s7bv7/public_html HTTP/2.0" 404 - "-" "meta-externalagent/1.1 (+https://developers.facebook.com/docs/sharing/webmasters/crawler)" 12 **0/12598**
216.73.216.106 - - [18/Mar/2026:06:37:05 -0700] "GET /shopdetail/918648976.html?path=%2F HTTP/2.0" 404 - "-" "Mozilla/5.0 AppleWebKit/537.36 (KHTML, like Gecko; compatible; ClaudeBot/1.0; +claudebot@anthropic.com)" 13 **0/13936**
88.88.133.210 - - [18/Mar/2026:06:37:07 -0700] "GET /?fileloc=//usr/include/utime.h&path=//usr/include HTTP/1.1" 404 - "-" "Mozilla/5.0 (compatible; MJ12bot/v1.4.8; http://mj12bot.com/)" 19 **0/19370**
216.73.216.106 - - [18/Mar/2026:06:37:09 -0700] "GET /author/admin/feed?path=%2F%2Fusr%2Flib%2F.build-id%2Fac HTTP/2.0" 404 - "-" "Mozilla/5.0 AppleWebKit/537.36 (KHTML, like Gecko; compatible; ClaudeBot/1.0; +claudebot@anthropic.com)" 12 **0/12129**
57.141.20.19 - - [18/Mar/2026:06:37:09 -0700] "GET /shopdetail/3625980918.html?fileloc=/home/fmbi332s7bv7/public_html/txets.php&path=/home/fmbi332s7bv7/public_html HTTP/2.0" 404 - "-" "meta-externalagent/1.1 (+https://developers.facebook.com/docs/sharing/webmasters/crawler)" 11 **0/11940**
88.88.133.210 - - [18/Mar/2026:06:37:10 -0700] "GET /?fileloc=//usr/include/utmp.h&path=//usr/include HTTP/1.1" 404 - "-" "Mozilla/5.0 (compatible; MJ12bot/v1.4.8; http://mj12bot.com/)" 13 **0/13728**
74.7.227.9 - - [18/Mar/2026:06:37:12 -0700] "GET /?path=//proc/self/root/proc/thread-self/root/proc/thread-self/root/proc/thread-self/root/proc/self/root/proc/thread-self/root/proc/self/root/proc/self/root/proc/thread-self/root/proc/thread-self/root/proc/self/root/var/www HTTP/2.0" 404 - "https://powerchemyapikimyasallari.com/?path=//proc/self/root/proc/thread-self/root/proc/thread-self/root/proc/thread-self/root/proc/self/root/proc/thread-self/root/proc/self/root/proc/self/root/proc/thread-self/root/proc/thread-self/root/proc/self/root/var" "Mozilla/5.0 AppleWebKit/537.36 (KHTML, like Gecko; compatible; GPTBot/1.3; +https://openai.com/gptbot)" 15 **0/15838**
216.73.216.106 - - [18/Mar/2026:06:37:13 -0700] "GET /shopdetail/632133262.html?path=%2F HTTP/2.0" 404 - "-" "Mozilla/5.0 AppleWebKit/537.36 (KHTML, like Gecko; compatible; ClaudeBot/1.0; +claudebot@anthropic.com)" 20 **0/20604**
88.88.133.210 - - [18/Mar/2026:06:37:14 -0700] "GET /?fileloc=//usr/include/utmpx.h&path=//usr/include HTTP/1.1" 404 - "-" "Mozilla/5.0 (compatible; MJ12bot/v1.4.8; http://mj12bot.com/)" 13 **0/13479**
57.141.20.33 - - [18/Mar/2026:06:37:14 -0700] "GET /kakim-sposobom-graficheskaja-konstruktsija-uluchshaet-navigatsiju/?path=/home/fmbi332s7bv7/public_html/wp-admin HTTP/2.0" 404 - "-" "meta-externalagent/1.1 (+https://developers.facebook.com/docs/sharing/webmasters/crawler)" 13 **0/13573**
216.73.216.106 - - [18/Mar/2026:06:37:17 -0700] "GET /shopdetail/2713951873.html?fileloc=%2Fhome%2Ffmbi332s7bv7%2Fpublic_html%2Fimages%2Fimages%2FKYqyvIZanxEp.m3u&path=%2Fhome%2Ffmbi332s7bv7%2Fpublic_html%2Fimages%2Fimages HTTP/2.0" 404 - "-" "Mozilla/5.0 AppleWebKit/537.36 (KHTML, like Gecko; compatible; ClaudeBot/1.0; +claudebot@anthropic.com)" 22 **0/22633**
88.88.133.210 - - [18/Mar/2026:06:37:18 -0700] "GET /?fileloc=//usr/include/values.h&path=//usr/include HTTP/1.1" 404 - "-" "Mozilla/5.0 (compatible; MJ12bot/v1.4.8; http://mj12bot.com/)" 12 **0/12797**
57.141.20.28 - - [18/Mar/2026:06:37:20 -0700] "GET /shopdetail/2055120781.html?fileloc=/home/fmbi332s7bv7/public_html/wp-blog-header.php&path=/home/fmbi332s7bv7/public_html HTTP/2.0" 404 - "-" "meta-externalagent/1.1 (+https://developers.facebook.com/docs/sharing/webmasters/crawler)" 14 **0/14187**
216.73.216.106 - - [18/Mar/2026:06:37:21 -0700] "GET /shopdetail/3928066104.html?fileloc=%2Fhome%2Ffmbi332s7bv7%2Fpublic_html%2Fimages%2Fimages%2Fimages%2FvBwihbesPW.swf&path=%2Fhome%2Ffmbi332s7bv7%2Fpublic_html%2Fimages%2Fimages%2Fimages HTTP/2.0" 404 - "-" "Mozilla/5.0 AppleWebKit/537.36 (KHTML, like Gecko; compatible; ClaudeBot/1.0; +claudebot@anthropic.com)" 12 **0/12321**
88.88.133.210 - - [18/Mar/2026:06:37:22 -0700] "GET /?fileloc=//usr/include/verto-module.h&path=//usr/include HTTP/1.1" 404 - "-" "Mozilla/5.0 (compatible; MJ12bot/v1.4.8; http://mj12bot.com/)" 13 **0/13380**
57.141.20.20 - - [18/Mar/2026:06:37:25 -0700] "GET /shopdetail/540488889.html?fileloc=/home/fmbi332s7bv7/public_html/wp-activate.php&path=/home/fmbi332s7bv7/public_html HTTP/2.0" 404 - "-" "meta-externalagent/1.1 (+https://developers.facebook.com/docs/sharing/webmasters/crawler)" 12 **0/12951**
216.73.216.106 - - [18/Mar/2026:06:37:25 -0700] "GET /shopdetail/3966171006.html?fileloc=%2Fhome%2Ffmbi332s7bv7%2Fpublic_html%2Fimages%2Fimages%2Fimages%2FvBwihbesPW.swf&path=%2Fhome%2Ffmbi332s7bv7%2Fpublic_html%2Fimages%2Fimages%2Fimages HTTP/2.0" 404 - "-" "Mozilla/5.0 AppleWebKit/537.36 (KHTML, like Gecko; compatible; ClaudeBot/1.0; +claudebot@anthropic.com)" 10 **0/10888**
88.88.133.210 - - [18/Mar/2026:06:37:25 -0700] "GET /?fileloc=//usr/include/verto.h&path=//usr/include HTTP/1.1" 404 - "-" "Mozilla/5.0 (compatible; MJ12bot/v1.4.8; http://mj12bot.com/)" 11 **0/11053**
88.88.133.210 - - [18/Mar/2026:06:37:29 -0700] "GET /?fileloc=//usr/include/wait.h&path=//usr/include HTTP/1.1" 404 - "-" "Mozilla/5.0 (compatible; MJ12bot/v1.4.8; http://mj12bot.com/)" 11 **0/11730**
216.73.216.106 - - [18/Mar/2026:06:37:29 -0700] "GET /shopdetail/3494793066.html?fileloc=%2Fhome%2Ffmbi332s7bv7%2Fmail%2F.metin%40powerchemyapikimyasallari_com%2Fdovecot.list.index.log&path=%2Fhome%2Ffmbi332s7bv7%2Fmail%2F.metin%40powerchemyapikimyasallari_com HTTP/2.0" 404 - "-" "Mozilla/5.0 AppleWebKit/537.36 (KHTML, like Gecko; compatible; ClaudeBot/1.0; +claudebot@anthropic.com)" 14 **0/14156**
57.141.20.22 - - [18/Mar/2026:06:37:30 -0700] "GET /shopdetail/2984473663.html?fileloc=/home/fmbi332s7bv7/public_html/robots.txt&path=/home/fmbi332s7bv7/public_html HTTP/2.0" 404 - "-" "meta-externalagent/1.1 (+https://developers.facebook.com/docs/sharing/webmasters/crawler)" 25 **0/25562**
88.88.133.210 - - [18/Mar/2026:06:37:32 -0700] "GET /?fileloc=//usr/include/wchar.h&path=//usr/include HTTP/1.1" 404 - "-" "Mozilla/5.0 (compatible; MJ12bot/v1.4.8; http://mj12bot.com/)" 11 **0/11271**
216.73.216.106 - - [18/Mar/2026:06:37:33 -0700] "GET /shopdetail/3494793066.html?fileloc=%2Fhome%2Ffmbi332s7bv7%2Fmail%2F.metin%40powerchemyapikimyasallari_com%2Fdovecot-uidlist&path=%2Fhome%2Ffmbi332s7bv7%2Fmail%2F.metin%40powerchemyapikimyasallari_com HTTP/2.0" 404 - "-" "Mozilla/5.0 AppleWebKit/537.36 (KHTML, like Gecko; compatible; ClaudeBot/1.0; +claudebot@anthropic.com)" 12 **0/12708**
57.141.20.2 - - [18/Mar/2026:06:37:35 -0700] "GET /shopdetail/2749602564.html?fileloc=/home/fmbi332s7bv7/public_html/txets.php&path=/home/fmbi332s7bv7/public_html HTTP/2.0" 404 - "-" "meta-externalagent/1.1 (+https://developers.facebook.com/docs/sharing/webmasters/crawler)" 18 **0/18617**
88.88.133.210 - - [18/Mar/2026:06:37:36 -0700] "GET /?fileloc=//usr/include/wctype.h&path=//usr/include HTTP/1.1" 404 - "-" "Mozilla/5.0 (compatible; MJ12bot/v1.4.8; http://mj12bot.com/)" 10 **0/10560**
216.73.216.106 - - [18/Mar/2026:06:37:37 -0700] "GET /shopdetail/3494793066.html?fileloc=%2Fhome%2Ffmbi332s7bv7%2Fmail%2F.metin%40powerchemyapikimyasallari_com%2Fmaildirsize&path=%2Fhome%2Ffmbi332s7bv7%2Fmail%2F.metin%40powerchemyapikimyasallari_com HTTP/2.0" 404 - "-" "Mozilla/5.0 AppleWebKit/537.36 (KHTML, like Gecko; compatible; ClaudeBot/1.0; +claudebot@anthropic.com)" 17 **0/17223**
88.88.133.210 - - [18/Mar/2026:06:37:39 -0700] "GET /?fileloc=//usr/include/wordexp.h&path=//usr/include HTTP/1.1" 404 - "-" "Mozilla/5.0 (compatible; MJ12bot/v1.4.8; http://mj12bot.com/)" 14 **0/14029**
74.7.227.9 - - [18/Mar/2026:06:37:40 -0700] "GET /?path=//proc/self/root/proc/thread-self/root/proc/thread-self/root/proc/thread-self/root/proc/self/root/proc/thread-self/root/proc/thread-self/root/proc/self/root/proc/thread-self/root/proc/self/root/proc/self/root/var/www HTTP/2.0" 404 - "https://powerchemyapikimyasallari.com/?path=//proc/self/root/proc/thread-self/root/proc/thread-self/root/proc/thread-self/root/proc/self/root/proc/thread-self/root/proc/thread-self/root/proc/self/root/proc/thread-self/root/proc/self/root/proc/self/root/var" "Mozilla/5.0 AppleWebKit/537.36 (KHTML, like Gecko; compatible; GPTBot/1.3; +https://openai.com/gptbot)" 11 **0/11369**
57.141.20.40 - - [18/Mar/2026:06:37:40 -0700] "GET /shopdetail/260724438.html?fileloc=/home/fmbi332s7bv7/public_html/txets.php&path=/home/fmbi332s7bv7/public_html HTTP/2.0" 404 - "-" "meta-externalagent/1.1 (+https://developers.facebook.com/docs/sharing/webmasters/crawler)" 10 **0/10963**
216.73.216.106 - - [18/Mar/2026:06:37:41 -0700] "GET /shopdetail/2086505675.html?fileloc=%2Fhome%2Ffmbi332s7bv7%2Fpublic_html%2Fimages%2Fimages%2FKYqyvIZanxEp.m3u&path=%2Fhome%2Ffmbi332s7bv7%2Fpublic_html%2Fimages%2Fimages HTTP/2.0" 404 - "-" "Mozilla/5.0 AppleWebKit/537.36 (KHTML, like Gecko; compatible; ClaudeBot/1.0; +claudebot@anthropic.com)" 14 **0/14219**
88.88.133.210 - - [18/Mar/2026:06:37:43 -0700] "GET /?fileloc=//usr/include/zconf.h&path=//usr/include HTTP/1.1" 404 - "-" "Mozilla/5.0 (compatible; MJ12bot/v1.4.8; http://mj12bot.com/)" 11 **0/11801**
216.73.216.106 - - [18/Mar/2026:06:37:45 -0700] "GET /shopdetail/1907789958.html?fileloc=%2Fhome%2Ffmbi332s7bv7%2Fpublic_html%2Fimages%2Fimages%2FKYqyvIZanxEp.m3u&path=%2Fhome%2Ffmbi332s7bv7%2Fpublic_html%2Fimages%2Fimages HTTP/2.0" 404 - "-" "Mozilla/5.0 AppleWebKit/537.36 (KHTML, like Gecko; compatible; ClaudeBot/1.0; +claudebot@anthropic.com)" 20 **0/20798**
57.141.20.12 - - [18/Mar/2026:06:37:45 -0700] "GET /shopdetail/3308142702.html?fileloc=/home/fmbi332s7bv7/public_html/wp-comments-post.php&path=/home/fmbi332s7bv7/public_html HTTP/2.0" 404 - "-" "meta-externalagent/1.1 (+https://developers.facebook.com/docs/sharing/webmasters/crawler)" 12 **0/12856**
88.88.133.210 - - [18/Mar/2026:06:37:47 -0700] "GET /?fileloc=//usr/include/zlib.h&path=//usr/include HTTP/1.1" 404 - "-" "Mozilla/5.0 (compatible; MJ12bot/v1.4.8; http://mj12bot.com/)" 11 **0/11236**
216.73.216.106 - - [18/Mar/2026:06:37:48 -0700] "GET /shopdetail/3142639163.html?path=%2Fhome%2Ffmbi332s7bv7%2Fapplication_backups HTTP/2.0" 404 - "-" "Mozilla/5.0 AppleWebKit/537.36 (KHTML, like Gecko; compatible; ClaudeBot/1.0; +claudebot@anthropic.com)" 23 **0/23943**
88.88.133.210 - - [18/Mar/2026:06:37:50 -0700] "GET /?path=//lib/systemd/boot HTTP/1.1" 404 - "-" "Mozilla/5.0 (compatible; MJ12bot/v1.4.8; http://mj12bot.com/)" 14 **0/14716**
57.141.20.25 - - [18/Mar/2026:06:37:50 -0700] "GET /shopdetail/3384609532.html?fileloc=/home/fmbi332s7bv7/public_html/wp-config.php&path=/home/fmbi332s7bv7/public_html HTTP/2.0" 404 - "-" "meta-externalagent/1.1 (+https://developers.facebook.com/docs/sharing/webmasters/crawler)" 20 **0/20262**
216.73.216.106 - - [18/Mar/2026:06:37:52 -0700] "GET /shopdetail/3951927881.html?fileloc=%2F%2Flib%2Fsystemd%2Fsystemd-socket-proxyd&path=%2F%2Flib%2Fsystemd HTTP/2.0" 404 - "-" "Mozilla/5.0 AppleWebKit/537.36 (KHTML, like Gecko; compatible; ClaudeBot/1.0; +claudebot@anthropic.com)" 14 **0/14574**
88.88.133.210 - - [18/Mar/2026:06:37:54 -0700] "GET /?path=//lib/systemd/catalog HTTP/1.1" 404 - "-" "Mozilla/5.0 (compatible; MJ12bot/v1.4.8; http://mj12bot.com/)" 10 **0/10894**
57.141.20.24 - - [18/Mar/2026:06:37:56 -0700] "GET /shopdetail/394480873.html?fileloc=/home/fmbi332s7bv7/public_html/wp-comments-post.php&path=/home/fmbi332s7bv7/public_html HTTP/2.0" 404 - "-" "meta-externalagent/1.1 (+https://developers.facebook.com/docs/sharing/webmasters/crawler)" 12 **0/12269**
88.88.133.210 - - [18/Mar/2026:06:37:57 -0700] "GET /?path=//lib/systemd/network HTTP/1.1" 404 - "-" "Mozilla/5.0 (compatible; MJ12bot/v1.4.8; http://mj12bot.com/)" 9 **0/9388**
216.73.216.106 - - [18/Mar/2026:06:37:59 -0700] "GET /shopdetail/3787669766.html?fileloc=%2Fhome%2Ffmbi332s7bv7%2Fpublic_html%2Fimages%2Fimages%2FKYqyvIZanxEp.m3u&path=%2Fhome%2Ffmbi332s7bv7%2Fpublic_html%2Fimages%2Fimages HTTP/2.0" 404 - "-" "Mozilla/5.0 AppleWebKit/537.36 (KHTML, like Gecko; compatible; ClaudeBot/1.0; +claudebot@anthropic.com)" 13 **0/13082**
57.141.20.38 - - [18/Mar/2026:06:38:01 -0700] "GET /shopdetail/675182013.html?fileloc=/home/fmbi332s7bv7/public_html/wp-activate.php&path=/home/fmbi332s7bv7/public_html HTTP/2.0" 404 - "-" "meta-externalagent/1.1 (+https://developers.facebook.com/docs/sharing/webmasters/crawler)" 23 **0/23679**
88.88.133.210 - - [18/Mar/2026:06:38:01 -0700] "GET /?path=//lib/systemd/ntp-units.d HTTP/1.1" 404 - "-" "Mozilla/5.0 (compatible; MJ12bot/v1.4.8; http://mj12bot.com/)" 11 **0/11755**
74.7.227.150 - - [18/Mar/2026:06:38:02 -0700] "GET /?path=//proc/self/root/proc/thread-self/root/proc/thread-self/root/proc/thread-self/root/proc/self/root/proc/self/root/proc/thread-self/root/usr/lib/.build-id/07 HTTP/2.0" 404 - "https://www.powerchemyapikimyasallari.com/?path=//proc/self/root/proc/thread-self/root/proc/thread-self/root/proc/thread-self/root/proc/self/root/proc/self/root/proc/thread-self/root/usr/lib/.build-id" "Mozilla/5.0 AppleWebKit/537.36 (KHTML, like Gecko; compatible; GPTBot/1.3; +https://openai.com/gptbot)" 18 **0/18596**
216.73.216.106 - - [18/Mar/2026:06:38:03 -0700] "GET /shopdetail/766585402.html?fileloc=%2Fhome%2Ffmbi332s7bv7%2Fpublic_html%2Fimages%2Fimages%2FKYqyvIZanxEp.m3u&path=%2Fhome%2Ffmbi332s7bv7%2Fpublic_html%2Fimages%2Fimages HTTP/2.0" 404 - "-" "Mozilla/5.0 AppleWebKit/537.36 (KHTML, like Gecko; compatible; ClaudeBot/1.0; +claudebot@anthropic.com)" 14 **0/14207**
88.88.133.210 - - [18/Mar/2026:06:38:04 -0700] "GET /?path=//lib/systemd/portable HTTP/1.1" 404 - "-" "Mozilla/5.0 (compatible; MJ12bot/v1.4.8; http://mj12bot.com/)" 10 **0/10464**
57.141.20.44 - - [18/Mar/2026:06:38:06 -0700] "GET /shopdetail/216362905.html?fileloc=/home/fmbi332s7bv7/public_html/wp-comments-post.php&path=/home/fmbi332s7bv7/public_html HTTP/2.0" 404 - "-" "meta-externalagent/1.1 (+https://developers.facebook.com/docs/sharing/webmasters/crawler)" 15 **0/15053**
216.73.216.106 - - [18/Mar/2026:06:38:07 -0700] "GET /shopdetail/3494793066.html?fileloc=%2Fhome%2Ffmbi332s7bv7%2Fmail%2F.metin%40powerchemyapikimyasallari_com%2Fdovecot.index.log&path=%2Fhome%2Ffmbi332s7bv7%2Fmail%2F.metin%40powerchemyapikimyasallari_com HTTP/2.0" 404 - "-" "Mozilla/5.0 AppleWebKit/537.36 (KHTML, like Gecko; compatible; ClaudeBot/1.0; +claudebot@anthropic.com)" 12 **0/12740**
88.88.133.210 - - [18/Mar/2026:06:38:08 -0700] "GET /?path=//lib/systemd/system HTTP/1.1" 404 - "-" "Mozilla/5.0 (compatible; MJ12bot/v1.4.8; http://mj12bot.com/)" 11 **0/11237**
74.7.227.9 - - [18/Mar/2026:06:38:09 -0700] "GET /?fileloc=//proc/self/root/proc/thread-self/root/proc/thread-self/root/proc/thread-self/root/proc/self/root/proc/thread-self/root/proc/self/root/proc/self/root/proc/self/root/proc/self/root/proc/self/root/usr/lib/systemd/user/dirmngr.service&path=//proc/self/root/proc/thread-self/root/proc/thread-self/root/proc/thread-self/root/proc/self/root/proc/thread-self/root/proc/self/root/proc/self/root/proc/self/root/proc/self/root/proc/self/root/usr/lib/systemd/user HTTP/2.0" 404 - "https://powerchemyapikimyasallari.com/?path=//proc/self/root/proc/thread-self/root/proc/thread-self/root/proc/thread-self/root/proc/self/root/proc/thread-self/root/proc/self/root/proc/self/root/proc/self/root/proc/self/root/proc/self/root/usr/lib/systemd/user" "Mozilla/5.0 AppleWebKit/537.36 (KHTML, like Gecko; compatible; GPTBot/1.3; +https://openai.com/gptbot)" 13 **0/13317**
216.73.216.106 - - [18/Mar/2026:06:38:11 -0700] "GET /shopdetail/3928066104.html?fileloc=%2Fhome%2Ffmbi332s7bv7%2Fpublic_html%2Fimages%2Fimages%2FKYqyvIZanxEp.m3u&path=%2Fhome%2Ffmbi332s7bv7%2Fpublic_html%2Fimages%2Fimages HTTP/2.0" 404 - "-" "Mozilla/5.0 AppleWebKit/537.36 (KHTML, like Gecko; compatible; ClaudeBot/1.0; +claudebot@anthropic.com)" 18 **0/18954**
57.141.20.20 - - [18/Mar/2026:06:38:11 -0700] "GET /shopdetail/3302341799.html?fileloc=/home/fmbi332s7bv7/public_html/robots.txt&path=/home/fmbi332s7bv7/public_html HTTP/2.0" 404 - "-" "meta-externalagent/1.1 (+https://developers.facebook.com/docs/sharing/webmasters/crawler)" 13 **0/13883**
88.88.133.210 - - [18/Mar/2026:06:38:12 -0700] "GET /?path=//lib/systemd/system-generators HTTP/1.1" 404 - "-" "Mozilla/5.0 (compatible; MJ12bot/v1.4.8; http://mj12bot.com/)" 10 **0/10968**
216.73.216.106 - - [18/Mar/2026:06:38:15 -0700] "GET /shopdetail/865682060.html?fileloc=%2Fhome%2Ffmbi332s7bv7%2Fpublic_html%2Fimages%2Fimages%2FKYqyvIZanxEp.m3u&path=%2Fhome%2Ffmbi332s7bv7%2Fpublic_html%2Fimages%2Fimages HTTP/2.0" 404 - "-" "Mozilla/5.0 AppleWebKit/537.36 (KHTML, like Gecko; compatible; ClaudeBot/1.0; +claudebot@anthropic.com)" 13 **0/13011**
88.88.133.210 - - [18/Mar/2026:06:38:15 -0700] "GET /?path=//lib/systemd/system-preset HTTP/1.1" 404 - "-" "Mozilla/5.0 (compatible; MJ12bot/v1.4.8; http://mj12bot.com/)" 10 **0/10824**
57.141.20.37 - - [18/Mar/2026:06:38:16 -0700] "GET /shopdetail/3818809898.html?fileloc=/home/fmbi332s7bv7/public_html/txets.php&path=/home/fmbi332s7bv7/public_html HTTP/2.0" 404 - "-" "meta-externalagent/1.1 (+https://developers.facebook.com/docs/sharing/webmasters/crawler)" 13 **0/13190**
216.73.216.106 - - [18/Mar/2026:06:38:19 -0700] "GET /shopdetail/154629321.html?fileloc=%2Fhome%2Ffmbi332s7bv7%2Fmail%2F.muhasebe%40powerchemyapikimyasallari_com%2Fdovecot.list.index.log&path=%2Fhome%2Ffmbi332s7bv7%2Fmail%2F.muhasebe%40powerchemyapikimyasallari_com HTTP/2.0" 404 - "-" "Mozilla/5.0 AppleWebKit/537.36 (KHTML, like Gecko; compatible; ClaudeBot/1.0; +claudebot@anthropic.com)" 15 **0/15009**
88.88.133.210 - - [18/Mar/2026:06:38:19 -0700] "GET /?path=//lib/systemd/system-sleep HTTP/1.1" 404 - "-" "Mozilla/5.0 (compatible; MJ12bot/v1.4.8; http://mj12bot.com/)" 11 **0/11919**
57.141.20.22 - - [18/Mar/2026:06:38:22 -0700] "GET /shopdetail/2208324466.html?fileloc=/home/fmbi332s7bv7/public_html/wp-activate.php&path=/home/fmbi332s7bv7/public_html HTTP/2.0" 404 - "-" "meta-externalagent/1.1 (+https://developers.facebook.com/docs/sharing/webmasters/crawler)" 14 **0/14353**
216.73.216.106 - - [18/Mar/2026:06:38:23 -0700] "GET /shopdetail/3447758119.html?fileloc=%2Fhome%2Ffmbi332s7bv7%2Fmail%2F.muhasebe%40powerchemyapikimyasallari_com%2Fdovecot.list.index.log&path=%2Fhome%2Ffmbi332s7bv7%2Fmail%2F.muhasebe%40powerchemyapikimyasallari_com HTTP/2.0" 404 - "-" "Mozilla/5.0 AppleWebKit/537.36 (KHTML, like Gecko; compatible; ClaudeBot/1.0; +claudebot@anthropic.com)" 10 **0/10841**
57.141.20.49 - - [18/Mar/2026:06:38:27 -0700] "GET /shopdetail/1015449056.html?fileloc=/home/fmbi332s7bv7/public_html/wp-activate.php&path=/home/fmbi332s7bv7/public_html HTTP/2.0" 404 - "-" "meta-externalagent/1.1 (+https://developers.facebook.com/docs/sharing/webmasters/crawler)" 10 **0/10299**
216.73.216.106 - - [18/Mar/2026:06:38:27 -0700] "GET /shopdetail/154629321.html?fileloc=%2Fhome%2Ffmbi332s7bv7%2Fmail%2F.muhasebe%40powerchemyapikimyasallari_com%2Fmaildirsize&path=%2Fhome%2Ffmbi332s7bv7%2Fmail%2F.muhasebe%40powerchemyapikimyasallari_com HTTP/2.0" 404 - "-" "Mozilla/5.0 AppleWebKit/537.36 (KHTML, like Gecko; compatible; ClaudeBot/1.0; +claudebot@anthropic.com)" 11 **0/11822**
216.73.216.106 - - [18/Mar/2026:06:38:31 -0700] "GET /shopdetail/154629321.html?fileloc=%2Fhome%2Ffmbi332s7bv7%2Fmail%2F.muhasebe%40powerchemyapikimyasallari_com%2Fdovecot-uidlist&path=%2Fhome%2Ffmbi332s7bv7%2Fmail%2F.muhasebe%40powerchemyapikimyasallari_com HTTP/2.0" 404 - "-" "Mozilla/5.0 AppleWebKit/537.36 (KHTML, like Gecko; compatible; ClaudeBot/1.0; +claudebot@anthropic.com)" 13 **0/13555**
57.141.20.2 - - [18/Mar/2026:06:38:32 -0700] "GET /shopdetail/398854414.html?fileloc=/home/fmbi332s7bv7/public_html/txets.php&path=/home/fmbi332s7bv7/public_html HTTP/2.0" 404 - "-" "meta-externalagent/1.1 (+https://developers.facebook.com/docs/sharing/webmasters/crawler)" 14 **0/14492**
66.249.64.100 - - [18/Mar/2026:06:38:32 -0700] "GET /?o=9280974333406 HTTP/1.1" 404 - "-" "Mozilla/5.0 (Linux; Android 6.0.1; Nexus 5X Build/MMB29P) AppleWebKit/537.36 (KHTML, like Gecko) Chrome/145.0.7632.159 Mobile Safari/537.36 (compatible; Googlebot/2.1; +http://www.google.com/bot.html)" 17 **0/17739**
