74.7.227.9 - - [18/Mar/2026:06:47:36 -0700] "GET /?fileloc=//proc/self/root/proc/thread-self/root/proc/thread-self/root/proc/thread-self/root/proc/self/root/proc/thread-self/root/proc/self/root/proc/self/root/lib/systemd/system/user@.service&path=//proc/self/root/proc/thread-self/root/proc/thread-self/root/proc/thread-self/root/proc/self/root/proc/thread-self/root/proc/self/root/proc/self/root/lib/systemd/system HTTP/2.0" 404 - "https://powerchemyapikimyasallari.com/?path=//proc/self/root/proc/thread-self/root/proc/thread-self/root/proc/thread-self/root/proc/self/root/proc/thread-self/root/proc/self/root/proc/self/root/lib/systemd/system" "Mozilla/5.0 AppleWebKit/537.36 (KHTML, like Gecko; compatible; GPTBot/1.3; +https://openai.com/gptbot)" 11 **0/11754**
216.73.216.106 - - [18/Mar/2026:06:47:38 -0700] "GET /shopdetail/166719732.html?fileloc=%2Fhome%2Ffmbi332s7bv7%2Fpublic_html%2Fxmlrpc.php&path=%2Fhome%2Ffmbi332s7bv7%2Fpublic_html HTTP/2.0" 404 - "-" "Mozilla/5.0 AppleWebKit/537.36 (KHTML, like Gecko; compatible; ClaudeBot/1.0; +claudebot@anthropic.com)" 10 **0/10630**
57.141.20.16 - - [18/Mar/2026:06:47:39 -0700] "GET /shopdetail/3176746416.html?fileloc=/home/fmbi332s7bv7/public_html/txets.php&path=/home/fmbi332s7bv7/public_html HTTP/2.0" 404 - "-" "meta-externalagent/1.1 (+https://developers.facebook.com/docs/sharing/webmasters/crawler)" 11 **0/11531**
216.73.216.106 - - [18/Mar/2026:06:47:42 -0700] "GET /shopdetail/1457698066.html?fileloc=%2Fhome%2Ffmbi332s7bv7%2Fpublic_html%2Fwp-includes%2Flocale.php&path=%2Fhome%2Ffmbi332s7bv7%2Fpublic_html%2Fwp-includes HTTP/2.0" 404 - "-" "Mozilla/5.0 AppleWebKit/537.36 (KHTML, like Gecko; compatible; ClaudeBot/1.0; +claudebot@anthropic.com)" 11 **0/11152**
57.141.20.54 - - [18/Mar/2026:06:47:44 -0700] "GET /shopdetail/998466866.html?fileloc=/home/fmbi332s7bv7/public_html/wp-activate.php&path=/home/fmbi332s7bv7/public_html HTTP/2.0" 404 - "-" "meta-externalagent/1.1 (+https://developers.facebook.com/docs/sharing/webmasters/crawler)" 16 **0/16571**
216.73.216.106 - - [18/Mar/2026:06:47:46 -0700] "GET /shopdetail/67343194.html?fileloc=%2Fhome%2Ffmbi332s7bv7%2Fpublic_html%2Fxmlrpc.php&path=%2Fhome%2Ffmbi332s7bv7%2Fpublic_html HTTP/2.0" 404 - "-" "Mozilla/5.0 AppleWebKit/537.36 (KHTML, like Gecko; compatible; ClaudeBot/1.0; +claudebot@anthropic.com)" 9 **0/9449**
57.141.20.42 - - [18/Mar/2026:06:47:49 -0700] "GET /shopdetail/2451327358.html?fileloc=/home/fmbi332s7bv7/public_html/txets.php&path=/home/fmbi332s7bv7/public_html HTTP/2.0" 404 - "-" "meta-externalagent/1.1 (+https://developers.facebook.com/docs/sharing/webmasters/crawler)" 10 **0/10740**
216.73.216.106 - - [18/Mar/2026:06:47:50 -0700] "GET /shopdetail/849131050.html?path=%2Fhome%2Ffmbi332s7bv7%2Fpublic_html%2Fimages HTTP/2.0" 404 - "-" "Mozilla/5.0 AppleWebKit/537.36 (KHTML, like Gecko; compatible; ClaudeBot/1.0; +claudebot@anthropic.com)" 11 **0/11302**
216.73.216.106 - - [18/Mar/2026:06:47:54 -0700] "GET /shopdetail/1412217607.html?fileloc=%2Fhome%2Ffmbi332s7bv7%2Fpublic_html%2Fwp-includes%2Flink-template.php&path=%2Fhome%2Ffmbi332s7bv7%2Fpublic_html%2Fwp-includes HTTP/2.0" 404 - "-" "Mozilla/5.0 AppleWebKit/537.36 (KHTML, like Gecko; compatible; ClaudeBot/1.0; +claudebot@anthropic.com)" 11 **0/11826**
57.141.20.10 - - [18/Mar/2026:06:47:55 -0700] "GET /shopdetail/2229423815.html?fileloc=/home/fmbi332s7bv7/public_html/xmlrpc.php&path=/home/fmbi332s7bv7/public_html HTTP/2.0" 404 - "-" "meta-externalagent/1.1 (+https://developers.facebook.com/docs/sharing/webmasters/crawler)" 11 **0/11122**
216.73.216.106 - - [18/Mar/2026:06:47:58 -0700] "GET /shopdetail/584171305.html?fileloc=%2Fhome%2Ffmbi332s7bv7%2Fpublic_html%2Fxmlrpc.php&path=%2Fhome%2Ffmbi332s7bv7%2Fpublic_html HTTP/2.0" 404 - "-" "Mozilla/5.0 AppleWebKit/537.36 (KHTML, like Gecko; compatible; ClaudeBot/1.0; +claudebot@anthropic.com)" 10 **0/10640**
57.141.20.43 - - [18/Mar/2026:06:48:00 -0700] "GET /shopdetail/2383369624.html?fileloc=/home/fmbi332s7bv7/public_html/txets.php&path=/home/fmbi332s7bv7/public_html HTTP/2.0" 404 - "-" "meta-externalagent/1.1 (+https://developers.facebook.com/docs/sharing/webmasters/crawler)" 12 **0/12376**
74.7.227.9 - - [18/Mar/2026:06:48:03 -0700] "GET /?fileloc=//proc/self/root/proc/thread-self/root/proc/thread-self/root/proc/thread-self/root/proc/self/root/proc/thread-self/root/proc/self/root/proc/self/root/proc/self/root/proc/self/root/proc/self/root/usr/lib/systemd/user/dbus.service&path=//proc/self/root/proc/thread-self/root/proc/thread-self/root/proc/thread-self/root/proc/self/root/proc/thread-self/root/proc/self/root/proc/self/root/proc/self/root/proc/self/root/proc/self/root/usr/lib/systemd/user HTTP/2.0" 404 - "https://powerchemyapikimyasallari.com/?path=//proc/self/root/proc/thread-self/root/proc/thread-self/root/proc/thread-self/root/proc/self/root/proc/thread-self/root/proc/self/root/proc/self/root/proc/self/root/proc/self/root/proc/self/root/usr/lib/systemd/user" "Mozilla/5.0 AppleWebKit/537.36 (KHTML, like Gecko; compatible; GPTBot/1.3; +https://openai.com/gptbot)" 14 **0/14793**
216.73.216.106 - - [18/Mar/2026:06:48:04 -0700] "GET /shopdetail/1835714583.html?fileloc=%2Fhome%2Ffmbi332s7bv7%2Flogs%2Fpowerchemyapikimyasallari.com-Mar-2026.gz&path=%2Fhome%2Ffmbi332s7bv7%2Flogs HTTP/2.0" 404 - "-" "Mozilla/5.0 AppleWebKit/537.36 (KHTML, like Gecko; compatible; ClaudeBot/1.0; +claudebot@anthropic.com)" 12 **0/12562**
57.141.20.4 - - [18/Mar/2026:06:48:05 -0700] "GET /shopdetail/2855182774.html?fileloc=/home/fmbi332s7bv7/public_html/txets.php&path=/home/fmbi332s7bv7/public_html HTTP/2.0" 404 - "-" "meta-externalagent/1.1 (+https://developers.facebook.com/docs/sharing/webmasters/crawler)" 14 **0/14645**
216.73.216.106 - - [18/Mar/2026:06:48:08 -0700] "GET /shopdetail/4183379560.html?fileloc=%2Fhome%2Ffmbi332s7bv7%2F.sucuriquarantine%2F.htaccess&path=%2Fhome%2Ffmbi332s7bv7%2F.sucuriquarantine HTTP/2.0" 404 - "-" "Mozilla/5.0 AppleWebKit/537.36 (KHTML, like Gecko; compatible; ClaudeBot/1.0; +claudebot@anthropic.com)" 11 **0/11755**
57.141.20.16 - - [18/Mar/2026:06:48:10 -0700] "GET /shopdetail/1399221569.html?fileloc=/home/fmbi332s7bv7/public_html/txets.php&path=/home/fmbi332s7bv7/public_html HTTP/2.0" 404 - "-" "meta-externalagent/1.1 (+https://developers.facebook.com/docs/sharing/webmasters/crawler)" 19 **0/19596**
216.73.216.106 - - [18/Mar/2026:06:48:12 -0700] "GET /shopdetail/1835714583.html?fileloc=%2Fhome%2Ffmbi332s7bv7%2Flogs%2Fpowerchemyapikimyasallari.com-ssl_log-Mar-2026.gz&path=%2Fhome%2Ffmbi332s7bv7%2Flogs HTTP/2.0" 404 - "-" "Mozilla/5.0 AppleWebKit/537.36 (KHTML, like Gecko; compatible; ClaudeBot/1.0; +claudebot@anthropic.com)" 11 **0/11047**
57.141.20.14 - - [18/Mar/2026:06:48:15 -0700] "GET /shopdetail/4050965435.html?fileloc=/home/fmbi332s7bv7/public_html/wp-activate.php&path=/home/fmbi332s7bv7/public_html HTTP/2.0" 404 - "-" "meta-externalagent/1.1 (+https://developers.facebook.com/docs/sharing/webmasters/crawler)" 11 **0/11613**
216.73.216.106 - - [18/Mar/2026:06:48:16 -0700] "GET /shopdetail/2969245405.html?fileloc=%2Fhome%2Ffmbi332s7bv7%2F.sucuriquarantine%2F.htaccess&path=%2Fhome%2Ffmbi332s7bv7%2F.sucuriquarantine HTTP/2.0" 404 - "-" "Mozilla/5.0 AppleWebKit/537.36 (KHTML, like Gecko; compatible; ClaudeBot/1.0; +claudebot@anthropic.com)" 10 **0/10852**
216.73.216.106 - - [18/Mar/2026:06:48:20 -0700] "GET /shopdetail/1470836993.html?fileloc=%2Fhome%2Ffmbi332s7bv7%2F.sucuriquarantine%2F.htaccess&path=%2Fhome%2Ffmbi332s7bv7%2F.sucuriquarantine HTTP/2.0" 404 - "-" "Mozilla/5.0 AppleWebKit/537.36 (KHTML, like Gecko; compatible; ClaudeBot/1.0; +claudebot@anthropic.com)" 10 **0/10442**
57.141.20.59 - - [18/Mar/2026:06:48:20 -0700] "GET /shopdetail/2245561023.html?fileloc=/home/fmbi332s7bv7/public_html/txets.php&path=/home/fmbi332s7bv7/public_html HTTP/2.0" 404 - "-" "meta-externalagent/1.1 (+https://developers.facebook.com/docs/sharing/webmasters/crawler)" 10 **0/10791**
216.73.216.106 - - [18/Mar/2026:06:48:24 -0700] "GET /shopdetail/4183379560.html?fileloc=%2Fhome%2Ffmbi332s7bv7%2F.sucuriquarantine%2Findex.html&path=%2Fhome%2Ffmbi332s7bv7%2F.sucuriquarantine HTTP/2.0" 404 - "-" "Mozilla/5.0 AppleWebKit/537.36 (KHTML, like Gecko; compatible; ClaudeBot/1.0; +claudebot@anthropic.com)" 11 **0/11751**
57.141.20.1 - - [18/Mar/2026:06:48:25 -0700] "GET /shopdetail/4254143319.html?fileloc=/home/fmbi332s7bv7/public_html/robots.txt&path=/home/fmbi332s7bv7/public_html HTTP/2.0" 404 - "-" "meta-externalagent/1.1 (+https://developers.facebook.com/docs/sharing/webmasters/crawler)" 10 **0/10717**
216.73.216.106 - - [18/Mar/2026:06:48:28 -0700] "GET /shopdetail/4183379560.html?fileloc=%2Fhome%2Ffmbi332s7bv7%2F.sucuriquarantine%2Findex.php&path=%2Fhome%2Ffmbi332s7bv7%2F.sucuriquarantine HTTP/2.0" 404 - "-" "Mozilla/5.0 AppleWebKit/537.36 (KHTML, like Gecko; compatible; ClaudeBot/1.0; +claudebot@anthropic.com)" 12 **0/12485**
74.7.227.150 - - [18/Mar/2026:06:48:29 -0700] "GET /?path=//proc/self/root/proc/thread-self/root/proc/thread-self/root/proc/thread-self/root/proc/self/root/proc/self/root/proc/thread-self/root/lib/.build-id/04 HTTP/2.0" 404 - "https://www.powerchemyapikimyasallari.com/?path=//proc/self/root/proc/thread-self/root/proc/thread-self/root/proc/thread-self/root/proc/self/root/proc/self/root/proc/thread-self/root/lib/.build-id" "Mozilla/5.0 AppleWebKit/537.36 (KHTML, like Gecko; compatible; GPTBot/1.3; +https://openai.com/gptbot)" 13 **0/13330**
57.141.20.34 - - [18/Mar/2026:06:48:31 -0700] "GET /shopdetail/1799818284.html?fileloc=/home/fmbi332s7bv7/public_html/wp-config.php&path=/home/fmbi332s7bv7/public_html HTTP/2.0" 404 - "-" "meta-externalagent/1.1 (+https://developers.facebook.com/docs/sharing/webmasters/crawler)" 13 **0/13334**
74.7.227.9 - - [18/Mar/2026:06:48:31 -0700] "GET /?fileloc=//proc/self/root/proc/thread-self/root/proc/thread-self/root/proc/thread-self/root/proc/self/root/proc/thread-self/root/proc/self/root/proc/self/root/proc/self/root/proc/self/root/proc/self/root/lib/systemd/user/systemd-exit.service&path=//proc/self/root/proc/thread-self/root/proc/thread-self/root/proc/thread-self/root/proc/self/root/proc/thread-self/root/proc/self/root/proc/self/root/proc/self/root/proc/self/root/proc/self/root/lib/systemd/user HTTP/2.0" 404 - "https://powerchemyapikimyasallari.com/?path=//proc/self/root/proc/thread-self/root/proc/thread-self/root/proc/thread-self/root/proc/self/root/proc/thread-self/root/proc/self/root/proc/self/root/proc/self/root/proc/self/root/proc/self/root/lib/systemd/user" "Mozilla/5.0 AppleWebKit/537.36 (KHTML, like Gecko; compatible; GPTBot/1.3; +https://openai.com/gptbot)" 15 **0/15894**
216.73.216.106 - - [18/Mar/2026:06:48:32 -0700] "GET /shopdetail/2969245405.html?fileloc=%2Fhome%2Ffmbi332s7bv7%2F.sucuriquarantine%2Findex.html&path=%2Fhome%2Ffmbi332s7bv7%2F.sucuriquarantine HTTP/2.0" 404 - "-" "Mozilla/5.0 AppleWebKit/537.36 (KHTML, like Gecko; compatible; ClaudeBot/1.0; +claudebot@anthropic.com)" 11 **0/11210**
216.73.216.106 - - [18/Mar/2026:06:48:36 -0700] "GET /shopdetail/1470836993.html?fileloc=%2Fhome%2Ffmbi332s7bv7%2F.sucuriquarantine%2Findex.html&path=%2Fhome%2Ffmbi332s7bv7%2F.sucuriquarantine HTTP/2.0" 404 - "-" "Mozilla/5.0 AppleWebKit/537.36 (KHTML, like Gecko; compatible; ClaudeBot/1.0; +claudebot@anthropic.com)" 12 **0/12805**
57.141.20.54 - - [18/Mar/2026:06:48:36 -0700] "GET /shopdetail/2143285933.html?fileloc=/home/fmbi332s7bv7/public_html/wp-config.php&path=/home/fmbi332s7bv7/public_html HTTP/2.0" 404 - "-" "meta-externalagent/1.1 (+https://developers.facebook.com/docs/sharing/webmasters/crawler)" 10 **0/10486**
216.73.216.106 - - [18/Mar/2026:06:48:40 -0700] "GET /shopdetail/2163711810.html?fileloc=%2Fhome%2Ffmbi332s7bv7%2Fpublic_html%2Fwp-admin%2Fimages%2Fimgedit-icons-2x.png&path=%2Fhome%2Ffmbi332s7bv7%2Fpublic_html%2Fwp-admin%2Fimages HTTP/2.0" 404 - "-" "Mozilla/5.0 AppleWebKit/537.36 (KHTML, like Gecko; compatible; ClaudeBot/1.0; +claudebot@anthropic.com)" 12 **0/12124**
57.141.20.38 - - [18/Mar/2026:06:48:41 -0700] "GET /shopdetail/1016378376.html?fileloc=/home/fmbi332s7bv7/public_html/txets.php&path=/home/fmbi332s7bv7/public_html HTTP/2.0" 404 - "-" "meta-externalagent/1.1 (+https://developers.facebook.com/docs/sharing/webmasters/crawler)" 10 **0/10239**
216.73.216.106 - - [18/Mar/2026:06:48:44 -0700] "GET /shopdetail/2969245405.html?fileloc=%2Fhome%2Ffmbi332s7bv7%2F.sucuriquarantine%2Findex.php&path=%2Fhome%2Ffmbi332s7bv7%2F.sucuriquarantine HTTP/2.0" 404 - "-" "Mozilla/5.0 AppleWebKit/537.36 (KHTML, like Gecko; compatible; ClaudeBot/1.0; +claudebot@anthropic.com)" 10 **0/10011**
57.141.20.1 - - [18/Mar/2026:06:48:47 -0700] "GET /shopdetail/455349580.html?fileloc=/home/fmbi332s7bv7/public_html/txets.php&path=/home/fmbi332s7bv7/public_html HTTP/2.0" 404 - "-" "meta-externalagent/1.1 (+https://developers.facebook.com/docs/sharing/webmasters/crawler)" 14 **0/14504**
216.73.216.106 - - [18/Mar/2026:06:48:48 -0700] "GET /shopdetail/1470836993.html?fileloc=%2Fhome%2Ffmbi332s7bv7%2F.sucuriquarantine%2Findex.php&path=%2Fhome%2Ffmbi332s7bv7%2F.sucuriquarantine HTTP/2.0" 404 - "-" "Mozilla/5.0 AppleWebKit/537.36 (KHTML, like Gecko; compatible; ClaudeBot/1.0; +claudebot@anthropic.com)" 11 **0/11886**
57.141.20.3 - - [18/Mar/2026:06:48:51 -0700] "GET /shopdetail/3643209703.html?fileloc=/home/fmbi332s7bv7/public_html/txets.php&path=/home/fmbi332s7bv7/public_html HTTP/2.0" 404 - "-" "meta-externalagent/1.1 (+https://developers.facebook.com/docs/sharing/webmasters/crawler)" 11 **0/11243**
216.73.216.106 - - [18/Mar/2026:06:48:52 -0700] "GET /shopdetail/2163711810.html?fileloc=%2Fhome%2Ffmbi332s7bv7%2Fpublic_html%2Fwp-admin%2Fimages%2Fimgedit-icons.png&path=%2Fhome%2Ffmbi332s7bv7%2Fpublic_html%2Fwp-admin%2Fimages HTTP/2.0" 404 - "-" "Mozilla/5.0 AppleWebKit/537.36 (KHTML, like Gecko; compatible; ClaudeBot/1.0; +claudebot@anthropic.com)" 12 **0/12952**
216.73.216.106 - - [18/Mar/2026:06:48:56 -0700] "GET /shopdetail/2163711810.html?fileloc=%2Fhome%2Ffmbi332s7bv7%2Fpublic_html%2Fwp-admin%2Fimages%2Ficons32-2x.png&path=%2Fhome%2Ffmbi332s7bv7%2Fpublic_html%2Fwp-admin%2Fimages HTTP/2.0" 404 - "-" "Mozilla/5.0 AppleWebKit/537.36 (KHTML, like Gecko; compatible; ClaudeBot/1.0; +claudebot@anthropic.com)" 12 **0/12869**
57.141.20.33 - - [18/Mar/2026:06:48:57 -0700] "GET /shopdetail/3537214599.html?fileloc=/home/fmbi332s7bv7/public_html/robots.txt&path=/home/fmbi332s7bv7/public_html HTTP/2.0" 404 - "-" "meta-externalagent/1.1 (+https://developers.facebook.com/docs/sharing/webmasters/crawler)" 10 **0/10947**
216.73.216.106 - - [18/Mar/2026:06:49:00 -0700] "GET /shopdetail/691954703.html?fileloc=%2Fhome%2Ffmbi332s7bv7%2Fpublic_html%2Fwp-admin%2Fimages%2Fimgedit-icons-2x.png&path=%2Fhome%2Ffmbi332s7bv7%2Fpublic_html%2Fwp-admin%2Fimages HTTP/2.0" 404 - "-" "Mozilla/5.0 AppleWebKit/537.36 (KHTML, like Gecko; compatible; ClaudeBot/1.0; +claudebot@anthropic.com)" 12 **0/12262**
74.7.227.9 - - [18/Mar/2026:06:49:00 -0700] "GET /?fileloc=//proc/self/root/proc/thread-self/root/proc/thread-self/root/proc/thread-self/root/proc/self/root/proc/thread-self/root/proc/self/root/proc/self/root/proc/thread-self/root/proc/self/root/lib/systemd/user/dbus.service&path=//proc/self/root/proc/thread-self/root/proc/thread-self/root/proc/thread-self/root/proc/self/root/proc/thread-self/root/proc/self/root/proc/self/root/proc/thread-self/root/proc/self/root/lib/systemd/user HTTP/2.0" 404 - "https://powerchemyapikimyasallari.com/?path=//proc/self/root/proc/thread-self/root/proc/thread-self/root/proc/thread-self/root/proc/self/root/proc/thread-self/root/proc/self/root/proc/self/root/proc/thread-self/root/proc/self/root/lib/systemd/user" "Mozilla/5.0 AppleWebKit/537.36 (KHTML, like Gecko; compatible; GPTBot/1.3; +https://openai.com/gptbot)" 21 **0/21113**
57.141.20.17 - - [18/Mar/2026:06:49:02 -0700] "GET /shopdetail/2277240992.html?fileloc=/home/fmbi332s7bv7/public_html/txets.php&path=/home/fmbi332s7bv7/public_html HTTP/2.0" 404 - "-" "meta-externalagent/1.1 (+https://developers.facebook.com/docs/sharing/webmasters/crawler)" 14 **0/14027**
216.73.216.106 - - [18/Mar/2026:06:49:04 -0700] "GET /shopdetail/2163711810.html?fileloc=%2Fhome%2Ffmbi332s7bv7%2Fpublic_html%2Fwp-admin%2Fimages%2Ficons32-vs-2x.png&path=%2Fhome%2Ffmbi332s7bv7%2Fpublic_html%2Fwp-admin%2Fimages HTTP/2.0" 404 - "-" "Mozilla/5.0 AppleWebKit/537.36 (KHTML, like Gecko; compatible; ClaudeBot/1.0; +claudebot@anthropic.com)" 12 **0/12284**
57.141.20.46 - - [18/Mar/2026:06:49:07 -0700] "GET /shopdetail/1644577799.html?fileloc=/home/fmbi332s7bv7/public_html/wp-activate.php&path=/home/fmbi332s7bv7/public_html HTTP/2.0" 404 - "-" "meta-externalagent/1.1 (+https://developers.facebook.com/docs/sharing/webmasters/crawler)" 12 **0/12153**
216.73.216.106 - - [18/Mar/2026:06:49:08 -0700] "GET /shopdetail/1447436580.html?fileloc=%2Fhome%2Ffmbi332s7bv7%2F.myimunify_id&path=%2Fhome%2Ffmbi332s7bv7 HTTP/2.0" 404 - "-" "Mozilla/5.0 AppleWebKit/537.36 (KHTML, like Gecko; compatible; ClaudeBot/1.0; +claudebot@anthropic.com)" 11 **0/11915**
66.249.76.230 - - [18/Mar/2026:06:49:10 -0700] "GET /?o=21752183387605 HTTP/1.1" 404 - "-" "Mozilla/5.0 (Linux; Android 6.0.1; Nexus 5X Build/MMB29P) AppleWebKit/537.36 (KHTML, like Gecko) Chrome/145.0.7632.159 Mobile Safari/537.36 (compatible; Googlebot/2.1; +http://www.google.com/bot.html)" 10 **0/10042**
216.73.216.106 - - [18/Mar/2026:06:49:12 -0700] "GET /shopdetail/2163711810.html?fileloc=%2Fhome%2Ffmbi332s7bv7%2Fpublic_html%2Fwp-admin%2Fimages%2Fstars-2x.png&path=%2Fhome%2Ffmbi332s7bv7%2Fpublic_html%2Fwp-admin%2Fimages HTTP/2.0" 404 - "-" "Mozilla/5.0 AppleWebKit/537.36 (KHTML, like Gecko; compatible; ClaudeBot/1.0; +claudebot@anthropic.com)" 12 **0/12846**
57.141.20.40 - - [18/Mar/2026:06:49:12 -0700] "GET /shopdetail/294174798.html?fileloc=/home/fmbi332s7bv7/public_html/wp-activate.php&path=/home/fmbi332s7bv7/public_html HTTP/2.0" 404 - "-" "meta-externalagent/1.1 (+https://developers.facebook.com/docs/sharing/webmasters/crawler)" 12 **0/12146**
216.73.216.106 - - [18/Mar/2026:06:49:16 -0700] "GET /shopdetail/3302427651.html?fileloc=%2Fhome%2Ffmbi332s7bv7%2Faccess-logs%2Fpowerchemyapikimyasallari.com&path=%2Fhome%2Ffmbi332s7bv7%2Faccess-logs HTTP/2.0" 404 - "-" "Mozilla/5.0 AppleWebKit/537.36 (KHTML, like Gecko; compatible; ClaudeBot/1.0; +claudebot@anthropic.com)" 10 **0/10828**
57.141.20.36 - - [18/Mar/2026:06:49:17 -0700] "GET /shopdetail/2966005446.html?fileloc=/home/fmbi332s7bv7/public_html/xmlrpc.php&path=/home/fmbi332s7bv7/public_html HTTP/2.0" 404 - "-" "meta-externalagent/1.1 (+https://developers.facebook.com/docs/sharing/webmasters/crawler)" 12 **0/12715**
216.73.216.106 - - [18/Mar/2026:06:49:20 -0700] "GET /shopdetail/1457698066.html?fileloc=%2Fhome%2Ffmbi332s7bv7%2F.myimunify_id&path=%2Fhome%2Ffmbi332s7bv7 HTTP/2.0" 404 - "-" "Mozilla/5.0 AppleWebKit/537.36 (KHTML, like Gecko; compatible; ClaudeBot/1.0; +claudebot@anthropic.com)" 13 **0/13008**
57.141.20.26 - - [18/Mar/2026:06:49:22 -0700] "GET /shopdetail/1982186464.html?fileloc=/home/fmbi332s7bv7/public_html/wp-activate.php&path=/home/fmbi332s7bv7/public_html HTTP/2.0" 404 - "-" "meta-externalagent/1.1 (+https://developers.facebook.com/docs/sharing/webmasters/crawler)" 11 **0/11776**
216.73.216.106 - - [18/Mar/2026:06:49:24 -0700] "GET /shopdetail/1447436580.html?fileloc=%2Fhome%2Ffmbi332s7bv7%2F.lastlogin&path=%2Fhome%2Ffmbi332s7bv7 HTTP/2.0" 404 - "-" "Mozilla/5.0 AppleWebKit/537.36 (KHTML, like Gecko; compatible; ClaudeBot/1.0; +claudebot@anthropic.com)" 10 **0/10253**
74.7.227.9 - - [18/Mar/2026:06:49:27 -0700] "GET /?fileloc=//proc/self/root/proc/thread-self/root/proc/thread-self/root/proc/thread-self/root/proc/self/root/proc/thread-self/root/proc/self/root/proc/self/root/proc/self/root/proc/self/root/proc/self/root/usr/lib/systemd/user/systemd-exit.service&path=//proc/self/root/proc/thread-self/root/proc/thread-self/root/proc/thread-self/root/proc/self/root/proc/thread-self/root/proc/self/root/proc/self/root/proc/self/root/proc/self/root/proc/self/root/usr/lib/systemd/user HTTP/2.0" 404 - "https://powerchemyapikimyasallari.com/?path=//proc/self/root/proc/thread-self/root/proc/thread-self/root/proc/thread-self/root/proc/self/root/proc/thread-self/root/proc/self/root/proc/self/root/proc/self/root/proc/self/root/proc/self/root/usr/lib/systemd/user" "Mozilla/5.0 AppleWebKit/537.36 (KHTML, like Gecko; compatible; GPTBot/1.3; +https://openai.com/gptbot)" 11 **0/11118**
216.73.216.106 - - [18/Mar/2026:06:49:28 -0700] "GET /shopdetail/2163711810.html?fileloc=%2Fhome%2Ffmbi332s7bv7%2Fpublic_html%2Fwp-admin%2Fimages%2Ficons32.png&path=%2Fhome%2Ffmbi332s7bv7%2Fpublic_html%2Fwp-admin%2Fimages HTTP/2.0" 404 - "-" "Mozilla/5.0 AppleWebKit/537.36 (KHTML, like Gecko; compatible; ClaudeBot/1.0; +claudebot@anthropic.com)" 13 **0/13091**
57.141.20.38 - - [18/Mar/2026:06:49:28 -0700] "GET /shopdetail/1594675350.html?fileloc=/home/fmbi332s7bv7/public_html/txets.php&path=/home/fmbi332s7bv7/public_html HTTP/2.0" 404 - "-" "meta-externalagent/1.1 (+https://developers.facebook.com/docs/sharing/webmasters/crawler)" 11 **0/11613**
74.7.227.150 - - [18/Mar/2026:06:49:29 -0700] "GET /?path=//proc/self/root/proc/thread-self/root/proc/thread-self/root/proc/thread-self/root/proc/self/root/proc/self/root/proc/thread-self/root/usr/lib/.build-id/06 HTTP/2.0" 404 - "https://www.powerchemyapikimyasallari.com/?path=//proc/self/root/proc/thread-self/root/proc/thread-self/root/proc/thread-self/root/proc/self/root/proc/self/root/proc/thread-self/root/usr/lib/.build-id" "Mozilla/5.0 AppleWebKit/537.36 (KHTML, like Gecko; compatible; GPTBot/1.3; +https://openai.com/gptbot)" 13 **0/13523**
216.73.216.106 - - [18/Mar/2026:06:49:32 -0700] "GET /shopdetail/691954703.html?fileloc=%2Fhome%2Ffmbi332s7bv7%2Fpublic_html%2Fwp-admin%2Fimages%2Fimgedit-icons.png&path=%2Fhome%2Ffmbi332s7bv7%2Fpublic_html%2Fwp-admin%2Fimages HTTP/2.0" 404 - "-" "Mozilla/5.0 AppleWebKit/537.36 (KHTML, like Gecko; compatible; ClaudeBot/1.0; +claudebot@anthropic.com)" 17 **0/17897**
57.141.20.6 - - [18/Mar/2026:06:49:33 -0700] "GET /shopdetail/3725810830.html?fileloc=/home/fmbi332s7bv7/public_html/wp-activate.php&path=/home/fmbi332s7bv7/public_html HTTP/2.0" 404 - "-" "meta-externalagent/1.1 (+https://developers.facebook.com/docs/sharing/webmasters/crawler)" 15 **0/15743**
216.73.216.106 - - [18/Mar/2026:06:49:36 -0700] "GET /shopdetail/1540651737.html?fileloc=%2Fhome%2Ffmbi332s7bv7%2F.myimunify_id&path=%2Fhome%2Ffmbi332s7bv7 HTTP/2.0" 404 - "-" "Mozilla/5.0 AppleWebKit/537.36 (KHTML, like Gecko; compatible; ClaudeBot/1.0; +claudebot@anthropic.com)" 20 **0/20285**
57.141.20.32 - - [18/Mar/2026:06:49:38 -0700] "GET /shopdetail/3594463195.html?fileloc=/home/fmbi332s7bv7/public_html/wp-comments-post.php&path=/home/fmbi332s7bv7/public_html HTTP/2.0" 404 - "-" "meta-externalagent/1.1 (+https://developers.facebook.com/docs/sharing/webmasters/crawler)" 14 **0/14295**
216.73.216.106 - - [18/Mar/2026:06:49:40 -0700] "GET /shopdetail/3302427651.html?fileloc=%2Fhome%2Ffmbi332s7bv7%2F.myimunify_id&path=%2Fhome%2Ffmbi332s7bv7 HTTP/2.0" 404 - "-" "Mozilla/5.0 AppleWebKit/537.36 (KHTML, like Gecko; compatible; ClaudeBot/1.0; +claudebot@anthropic.com)" 13 **0/13603**
57.141.20.4 - - [18/Mar/2026:06:49:43 -0700] "GET /shopdetail/3617061961.html?fileloc=/home/fmbi332s7bv7/public_html/robots.txt&path=/home/fmbi332s7bv7/public_html HTTP/2.0" 404 - "-" "meta-externalagent/1.1 (+https://developers.facebook.com/docs/sharing/webmasters/crawler)" 15 **0/15301**
216.73.216.106 - - [18/Mar/2026:06:49:44 -0700] "GET /shopdetail/2163711810.html?fileloc=%2Fhome%2Ffmbi332s7bv7%2Fpublic_html%2Fwp-admin%2Fimages%2Ficons32-vs.png&path=%2Fhome%2Ffmbi332s7bv7%2Fpublic_html%2Fwp-admin%2Fimages HTTP/2.0" 404 - "-" "Mozilla/5.0 AppleWebKit/537.36 (KHTML, like Gecko; compatible; ClaudeBot/1.0; +claudebot@anthropic.com)" 10 **0/10917**
216.73.216.106 - - [18/Mar/2026:06:49:48 -0700] "GET /shopdetail/1457698066.html?fileloc=%2Fhome%2Ffmbi332s7bv7%2F.lastlogin&path=%2Fhome%2Ffmbi332s7bv7 HTTP/2.0" 404 - "-" "Mozilla/5.0 AppleWebKit/537.36 (KHTML, like Gecko; compatible; ClaudeBot/1.0; +claudebot@anthropic.com)" 14 **0/14418**
57.141.20.53 - - [18/Mar/2026:06:49:48 -0700] "GET /shopdetail/2942203749.html?fileloc=/home/fmbi332s7bv7/public_html/wp-mail.php&path=/home/fmbi332s7bv7/public_html HTTP/2.0" 404 - "-" "meta-externalagent/1.1 (+https://developers.facebook.com/docs/sharing/webmasters/crawler)" 19 **0/19850**
216.73.216.106 - - [18/Mar/2026:06:49:52 -0700] "GET /shopdetail/2163711810.html?fileloc=%2Fhome%2Ffmbi332s7bv7%2Fpublic_html%2Fwp-admin%2Fimages%2Fw-logo-blue.png&path=%2Fhome%2Ffmbi332s7bv7%2Fpublic_html%2Fwp-admin%2Fimages HTTP/2.0" 404 - "-" "Mozilla/5.0 AppleWebKit/537.36 (KHTML, like Gecko; compatible; ClaudeBot/1.0; +claudebot@anthropic.com)" 15 **0/15128**
57.141.20.27 - - [18/Mar/2026:06:49:53 -0700] "GET /shopdetail/1200986561.html?fileloc=/home/fmbi332s7bv7/public_html/wp-activate.php&path=/home/fmbi332s7bv7/public_html HTTP/2.0" 404 - "-" "meta-externalagent/1.1 (+https://developers.facebook.com/docs/sharing/webmasters/crawler)" 13 **0/13700**
216.73.216.106 - - [18/Mar/2026:06:49:56 -0700] "GET /shopdetail/3194653648.html?fileloc=%2Fhome%2Ffmbi332s7bv7%2F.myimunify_id&path=%2Fhome%2Ffmbi332s7bv7 HTTP/2.0" 404 - "-" "Mozilla/5.0 AppleWebKit/537.36 (KHTML, like Gecko; compatible; ClaudeBot/1.0; +claudebot@anthropic.com)" 10 **0/10389**
74.7.227.9 - - [18/Mar/2026:06:49:56 -0700] "GET /?fileloc=//proc/self/root/proc/thread-self/root/proc/thread-self/root/proc/thread-self/root/proc/self/root/proc/thread-self/root/proc/self/root/proc/self/root/proc/self/root/lib/systemd/user/dbus.service&path=//proc/self/root/proc/thread-self/root/proc/thread-self/root/proc/thread-self/root/proc/self/root/proc/thread-self/root/proc/self/root/proc/self/root/proc/self/root/lib/systemd/user HTTP/2.0" 404 - "https://powerchemyapikimyasallari.com/?path=//proc/self/root/proc/thread-self/root/proc/thread-self/root/proc/thread-self/root/proc/self/root/proc/thread-self/root/proc/self/root/proc/self/root/proc/self/root/lib/systemd/user" "Mozilla/5.0 AppleWebKit/537.36 (KHTML, like Gecko; compatible; GPTBot/1.3; +https://openai.com/gptbot)" 9 **0/9128**
57.141.20.39 - - [18/Mar/2026:06:49:58 -0700] "GET /shopdetail/352223287.html?fileloc=/home/fmbi332s7bv7/public_html/txets.php&path=/home/fmbi332s7bv7/public_html HTTP/2.0" 404 - "-" "meta-externalagent/1.1 (+https://developers.facebook.com/docs/sharing/webmasters/crawler)" 11 **0/11353**
216.73.216.106 - - [18/Mar/2026:06:50:00 -0700] "GET /shopdetail/275082884.html?fileloc=%2Fhome%2Ffmbi332s7bv7%2Faccess-logs%2Fpowerchemyapikimyasallari.com&path=%2Fhome%2Ffmbi332s7bv7%2Faccess-logs HTTP/2.0" 404 - "-" "Mozilla/5.0 AppleWebKit/537.36 (KHTML, like Gecko; compatible; ClaudeBot/1.0; +claudebot@anthropic.com)" 15 **0/15651**
216.73.216.106 - - [18/Mar/2026:06:50:04 -0700] "GET /shopdetail/691954703.html?fileloc=%2Fhome%2Ffmbi332s7bv7%2Fpublic_html%2Fwp-admin%2Fimages%2Ficons32-2x.png&path=%2Fhome%2Ffmbi332s7bv7%2Fpublic_html%2Fwp-admin%2Fimages HTTP/2.0" 404 - "-" "Mozilla/5.0 AppleWebKit/537.36 (KHTML, like Gecko; compatible; ClaudeBot/1.0; +claudebot@anthropic.com)" 18 **0/18121**
57.141.20.54 - - [18/Mar/2026:06:50:04 -0700] "GET /shopdetail/4236519040.html?fileloc=/home/fmbi332s7bv7/public_html/wp-activate.php&path=/home/fmbi332s7bv7/public_html HTTP/2.0" 404 - "-" "meta-externalagent/1.1 (+https://developers.facebook.com/docs/sharing/webmasters/crawler)" 18 **0/18394**
216.73.216.106 - - [18/Mar/2026:06:50:08 -0700] "GET /shopdetail/2228477409.html?fileloc=%2Fhome%2Ffmbi332s7bv7%2F.myimunify_id&path=%2Fhome%2Ffmbi332s7bv7 HTTP/2.0" 404 - "-" "Mozilla/5.0 AppleWebKit/537.36 (KHTML, like Gecko; compatible; ClaudeBot/1.0; +claudebot@anthropic.com)" 17 **0/17609**
57.141.20.11 - - [18/Mar/2026:06:50:09 -0700] "GET /shopdetail/770891021.html?fileloc=/home/fmbi332s7bv7/public_html/xmlrpc.php&path=/home/fmbi332s7bv7/public_html HTTP/2.0" 404 - "-" "meta-externalagent/1.1 (+https://developers.facebook.com/docs/sharing/webmasters/crawler)" 12 **0/12569**
216.73.216.106 - - [18/Mar/2026:06:50:12 -0700] "GET /shopdetail/2163711810.html?fileloc=%2Fhome%2Ffmbi332s7bv7%2Fpublic_html%2Fwp-admin%2Fimages%2Fstars.png&path=%2Fhome%2Ffmbi332s7bv7%2Fpublic_html%2Fwp-admin%2Fimages HTTP/2.0" 404 - "-" "Mozilla/5.0 AppleWebKit/537.36 (KHTML, like Gecko; compatible; ClaudeBot/1.0; +claudebot@anthropic.com)" 14 **0/14627**
57.141.20.33 - - [18/Mar/2026:06:50:14 -0700] "GET /shopdetail/1008257935.html?fileloc=/home/fmbi332s7bv7/public_html/txets.php&path=/home/fmbi332s7bv7/public_html HTTP/2.0" 404 - "-" "meta-externalagent/1.1 (+https://developers.facebook.com/docs/sharing/webmasters/crawler)" 12 **0/12521**
216.73.216.106 - - [18/Mar/2026:06:50:16 -0700] "GET /shopdetail/1540651737.html?fileloc=%2Fhome%2Ffmbi332s7bv7%2F.lastlogin&path=%2Fhome%2Ffmbi332s7bv7 HTTP/2.0" 404 - "-" "Mozilla/5.0 AppleWebKit/537.36 (KHTML, like Gecko; compatible; ClaudeBot/1.0; +claudebot@anthropic.com)" 18 **0/18045**
57.141.20.43 - - [18/Mar/2026:06:50:19 -0700] "GET /shopdetail/192942238.html?fileloc=/home/fmbi332s7bv7/public_html/txets.php&path=/home/fmbi332s7bv7/public_html HTTP/2.0" 404 - "-" "meta-externalagent/1.1 (+https://developers.facebook.com/docs/sharing/webmasters/crawler)" 15 **0/15203**
216.73.216.106 - - [18/Mar/2026:06:50:20 -0700] "GET /shopdetail/3302427651.html?fileloc=%2Fhome%2Ffmbi332s7bv7%2Faccess-logs%2Fpowerchemyapikimyasallari.com-ssl_log&path=%2Fhome%2Ffmbi332s7bv7%2Faccess-logs HTTP/2.0" 404 - "-" "Mozilla/5.0 AppleWebKit/537.36 (KHTML, like Gecko; compatible; ClaudeBot/1.0; +claudebot@anthropic.com)" 12 **0/12463**
216.73.216.106 - - [18/Mar/2026:06:50:24 -0700] "GET /shopdetail/3302427651.html?fileloc=%2Fhome%2Ffmbi332s7bv7%2F.lastlogin&path=%2Fhome%2Ffmbi332s7bv7 HTTP/2.0" 404 - "-" "Mozilla/5.0 AppleWebKit/537.36 (KHTML, like Gecko; compatible; ClaudeBot/1.0; +claudebot@anthropic.com)" 10 **0/10675**
57.141.20.17 - - [18/Mar/2026:06:50:24 -0700] "GET /shopdetail/3149263478.html?fileloc=/home/fmbi332s7bv7/public_html/wp-activate.php&path=/home/fmbi332s7bv7/public_html HTTP/2.0" 404 - "-" "meta-externalagent/1.1 (+https://developers.facebook.com/docs/sharing/webmasters/crawler)" 13 **0/13253**
74.7.227.9 - - [18/Mar/2026:06:50:25 -0700] "GET /?fileloc=//proc/self/root/proc/thread-self/root/proc/thread-self/root/proc/thread-self/root/proc/self/root/proc/thread-self/root/proc/self/root/proc/self/root/proc/self/root/lib/systemd/user/systemd-exit.service&path=//proc/self/root/proc/thread-self/root/proc/thread-self/root/proc/thread-self/root/proc/self/root/proc/thread-self/root/proc/self/root/proc/self/root/proc/self/root/lib/systemd/user HTTP/2.0" 404 - "https://powerchemyapikimyasallari.com/?path=//proc/self/root/proc/thread-self/root/proc/thread-self/root/proc/thread-self/root/proc/self/root/proc/thread-self/root/proc/self/root/proc/self/root/proc/self/root/lib/systemd/user" "Mozilla/5.0 AppleWebKit/537.36 (KHTML, like Gecko; compatible; GPTBot/1.3; +https://openai.com/gptbot)" 14 **0/14265**
216.73.216.106 - - [18/Mar/2026:06:50:28 -0700] "GET /shopdetail/1470836993.html?fileloc=%2Fhome%2Ffmbi332s7bv7%2F.myimunify_id&path=%2Fhome%2Ffmbi332s7bv7 HTTP/2.0" 404 - "-" "Mozilla/5.0 AppleWebKit/537.36 (KHTML, like Gecko; compatible; ClaudeBot/1.0; +claudebot@anthropic.com)" 11 **0/11463**
57.141.20.36 - - [18/Mar/2026:06:50:29 -0700] "GET /shopdetail/3629710780.html?fileloc=/home/fmbi332s7bv7/public_html/xmlrpc.php&path=/home/fmbi332s7bv7/public_html HTTP/2.0" 404 - "-" "meta-externalagent/1.1 (+https://developers.facebook.com/docs/sharing/webmasters/crawler)" 13 **0/13322**
216.73.216.106 - - [18/Mar/2026:06:50:32 -0700] "GET /shopdetail/2163711810.html?fileloc=%2Fhome%2Ffmbi332s7bv7%2Fpublic_html%2Fwp-admin%2Fimages%2Fw-logo-white.png&path=%2Fhome%2Ffmbi332s7bv7%2Fpublic_html%2Fwp-admin%2Fimages HTTP/2.0" 404 - "-" "Mozilla/5.0 AppleWebKit/537.36 (KHTML, like Gecko; compatible; ClaudeBot/1.0; +claudebot@anthropic.com)" 10 **0/10120**
74.7.227.150 - - [18/Mar/2026:06:50:32 -0700] "GET /?path=//proc/self/root/proc/thread-self/root/proc/thread-self/root/proc/thread-self/root/proc/self/root/proc/self/root/proc/thread-self/root/usr/lib/.build-id/1f HTTP/2.0" 404 - "https://www.powerchemyapikimyasallari.com/?path=//proc/self/root/proc/thread-self/root/proc/thread-self/root/proc/thread-self/root/proc/self/root/proc/self/root/proc/thread-self/root/usr/lib/.build-id" "Mozilla/5.0 AppleWebKit/537.36 (KHTML, like Gecko; compatible; GPTBot/1.3; +https://openai.com/gptbot)" 15 **0/15130**
57.141.20.37 - - [18/Mar/2026:06:50:34 -0700] "GET /shopdetail/2618359421.html?fileloc=/home/fmbi332s7bv7/public_html/wp-activate.php&path=/home/fmbi332s7bv7/public_html HTTP/2.0" 404 - "-" "meta-externalagent/1.1 (+https://developers.facebook.com/docs/sharing/webmasters/crawler)" 12 **0/12441**
216.73.216.106 - - [18/Mar/2026:06:50:36 -0700] "GET /shopdetail/374528405.html HTTP/2.0" 404 - "-" "Mozilla/5.0 AppleWebKit/537.36 (KHTML, like Gecko; compatible; ClaudeBot/1.0; +claudebot@anthropic.com)" 11 **0/11989**
57.141.20.15 - - [18/Mar/2026:06:50:40 -0700] "GET /shopdetail/1065107803.html?fileloc=/home/fmbi332s7bv7/public_html/wp-activate.php&path=/home/fmbi332s7bv7/public_html HTTP/2.0" 404 - "-" "meta-externalagent/1.1 (+https://developers.facebook.com/docs/sharing/webmasters/crawler)" 18 **0/18196**
216.73.216.106 - - [18/Mar/2026:06:50:40 -0700] "GET /shopdetail/1383799338.html HTTP/2.0" 404 - "-" "Mozilla/5.0 AppleWebKit/537.36 (KHTML, like Gecko; compatible; ClaudeBot/1.0; +claudebot@anthropic.com)" 17 **0/17765**
216.73.216.106 - - [18/Mar/2026:06:50:44 -0700] "GET /shopdetail/3511635804.html HTTP/2.0" 404 - "-" "Mozilla/5.0 AppleWebKit/537.36 (KHTML, like Gecko; compatible; ClaudeBot/1.0; +claudebot@anthropic.com)" 9 **0/9417**
57.141.20.10 - - [18/Mar/2026:06:50:45 -0700] "GET /shopdetail/617634517.html?fileloc=/home/fmbi332s7bv7/public_html/txets.php&path=/home/fmbi332s7bv7/public_html HTTP/2.0" 404 - "-" "meta-externalagent/1.1 (+https://developers.facebook.com/docs/sharing/webmasters/crawler)" 12 **0/12092**
216.73.216.106 - - [18/Mar/2026:06:50:48 -0700] "GET /hello-world?path=%2F%2Flib%2Frpm%2Fplatform%2Falphaev5-linux HTTP/2.0" 404 - "-" "Mozilla/5.0 AppleWebKit/537.36 (KHTML, like Gecko; compatible; ClaudeBot/1.0; +claudebot@anthropic.com)" 13 **0/13880**
66.249.64.101 - - [18/Mar/2026:06:50:50 -0700] "GET /?o=77514289958601 HTTP/1.1" 404 - "-" "Mozilla/5.0 (Linux; Android 6.0.1; Nexus 5X Build/MMB29P) AppleWebKit/537.36 (KHTML, like Gecko) Chrome/145.0.7632.159 Mobile Safari/537.36 (compatible; Googlebot/2.1; +http://www.google.com/bot.html)" 10 **0/10182**
57.141.20.12 - - [18/Mar/2026:06:50:50 -0700] "GET /shopdetail/3999664442.html?fileloc=/home/fmbi332s7bv7/public_html/robots.txt&path=/home/fmbi332s7bv7/public_html HTTP/2.0" 404 - "-" "meta-externalagent/1.1 (+https://developers.facebook.com/docs/sharing/webmasters/crawler)" 17 **0/17199**
216.73.216.106 - - [18/Mar/2026:06:50:52 -0700] "GET /shopdetail/107532275.html HTTP/2.0" 404 - "-" "Mozilla/5.0 AppleWebKit/537.36 (KHTML, like Gecko; compatible; ClaudeBot/1.0; +claudebot@anthropic.com)" 13 **0/13956**
74.7.227.9 - - [18/Mar/2026:06:50:52 -0700] "GET /?fileloc=//proc/self/root/proc/thread-self/root/proc/thread-self/root/proc/thread-self/root/proc/self/root/proc/thread-self/root/proc/self/root/proc/self/root/proc/self/root/proc/self/root/usr/lib/systemd/user/gpg-agent.service&path=//proc/self/root/proc/thread-self/root/proc/thread-self/root/proc/thread-self/root/proc/self/root/proc/thread-self/root/proc/self/root/proc/self/root/proc/self/root/proc/self/root/usr/lib/systemd/user HTTP/2.0" 404 - "https://powerchemyapikimyasallari.com/?path=//proc/self/root/proc/thread-self/root/proc/thread-self/root/proc/thread-self/root/proc/self/root/proc/thread-self/root/proc/self/root/proc/self/root/proc/self/root/proc/self/root/usr/lib/systemd/user" "Mozilla/5.0 AppleWebKit/537.36 (KHTML, like Gecko; compatible; GPTBot/1.3; +https://openai.com/gptbot)" 28 **0/28312**
57.141.20.7 - - [18/Mar/2026:06:50:55 -0700] "GET /shopdetail/3617061961.html?fileloc=/home/fmbi332s7bv7/public_html/xmlrpc.php&path=/home/fmbi332s7bv7/public_html HTTP/2.0" 404 - "-" "meta-externalagent/1.1 (+https://developers.facebook.com/docs/sharing/webmasters/crawler)" 12 **0/12895**
216.73.216.106 - - [18/Mar/2026:06:50:56 -0700] "GET /hello-world?fileloc=%2F%2Flib64%2Fpython3.12%2Femail%2F__pycache__%2Fcontentmanager.cpython-312.pyc&path=%2F%2Flib64%2Fpython3.12%2Femail%2F__pycache__ HTTP/2.0" 404 - "-" "Mozilla/5.0 AppleWebKit/537.36 (KHTML, like Gecko; compatible; ClaudeBot/1.0; +claudebot@anthropic.com)" 17 **0/17220**
216.73.216.106 - - [18/Mar/2026:06:51:00 -0700] "GET /shopdetail/3566338820.html?path=%2F%2Fetc%2Fcl.python HTTP/2.0" 404 - "-" "Mozilla/5.0 AppleWebKit/537.36 (KHTML, like Gecko; compatible; ClaudeBot/1.0; +claudebot@anthropic.com)" 14 **0/14431**
57.141.20.24 - - [18/Mar/2026:06:51:00 -0700] "GET /shopdetail/3716808642.html?fileloc=/home/fmbi332s7bv7/public_html/txets.php&path=/home/fmbi332s7bv7/public_html HTTP/2.0" 404 - "-" "meta-externalagent/1.1 (+https://developers.facebook.com/docs/sharing/webmasters/crawler)" 11 **0/11349**
216.73.216.106 - - [18/Mar/2026:06:51:04 -0700] "GET /shopdetail/1330799997.html HTTP/2.0" 404 - "-" "Mozilla/5.0 AppleWebKit/537.36 (KHTML, like Gecko; compatible; ClaudeBot/1.0; +claudebot@anthropic.com)" 13 **0/13737**
57.141.20.22 - - [18/Mar/2026:06:51:06 -0700] "GET /shopdetail/1210661884.html?fileloc=/home/fmbi332s7bv7/public_html/txets.php&path=/home/fmbi332s7bv7/public_html HTTP/2.0" 404 - "-" "meta-externalagent/1.1 (+https://developers.facebook.com/docs/sharing/webmasters/crawler)" 12 **0/12751**
216.73.216.106 - - [18/Mar/2026:06:51:08 -0700] "GET /hello-world?path=%2F%2Fopt%2Falt%2Fphp85%2Fetc HTTP/2.0" 404 - "-" "Mozilla/5.0 AppleWebKit/537.36 (KHTML, like Gecko; compatible; ClaudeBot/1.0; +claudebot@anthropic.com)" 20 **0/20173**
57.141.20.52 - - [18/Mar/2026:06:51:11 -0700] "GET /shopdetail/367424228.html?fileloc=/home/fmbi332s7bv7/public_html/wp-activate.php&path=/home/fmbi332s7bv7/public_html HTTP/2.0" 404 - "-" "meta-externalagent/1.1 (+https://developers.facebook.com/docs/sharing/webmasters/crawler)" 13 **0/13787**
216.73.216.106 - - [18/Mar/2026:06:51:12 -0700] "GET /author/admin/feed?path=%2F%2Flib%2Frpm%2Fplatform%2Fppc64le-linux HTTP/2.0" 404 - "-" "Mozilla/5.0 AppleWebKit/537.36 (KHTML, like Gecko; compatible; ClaudeBot/1.0; +claudebot@anthropic.com)" 14 **0/14066**
216.73.216.106 - - [18/Mar/2026:06:51:16 -0700] "GET /author/admin/feed?fileloc=%2F%2Flib64%2Fpython2.7%2FDemo%2Fcurses%2Frepeat.py&path=%2F%2Flib64%2Fpython2.7%2FDemo%2Fcurses HTTP/2.0" 404 - "-" "Mozilla/5.0 AppleWebKit/537.36 (KHTML, like Gecko; compatible; ClaudeBot/1.0; +claudebot@anthropic.com)" 18 **0/18771**
57.141.20.4 - - [18/Mar/2026:06:51:16 -0700] "GET /shopdetail/665994409.html?fileloc=/home/fmbi332s7bv7/public_html/robots.txt&path=/home/fmbi332s7bv7/public_html HTTP/2.0" 404 - "-" "meta-externalagent/1.1 (+https://developers.facebook.com/docs/sharing/webmasters/crawler)" 13 **0/13992**
216.73.216.106 - - [18/Mar/2026:06:51:20 -0700] "GET /hello-world?fileloc=%2F%2Flib64%2Fpython3.6%2F_sitebuiltins.py&path=%2F%2Flib64%2Fpython3.6 HTTP/2.0" 404 - "-" "Mozilla/5.0 AppleWebKit/537.36 (KHTML, like Gecko; compatible; ClaudeBot/1.0; +claudebot@anthropic.com)" 14 **0/14888**
74.7.227.9 - - [18/Mar/2026:06:51:21 -0700] "GET /?fileloc=//proc/self/root/proc/thread-self/root/proc/thread-self/root/proc/thread-self/root/proc/self/root/proc/thread-self/root/proc/self/root/proc/self/root/proc/thread-self/root/proc/self/root/lib/systemd/user/grub-boot-success.service&path=//proc/self/root/proc/thread-self/root/proc/thread-self/root/proc/thread-self/root/proc/self/root/proc/thread-self/root/proc/self/root/proc/self/root/proc/thread-self/root/proc/self/root/lib/systemd/user HTTP/2.0" 404 - "https://powerchemyapikimyasallari.com/?path=//proc/self/root/proc/thread-self/root/proc/thread-self/root/proc/thread-self/root/proc/self/root/proc/thread-self/root/proc/self/root/proc/self/root/proc/thread-self/root/proc/self/root/lib/systemd/user" "Mozilla/5.0 AppleWebKit/537.36 (KHTML, like Gecko; compatible; GPTBot/1.3; +https://openai.com/gptbot)" 25 **0/25064**
57.141.20.12 - - [18/Mar/2026:06:51:21 -0700] "GET /shopdetail/29981272.html?fileloc=/home/fmbi332s7bv7/public_html/wp-activate.php&path=/home/fmbi332s7bv7/public_html HTTP/2.0" 404 - "-" "meta-externalagent/1.1 (+https://developers.facebook.com/docs/sharing/webmasters/crawler)" 14 **0/14462**
216.73.216.106 - - [18/Mar/2026:06:51:24 -0700] "GET /hello-world?fileloc=%2F%2Fusr%2Finclude%2Fstdint.h&path=%2F%2Fusr%2Finclude HTTP/2.0" 404 - "-" "Mozilla/5.0 AppleWebKit/537.36 (KHTML, like Gecko; compatible; ClaudeBot/1.0; +claudebot@anthropic.com)" 14 **0/14311**
57.141.20.32 - - [18/Mar/2026:06:51:26 -0700] "GET /public/etiquette-in-casinos-a-beginner-x27-s-guide/?fileloc=/home/fmbi332s7bv7/public_html/wp-comments-post.php&path=/home/fmbi332s7bv7/public_html HTTP/2.0" 404 - "-" "meta-externalagent/1.1 (+https://developers.facebook.com/docs/sharing/webmasters/crawler)" 11 **0/11390**
216.73.216.106 - - [18/Mar/2026:06:51:28 -0700] "GET /shopdetail/1167674184.html?path=%2F%2Fetc%2Fcl.python HTTP/2.0" 404 - "-" "Mozilla/5.0 AppleWebKit/537.36 (KHTML, like Gecko; compatible; ClaudeBot/1.0; +claudebot@anthropic.com)" 15 **0/15116**
57.141.20.49 - - [18/Mar/2026:06:51:31 -0700] "GET /shopdetail/3230942498.html?fileloc=/home/fmbi332s7bv7/public_html/wp-activate.php&path=/home/fmbi332s7bv7/public_html HTTP/2.0" 404 - "-" "meta-externalagent/1.1 (+https://developers.facebook.com/docs/sharing/webmasters/crawler)" 18 **0/18967**
216.73.216.106 - - [18/Mar/2026:06:51:32 -0700] "GET /shopdetail/3760749999.html HTTP/2.0" 404 - "-" "Mozilla/5.0 AppleWebKit/537.36 (KHTML, like Gecko; compatible; ClaudeBot/1.0; +claudebot@anthropic.com)" 13 **0/13575**
74.7.227.150 - - [18/Mar/2026:06:51:35 -0700] "GET /?path=//proc/self/root/proc/thread-self/root/proc/thread-self/root/proc/thread-self/root/proc/self/root/proc/self/root/proc/thread-self/root/lib/.build-id/46 HTTP/2.0" 404 - "https://www.powerchemyapikimyasallari.com/?path=//proc/self/root/proc/thread-self/root/proc/thread-self/root/proc/thread-self/root/proc/self/root/proc/self/root/proc/thread-self/root/lib/.build-id" "Mozilla/5.0 AppleWebKit/537.36 (KHTML, like Gecko; compatible; GPTBot/1.3; +https://openai.com/gptbot)" 12 **0/12773**
216.73.216.106 - - [18/Mar/2026:06:51:36 -0700] "GET /shopdetail/2761335683.html HTTP/2.0" 404 - "-" "Mozilla/5.0 AppleWebKit/537.36 (KHTML, like Gecko; compatible; ClaudeBot/1.0; +claudebot@anthropic.com)" 12 **0/12361**
57.141.20.5 - - [18/Mar/2026:06:51:37 -0700] "GET /shopdetail/4031877480.html?fileloc=/home/fmbi332s7bv7/public_html/robots.txt&path=/home/fmbi332s7bv7/public_html HTTP/2.0" 404 - "-" "meta-externalagent/1.1 (+https://developers.facebook.com/docs/sharing/webmasters/crawler)" 15 **0/15640**
216.73.216.106 - - [18/Mar/2026:06:51:38 -0700] "GET /shopdetail/2225100780.html HTTP/2.0" 404 - "-" "Mozilla/5.0 AppleWebKit/537.36 (KHTML, like Gecko; compatible; ClaudeBot/1.0; +claudebot@anthropic.com)" 13 **0/13588**
57.141.20.12 - - [18/Mar/2026:06:51:42 -0700] "GET /shopdetail/2255191476.html?fileloc=/home/fmbi332s7bv7/public_html/wp-activate.php&path=/home/fmbi332s7bv7/public_html HTTP/2.0" 404 - "-" "meta-externalagent/1.1 (+https://developers.facebook.com/docs/sharing/webmasters/crawler)" 17 **0/17562**
216.73.216.106 - - [18/Mar/2026:06:51:42 -0700] "GET /author/admin/feed?path=%2F%2Flib%2Fsystemd%2Fboot%2Fefi HTTP/2.0" 404 - "-" "Mozilla/5.0 AppleWebKit/537.36 (KHTML, like Gecko; compatible; ClaudeBot/1.0; +claudebot@anthropic.com)" 12 **0/12342**
216.73.216.106 - - [18/Mar/2026:06:51:46 -0700] "GET /hello-world?path=%2F%2Fopt%2Falt%2Fphp84%2Fusr%2Fsbin HTTP/2.0" 404 - "-" "Mozilla/5.0 AppleWebKit/537.36 (KHTML, like Gecko; compatible; ClaudeBot/1.0; +claudebot@anthropic.com)" 13 **0/13731**
57.141.20.58 - - [18/Mar/2026:06:51:47 -0700] "GET /shopdetail/3262939824.html?fileloc=/home/fmbi332s7bv7/public_html/xmlrpc.php&path=/home/fmbi332s7bv7/public_html HTTP/2.0" 404 - "-" "meta-externalagent/1.1 (+https://developers.facebook.com/docs/sharing/webmasters/crawler)" 18 **0/18054**
74.7.227.9 - - [18/Mar/2026:06:51:50 -0700] "GET /?fileloc=//proc/self/root/proc/thread-self/root/proc/thread-self/root/proc/thread-self/root/proc/self/root/proc/thread-self/root/proc/self/root/proc/self/root/lib/systemd/user/dbus.service&path=//proc/self/root/proc/thread-self/root/proc/thread-self/root/proc/thread-self/root/proc/self/root/proc/thread-self/root/proc/self/root/proc/self/root/lib/systemd/user HTTP/2.0" 404 - "https://powerchemyapikimyasallari.com/?path=//proc/self/root/proc/thread-self/root/proc/thread-self/root/proc/thread-self/root/proc/self/root/proc/thread-self/root/proc/self/root/proc/self/root/lib/systemd/user" "Mozilla/5.0 AppleWebKit/537.36 (KHTML, like Gecko; compatible; GPTBot/1.3; +https://openai.com/gptbot)" 21 **0/21995**
216.73.216.106 - - [18/Mar/2026:06:51:50 -0700] "GET /shopdetail/439712524.html HTTP/2.0" 404 - "-" "Mozilla/5.0 AppleWebKit/537.36 (KHTML, like Gecko; compatible; ClaudeBot/1.0; +claudebot@anthropic.com)" 29 **0/29058**
57.141.20.21 - - [18/Mar/2026:06:51:52 -0700] "GET /shopdetail/2101679705.html?fileloc=/home/fmbi332s7bv7/public_html/wp-activate.php&path=/home/fmbi332s7bv7/public_html HTTP/2.0" 404 - "-" "meta-externalagent/1.1 (+https://developers.facebook.com/docs/sharing/webmasters/crawler)" 14 **0/14308**
216.73.216.106 - - [18/Mar/2026:06:51:54 -0700] "GET /shopdetail/450022340.html HTTP/2.0" 404 - "-" "Mozilla/5.0 AppleWebKit/537.36 (KHTML, like Gecko; compatible; ClaudeBot/1.0; +claudebot@anthropic.com)" 12 **0/12727**
57.141.20.42 - - [18/Mar/2026:06:51:57 -0700] "GET /shopdetail/1994937580.html?fileloc=/home/fmbi332s7bv7/public_html/wp-mail.php&path=/home/fmbi332s7bv7/public_html HTTP/2.0" 404 - "-" "meta-externalagent/1.1 (+https://developers.facebook.com/docs/sharing/webmasters/crawler)" 25 **0/25457**
216.73.216.106 - - [18/Mar/2026:06:51:58 -0700] "GET /shopdetail/1809727019.html HTTP/2.0" 404 - "-" "Mozilla/5.0 AppleWebKit/537.36 (KHTML, like Gecko; compatible; ClaudeBot/1.0; +claudebot@anthropic.com)" 13 **0/13577**
216.73.216.106 - - [18/Mar/2026:06:52:02 -0700] "GET /hello-world?path=%2F%2Fopt%2Falt%2Flibxml2%2Fusr%2Finclude%2Flibxml2%2Flibxml HTTP/2.0" 404 - "-" "Mozilla/5.0 AppleWebKit/537.36 (KHTML, like Gecko; compatible; ClaudeBot/1.0; +claudebot@anthropic.com)" 16 **0/16485**
57.141.20.48 - - [18/Mar/2026:06:52:02 -0700] "GET /shopdetail/82270761.html?fileloc=/home/fmbi332s7bv7/public_html/robots.txt&path=/home/fmbi332s7bv7/public_html HTTP/2.0" 404 - "-" "meta-externalagent/1.1 (+https://developers.facebook.com/docs/sharing/webmasters/crawler)" 18 **0/18292**
216.73.216.106 - - [18/Mar/2026:06:52:06 -0700] "GET /shopdetail/446440273.html HTTP/2.0" 404 - "-" "Mozilla/5.0 AppleWebKit/537.36 (KHTML, like Gecko; compatible; ClaudeBot/1.0; +claudebot@anthropic.com)" 12 **0/12580**
57.141.20.37 - - [18/Mar/2026:06:52:08 -0700] "GET /shopdetail/424160782.html?fileloc=/home/fmbi332s7bv7/public_html/txets.php&path=/home/fmbi332s7bv7/public_html HTTP/2.0" 404 - "-" "meta-externalagent/1.1 (+https://developers.facebook.com/docs/sharing/webmasters/crawler)" 11 **0/11472**
216.73.216.106 - - [18/Mar/2026:06:52:10 -0700] "GET /shopdetail/3601415096.html HTTP/2.0" 404 - "-" "Mozilla/5.0 AppleWebKit/537.36 (KHTML, like Gecko; compatible; ClaudeBot/1.0; +claudebot@anthropic.com)" 15 **0/15544**
57.141.20.16 - - [18/Mar/2026:06:52:13 -0700] "GET /kak-ozhidanija-vystraivajut-vnutrennij-nastroj/?path=/home HTTP/2.0" 404 - "-" "meta-externalagent/1.1 (+https://developers.facebook.com/docs/sharing/webmasters/crawler)" 11 **0/11731**
216.73.216.106 - - [18/Mar/2026:06:52:14 -0700] "GET /shopdetail/267308164.html HTTP/2.0" 404 - "-" "Mozilla/5.0 AppleWebKit/537.36 (KHTML, like Gecko; compatible; ClaudeBot/1.0; +claudebot@anthropic.com)" 18 **0/18817**
216.73.216.106 - - [18/Mar/2026:06:52:18 -0700] "GET /shopdetail/177019929.html HTTP/2.0" 404 - "-" "Mozilla/5.0 AppleWebKit/537.36 (KHTML, like Gecko; compatible; ClaudeBot/1.0; +claudebot@anthropic.com)" 13 **0/13268**
57.141.20.36 - - [18/Mar/2026:06:52:18 -0700] "GET /shopdetail/3181061406.html?fileloc=/home/fmbi332s7bv7/public_html/robots.txt&path=/home/fmbi332s7bv7/public_html HTTP/2.0" 404 - "-" "meta-externalagent/1.1 (+https://developers.facebook.com/docs/sharing/webmasters/crawler)" 17 **0/17515**
74.7.227.9 - - [18/Mar/2026:06:52:19 -0700] "GET /?fileloc=//proc/self/root/proc/thread-self/root/proc/thread-self/root/proc/thread-self/root/proc/self/root/proc/thread-self/root/proc/self/root/proc/self/root/proc/self/root/proc/self/root/proc/self/root/lib/systemd/user/dirmngr.service&path=//proc/self/root/proc/thread-self/root/proc/thread-self/root/proc/thread-self/root/proc/self/root/proc/thread-self/root/proc/self/root/proc/self/root/proc/self/root/proc/self/root/proc/self/root/lib/systemd/user HTTP/2.0" 404 - "https://powerchemyapikimyasallari.com/?path=//proc/self/root/proc/thread-self/root/proc/thread-self/root/proc/thread-self/root/proc/self/root/proc/thread-self/root/proc/self/root/proc/self/root/proc/self/root/proc/self/root/proc/self/root/lib/systemd/user" "Mozilla/5.0 AppleWebKit/537.36 (KHTML, like Gecko; compatible; GPTBot/1.3; +https://openai.com/gptbot)" 14 **0/14529**
216.73.216.106 - - [18/Mar/2026:06:52:22 -0700] "GET /hello-world?fileloc=%2F%2Flib64%2Fpython3.12%2Flzma.py&path=%2F%2Flib64%2Fpython3.12 HTTP/2.0" 404 - "-" "Mozilla/5.0 AppleWebKit/537.36 (KHTML, like Gecko; compatible; ClaudeBot/1.0; +claudebot@anthropic.com)" 12 **0/12868**
