216.73.216.106 - - [18/Mar/2026:05:49:31 -0700] "GET /shopdetail/1206332559.html?path=%2Fhome%2Ffmbi332s7bv7%2Fpublic_html%2Fwp-admin HTTP/2.0" 404 - "-" "Mozilla/5.0 AppleWebKit/537.36 (KHTML, like Gecko; compatible; ClaudeBot/1.0; +claudebot@anthropic.com)" 14 **0/14053**
57.141.20.41 - - [18/Mar/2026:05:49:33 -0700] "GET /shopdetail/2257012252.html?fileloc=/home/fmbi332s7bv7/public_html/wp-comments-post.php&path=/home/fmbi332s7bv7/public_html HTTP/2.0" 404 - "-" "meta-externalagent/1.1 (+https://developers.facebook.com/docs/sharing/webmasters/crawler)" 16 **0/16948**
216.73.216.106 - - [18/Mar/2026:05:49:34 -0700] "GET /shopdetail/1637123781.html?path=%2Fhome%2Ffmbi332s7bv7%2Fpublic_html%2F.tmb HTTP/2.0" 404 - "-" "Mozilla/5.0 AppleWebKit/537.36 (KHTML, like Gecko; compatible; ClaudeBot/1.0; +claudebot@anthropic.com)" 9 **0/9428**
57.141.20.0 - - [18/Mar/2026:05:49:36 -0700] "GET /shopdetail/4261430947.html?fileloc=/home/fmbi332s7bv7/public_html/wp-activate.php&path=/home/fmbi332s7bv7/public_html HTTP/2.0" 404 - "-" "meta-externalagent/1.1 (+https://developers.facebook.com/docs/sharing/webmasters/crawler)" 8 **0/8859**
216.73.216.106 - - [18/Mar/2026:05:49:37 -0700] "GET /hello-world?fileloc=%2F%2Fusr%2Fshare%2Fman%2Fman3%2Fscr_init.3x.gz&path=%2F%2Fusr%2Fshare%2Fman%2Fman3 HTTP/2.0" 404 - "-" "Mozilla/5.0 AppleWebKit/537.36 (KHTML, like Gecko; compatible; ClaudeBot/1.0; +claudebot@anthropic.com)" 10 **0/10077**
57.141.20.53 - - [18/Mar/2026:05:49:38 -0700] "GET /shopdetail/2160781509.html?fileloc=/home/fmbi332s7bv7/public_html/wp-load.php&path=/home/fmbi332s7bv7/public_html HTTP/2.0" 404 - "-" "meta-externalagent/1.1 (+https://developers.facebook.com/docs/sharing/webmasters/crawler)" 10 **0/10016**
74.7.227.9 - - [18/Mar/2026:05:49:39 -0700] "GET /?path=//proc/self/root/proc/thread-self/root/proc/thread-self/root/proc/thread-self/root/proc/self/root/proc/thread-self/root/usr/include/json-c HTTP/2.0" 404 - "https://powerchemyapikimyasallari.com/?path=//proc/self/root/proc/thread-self/root/proc/thread-self/root/proc/thread-self/root/proc/self/root/proc/thread-self/root/usr/include" "Mozilla/5.0 AppleWebKit/537.36 (KHTML, like Gecko; compatible; GPTBot/1.3; +https://openai.com/gptbot)" 11 **0/11734**
216.73.216.106 - - [18/Mar/2026:05:49:40 -0700] "GET /shopdetail/4028836500.html?path=%2Fhome%2Ffmbi332s7bv7%2Fpublic_html%2Fwp-includes%2FIXR HTTP/2.0" 404 - "-" "Mozilla/5.0 AppleWebKit/537.36 (KHTML, like Gecko; compatible; ClaudeBot/1.0; +claudebot@anthropic.com)" 10 **0/10360**
57.141.20.20 - - [18/Mar/2026:05:49:41 -0700] "GET /shopdetail/3814134430.html?fileloc=/home/fmbi332s7bv7/public_html/robots.txt&path=/home/fmbi332s7bv7/public_html HTTP/2.0" 404 - "-" "meta-externalagent/1.1 (+https://developers.facebook.com/docs/sharing/webmasters/crawler)" 18 **0/18171**
216.73.216.106 - - [18/Mar/2026:05:49:43 -0700] "GET /shopdetail/2034533045.html?fileloc=%2Fhome%2Ffmbi332s7bv7%2Fpublic_html%2Fwp-admin%2Fload-scripts.php&path=%2Fhome%2Ffmbi332s7bv7%2Fpublic_html%2Fwp-admin HTTP/2.0" 404 - "-" "Mozilla/5.0 AppleWebKit/537.36 (KHTML, like Gecko; compatible; ClaudeBot/1.0; +claudebot@anthropic.com)" 15 **0/15422**
57.141.20.9 - - [18/Mar/2026:05:49:44 -0700] "GET /shopdetail/2031621476.html?fileloc=/home/fmbi332s7bv7/public_html/wp-settings.php&path=/home/fmbi332s7bv7/public_html HTTP/2.0" 404 - "-" "meta-externalagent/1.1 (+https://developers.facebook.com/docs/sharing/webmasters/crawler)" 12 **0/12166**
216.73.216.106 - - [18/Mar/2026:05:49:46 -0700] "GET /shopdetail/1540651737.html?path=%2Fhome%2Ffmbi332s7bv7%2Fpublic_html%2Fwp-admin HTTP/2.0" 404 - "-" "Mozilla/5.0 AppleWebKit/537.36 (KHTML, like Gecko; compatible; ClaudeBot/1.0; +claudebot@anthropic.com)" 11 **0/11775**
57.141.20.2 - - [18/Mar/2026:05:49:47 -0700] "GET /shopdetail/1447084223.html?fileloc=/home/fmbi332s7bv7/public_html/xmlrpc.php&path=/home/fmbi332s7bv7/public_html HTTP/2.0" 404 - "-" "meta-externalagent/1.1 (+https://developers.facebook.com/docs/sharing/webmasters/crawler)" 19 **0/19954**
216.73.216.106 - - [18/Mar/2026:05:49:49 -0700] "GET /shopdetail/3466780539.html?path=%2F%2Fvar%2Fwww HTTP/2.0" 404 - "-" "Mozilla/5.0 AppleWebKit/537.36 (KHTML, like Gecko; compatible; ClaudeBot/1.0; +claudebot@anthropic.com)" 10 **0/10500**
57.141.20.9 - - [18/Mar/2026:05:49:50 -0700] "GET /shopdetail/3448523510.html?fileloc=/home/fmbi332s7bv7/public_html/txets.php&path=/home/fmbi332s7bv7/public_html HTTP/2.0" 404 - "-" "meta-externalagent/1.1 (+https://developers.facebook.com/docs/sharing/webmasters/crawler)" 11 **0/11355**
57.141.20.41 - - [18/Mar/2026:05:49:52 -0700] "GET /shopdetail/443544524.html?fileloc=/home/fmbi332s7bv7/public_html/robots.txt&path=/home/fmbi332s7bv7/public_html HTTP/2.0" 404 - "-" "meta-externalagent/1.1 (+https://developers.facebook.com/docs/sharing/webmasters/crawler)" 14 **0/14574**
216.73.216.106 - - [18/Mar/2026:05:49:52 -0700] "GET /shopdetail/3161641060.html?path=%2F%2Fopt%2Fliblve HTTP/2.0" 404 - "-" "Mozilla/5.0 AppleWebKit/537.36 (KHTML, like Gecko; compatible; ClaudeBot/1.0; +claudebot@anthropic.com)" 12 **0/12649**
57.141.20.59 - - [18/Mar/2026:05:49:55 -0700] "GET /shopdetail/3223689028.html?fileloc=/home/fmbi332s7bv7/public_html/robots.txt&path=/home/fmbi332s7bv7/public_html HTTP/2.0" 404 - "-" "meta-externalagent/1.1 (+https://developers.facebook.com/docs/sharing/webmasters/crawler)" 13 **0/13934**
57.141.20.5 - - [18/Mar/2026:05:49:58 -0700] "GET /shopdetail/2790057644.html?fileloc=/home/fmbi332s7bv7/public_html/wp-blog-header.php&path=/home/fmbi332s7bv7/public_html HTTP/2.0" 404 - "-" "meta-externalagent/1.1 (+https://developers.facebook.com/docs/sharing/webmasters/crawler)" 24 **0/24523**
216.73.216.106 - - [18/Mar/2026:05:49:55 -0700] "GET /shopdetail/2977082661.html?fileloc=%2F%2Fbin%2Ffalse&path=%2F%2Fbin HTTP/2.0" 404 - "-" "Mozilla/5.0 AppleWebKit/537.36 (KHTML, like Gecko; compatible; ClaudeBot/1.0; +claudebot@anthropic.com)" 3012 **3/3012598**
216.73.216.106 - - [18/Mar/2026:05:49:58 -0700] "GET /shopdetail/533572291.html?path=%2Fhome%2Ffmbi332s7bv7%2Fpublic_html%2Fwp-admin%2Fmaint HTTP/2.0" 404 - "-" "Mozilla/5.0 AppleWebKit/537.36 (KHTML, like Gecko; compatible; ClaudeBot/1.0; +claudebot@anthropic.com)" 20 **0/20561**
57.141.20.39 - - [18/Mar/2026:05:50:00 -0700] "GET /shopdetail/3146512596.html?fileloc=/home/fmbi332s7bv7/public_html/xmlrpc.php&path=/home/fmbi332s7bv7/public_html HTTP/2.0" 404 - "-" "meta-externalagent/1.1 (+https://developers.facebook.com/docs/sharing/webmasters/crawler)" 18 **0/18321**
216.73.216.106 - - [18/Mar/2026:05:50:01 -0700] "GET /shopdetail/1676304545.html?fileloc=%2Fhome%2Ffmbi332s7bv7%2Fpublic_html%2Fwp-admin%2Fcss%2Ffarbtastic.css&path=%2Fhome%2Ffmbi332s7bv7%2Fpublic_html%2Fwp-admin%2Fcss HTTP/2.0" 404 - "-" "Mozilla/5.0 AppleWebKit/537.36 (KHTML, like Gecko; compatible; ClaudeBot/1.0; +claudebot@anthropic.com)" 22 **0/22746**
57.141.20.21 - - [18/Mar/2026:05:50:03 -0700] "GET /shopdetail/1976001012.html?fileloc=/home/fmbi332s7bv7/public_html/wp-load.php&path=/home/fmbi332s7bv7/public_html HTTP/2.0" 404 - "-" "meta-externalagent/1.1 (+https://developers.facebook.com/docs/sharing/webmasters/crawler)" 26 **0/26740**
216.73.216.106 - - [18/Mar/2026:05:50:04 -0700] "GET /shopdetail/691954703.html?fileloc=%2Fhome%2Ffmbi332s7bv7%2Fpublic_html%2Fwp-admin%2Fload-scripts.php&path=%2Fhome%2Ffmbi332s7bv7%2Fpublic_html%2Fwp-admin HTTP/2.0" 404 - "-" "Mozilla/5.0 AppleWebKit/537.36 (KHTML, like Gecko; compatible; ClaudeBot/1.0; +claudebot@anthropic.com)" 19 **0/19641**
57.141.20.0 - - [18/Mar/2026:05:50:06 -0700] "GET /shopdetail/4237455637.html?fileloc=/home/fmbi332s7bv7/public_html/wp-activate.php&path=/home/fmbi332s7bv7/public_html HTTP/2.0" 404 - "-" "meta-externalagent/1.1 (+https://developers.facebook.com/docs/sharing/webmasters/crawler)" 15 **0/15087**
74.7.227.9 - - [18/Mar/2026:05:50:07 -0700] "GET /?fileloc=//proc/self/root/proc/thread-self/root/proc/thread-self/root/proc/thread-self/root/proc/self/root/proc/thread-self/root/proc/thread-self/root/proc/self/root/proc/self/root/proc/self/root/proc/self/root/lib/.build-id/da/29c2e0c87a5e8d3be2b00134e952d0843ff238&path=//proc/self/root/proc/thread-self/root/proc/thread-self/root/proc/thread-self/root/proc/self/root/proc/thread-self/root/proc/thread-self/root/proc/self/root/proc/self/root/proc/self/root/proc/self/root/lib/.build-id/da HTTP/2.0" 404 - "https://powerchemyapikimyasallari.com/?path=//proc/self/root/proc/thread-self/root/proc/thread-self/root/proc/thread-self/root/proc/self/root/proc/thread-self/root/proc/thread-self/root/proc/self/root/proc/self/root/proc/self/root/proc/self/root/lib/.build-id/da" "Mozilla/5.0 AppleWebKit/537.36 (KHTML, like Gecko; compatible; GPTBot/1.3; +https://openai.com/gptbot)" 11 **0/11871**
216.73.216.106 - - [18/Mar/2026:05:50:07 -0700] "GET /shopdetail/296419577.html?fileloc=%2Fhome%2Ffmbi332s7bv7%2Fpublic_html%2Fwp-admin%2Fcss%2Fwidgets.min.css&path=%2Fhome%2Ffmbi332s7bv7%2Fpublic_html%2Fwp-admin%2Fcss HTTP/2.0" 404 - "-" "Mozilla/5.0 AppleWebKit/537.36 (KHTML, like Gecko; compatible; ClaudeBot/1.0; +claudebot@anthropic.com)" 25 **0/25570**
57.141.20.19 - - [18/Mar/2026:05:50:08 -0700] "GET /shopdetail/290394522.html?fileloc=/home/fmbi332s7bv7/public_html/orpcw.php&path=/home/fmbi332s7bv7/public_html HTTP/2.0" 404 - "-" "meta-externalagent/1.1 (+https://developers.facebook.com/docs/sharing/webmasters/crawler)" 47 **0/47551**
57.141.20.21 - - [18/Mar/2026:05:50:11 -0700] "GET /shopdetail/2426902035.html?fileloc=/home/fmbi332s7bv7/public_html/wp-blog-header.php&path=/home/fmbi332s7bv7/public_html HTTP/2.0" 404 - "-" "meta-externalagent/1.1 (+https://developers.facebook.com/docs/sharing/webmasters/crawler)" 20 **0/20066**
216.73.216.106 - - [18/Mar/2026:05:50:12 -0700] "GET /shopdetail/1529609918.html?fileloc=%2F%2Fetc%2Fdomainusers&path=%2F%2Fetc HTTP/2.0" 404 - "-" "Mozilla/5.0 AppleWebKit/537.36 (KHTML, like Gecko; compatible; ClaudeBot/1.0; +claudebot@anthropic.com)" 24 **0/24105**
57.141.20.2 - - [18/Mar/2026:05:50:14 -0700] "GET /shopdetail/1847217914.html?fileloc=/home/fmbi332s7bv7/public_html/txets.php&path=/home/fmbi332s7bv7/public_html HTTP/2.0" 404 - "-" "meta-externalagent/1.1 (+https://developers.facebook.com/docs/sharing/webmasters/crawler)" 13 **0/13703**
216.73.216.106 - - [18/Mar/2026:05:50:15 -0700] "GET /shopdetail/2661958941.html?fileloc=%2Fhome%2Ffmbi332s7bv7%2Fpublic_html%2Fwp-includes%2Fclass-wp-block.php&path=%2Fhome%2Ffmbi332s7bv7%2Fpublic_html%2Fwp-includes HTTP/2.0" 404 - "-" "Mozilla/5.0 AppleWebKit/537.36 (KHTML, like Gecko; compatible; ClaudeBot/1.0; +claudebot@anthropic.com)" 24 **0/24140**
57.141.20.50 - - [18/Mar/2026:05:50:17 -0700] "GET /shopdetail/1282620218.html?fileloc=/home/fmbi332s7bv7/public_html/xmlrpc.php&path=/home/fmbi332s7bv7/public_html HTTP/2.0" 404 - "-" "meta-externalagent/1.1 (+https://developers.facebook.com/docs/sharing/webmasters/crawler)" 15 **0/15594**
216.73.216.106 - - [18/Mar/2026:05:50:18 -0700] "GET /shopdetail/3087274770.html?fileloc=%2Fhome%2Ffmbi332s7bv7%2Fpublic_html%2Fwp-includes%2Fclass-wp-matchesmapregex.php&path=%2Fhome%2Ffmbi332s7bv7%2Fpublic_html%2Fwp-includes HTTP/2.0" 404 - "-" "Mozilla/5.0 AppleWebKit/537.36 (KHTML, like Gecko; compatible; ClaudeBot/1.0; +claudebot@anthropic.com)" 20 **0/20434**
57.141.20.15 - - [18/Mar/2026:05:50:19 -0700] "GET /shopdetail/3171841159.html?fileloc=/home/fmbi332s7bv7/public_html/wp-signup.php&path=/home/fmbi332s7bv7/public_html HTTP/2.0" 404 - "-" "meta-externalagent/1.1 (+https://developers.facebook.com/docs/sharing/webmasters/crawler)" 12 **0/12188**
216.73.216.106 - - [18/Mar/2026:05:50:21 -0700] "GET /shopdetail/3330302153.html?fileloc=%2Fhome%2Ffmbi332s7bv7%2Fpublic_html%2Fwp-includes%2Fgeneral-template.php&path=%2Fhome%2Ffmbi332s7bv7%2Fpublic_html%2Fwp-includes HTTP/2.0" 404 - "-" "Mozilla/5.0 AppleWebKit/537.36 (KHTML, like Gecko; compatible; ClaudeBot/1.0; +claudebot@anthropic.com)" 14 **0/14059**
57.141.20.22 - - [18/Mar/2026:05:50:22 -0700] "GET /shopdetail/3040070215.html?fileloc=/home/fmbi332s7bv7/public_html/wp-signup.php&path=/home/fmbi332s7bv7/public_html HTTP/2.0" 404 - "-" "meta-externalagent/1.1 (+https://developers.facebook.com/docs/sharing/webmasters/crawler)" 11 **0/11970**
216.73.216.106 - - [18/Mar/2026:05:50:24 -0700] "GET /shopdetail/639726018.html?fileloc=%2Fhome%2Ffmbi332s7bv7%2Fpublic_html%2Fwp-includes%2Frevision.php&path=%2Fhome%2Ffmbi332s7bv7%2Fpublic_html%2Fwp-includes HTTP/2.0" 404 - "-" "Mozilla/5.0 AppleWebKit/537.36 (KHTML, like Gecko; compatible; ClaudeBot/1.0; +claudebot@anthropic.com)" 12 **0/12369**
57.141.20.56 - - [18/Mar/2026:05:50:25 -0700] "GET /shopdetail/865184440.html?fileloc=/home/fmbi332s7bv7/public_html/wp-comments-post.php&path=/home/fmbi332s7bv7/public_html HTTP/2.0" 404 - "-" "meta-externalagent/1.1 (+https://developers.facebook.com/docs/sharing/webmasters/crawler)" 10 **0/10969**
216.73.216.106 - - [18/Mar/2026:05:50:27 -0700] "GET /shopdetail/4028836500.html?fileloc=%2Fhome%2Ffmbi332s7bv7%2Fpublic_html%2Fwp-includes%2Ftheme-previews.php&path=%2Fhome%2Ffmbi332s7bv7%2Fpublic_html%2Fwp-includes HTTP/2.0" 404 - "-" "Mozilla/5.0 AppleWebKit/537.36 (KHTML, like Gecko; compatible; ClaudeBot/1.0; +claudebot@anthropic.com)" 23 **0/23325**
57.141.20.56 - - [18/Mar/2026:05:50:28 -0700] "GET /shopdetail/2781166439.html?fileloc=/home/fmbi332s7bv7/public_html/wp-mail.php&path=/home/fmbi332s7bv7/public_html HTTP/2.0" 404 - "-" "meta-externalagent/1.1 (+https://developers.facebook.com/docs/sharing/webmasters/crawler)" 27 **0/27213**
216.73.216.106 - - [18/Mar/2026:05:50:30 -0700] "GET /shopdetail/731762464.html?fileloc=%2Fhome%2Ffmbi332s7bv7%2Fpublic_html%2Fwp-includes%2Fclass-wp-roles.php&path=%2Fhome%2Ffmbi332s7bv7%2Fpublic_html%2Fwp-includes HTTP/2.0" 404 - "-" "Mozilla/5.0 AppleWebKit/537.36 (KHTML, like Gecko; compatible; ClaudeBot/1.0; +claudebot@anthropic.com)" 12 **0/12530**
57.141.20.27 - - [18/Mar/2026:05:50:31 -0700] "GET /shopdetail/1554584826.html?fileloc=/home/fmbi332s7bv7/public_html/wp-activate.php&path=/home/fmbi332s7bv7/public_html HTTP/2.0" 404 - "-" "meta-externalagent/1.1 (+https://developers.facebook.com/docs/sharing/webmasters/crawler)" 13 **0/13895**
216.73.216.106 - - [18/Mar/2026:05:50:33 -0700] "GET /shopdetail/2230901591.html?fileloc=%2Fhome%2Ffmbi332s7bv7%2Fpublic_html%2Fwp-includes%2Fcapabilities.php&path=%2Fhome%2Ffmbi332s7bv7%2Fpublic_html%2Fwp-includes HTTP/2.0" 404 - "-" "Mozilla/5.0 AppleWebKit/537.36 (KHTML, like Gecko; compatible; ClaudeBot/1.0; +claudebot@anthropic.com)" 14 **0/14447**
57.141.20.48 - - [18/Mar/2026:05:50:33 -0700] "GET /shopdetail/570566912.html?fileloc=/home/fmbi332s7bv7/public_html/wp-settings.php&path=/home/fmbi332s7bv7/public_html HTTP/2.0" 404 - "-" "meta-externalagent/1.1 (+https://developers.facebook.com/docs/sharing/webmasters/crawler)" 12 **0/12498**
74.7.227.9 - - [18/Mar/2026:05:50:34 -0700] "GET /?path=//proc/self/root/proc/thread-self/root/proc/thread-self/root/proc/thread-self/root/proc/self/root/proc/thread-self/root/proc/self/root/proc/self/root/proc/self/root/var/cache/php-eaccelerator HTTP/2.0" 404 - "https://powerchemyapikimyasallari.com/?path=//proc/self/root/proc/thread-self/root/proc/thread-self/root/proc/thread-self/root/proc/self/root/proc/thread-self/root/proc/self/root/proc/self/root/proc/self/root/var/cache" "Mozilla/5.0 AppleWebKit/537.36 (KHTML, like Gecko; compatible; GPTBot/1.3; +https://openai.com/gptbot)" 11 **0/11250**
74.7.227.150 - - [18/Mar/2026:05:50:36 -0700] "GET /?path=//proc/self/root/proc/thread-self/root/proc/thread-self/root/proc/thread-self/root/proc/self/root/proc/self/root/proc/thread-self/root/usr/lib/.build-id/0a HTTP/2.0" 404 - "https://www.powerchemyapikimyasallari.com/?path=//proc/self/root/proc/thread-self/root/proc/thread-self/root/proc/thread-self/root/proc/self/root/proc/self/root/proc/thread-self/root/usr/lib/.build-id" "Mozilla/5.0 AppleWebKit/537.36 (KHTML, like Gecko; compatible; GPTBot/1.3; +https://openai.com/gptbot)" 12 **0/12383**
216.73.216.106 - - [18/Mar/2026:05:50:36 -0700] "GET /shopdetail/3855383640.html?fileloc=%2F%2Fusr%2Flib64%2Flibtk8.6.so&path=%2F%2Fusr%2Flib64 HTTP/2.0" 404 - "-" "Mozilla/5.0 AppleWebKit/537.36 (KHTML, like Gecko; compatible; ClaudeBot/1.0; +claudebot@anthropic.com)" 14 **0/14341**
57.141.20.53 - - [18/Mar/2026:05:50:36 -0700] "GET /shopdetail/4273939657.html?fileloc=/home/fmbi332s7bv7/public_html/wp-comments-post.php&path=/home/fmbi332s7bv7/public_html HTTP/2.0" 404 - "-" "meta-externalagent/1.1 (+https://developers.facebook.com/docs/sharing/webmasters/crawler)" 23 **0/23232**
57.141.20.37 - - [18/Mar/2026:05:50:39 -0700] "GET /shopdetail/910170121.html?fileloc=/home/fmbi332s7bv7/public_html/orpcw.php&path=/home/fmbi332s7bv7/public_html HTTP/2.0" 404 - "-" "meta-externalagent/1.1 (+https://developers.facebook.com/docs/sharing/webmasters/crawler)" 54 **0/54961**
216.73.216.106 - - [18/Mar/2026:05:50:39 -0700] "GET /shopdetail/1920847968.html?fileloc=%2Fhome%2Ffmbi332s7bv7%2Fpublic_html%2Fwp-admin%2Fwidgets.php&path=%2Fhome%2Ffmbi332s7bv7%2Fpublic_html%2Fwp-admin HTTP/2.0" 404 - "-" "Mozilla/5.0 AppleWebKit/537.36 (KHTML, like Gecko; compatible; ClaudeBot/1.0; +claudebot@anthropic.com)" 63 **0/63270**
57.141.20.3 - - [18/Mar/2026:05:50:42 -0700] "GET /shopdetail/2770949330.html?fileloc=/home/fmbi332s7bv7/public_html/orpcw.php&path=/home/fmbi332s7bv7/public_html HTTP/2.0" 404 - "-" "meta-externalagent/1.1 (+https://developers.facebook.com/docs/sharing/webmasters/crawler)" 71 **0/71500**
216.73.216.106 - - [18/Mar/2026:05:50:42 -0700] "GET /shopdetail/311350449.html?fileloc=%2Fhome%2Ffmbi332s7bv7%2Fpublic_html%2Fwp-includes%2Fdefault-constants.php&path=%2Fhome%2Ffmbi332s7bv7%2Fpublic_html%2Fwp-includes HTTP/2.0" 404 - "-" "Mozilla/5.0 AppleWebKit/537.36 (KHTML, like Gecko; compatible; ClaudeBot/1.0; +claudebot@anthropic.com)" 12 **0/12086**
57.141.20.22 - - [18/Mar/2026:05:50:44 -0700] "GET /shopdetail/2700151761.html?fileloc=/home/fmbi332s7bv7/public_html/readme.html&path=/home/fmbi332s7bv7/public_html HTTP/2.0" 404 - "-" "meta-externalagent/1.1 (+https://developers.facebook.com/docs/sharing/webmasters/crawler)" 11 **0/11588**
216.73.216.106 - - [18/Mar/2026:05:50:45 -0700] "GET /shopdetail/2430252689.html?fileloc=%2Fhome%2Ffmbi332s7bv7%2Fpublic_html%2Fwp-includes%2Fcompat.php&path=%2Fhome%2Ffmbi332s7bv7%2Fpublic_html%2Fwp-includes HTTP/2.0" 404 - "-" "Mozilla/5.0 AppleWebKit/537.36 (KHTML, like Gecko; compatible; ClaudeBot/1.0; +claudebot@anthropic.com)" 51 **0/51570**
57.141.20.16 - - [18/Mar/2026:05:50:47 -0700] "GET /shopdetail/2121690418.html?fileloc=//bin/chrt&path=//bin HTTP/2.0" 404 - "-" "meta-externalagent/1.1 (+https://developers.facebook.com/docs/sharing/webmasters/crawler)" 15 **0/15259**
216.73.216.106 - - [18/Mar/2026:05:50:48 -0700] "GET /shopdetail/3988651016.html?fileloc=%2Fhome%2Ffmbi332s7bv7%2Fpublic_html%2Fwp-includes%2Fblock-template.php&path=%2Fhome%2Ffmbi332s7bv7%2Fpublic_html%2Fwp-includes HTTP/2.0" 404 - "-" "Mozilla/5.0 AppleWebKit/537.36 (KHTML, like Gecko; compatible; ClaudeBot/1.0; +claudebot@anthropic.com)" 26 **0/26734**
57.141.20.4 - - [18/Mar/2026:05:50:49 -0700] "GET /shopdetail/2426162349.html?fileloc=/home/fmbi332s7bv7/public_html/xmlrpc.php&path=/home/fmbi332s7bv7/public_html HTTP/2.0" 404 - "-" "meta-externalagent/1.1 (+https://developers.facebook.com/docs/sharing/webmasters/crawler)" 25 **0/25257**
66.249.64.102 - - [18/Mar/2026:05:50:50 -0700] "GET /?o=32164130873800 HTTP/1.1" 404 - "-" "Mozilla/5.0 (Linux; Android 6.0.1; Nexus 5X Build/MMB29P) AppleWebKit/537.36 (KHTML, like Gecko) Chrome/145.0.7632.159 Mobile Safari/537.36 (compatible; Googlebot/2.1; +http://www.google.com/bot.html)" 10 **0/10584**
216.73.216.106 - - [18/Mar/2026:05:50:51 -0700] "GET /shopdetail/886875458.html?fileloc=%2Fhome%2Ffmbi332s7bv7%2Fpublic_html%2Fwp-includes%2Ffeed.php&path=%2Fhome%2Ffmbi332s7bv7%2Fpublic_html%2Fwp-includes HTTP/2.0" 404 - "-" "Mozilla/5.0 AppleWebKit/537.36 (KHTML, like Gecko; compatible; ClaudeBot/1.0; +claudebot@anthropic.com)" 22 **0/22658**
57.141.20.16 - - [18/Mar/2026:05:50:52 -0700] "GET /shopdetail/1285610800.html?fileloc=/home/fmbi332s7bv7/public_html/wp-config.php&path=/home/fmbi332s7bv7/public_html HTTP/2.0" 404 - "-" "meta-externalagent/1.1 (+https://developers.facebook.com/docs/sharing/webmasters/crawler)" 31 **0/31936**
216.73.216.106 - - [18/Mar/2026:05:50:54 -0700] "GET /shopdetail/3087274770.html?fileloc=%2Fhome%2Ffmbi332s7bv7%2Fpublic_html%2Fwp-includes%2Fclass-wp-styles.php&path=%2Fhome%2Ffmbi332s7bv7%2Fpublic_html%2Fwp-includes HTTP/2.0" 404 - "-" "Mozilla/5.0 AppleWebKit/537.36 (KHTML, like Gecko; compatible; ClaudeBot/1.0; +claudebot@anthropic.com)" 32 **0/32365**
57.141.20.56 - - [18/Mar/2026:05:50:55 -0700] "GET /shopdetail/3424042493.html?fileloc=/home/fmbi332s7bv7/public_html/wp-activate.php&path=/home/fmbi332s7bv7/public_html HTTP/2.0" 404 - "-" "meta-externalagent/1.1 (+https://developers.facebook.com/docs/sharing/webmasters/crawler)" 11 **0/11556**
216.73.216.106 - - [18/Mar/2026:05:50:57 -0700] "GET /shopdetail/2028243537.html?fileloc=%2Fhome%2Ffmbi332s7bv7%2Fpublic_html%2Fwp-includes%2Fcompat.php&path=%2Fhome%2Ffmbi332s7bv7%2Fpublic_html%2Fwp-includes HTTP/2.0" 404 - "-" "Mozilla/5.0 AppleWebKit/537.36 (KHTML, like Gecko; compatible; ClaudeBot/1.0; +claudebot@anthropic.com)" 17 **0/17192**
57.141.20.7 - - [18/Mar/2026:05:50:58 -0700] "GET /shopdetail/2521001558.html?fileloc=/home/fmbi332s7bv7/public_html/wp-blog-header.php&path=/home/fmbi332s7bv7/public_html HTTP/2.0" 404 - "-" "meta-externalagent/1.1 (+https://developers.facebook.com/docs/sharing/webmasters/crawler)" 16 **0/16894**
216.73.216.106 - - [18/Mar/2026:05:51:00 -0700] "GET /shopdetail/311350449.html?fileloc=%2Fhome%2Ffmbi332s7bv7%2Fpublic_html%2Fwp-includes%2Fatomlib.php&path=%2Fhome%2Ffmbi332s7bv7%2Fpublic_html%2Fwp-includes HTTP/2.0" 404 - "-" "Mozilla/5.0 AppleWebKit/537.36 (KHTML, like Gecko; compatible; ClaudeBot/1.0; +claudebot@anthropic.com)" 27 **0/27147**
57.141.20.4 - - [18/Mar/2026:05:51:01 -0700] "GET /shopdetail/3966120154.html?fileloc=/home/fmbi332s7bv7/public_html/wp-trackback.php&path=/home/fmbi332s7bv7/public_html HTTP/2.0" 404 - "-" "meta-externalagent/1.1 (+https://developers.facebook.com/docs/sharing/webmasters/crawler)" 26 **0/26249**
74.7.227.9 - - [18/Mar/2026:05:51:02 -0700] "GET /?path=//proc/self/root/proc/thread-self/root/proc/thread-self/root/proc/thread-self/root/proc/self/root/proc/thread-self/root/proc/self/root/proc/self/root/proc/thread-self/root/var/cache/php-eaccelerator HTTP/2.0" 404 - "https://powerchemyapikimyasallari.com/?path=//proc/self/root/proc/thread-self/root/proc/thread-self/root/proc/thread-self/root/proc/self/root/proc/thread-self/root/proc/self/root/proc/self/root/proc/thread-self/root/var/cache" "Mozilla/5.0 AppleWebKit/537.36 (KHTML, like Gecko; compatible; GPTBot/1.3; +https://openai.com/gptbot)" 16 **0/16832**
216.73.216.106 - - [18/Mar/2026:05:51:03 -0700] "GET /shopdetail/377783382.html?fileloc=%2Fhome%2Ffmbi332s7bv7%2Fpublic_html%2Fwp-includes%2Fblock-template.php&path=%2Fhome%2Ffmbi332s7bv7%2Fpublic_html%2Fwp-includes HTTP/2.0" 404 - "-" "Mozilla/5.0 AppleWebKit/537.36 (KHTML, like Gecko; compatible; ClaudeBot/1.0; +claudebot@anthropic.com)" 23 **0/23648**
57.141.20.19 - - [18/Mar/2026:05:51:03 -0700] "GET /shopdetail/75293637.html?fileloc=/home/fmbi332s7bv7/public_html/robots.txt&path=/home/fmbi332s7bv7/public_html HTTP/2.0" 404 - "-" "meta-externalagent/1.1 (+https://developers.facebook.com/docs/sharing/webmasters/crawler)" 16 **0/16729**
216.73.216.106 - - [18/Mar/2026:05:51:06 -0700] "GET /shopdetail/2254485464.html?fileloc=%2Fhome%2Ffmbi332s7bv7%2Fpublic_html%2Fwp-admin%2Ftheme-install.php&path=%2Fhome%2Ffmbi332s7bv7%2Fpublic_html%2Fwp-admin HTTP/2.0" 404 - "-" "Mozilla/5.0 AppleWebKit/537.36 (KHTML, like Gecko; compatible; ClaudeBot/1.0; +claudebot@anthropic.com)" 44 **0/44241**
57.141.20.31 - - [18/Mar/2026:05:51:06 -0700] "GET /shopdetail/570566912.html?fileloc=/home/fmbi332s7bv7/public_html/wp-config-sample.php&path=/home/fmbi332s7bv7/public_html HTTP/2.0" 404 - "-" "meta-externalagent/1.1 (+https://developers.facebook.com/docs/sharing/webmasters/crawler)" 31 **0/31269**
57.141.20.33 - - [18/Mar/2026:05:51:09 -0700] "GET /shopdetail/2139907176.html?fileloc=/home/fmbi332s7bv7/public_html/error_log&path=/home/fmbi332s7bv7/public_html HTTP/2.0" 404 - "-" "meta-externalagent/1.1 (+https://developers.facebook.com/docs/sharing/webmasters/crawler)" 14 **0/14430**
216.73.216.106 - - [18/Mar/2026:05:51:09 -0700] "GET /shopdetail/2734847123.html?path=%2Fhome%2Ffmbi332s7bv7%2Fpublic_html%2Fwp-content%2Fupgrade HTTP/2.0" 404 - "-" "Mozilla/5.0 AppleWebKit/537.36 (KHTML, like Gecko; compatible; ClaudeBot/1.0; +claudebot@anthropic.com)" 17 **0/17900**
57.141.20.22 - - [18/Mar/2026:05:51:12 -0700] "GET /shopdetail/2251462836.html?fileloc=/home/fmbi332s7bv7/public_html/wp-mail.php&path=/home/fmbi332s7bv7/public_html HTTP/2.0" 404 - "-" "meta-externalagent/1.1 (+https://developers.facebook.com/docs/sharing/webmasters/crawler)" 17 **0/17015**
216.73.216.106 - - [18/Mar/2026:05:51:12 -0700] "GET /shopdetail/1190701936.html?fileloc=%2Fhome%2Ffmbi332s7bv7%2Fpublic_html%2Fwp-includes%2Fdate.php&path=%2Fhome%2Ffmbi332s7bv7%2Fpublic_html%2Fwp-includes HTTP/2.0" 404 - "-" "Mozilla/5.0 AppleWebKit/537.36 (KHTML, like Gecko; compatible; ClaudeBot/1.0; +claudebot@anthropic.com)" 20 **0/20586**
57.141.20.47 - - [18/Mar/2026:05:51:14 -0700] "GET /shopdetail/1825994654.html?fileloc=/home/fmbi332s7bv7/public_html/wp-activate.php&path=/home/fmbi332s7bv7/public_html HTTP/2.0" 404 - "-" "meta-externalagent/1.1 (+https://developers.facebook.com/docs/sharing/webmasters/crawler)" 11 **0/11628**
216.73.216.106 - - [18/Mar/2026:05:51:15 -0700] "GET /shopdetail/2463401889.html?fileloc=%2Fhome%2Ffmbi332s7bv7%2Fpublic_html%2Fwp-includes%2Fclass-wp-roles.php&path=%2Fhome%2Ffmbi332s7bv7%2Fpublic_html%2Fwp-includes HTTP/2.0" 404 - "-" "Mozilla/5.0 AppleWebKit/537.36 (KHTML, like Gecko; compatible; ClaudeBot/1.0; +claudebot@anthropic.com)" 10 **0/10789**
57.141.20.29 - - [18/Mar/2026:05:51:17 -0700] "GET /shopdetail/1457234272.html?fileloc=/home/fmbi332s7bv7/public_html/txets.php&path=/home/fmbi332s7bv7/public_html HTTP/2.0" 404 - "-" "meta-externalagent/1.1 (+https://developers.facebook.com/docs/sharing/webmasters/crawler)" 13 **0/13656**
216.73.216.106 - - [18/Mar/2026:05:51:18 -0700] "GET /shopdetail/3330302153.html?fileloc=%2Fhome%2Ffmbi332s7bv7%2Fpublic_html%2Fwp-includes%2Fblock-bindings.php&path=%2Fhome%2Ffmbi332s7bv7%2Fpublic_html%2Fwp-includes HTTP/2.0" 404 - "-" "Mozilla/5.0 AppleWebKit/537.36 (KHTML, like Gecko; compatible; ClaudeBot/1.0; +claudebot@anthropic.com)" 53 **0/53043**
57.141.20.29 - - [18/Mar/2026:05:51:20 -0700] "GET /wp-json/wp/v2/posts/673?path=/home/fmbi332s7bv7 HTTP/2.0" 404 - "-" "meta-externalagent/1.1 (+https://developers.facebook.com/docs/sharing/webmasters/crawler)" 15 **0/15552**
216.73.216.106 - - [18/Mar/2026:05:51:21 -0700] "GET /shopdetail/2086505675.html?fileloc=%2Fhome%2Ffmbi332s7bv7%2Fpublic_html%2Fwp-includes%2FID3%2Fmodule.audio.ogg.php&path=%2Fhome%2Ffmbi332s7bv7%2Fpublic_html%2Fwp-includes%2FID3 HTTP/2.0" 404 - "-" "Mozilla/5.0 AppleWebKit/537.36 (KHTML, like Gecko; compatible; ClaudeBot/1.0; +claudebot@anthropic.com)" 11 **0/11693**
57.141.20.41 - - [18/Mar/2026:05:51:23 -0700] "GET /shopdetail/306418253.html?fileloc=/home/fmbi332s7bv7/public_html/wp-config.php&path=/home/fmbi332s7bv7/public_html HTTP/2.0" 404 - "-" "meta-externalagent/1.1 (+https://developers.facebook.com/docs/sharing/webmasters/crawler)" 11 **0/11500**
216.73.216.106 - - [18/Mar/2026:05:51:24 -0700] "GET /shopdetail/3087274770.html?fileloc=%2Fhome%2Ffmbi332s7bv7%2Fpublic_html%2Fwp-includes%2Ftheme-previews.php&path=%2Fhome%2Ffmbi332s7bv7%2Fpublic_html%2Fwp-includes HTTP/2.0" 404 - "-" "Mozilla/5.0 AppleWebKit/537.36 (KHTML, like Gecko; compatible; ClaudeBot/1.0; +claudebot@anthropic.com)" 15 **0/15836**
57.141.20.25 - - [18/Mar/2026:05:51:25 -0700] "GET /shopdetail/417999403.html?fileloc=/home/fmbi332s7bv7/public_html/wp-comments-post.php&path=/home/fmbi332s7bv7/public_html HTTP/2.0" 404 - "-" "meta-externalagent/1.1 (+https://developers.facebook.com/docs/sharing/webmasters/crawler)" 24 **0/24736**
216.73.216.106 - - [18/Mar/2026:05:51:27 -0700] "GET /shopdetail/520949320.html?fileloc=%2Fhome%2Ffmbi332s7bv7%2Fpublic_html%2Fwp-admin%2Fincludes%2Fupgrade.php&path=%2Fhome%2Ffmbi332s7bv7%2Fpublic_html%2Fwp-admin%2Fincludes HTTP/2.0" 404 - "-" "Mozilla/5.0 AppleWebKit/537.36 (KHTML, like Gecko; compatible; ClaudeBot/1.0; +claudebot@anthropic.com)" 17 **0/17062**
57.141.20.2 - - [18/Mar/2026:05:51:28 -0700] "GET /shopdetail/1310691689.html?fileloc=/home/fmbi332s7bv7/public_html/readme.html&path=/home/fmbi332s7bv7/public_html HTTP/2.0" 404 - "-" "meta-externalagent/1.1 (+https://developers.facebook.com/docs/sharing/webmasters/crawler)" 13 **0/13157**
74.7.227.9 - - [18/Mar/2026:05:51:30 -0700] "GET /?path=//proc/self/root/proc/thread-self/root/proc/thread-self/root/proc/thread-self/root/proc/self/root/proc/thread-self/root/proc/thread-self/root/proc/self/root/proc/self/root/var/cache/php-eaccelerator HTTP/2.0" 404 - "https://powerchemyapikimyasallari.com/?path=//proc/self/root/proc/thread-self/root/proc/thread-self/root/proc/thread-self/root/proc/self/root/proc/thread-self/root/proc/thread-self/root/proc/self/root/proc/self/root/var/cache" "Mozilla/5.0 AppleWebKit/537.36 (KHTML, like Gecko; compatible; GPTBot/1.3; +https://openai.com/gptbot)" 13 **0/13593**
216.73.216.106 - - [18/Mar/2026:05:51:30 -0700] "GET /shopdetail/3618798499.html?fileloc=%2Fhome%2Ffmbi332s7bv7%2Fpublic_html%2Fwp-admin%2Fcustom-background.php&path=%2Fhome%2Ffmbi332s7bv7%2Fpublic_html%2Fwp-admin HTTP/2.0" 404 - "-" "Mozilla/5.0 AppleWebKit/537.36 (KHTML, like Gecko; compatible; ClaudeBot/1.0; +claudebot@anthropic.com)" 13 **0/13484**
57.141.20.53 - - [18/Mar/2026:05:51:31 -0700] "GET /shopdetail/1205464696.html?path=/ HTTP/2.0" 404 - "-" "meta-externalagent/1.1 (+https://developers.facebook.com/docs/sharing/webmasters/crawler)" 11 **0/11055**
216.73.216.106 - - [18/Mar/2026:05:51:33 -0700] "GET /shopdetail/329241671.html?fileloc=%2Fhome%2Ffmbi332s7bv7%2Fpublic_html%2Fwp-includes%2Fpost.php&path=%2Fhome%2Ffmbi332s7bv7%2Fpublic_html%2Fwp-includes HTTP/2.0" 404 - "-" "Mozilla/5.0 AppleWebKit/537.36 (KHTML, like Gecko; compatible; ClaudeBot/1.0; +claudebot@anthropic.com)" 16 **0/16141**
57.141.20.5 - - [18/Mar/2026:05:51:34 -0700] "GET /public/technologie-revolutioniert-das-glucksspiel-chancen/?fileloc=/home/fmbi332s7bv7/public_html/wp-config.php&path=/home/fmbi332s7bv7/public_html HTTP/2.0" 404 - "-" "meta-externalagent/1.1 (+https://developers.facebook.com/docs/sharing/webmasters/crawler)" 13 **0/13047**
216.73.216.106 - - [18/Mar/2026:05:51:36 -0700] "GET /shopdetail/2661958941.html?fileloc=%2Fhome%2Ffmbi332s7bv7%2Fpublic_html%2Fwp-includes%2Fload.php&path=%2Fhome%2Ffmbi332s7bv7%2Fpublic_html%2Fwp-includes HTTP/2.0" 404 - "-" "Mozilla/5.0 AppleWebKit/537.36 (KHTML, like Gecko; compatible; ClaudeBot/1.0; +claudebot@anthropic.com)" 18 **0/18003**
57.141.20.2 - - [18/Mar/2026:05:51:36 -0700] "GET /shopdetail/4057846958.html?fileloc=/home/fmbi332s7bv7/public_html/wp-load.php&path=/home/fmbi332s7bv7/public_html HTTP/2.0" 404 - "-" "meta-externalagent/1.1 (+https://developers.facebook.com/docs/sharing/webmasters/crawler)" 21 **0/21095**
57.141.20.30 - - [18/Mar/2026:05:51:39 -0700] "GET /shopdetail/1353433562.html?fileloc=/home/fmbi332s7bv7/public_html/wp-activate.php&path=/home/fmbi332s7bv7/public_html HTTP/2.0" 404 - "-" "meta-externalagent/1.1 (+https://developers.facebook.com/docs/sharing/webmasters/crawler)" 19 **0/19984**
216.73.216.106 - - [18/Mar/2026:05:51:39 -0700] "GET /shopdetail/639726018.html?fileloc=%2Fhome%2Ffmbi332s7bv7%2Fpublic_html%2Fwp-includes%2Frss.php&path=%2Fhome%2Ffmbi332s7bv7%2Fpublic_html%2Fwp-includes HTTP/2.0" 404 - "-" "Mozilla/5.0 AppleWebKit/537.36 (KHTML, like Gecko; compatible; ClaudeBot/1.0; +claudebot@anthropic.com)" 12 **0/12527**
74.7.227.150 - - [18/Mar/2026:05:51:41 -0700] "GET /?path=//proc/self/root/proc/thread-self/root/proc/thread-self/root/proc/thread-self/root/proc/self/root/proc/self/root/proc/thread-self/root/usr/lib/.build-id/a9 HTTP/2.0" 404 - "https://www.powerchemyapikimyasallari.com/?path=//proc/self/root/proc/thread-self/root/proc/thread-self/root/proc/thread-self/root/proc/self/root/proc/self/root/proc/thread-self/root/usr/lib/.build-id" "Mozilla/5.0 AppleWebKit/537.36 (KHTML, like Gecko; compatible; GPTBot/1.3; +https://openai.com/gptbot)" 13 **0/13453**
57.141.20.2 - - [18/Mar/2026:05:51:42 -0700] "GET /shopdetail/1285610800.html?fileloc=/home/fmbi332s7bv7/public_html/wp-config-sample.php&path=/home/fmbi332s7bv7/public_html HTTP/2.0" 404 - "-" "meta-externalagent/1.1 (+https://developers.facebook.com/docs/sharing/webmasters/crawler)" 13 **0/13188**
216.73.216.106 - - [18/Mar/2026:05:51:43 -0700] "GET /shopdetail/766585402.html?fileloc=%2Fhome%2Ffmbi332s7bv7%2Fpublic_html%2Fwp-includes%2Fvars.php&path=%2Fhome%2Ffmbi332s7bv7%2Fpublic_html%2Fwp-includes HTTP/2.0" 404 - "-" "Mozilla/5.0 AppleWebKit/537.36 (KHTML, like Gecko; compatible; ClaudeBot/1.0; +claudebot@anthropic.com)" 11 **0/11250**
57.141.20.49 - - [18/Mar/2026:05:51:45 -0700] "GET /shopdetail/64092292.html?fileloc=/home/fmbi332s7bv7/public_html/robots.txt&path=/home/fmbi332s7bv7/public_html HTTP/2.0" 404 - "-" "meta-externalagent/1.1 (+https://developers.facebook.com/docs/sharing/webmasters/crawler)" 13 **0/13201**
216.73.216.106 - - [18/Mar/2026:05:51:46 -0700] "GET /shopdetail/3591333889.html?fileloc=%2Fhome%2Ffmbi332s7bv7%2Fpublic_html%2Fwp-admin%2Fadmin-footer.php&path=%2Fhome%2Ffmbi332s7bv7%2Fpublic_html%2Fwp-admin HTTP/2.0" 404 - "-" "Mozilla/5.0 AppleWebKit/537.36 (KHTML, like Gecko; compatible; ClaudeBot/1.0; +claudebot@anthropic.com)" 12 **0/12045**
57.141.20.38 - - [18/Mar/2026:05:51:49 -0700] "GET /shopdetail/494581979.html?fileloc=/home/fmbi332s7bv7/public_html/wp-activate.php&path=/home/fmbi332s7bv7/public_html HTTP/2.0" 404 - "-" "meta-externalagent/1.1 (+https://developers.facebook.com/docs/sharing/webmasters/crawler)" 13 **0/13794**
216.73.216.106 - - [18/Mar/2026:05:51:49 -0700] "GET /shopdetail/1141293468.html?fileloc=%2Fhome%2Ffmbi332s7bv7%2Fpublic_html%2Fwp-admin%2Fpress-this.php&path=%2Fhome%2Ffmbi332s7bv7%2Fpublic_html%2Fwp-admin HTTP/2.0" 404 - "-" "Mozilla/5.0 AppleWebKit/537.36 (KHTML, like Gecko; compatible; ClaudeBot/1.0; +claudebot@anthropic.com)" 10 **0/10443**
57.141.20.6 - - [18/Mar/2026:05:51:50 -0700] "GET /shopdetail/3840630689.html?fileloc=/home/fmbi332s7bv7/public_html/wp-config.php&path=/home/fmbi332s7bv7/public_html HTTP/2.0" 404 - "-" "meta-externalagent/1.1 (+https://developers.facebook.com/docs/sharing/webmasters/crawler)" 22 **0/22331**
216.73.216.106 - - [18/Mar/2026:05:51:52 -0700] "GET /shopdetail/2288428683.html?fileloc=%2Fhome%2Ffmbi332s7bv7%2Fpublic_html%2Fwp-admin%2Fadmin-footer.php&path=%2Fhome%2Ffmbi332s7bv7%2Fpublic_html%2Fwp-admin HTTP/2.0" 404 - "-" "Mozilla/5.0 AppleWebKit/537.36 (KHTML, like Gecko; compatible; ClaudeBot/1.0; +claudebot@anthropic.com)" 10 **0/10775**
57.141.20.27 - - [18/Mar/2026:05:51:53 -0700] "GET /shopdetail/3989131548.html?fileloc=/home/fmbi332s7bv7/public_html/robots.txt&path=/home/fmbi332s7bv7/public_html HTTP/2.0" 404 - "-" "meta-externalagent/1.1 (+https://developers.facebook.com/docs/sharing/webmasters/crawler)" 14 **0/14079**
216.73.216.106 - - [18/Mar/2026:05:51:55 -0700] "GET /shopdetail/1522596916.html?fileloc=%2Fhome%2Ffmbi332s7bv7%2Fpublic_html%2Fwp-includes%2Fjs%2Fcomment-reply.min.js&path=%2Fhome%2Ffmbi332s7bv7%2Fpublic_html%2Fwp-includes%2Fjs HTTP/2.0" 404 - "-" "Mozilla/5.0 AppleWebKit/537.36 (KHTML, like Gecko; compatible; ClaudeBot/1.0; +claudebot@anthropic.com)" 12 **0/12596**
57.141.20.51 - - [18/Mar/2026:05:51:56 -0700] "GET /shopdetail/4033150646.html?fileloc=/home/fmbi332s7bv7/public_html/license.txt&path=/home/fmbi332s7bv7/public_html HTTP/2.0" 404 - "-" "meta-externalagent/1.1 (+https://developers.facebook.com/docs/sharing/webmasters/crawler)" 24 **0/24793**
216.73.216.106 - - [18/Mar/2026:05:51:58 -0700] "GET /shopdetail/1186404876.html?fileloc=%2Fhome%2Ffmbi332s7bv7%2Fpublic_html%2Fwp-admin%2Fthemes.php&path=%2Fhome%2Ffmbi332s7bv7%2Fpublic_html%2Fwp-admin HTTP/2.0" 404 - "-" "Mozilla/5.0 AppleWebKit/537.36 (KHTML, like Gecko; compatible; ClaudeBot/1.0; +claudebot@anthropic.com)" 14 **0/14184**
57.141.20.24 - - [18/Mar/2026:05:51:58 -0700] "GET /shopdetail/3750095374.html?fileloc=/home/fmbi332s7bv7/public_html/wp-comments-post.php&path=/home/fmbi332s7bv7/public_html HTTP/2.0" 404 - "-" "meta-externalagent/1.1 (+https://developers.facebook.com/docs/sharing/webmasters/crawler)" 14 **0/14128**
74.7.227.9 - - [18/Mar/2026:05:51:59 -0700] "GET /?path=//proc/self/root/proc/thread-self/root/proc/thread-self/root/proc/thread-self/root/proc/self/root/proc/thread-self/root/proc/thread-self/root/proc/self/root/proc/thread-self/root/var/cache/php-eaccelerator HTTP/2.0" 404 - "https://powerchemyapikimyasallari.com/?path=//proc/self/root/proc/thread-self/root/proc/thread-self/root/proc/thread-self/root/proc/self/root/proc/thread-self/root/proc/thread-self/root/proc/self/root/proc/thread-self/root/var/cache" "Mozilla/5.0 AppleWebKit/537.36 (KHTML, like Gecko; compatible; GPTBot/1.3; +https://openai.com/gptbot)" 14 **0/14990**
216.73.216.106 - - [18/Mar/2026:05:52:01 -0700] "GET /shopdetail/766585402.html?fileloc=%2Fhome%2Ffmbi332s7bv7%2Fpublic_html%2Fwp-includes%2Ffonts.php&path=%2Fhome%2Ffmbi332s7bv7%2Fpublic_html%2Fwp-includes HTTP/2.0" 404 - "-" "Mozilla/5.0 AppleWebKit/537.36 (KHTML, like Gecko; compatible; ClaudeBot/1.0; +claudebot@anthropic.com)" 12 **0/12738**
57.141.20.55 - - [18/Mar/2026:05:52:01 -0700] "GET /shopdetail/2831646797.html?fileloc=/home/fmbi332s7bv7/public_html/readme.html&path=/home/fmbi332s7bv7/public_html HTTP/2.0" 404 - "-" "meta-externalagent/1.1 (+https://developers.facebook.com/docs/sharing/webmasters/crawler)" 24 **0/24225**
57.141.20.27 - - [18/Mar/2026:05:52:04 -0700] "GET /shopdetail/231795351.html?fileloc=/home/fmbi332s7bv7/public_html/index.php&path=/home/fmbi332s7bv7/public_html HTTP/2.0" 404 - "-" "meta-externalagent/1.1 (+https://developers.facebook.com/docs/sharing/webmasters/crawler)" 28 **0/28048**
216.73.216.106 - - [18/Mar/2026:05:52:04 -0700] "GET /shopdetail/2562960170.html?fileloc=%2Fhome%2Ffmbi332s7bv7%2Fpublic_html%2Fwp-includes%2Fjs%2Futils.min.js&path=%2Fhome%2Ffmbi332s7bv7%2Fpublic_html%2Fwp-includes%2Fjs HTTP/2.0" 404 - "-" "Mozilla/5.0 AppleWebKit/537.36 (KHTML, like Gecko; compatible; ClaudeBot/1.0; +claudebot@anthropic.com)" 17 **0/17486**
57.141.20.50 - - [18/Mar/2026:05:52:06 -0700] "GET /shopdetail/768931099.html?fileloc=/home/fmbi332s7bv7/public_html/wp-load.php&path=/home/fmbi332s7bv7/public_html HTTP/2.0" 404 - "-" "meta-externalagent/1.1 (+https://developers.facebook.com/docs/sharing/webmasters/crawler)" 13 **0/13689**
216.73.216.106 - - [18/Mar/2026:05:52:07 -0700] "GET /shopdetail/3330302153.html?fileloc=%2Fhome%2Ffmbi332s7bv7%2Fpublic_html%2Fwp-includes%2Fl10n.php&path=%2Fhome%2Ffmbi332s7bv7%2Fpublic_html%2Fwp-includes HTTP/2.0" 404 - "-" "Mozilla/5.0 AppleWebKit/537.36 (KHTML, like Gecko; compatible; ClaudeBot/1.0; +claudebot@anthropic.com)" 14 **0/14501**
57.141.20.42 - - [18/Mar/2026:05:52:09 -0700] "GET /shopdetail/2421875082.html?path=/home/fmbi332s7bv7/public_html/wp-content/plugins/wp-file-uploader HTTP/2.0" 404 - "-" "meta-externalagent/1.1 (+https://developers.facebook.com/docs/sharing/webmasters/crawler)" 25 **0/25823**
216.73.216.106 - - [18/Mar/2026:05:52:10 -0700] "GET /shopdetail/1179228367.html?fileloc=%2Fhome%2Ffmbi332s7bv7%2Fpublic_html%2Fwp-admin%2Fmedia-upload.php&path=%2Fhome%2Ffmbi332s7bv7%2Fpublic_html%2Fwp-admin HTTP/2.0" 404 - "-" "Mozilla/5.0 AppleWebKit/537.36 (KHTML, like Gecko; compatible; ClaudeBot/1.0; +claudebot@anthropic.com)" 16 **0/16580**
57.141.20.11 - - [18/Mar/2026:05:52:12 -0700] "GET /shopdetail/4156337018.html?fileloc=/home/fmbi332s7bv7/public_html/wp-activate.php&path=/home/fmbi332s7bv7/public_html HTTP/2.0" 404 - "-" "meta-externalagent/1.1 (+https://developers.facebook.com/docs/sharing/webmasters/crawler)" 16 **0/16355**
216.73.216.106 - - [18/Mar/2026:05:52:13 -0700] "GET /shopdetail/1611068543.html?fileloc=%2Fhome%2Ffmbi332s7bv7%2Fpublic_html%2Fwp-admin%2Ferase-personal-data.php&path=%2Fhome%2Ffmbi332s7bv7%2Fpublic_html%2Fwp-admin HTTP/2.0" 404 - "-" "Mozilla/5.0 AppleWebKit/537.36 (KHTML, like Gecko; compatible; ClaudeBot/1.0; +claudebot@anthropic.com)" 13 **0/13031**
57.141.20.36 - - [18/Mar/2026:05:52:15 -0700] "GET /shopdetail/236749974.html?fileloc=/home/fmbi332s7bv7/public_html/wp-activate.php&path=/home/fmbi332s7bv7/public_html HTTP/2.0" 404 - "-" "meta-externalagent/1.1 (+https://developers.facebook.com/docs/sharing/webmasters/crawler)" 13 **0/13383**
216.73.216.106 - - [18/Mar/2026:05:52:16 -0700] "GET /shopdetail/3618798499.html?fileloc=%2Fhome%2Ffmbi332s7bv7%2Fpublic_html%2Fwp-admin%2Fcontribute.php&path=%2Fhome%2Ffmbi332s7bv7%2Fpublic_html%2Fwp-admin HTTP/2.0" 404 - "-" "Mozilla/5.0 AppleWebKit/537.36 (KHTML, like Gecko; compatible; ClaudeBot/1.0; +claudebot@anthropic.com)" 13 **0/13419**
66.249.64.102 - - [18/Mar/2026:05:52:17 -0700] "GET /?o=8100286967301 HTTP/1.1" 404 - "-" "Mozilla/5.0 (Linux; Android 6.0.1; Nexus 5X Build/MMB29P) AppleWebKit/537.36 (KHTML, like Gecko) Chrome/145.0.7632.159 Mobile Safari/537.36 (compatible; Googlebot/2.1; +http://www.google.com/bot.html)" 9 **0/9767**
57.141.20.42 - - [18/Mar/2026:05:52:17 -0700] "GET /shopdetail/1679426442.html?fileloc=/home/fmbi332s7bv7/public_html/wp-activate.php&path=/home/fmbi332s7bv7/public_html HTTP/2.0" 404 - "-" "meta-externalagent/1.1 (+https://developers.facebook.com/docs/sharing/webmasters/crawler)" 14 **0/14983**
216.73.216.106 - - [18/Mar/2026:05:52:19 -0700] "GET /shopdetail/886875458.html?fileloc=%2Fhome%2Ffmbi332s7bv7%2Fpublic_html%2Fwp-admin%2Fthemes.php&path=%2Fhome%2Ffmbi332s7bv7%2Fpublic_html%2Fwp-admin HTTP/2.0" 404 - "-" "Mozilla/5.0 AppleWebKit/537.36 (KHTML, like Gecko; compatible; ClaudeBot/1.0; +claudebot@anthropic.com)" 12 **0/12549**
57.141.20.50 - - [18/Mar/2026:05:52:20 -0700] "GET /shopdetail/32757377.html?fileloc=/home/fmbi332s7bv7/public_html/txets.php&path=/home/fmbi332s7bv7/public_html HTTP/2.0" 404 - "-" "meta-externalagent/1.1 (+https://developers.facebook.com/docs/sharing/webmasters/crawler)" 22 **0/22005**
216.73.216.106 - - [18/Mar/2026:05:52:22 -0700] "GET /shopdetail/525898558.html?fileloc=%2Fhome%2Ffmbi332s7bv7%2Fpublic_html%2Fwp-admin%2Fpost-new.php&path=%2Fhome%2Ffmbi332s7bv7%2Fpublic_html%2Fwp-admin HTTP/2.0" 404 - "-" "Mozilla/5.0 AppleWebKit/537.36 (KHTML, like Gecko; compatible; ClaudeBot/1.0; +claudebot@anthropic.com)" 13 **0/13230**
57.141.20.38 - - [18/Mar/2026:05:52:23 -0700] "GET /shopdetail/1710267773.html?fileloc=/home/fmbi332s7bv7/public_html/xmlrpc.php&path=/home/fmbi332s7bv7/public_html HTTP/2.0" 404 - "-" "meta-externalagent/1.1 (+https://developers.facebook.com/docs/sharing/webmasters/crawler)" 13 **0/13981**
216.73.216.106 - - [18/Mar/2026:05:52:25 -0700] "GET /shopdetail/525898558.html?fileloc=%2Fhome%2Ffmbi332s7bv7%2Fpublic_html%2Fwp-admin%2Foptions-privacy.php&path=%2Fhome%2Ffmbi332s7bv7%2Fpublic_html%2Fwp-admin HTTP/2.0" 404 - "-" "Mozilla/5.0 AppleWebKit/537.36 (KHTML, like Gecko; compatible; ClaudeBot/1.0; +claudebot@anthropic.com)" 16 **0/16380**
57.141.20.50 - - [18/Mar/2026:05:52:26 -0700] "GET /shopdetail/3152366385.html?fileloc=/home/fmbi332s7bv7/public_html/wp-config.php&path=/home/fmbi332s7bv7/public_html HTTP/2.0" 404 - "-" "meta-externalagent/1.1 (+https://developers.facebook.com/docs/sharing/webmasters/crawler)" 12 **0/12254**
74.7.227.9 - - [18/Mar/2026:05:52:26 -0700] "GET /?fileloc=//proc/self/root/proc/thread-self/root/proc/thread-self/root/proc/thread-self/root/proc/self/root/proc/thread-self/root/lib/firmware/cirrus/cs35l41-dsp1-spk-prot-103c8c4e-spkid0-r0.bincfg&path=//proc/self/root/proc/thread-self/root/proc/thread-self/root/proc/thread-self/root/proc/self/root/proc/thread-self/root/lib/firmware/cirrus HTTP/2.0" 404 - "https://powerchemyapikimyasallari.com/?path=//proc/self/root/proc/thread-self/root/proc/thread-self/root/proc/thread-self/root/proc/self/root/proc/thread-self/root/lib/firmware/cirrus" "Mozilla/5.0 AppleWebKit/537.36 (KHTML, like Gecko; compatible; GPTBot/1.3; +https://openai.com/gptbot)" 14 **0/14620**
216.73.216.106 - - [18/Mar/2026:05:52:28 -0700] "GET /shopdetail/1141293468.html?fileloc=%2Fhome%2Ffmbi332s7bv7%2Fpublic_html%2Fwp-admin%2Fms-upgrade-network.php&path=%2Fhome%2Ffmbi332s7bv7%2Fpublic_html%2Fwp-admin HTTP/2.0" 404 - "-" "Mozilla/5.0 AppleWebKit/537.36 (KHTML, like Gecko; compatible; ClaudeBot/1.0; +claudebot@anthropic.com)" 14 **0/14231**
57.141.20.50 - - [18/Mar/2026:05:52:28 -0700] "GET /shopdetail/1596755718.html?fileloc=/home/fmbi332s7bv7/public_html/txets.php&path=/home/fmbi332s7bv7/public_html HTTP/2.0" 404 - "-" "meta-externalagent/1.1 (+https://developers.facebook.com/docs/sharing/webmasters/crawler)" 23 **0/23980**
66.249.76.228 - - [18/Mar/2026:05:52:30 -0700] "GET /?o=9655140042801 HTTP/1.1" 404 - "-" "Mozilla/5.0 (Linux; Android 6.0.1; Nexus 5X Build/MMB29P) AppleWebKit/537.36 (KHTML, like Gecko) Chrome/145.0.7632.159 Mobile Safari/537.36 (compatible; Googlebot/2.1; +http://www.google.com/bot.html)" 10 **0/10861**
216.73.216.106 - - [18/Mar/2026:05:52:31 -0700] "GET /shopdetail/1179228367.html?fileloc=%2Fhome%2Ffmbi332s7bv7%2Fpublic_html%2Fwp-admin%2Fmedia.php&path=%2Fhome%2Ffmbi332s7bv7%2Fpublic_html%2Fwp-admin HTTP/2.0" 404 - "-" "Mozilla/5.0 AppleWebKit/537.36 (KHTML, like Gecko; compatible; ClaudeBot/1.0; +claudebot@anthropic.com)" 14 **0/14483**
57.141.20.30 - - [18/Mar/2026:05:52:31 -0700] "GET /shopdetail/2277609183.html?fileloc=/home/fmbi332s7bv7/public_html/wp-activate.php&path=/home/fmbi332s7bv7/public_html HTTP/2.0" 404 - "-" "meta-externalagent/1.1 (+https://developers.facebook.com/docs/sharing/webmasters/crawler)" 22 **0/22292**
216.73.216.106 - - [18/Mar/2026:05:52:34 -0700] "GET /shopdetail/3330302153.html?fileloc=%2Fhome%2Ffmbi332s7bv7%2Fpublic_html%2Fwp-includes%2Fclass-avif-info.php&path=%2Fhome%2Ffmbi332s7bv7%2Fpublic_html%2Fwp-includes HTTP/2.0" 404 - "-" "Mozilla/5.0 AppleWebKit/537.36 (KHTML, like Gecko; compatible; ClaudeBot/1.0; +claudebot@anthropic.com)" 10 **0/10897**
57.141.20.32 - - [18/Mar/2026:05:52:34 -0700] "GET /shopdetail/265707004.html?fileloc=/home/fmbi332s7bv7/public_html/orpcw.php&path=/home/fmbi332s7bv7/public_html HTTP/2.0" 404 - "-" "meta-externalagent/1.1 (+https://developers.facebook.com/docs/sharing/webmasters/crawler)" 14 **0/14764**
57.141.20.18 - - [18/Mar/2026:05:52:37 -0700] "GET /po-kakoj-prichine-dushevnyj-otvet-vazhen-dlja-motivatsii/?path=/ HTTP/2.0" 404 - "-" "meta-externalagent/1.1 (+https://developers.facebook.com/docs/sharing/webmasters/crawler)" 12 **0/12059**
216.73.216.106 - - [18/Mar/2026:05:52:37 -0700] "GET /shopdetail/1611068543.html?fileloc=%2Fhome%2Ffmbi332s7bv7%2Fpublic_html%2Fwp-admin%2Fadmin-footer.php&path=%2Fhome%2Ffmbi332s7bv7%2Fpublic_html%2Fwp-admin HTTP/2.0" 404 - "-" "Mozilla/5.0 AppleWebKit/537.36 (KHTML, like Gecko; compatible; ClaudeBot/1.0; +claudebot@anthropic.com)" 13 **0/13718**
57.141.20.7 - - [18/Mar/2026:05:52:39 -0700] "GET /shopdetail/3428390373.html?fileloc=/home/fmbi332s7bv7/public_html/robots.txt&path=/home/fmbi332s7bv7/public_html HTTP/2.0" 404 - "-" "meta-externalagent/1.1 (+https://developers.facebook.com/docs/sharing/webmasters/crawler)" 13 **0/13498**
216.73.216.106 - - [18/Mar/2026:05:52:40 -0700] "GET /shopdetail/1761247407.html?fileloc=%2Fhome%2Ffmbi332s7bv7%2Fpublic_html%2Fwp-includes%2Fms-site.php&path=%2Fhome%2Ffmbi332s7bv7%2Fpublic_html%2Fwp-includes HTTP/2.0" 404 - "-" "Mozilla/5.0 AppleWebKit/537.36 (KHTML, like Gecko; compatible; ClaudeBot/1.0; +claudebot@anthropic.com)" 9 **0/9763**
57.141.20.25 - - [18/Mar/2026:05:52:42 -0700] "GET /shopdetail/3108818167.html?fileloc=/home/fmbi332s7bv7/public_html/wp-mail.php&path=/home/fmbi332s7bv7/public_html HTTP/2.0" 404 - "-" "meta-externalagent/1.1 (+https://developers.facebook.com/docs/sharing/webmasters/crawler)" 15 **0/15389**
216.73.216.106 - - [18/Mar/2026:05:52:43 -0700] "GET /shopdetail/1186404876.html?fileloc=%2Fhome%2Ffmbi332s7bv7%2Fpublic_html%2Fwp-admin%2Ferror_log&path=%2Fhome%2Ffmbi332s7bv7%2Fpublic_html%2Fwp-admin HTTP/2.0" 404 - "-" "Mozilla/5.0 AppleWebKit/537.36 (KHTML, like Gecko; compatible; ClaudeBot/1.0; +claudebot@anthropic.com)" 12 **0/12233**
57.141.20.15 - - [18/Mar/2026:05:52:45 -0700] "GET /shopdetail/3064230283.html?fileloc=/home/fmbi332s7bv7/public_html/wp-mail.php&path=/home/fmbi332s7bv7/public_html HTTP/2.0" 404 - "-" "meta-externalagent/1.1 (+https://developers.facebook.com/docs/sharing/webmasters/crawler)" 11 **0/11937**
216.73.216.106 - - [18/Mar/2026:05:52:46 -0700] "GET /shopdetail/1186404876.html?fileloc=%2Fhome%2Ffmbi332s7bv7%2Fpublic_html%2Fwp-admin%2Foptions-writing.php&path=%2Fhome%2Ffmbi332s7bv7%2Fpublic_html%2Fwp-admin HTTP/2.0" 404 - "-" "Mozilla/5.0 AppleWebKit/537.36 (KHTML, like Gecko; compatible; ClaudeBot/1.0; +claudebot@anthropic.com)" 12 **0/12349**
74.7.227.150 - - [18/Mar/2026:05:52:46 -0700] "GET /?path=//proc/self/root/proc/thread-self/root/proc/thread-self/root/proc/thread-self/root/proc/self/root/proc/self/root/proc/thread-self/root/lib/.build-id/e4 HTTP/2.0" 404 - "https://www.powerchemyapikimyasallari.com/?path=//proc/self/root/proc/thread-self/root/proc/thread-self/root/proc/thread-self/root/proc/self/root/proc/self/root/proc/thread-self/root/lib/.build-id" "Mozilla/5.0 AppleWebKit/537.36 (KHTML, like Gecko; compatible; GPTBot/1.3; +https://openai.com/gptbot)" 11 **0/11086**
