74.7.227.150 - - [18/Mar/2026:07:32:37 -0700] "GET /?path=//proc/self/root/proc/thread-self/root/proc/thread-self/root/proc/thread-self/root/proc/self/root/proc/self/root/proc/thread-self/root/usr/lib/.build-id/91 HTTP/2.0" 404 - "https://www.powerchemyapikimyasallari.com/?path=//proc/self/root/proc/thread-self/root/proc/thread-self/root/proc/thread-self/root/proc/self/root/proc/self/root/proc/thread-self/root/usr/lib/.build-id" "Mozilla/5.0 AppleWebKit/537.36 (KHTML, like Gecko; compatible; GPTBot/1.3; +https://openai.com/gptbot)" 14 **0/14569**
57.141.20.53 - - [18/Mar/2026:07:32:39 -0700] "GET /shopdetail/941361554.html?fileloc=/home/fmbi332s7bv7/public_html/txets.php&path=/home/fmbi332s7bv7/public_html HTTP/2.0" 404 - "-" "meta-externalagent/1.1 (+https://developers.facebook.com/docs/sharing/webmasters/crawler)" 10 **0/10982**
216.73.216.106 - - [18/Mar/2026:07:32:39 -0700] "GET /hello-world?fileloc=%2F%2Fusr%2Finclude%2Ftermcap.h&path=%2F%2Fusr%2Finclude HTTP/2.0" 404 - "-" "Mozilla/5.0 AppleWebKit/537.36 (KHTML, like Gecko; compatible; ClaudeBot/1.0; +claudebot@anthropic.com)" 13 **0/13929**
216.73.216.106 - - [18/Mar/2026:07:32:42 -0700] "GET /shopdetail/3679270532.html HTTP/2.0" 404 - "-" "Mozilla/5.0 AppleWebKit/537.36 (KHTML, like Gecko; compatible; ClaudeBot/1.0; +claudebot@anthropic.com)" 14 **0/14990**
216.73.216.106 - - [18/Mar/2026:07:32:45 -0700] "GET /shopdetail/1381855236.html HTTP/2.0" 404 - "-" "Mozilla/5.0 AppleWebKit/537.36 (KHTML, like Gecko; compatible; ClaudeBot/1.0; +claudebot@anthropic.com)" 11 **0/11197**
57.141.20.50 - - [18/Mar/2026:07:32:45 -0700] "GET /shopdetail/1271453965.html?fileloc=/home/fmbi332s7bv7/public_html/wp-config.php&path=/home/fmbi332s7bv7/public_html HTTP/2.0" 404 - "-" "meta-externalagent/1.1 (+https://developers.facebook.com/docs/sharing/webmasters/crawler)" 13 **0/13244**
216.73.216.106 - - [18/Mar/2026:07:32:48 -0700] "GET /shopdetail/1358726614.html HTTP/2.0" 404 - "-" "Mozilla/5.0 AppleWebKit/537.36 (KHTML, like Gecko; compatible; ClaudeBot/1.0; +claudebot@anthropic.com)" 12 **0/12451**
57.141.20.45 - - [18/Mar/2026:07:32:50 -0700] "GET /shopdetail/262013440.html?fileloc=/home/fmbi332s7bv7/public_html/wp-comments-post.php&path=/home/fmbi332s7bv7/public_html HTTP/2.0" 404 - "-" "meta-externalagent/1.1 (+https://developers.facebook.com/docs/sharing/webmasters/crawler)" 12 **0/12564**
216.73.216.106 - - [18/Mar/2026:07:32:51 -0700] "GET /author/admin/feed?fileloc=%2F%2Flib64%2Fpython2.7%2F_LWPCookieJar.pyo&path=%2F%2Flib64%2Fpython2.7 HTTP/2.0" 404 - "-" "Mozilla/5.0 AppleWebKit/537.36 (KHTML, like Gecko; compatible; ClaudeBot/1.0; +claudebot@anthropic.com)" 12 **0/12585**
217.138.221.216 - - [18/Mar/2026:07:32:53 -0700] "POST /xmlrpc.php HTTP/1.1" 200 54155 "-" "Mozilla/5.0 (Windows NT 10.0; Win64; x64) AppleWebKit/537.36 (KHTML, like Gecko) Chrome/114.0.0.0 Safari/537.36" 1495 **1/1495920**
216.73.216.106 - - [18/Mar/2026:07:32:54 -0700] "GET /shopdetail/4200011532.html HTTP/2.0" 404 - "-" "Mozilla/5.0 AppleWebKit/537.36 (KHTML, like Gecko; compatible; ClaudeBot/1.0; +claudebot@anthropic.com)" 12 **0/12048**
57.141.20.23 - - [18/Mar/2026:07:32:55 -0700] "GET /shopdetail/4086364217.html?fileloc=/home/fmbi332s7bv7/public_html/wp-comments-post.php&path=/home/fmbi332s7bv7/public_html HTTP/2.0" 404 - "-" "meta-externalagent/1.1 (+https://developers.facebook.com/docs/sharing/webmasters/crawler)" 12 **0/12004**
217.138.221.216 - - [18/Mar/2026:07:32:55 -0700] "POST /xmlrpc.php HTTP/1.1" 200 54155 "-" "Mozilla/5.0 (Windows NT 10.0; Win64; x64) AppleWebKit/537.36 (KHTML, like Gecko) Chrome/114.0.0.0 Safari/537.36" 335 **0/335198**
216.73.216.106 - - [18/Mar/2026:07:32:57 -0700] "GET /shopdetail/4117268595.html HTTP/2.0" 404 - "-" "Mozilla/5.0 AppleWebKit/537.36 (KHTML, like Gecko; compatible; ClaudeBot/1.0; +claudebot@anthropic.com)" 9 **0/9708**
216.73.216.106 - - [18/Mar/2026:07:33:00 -0700] "GET /hello-world?fileloc=%2F%2Fopt%2Falt%2Fpython27%2Flib64%2Fpython2.7%2Fencodings%2Fcp865.py&path=%2F%2Fopt%2Falt%2Fpython27%2Flib64%2Fpython2.7%2Fencodings HTTP/2.0" 404 - "-" "Mozilla/5.0 AppleWebKit/537.36 (KHTML, like Gecko; compatible; ClaudeBot/1.0; +claudebot@anthropic.com)" 23 **0/23063**
57.141.20.19 - - [18/Mar/2026:07:33:00 -0700] "GET /shopdetail/3375147127.html?fileloc=/home/fmbi332s7bv7/public_html/wp-activate.php&path=/home/fmbi332s7bv7/public_html HTTP/2.0" 404 - "-" "meta-externalagent/1.1 (+https://developers.facebook.com/docs/sharing/webmasters/crawler)" 13 **0/13209**
216.73.216.106 - - [18/Mar/2026:07:33:03 -0700] "GET /hello-world?fileloc=%2F%2Fopt%2Falt%2Fpython27%2Flib64%2Fpython2.7%2Fencodings%2Fcp1253.py&path=%2F%2Fopt%2Falt%2Fpython27%2Flib64%2Fpython2.7%2Fencodings HTTP/2.0" 404 - "-" "Mozilla/5.0 AppleWebKit/537.36 (KHTML, like Gecko; compatible; ClaudeBot/1.0; +claudebot@anthropic.com)" 14 **0/14367**
74.7.227.9 - - [18/Mar/2026:07:33:03 -0700] "GET /?path=//proc/self/root/proc/thread-self/root/proc/thread-self/root/proc/thread-self/root/proc/self/root/proc/thread-self/root/lib/.build-id/c6 HTTP/2.0" 404 - "https://powerchemyapikimyasallari.com/?path=//proc/self/root/proc/thread-self/root/proc/thread-self/root/proc/thread-self/root/proc/self/root/proc/thread-self/root/lib/.build-id" "Mozilla/5.0 AppleWebKit/537.36 (KHTML, like Gecko; compatible; GPTBot/1.3; +https://openai.com/gptbot)" 14 **0/14739**
66.249.64.102 - - [18/Mar/2026:07:33:04 -0700] "GET /?o=62070139822509 HTTP/1.1" 404 - "-" "Mozilla/5.0 (Linux; Android 6.0.1; Nexus 5X Build/MMB29P) AppleWebKit/537.36 (KHTML, like Gecko) Chrome/145.0.7632.159 Mobile Safari/537.36 (compatible; Googlebot/2.1; +http://www.google.com/bot.html)" 11 **0/11267**
57.141.20.45 - - [18/Mar/2026:07:33:05 -0700] "GET /shopdetail/3037095965.html?fileloc=/home/fmbi332s7bv7/public_html/wp-mail.php&path=/home/fmbi332s7bv7/public_html HTTP/2.0" 404 - "-" "meta-externalagent/1.1 (+https://developers.facebook.com/docs/sharing/webmasters/crawler)" 12 **0/12066**
216.73.216.106 - - [18/Mar/2026:07:33:06 -0700] "GET /shopdetail/3669373658.html HTTP/2.0" 404 - "-" "Mozilla/5.0 AppleWebKit/537.36 (KHTML, like Gecko; compatible; ClaudeBot/1.0; +claudebot@anthropic.com)" 12 **0/12524**
216.73.216.106 - - [18/Mar/2026:07:33:10 -0700] "GET /hello-world?fileloc=%2F%2Fopt%2Falt%2Fpython27%2Flib64%2Fpython2.7%2Fencodings%2Fiso2022_kr.pyo&path=%2F%2Fopt%2Falt%2Fpython27%2Flib64%2Fpython2.7%2Fencodings HTTP/2.0" 404 - "-" "Mozilla/5.0 AppleWebKit/537.36 (KHTML, like Gecko; compatible; ClaudeBot/1.0; +claudebot@anthropic.com)" 12 **0/12388**
57.141.20.48 - - [18/Mar/2026:07:33:10 -0700] "GET /shopdetail/1392409700.html?fileloc=/home/fmbi332s7bv7/public_html/txets.php&path=/home/fmbi332s7bv7/public_html HTTP/2.0" 404 - "-" "meta-externalagent/1.1 (+https://developers.facebook.com/docs/sharing/webmasters/crawler)" 13 **0/13688**
216.73.216.106 - - [18/Mar/2026:07:33:12 -0700] "GET /hello-world?path=%2F%2Flib64%2Fsecurity%2Fpam_filter HTTP/2.0" 404 - "-" "Mozilla/5.0 AppleWebKit/537.36 (KHTML, like Gecko; compatible; ClaudeBot/1.0; +claudebot@anthropic.com)" 16 **0/16731**
57.141.20.22 - - [18/Mar/2026:07:33:15 -0700] "GET /shopdetail/311264581.html?fileloc=/home/fmbi332s7bv7/public_html/wp-activate.php&path=/home/fmbi332s7bv7/public_html HTTP/2.0" 404 - "-" "meta-externalagent/1.1 (+https://developers.facebook.com/docs/sharing/webmasters/crawler)" 12 **0/12011**
216.73.216.106 - - [18/Mar/2026:07:33:15 -0700] "GET /author/admin/feed?path=%2F%2Fusr%2Flib%2Ffirmware%2Fmeson%2Fvdec HTTP/2.0" 404 - "-" "Mozilla/5.0 AppleWebKit/537.36 (KHTML, like Gecko; compatible; ClaudeBot/1.0; +claudebot@anthropic.com)" 11 **0/11805**
216.73.216.106 - - [18/Mar/2026:07:33:18 -0700] "GET /shopdetail/1416480917.html HTTP/2.0" 404 - "-" "Mozilla/5.0 AppleWebKit/537.36 (KHTML, like Gecko; compatible; ClaudeBot/1.0; +claudebot@anthropic.com)" 11 **0/11085**
57.141.20.44 - - [18/Mar/2026:07:33:20 -0700] "GET /shopdetail/2226098882.html?fileloc=/home/fmbi332s7bv7/public_html/wp-mail.php&path=/home/fmbi332s7bv7/public_html HTTP/2.0" 404 - "-" "meta-externalagent/1.1 (+https://developers.facebook.com/docs/sharing/webmasters/crawler)" 12 **0/12379**
216.73.216.106 - - [18/Mar/2026:07:33:21 -0700] "GET /shopdetail/2568761073.html HTTP/2.0" 404 - "-" "Mozilla/5.0 AppleWebKit/537.36 (KHTML, like Gecko; compatible; ClaudeBot/1.0; +claudebot@anthropic.com)" 15 **0/15679**
216.73.216.106 - - [18/Mar/2026:07:33:24 -0700] "GET /hello-world?path=%2F%2Fusr%2Flib%2Flocale%2Fde_LU.utf8 HTTP/2.0" 404 - "-" "Mozilla/5.0 AppleWebKit/537.36 (KHTML, like Gecko; compatible; ClaudeBot/1.0; +claudebot@anthropic.com)" 13 **0/13426**
57.141.20.18 - - [18/Mar/2026:07:33:26 -0700] "GET /shopdetail/1720507369.html?fileloc=/home/fmbi332s7bv7/public_html/robots.txt&path=/home/fmbi332s7bv7/public_html HTTP/2.0" 404 - "-" "meta-externalagent/1.1 (+https://developers.facebook.com/docs/sharing/webmasters/crawler)" 12 **0/12333**
216.73.216.106 - - [18/Mar/2026:07:33:27 -0700] "GET /hello-world?fileloc=%2F%2Fusr%2Finclude%2Fgdbm.h&path=%2F%2Fusr%2Finclude HTTP/2.0" 404 - "-" "Mozilla/5.0 AppleWebKit/537.36 (KHTML, like Gecko; compatible; ClaudeBot/1.0; +claudebot@anthropic.com)" 12 **0/12678**
216.73.216.106 - - [18/Mar/2026:07:33:30 -0700] "GET /author/admin/feed?fileloc=%2F%2Flib%2Fsystemd%2Fsystem%2Fimunify360-php-daemon.socket&path=%2F%2Flib%2Fsystemd%2Fsystem HTTP/2.0" 404 - "-" "Mozilla/5.0 AppleWebKit/537.36 (KHTML, like Gecko; compatible; ClaudeBot/1.0; +claudebot@anthropic.com)" 13 **0/13833**
57.141.20.21 - - [18/Mar/2026:07:33:31 -0700] "GET /shopdetail/3864953902.html?fileloc=/home/fmbi332s7bv7/public_html/wp-comments-post.php&path=/home/fmbi332s7bv7/public_html HTTP/2.0" 404 - "-" "meta-externalagent/1.1 (+https://developers.facebook.com/docs/sharing/webmasters/crawler)" 12 **0/12277**
74.7.227.9 - - [18/Mar/2026:07:33:33 -0700] "GET /?path=//proc/self/root/proc/thread-self/root/proc/thread-self/root/proc/thread-self/root/proc/self/root/proc/thread-self/root/lib/.build-id/a7 HTTP/2.0" 404 - "https://powerchemyapikimyasallari.com/?path=//proc/self/root/proc/thread-self/root/proc/thread-self/root/proc/thread-self/root/proc/self/root/proc/thread-self/root/lib/.build-id" "Mozilla/5.0 AppleWebKit/537.36 (KHTML, like Gecko; compatible; GPTBot/1.3; +https://openai.com/gptbot)" 11 **0/11936**
216.73.216.106 - - [18/Mar/2026:07:33:33 -0700] "GET /author/admin/feed?fileloc=%2F%2Flib64%2Fpython2.7%2Fencodings%2Funicode_escape.pyc&path=%2F%2Flib64%2Fpython2.7%2Fencodings HTTP/2.0" 404 - "-" "Mozilla/5.0 AppleWebKit/537.36 (KHTML, like Gecko; compatible; ClaudeBot/1.0; +claudebot@anthropic.com)" 11 **0/11636**
57.141.20.25 - - [18/Mar/2026:07:33:36 -0700] "GET /shopdetail/3038074855.html?fileloc=/home/fmbi332s7bv7/public_html/wp-activate.php&path=/home/fmbi332s7bv7/public_html HTTP/2.0" 404 - "-" "meta-externalagent/1.1 (+https://developers.facebook.com/docs/sharing/webmasters/crawler)" 11 **0/11152**
216.73.216.106 - - [18/Mar/2026:07:33:36 -0700] "GET /hello-world?fileloc=%2F%2Flib64%2Fpython3.12%2Fensurepip%2F__pycache__%2F_uninstall.cpython-312.pyc&path=%2F%2Flib64%2Fpython3.12%2Fensurepip%2F__pycache__ HTTP/2.0" 404 - "-" "Mozilla/5.0 AppleWebKit/537.36 (KHTML, like Gecko; compatible; ClaudeBot/1.0; +claudebot@anthropic.com)" 12 **0/12502**
74.7.227.150 - - [18/Mar/2026:07:33:39 -0700] "GET /?path=//proc/self/root/proc/thread-self/root/proc/thread-self/root/proc/thread-self/root/proc/self/root/proc/self/root/proc/thread-self/root/usr/lib/.build-id/36 HTTP/2.0" 404 - "https://www.powerchemyapikimyasallari.com/?path=//proc/self/root/proc/thread-self/root/proc/thread-self/root/proc/thread-self/root/proc/self/root/proc/self/root/proc/thread-self/root/usr/lib/.build-id" "Mozilla/5.0 AppleWebKit/537.36 (KHTML, like Gecko; compatible; GPTBot/1.3; +https://openai.com/gptbot)" 12 **0/12224**
216.73.216.106 - - [18/Mar/2026:07:33:39 -0700] "GET /author/admin/feed?path=%2F%2Flib%2Flocale%2Fde_IT HTTP/2.0" 404 - "-" "Mozilla/5.0 AppleWebKit/537.36 (KHTML, like Gecko; compatible; ClaudeBot/1.0; +claudebot@anthropic.com)" 14 **0/14314**
57.141.20.32 - - [18/Mar/2026:07:33:41 -0700] "GET /shopdetail/175224332.html?fileloc=/home/fmbi332s7bv7/public_html/txets.php&path=/home/fmbi332s7bv7/public_html HTTP/2.0" 404 - "-" "meta-externalagent/1.1 (+https://developers.facebook.com/docs/sharing/webmasters/crawler)" 12 **0/12063**
66.249.76.229 - - [18/Mar/2026:07:33:41 -0700] "GET /?o=99016165133202 HTTP/1.1" 404 - "-" "Mozilla/5.0 (Linux; Android 6.0.1; Nexus 5X Build/MMB29P) AppleWebKit/537.36 (KHTML, like Gecko) Chrome/145.0.7632.159 Mobile Safari/537.36 (compatible; Googlebot/2.1; +http://www.google.com/bot.html)" 12 **0/12860**
216.73.216.106 - - [18/Mar/2026:07:33:42 -0700] "GET /shopdetail/1392897087.html HTTP/2.0" 404 - "-" "Mozilla/5.0 AppleWebKit/537.36 (KHTML, like Gecko; compatible; ClaudeBot/1.0; +claudebot@anthropic.com)" 11 **0/11091**
216.73.216.106 - - [18/Mar/2026:07:33:45 -0700] "GET /author/admin/feed?path=%2F%2Fusr%2Flocal%2Flib64%2Fbpf HTTP/2.0" 404 - "-" "Mozilla/5.0 AppleWebKit/537.36 (KHTML, like Gecko; compatible; ClaudeBot/1.0; +claudebot@anthropic.com)" 13 **0/13234**
57.141.20.13 - - [18/Mar/2026:07:33:46 -0700] "GET /shopdetail/3227436442.html?fileloc=/home/fmbi332s7bv7/public_html/wp-activate.php&path=/home/fmbi332s7bv7/public_html HTTP/2.0" 404 - "-" "meta-externalagent/1.1 (+https://developers.facebook.com/docs/sharing/webmasters/crawler)" 13 **0/13601**
216.73.216.106 - - [18/Mar/2026:07:33:48 -0700] "GET /shopdetail/3850272481.html HTTP/2.0" 404 - "-" "Mozilla/5.0 AppleWebKit/537.36 (KHTML, like Gecko; compatible; ClaudeBot/1.0; +claudebot@anthropic.com)" 14 **0/14528**
57.141.20.7 - - [18/Mar/2026:07:33:51 -0700] "GET /shopdetail/83465790.html?fileloc=/home/fmbi332s7bv7/public_html/wp-activate.php&path=/home/fmbi332s7bv7/public_html HTTP/2.0" 404 - "-" "meta-externalagent/1.1 (+https://developers.facebook.com/docs/sharing/webmasters/crawler)" 15 **0/15048**
216.73.216.106 - - [18/Mar/2026:07:33:51 -0700] "GET /shopdetail/1409122605.html HTTP/2.0" 404 - "-" "Mozilla/5.0 AppleWebKit/537.36 (KHTML, like Gecko; compatible; ClaudeBot/1.0; +claudebot@anthropic.com)" 15 **0/15256**
216.73.216.106 - - [18/Mar/2026:07:33:54 -0700] "GET /shopdetail/2442506623.html HTTP/2.0" 404 - "-" "Mozilla/5.0 AppleWebKit/537.36 (KHTML, like Gecko; compatible; ClaudeBot/1.0; +claudebot@anthropic.com)" 11 **0/11459**
57.141.20.31 - - [18/Mar/2026:07:33:57 -0700] "GET /shopdetail/552304252.html?fileloc=/home/fmbi332s7bv7/public_html/wp-activate.php&path=/home/fmbi332s7bv7/public_html HTTP/2.0" 404 - "-" "meta-externalagent/1.1 (+https://developers.facebook.com/docs/sharing/webmasters/crawler)" 24 **0/24202**
216.73.216.106 - - [18/Mar/2026:07:33:57 -0700] "GET /author/admin/feed?path=%2F%2Fopt%2Fcpanel%2Falt-php81%2Froot%2Fetc%2Fphp-fpm.d HTTP/2.0" 404 - "-" "Mozilla/5.0 AppleWebKit/537.36 (KHTML, like Gecko; compatible; ClaudeBot/1.0; +claudebot@anthropic.com)" 12 **0/12769**
66.249.64.100 - - [18/Mar/2026:07:33:58 -0700] "GET /shopdetail/3987208272.html HTTP/1.1" 404 - "-" "Mozilla/5.0 (Linux; Android 6.0.1; Nexus 5X Build/MMB29P) AppleWebKit/537.36 (KHTML, like Gecko) Chrome/145.0.7632.159 Mobile Safari/537.36 (compatible; Googlebot/2.1; +http://www.google.com/bot.html)" 33 **0/33051**
216.73.216.106 - - [18/Mar/2026:07:34:00 -0700] "GET /hello-world?fileloc=%2F%2Flib64%2Fpython3.12%2Fencodings%2Fpunycode.py&path=%2F%2Flib64%2Fpython3.12%2Fencodings HTTP/2.0" 404 - "-" "Mozilla/5.0 AppleWebKit/537.36 (KHTML, like Gecko; compatible; ClaudeBot/1.0; +claudebot@anthropic.com)" 16 **0/16925**
57.141.20.49 - - [18/Mar/2026:07:34:02 -0700] "GET /shopdetail/3565909620.html?fileloc=/home/fmbi332s7bv7/public_html/wp-activate.php&path=/home/fmbi332s7bv7/public_html HTTP/2.0" 404 - "-" "meta-externalagent/1.1 (+https://developers.facebook.com/docs/sharing/webmasters/crawler)" 13 **0/13366**
74.7.227.9 - - [18/Mar/2026:07:34:02 -0700] "GET /?path=//proc/self/root/proc/thread-self/root/proc/thread-self/root/proc/thread-self/root/proc/self/root/proc/thread-self/root/lib/.build-id/2c HTTP/2.0" 404 - "https://powerchemyapikimyasallari.com/?path=//proc/self/root/proc/thread-self/root/proc/thread-self/root/proc/thread-self/root/proc/self/root/proc/thread-self/root/lib/.build-id" "Mozilla/5.0 AppleWebKit/537.36 (KHTML, like Gecko; compatible; GPTBot/1.3; +https://openai.com/gptbot)" 13 **0/13297**
216.73.216.106 - - [18/Mar/2026:07:34:03 -0700] "GET /shopdetail/2619726966.html HTTP/2.0" 404 - "-" "Mozilla/5.0 AppleWebKit/537.36 (KHTML, like Gecko; compatible; ClaudeBot/1.0; +claudebot@anthropic.com)" 12 **0/12729**
57.141.20.43 - - [18/Mar/2026:07:34:07 -0700] "GET /shopdetail/2507815437.html?fileloc=/home/fmbi332s7bv7/public_html/wp-activate.php&path=/home/fmbi332s7bv7/public_html HTTP/2.0" 404 - "-" "meta-externalagent/1.1 (+https://developers.facebook.com/docs/sharing/webmasters/crawler)" 15 **0/15626**
216.73.216.106 - - [18/Mar/2026:07:34:08 -0700] "GET /hello-world?fileloc=%2F%2Fusr%2Fshare%2Fman%2Fman3%2Fmove_field.3x.gz&path=%2F%2Fusr%2Fshare%2Fman%2Fman3 HTTP/2.0" 404 - "-" "Mozilla/5.0 AppleWebKit/537.36 (KHTML, like Gecko; compatible; ClaudeBot/1.0; +claudebot@anthropic.com)" 24 **0/24799**
216.73.216.106 - - [18/Mar/2026:07:34:10 -0700] "GET /hello-world?fileloc=%2F%2Flib%2Ffirmware%2Fqca%2Fwcnhpnv21g.b9f&path=%2F%2Flib%2Ffirmware%2Fqca HTTP/2.0" 404 - "-" "Mozilla/5.0 AppleWebKit/537.36 (KHTML, like Gecko; compatible; ClaudeBot/1.0; +claudebot@anthropic.com)" 18 **0/18669**
57.141.20.12 - - [18/Mar/2026:07:34:12 -0700] "GET /shopdetail/503556470.html?fileloc=/home/fmbi332s7bv7/public_html/wp-activate.php&path=/home/fmbi332s7bv7/public_html HTTP/2.0" 404 - "-" "meta-externalagent/1.1 (+https://developers.facebook.com/docs/sharing/webmasters/crawler)" 23 **0/23061**
216.73.216.106 - - [18/Mar/2026:07:34:13 -0700] "GET /author/admin/feed?fileloc=%2F%2Fusr%2Flib%2Ffirmware%2Fmrvl%2Fpcie8897_uapsta.bin&path=%2F%2Fusr%2Flib%2Ffirmware%2Fmrvl HTTP/2.0" 404 - "-" "Mozilla/5.0 AppleWebKit/537.36 (KHTML, like Gecko; compatible; ClaudeBot/1.0; +claudebot@anthropic.com)" 17 **0/17356**
216.73.216.106 - - [18/Mar/2026:07:34:16 -0700] "GET /shopdetail/2619563383.html?path=%2Fhome%2Ffmbi332s7bv7%2Ftmp%2Fwebalizerftp HTTP/2.0" 404 - "-" "Mozilla/5.0 AppleWebKit/537.36 (KHTML, like Gecko; compatible; ClaudeBot/1.0; +claudebot@anthropic.com)" 13 **0/13281**
57.141.20.26 - - [18/Mar/2026:07:34:17 -0700] "GET /shopdetail/2174520918.html?fileloc=/home/fmbi332s7bv7/public_html/txets.php&path=/home/fmbi332s7bv7/public_html HTTP/2.0" 404 - "-" "meta-externalagent/1.1 (+https://developers.facebook.com/docs/sharing/webmasters/crawler)" 20 **0/20459**
216.73.216.106 - - [18/Mar/2026:07:34:19 -0700] "GET /shopdetail/1520200037.html?fileloc=%2Fhome%2Ffmbi332s7bv7%2Fpublic_html%2Fwp-includes%2Fclass-wp-embed.php&path=%2Fhome%2Ffmbi332s7bv7%2Fpublic_html%2Fwp-includes HTTP/2.0" 404 - "-" "Mozilla/5.0 AppleWebKit/537.36 (KHTML, like Gecko; compatible; ClaudeBot/1.0; +claudebot@anthropic.com)" 15 **0/15564**
216.73.216.106 - - [18/Mar/2026:07:34:22 -0700] "GET /shopdetail/3552819171.html?path=%2Fhome%2Ffmbi332s7bv7%2Fpublic_html%2Fwp-content HTTP/2.0" 404 - "-" "Mozilla/5.0 AppleWebKit/537.36 (KHTML, like Gecko; compatible; ClaudeBot/1.0; +claudebot@anthropic.com)" 12 **0/12620**
57.141.20.15 - - [18/Mar/2026:07:34:22 -0700] "GET /shopdetail/4246700291.html?fileloc=/home/fmbi332s7bv7/public_html/wp-comments-post.php&path=/home/fmbi332s7bv7/public_html HTTP/2.0" 404 - "-" "meta-externalagent/1.1 (+https://developers.facebook.com/docs/sharing/webmasters/crawler)" 12 **0/12672**
216.73.216.106 - - [18/Mar/2026:07:34:25 -0700] "GET /shopdetail/4240180106.html?fileloc=%2Fhome%2Ffmbi332s7bv7%2Fpublic_html%2Fwp-admin%2Fedit-comments.php&path=%2Fhome%2Ffmbi332s7bv7%2Fpublic_html%2Fwp-admin HTTP/2.0" 404 - "-" "Mozilla/5.0 AppleWebKit/537.36 (KHTML, like Gecko; compatible; ClaudeBot/1.0; +claudebot@anthropic.com)" 10 **0/10504**
57.141.20.36 - - [18/Mar/2026:07:34:28 -0700] "GET /shopdetail/1958866984.html?fileloc=/home/fmbi332s7bv7/public_html/wp-activate.php&path=/home/fmbi332s7bv7/public_html HTTP/2.0" 404 - "-" "meta-externalagent/1.1 (+https://developers.facebook.com/docs/sharing/webmasters/crawler)" 10 **0/10509**
216.73.216.106 - - [18/Mar/2026:07:34:28 -0700] "GET /shopdetail/3990884372.html?path=%2Fhome%2Ffmbi332s7bv7%2Fpublic_html%2Fwp-includes%2FSimplePie HTTP/2.0" 404 - "-" "Mozilla/5.0 AppleWebKit/537.36 (KHTML, like Gecko; compatible; ClaudeBot/1.0; +claudebot@anthropic.com)" 13 **0/13276**
74.7.227.9 - - [18/Mar/2026:07:34:30 -0700] "GET /?path=//proc/self/root/proc/thread-self/root/proc/thread-self/root/proc/thread-self/root/proc/self/root/proc/thread-self/root/lib/.build-id/a2 HTTP/2.0" 404 - "https://powerchemyapikimyasallari.com/?path=//proc/self/root/proc/thread-self/root/proc/thread-self/root/proc/thread-self/root/proc/self/root/proc/thread-self/root/lib/.build-id" "Mozilla/5.0 AppleWebKit/537.36 (KHTML, like Gecko; compatible; GPTBot/1.3; +https://openai.com/gptbot)" 28 **0/28894**
216.73.216.106 - - [18/Mar/2026:07:34:31 -0700] "GET /shopdetail/3953139996.html?fileloc=%2F%2Fbin%2Fgcc&path=%2F%2Fbin HTTP/2.0" 404 - "-" "Mozilla/5.0 AppleWebKit/537.36 (KHTML, like Gecko; compatible; ClaudeBot/1.0; +claudebot@anthropic.com)" 12 **0/12286**
57.141.20.40 - - [18/Mar/2026:07:34:33 -0700] "GET /shopdetail/3873900335.html?fileloc=/home/fmbi332s7bv7/public_html/robots.txt&path=/home/fmbi332s7bv7/public_html HTTP/2.0" 404 - "-" "meta-externalagent/1.1 (+https://developers.facebook.com/docs/sharing/webmasters/crawler)" 10 **0/10541**
216.73.216.106 - - [18/Mar/2026:07:34:34 -0700] "GET /author/admin/feed?fileloc=%2F%2Fhome%2Ffmbi332s7bv7%2Fpublic_html%2Fwp-includes%2Fjs%2Fcustomize-views.min.js&path=%2F%2Fhome%2Ffmbi332s7bv7%2Fpublic_html%2Fwp-includes%2Fjs HTTP/2.0" 404 - "-" "Mozilla/5.0 AppleWebKit/537.36 (KHTML, like Gecko; compatible; ClaudeBot/1.0; +claudebot@anthropic.com)" 12 **0/12634**
216.73.216.106 - - [18/Mar/2026:07:34:37 -0700] "GET /shopdetail/2977082661.html?fileloc=%2F%2Fbin%2Fview&path=%2F%2Fbin HTTP/2.0" 404 - "-" "Mozilla/5.0 AppleWebKit/537.36 (KHTML, like Gecko; compatible; ClaudeBot/1.0; +claudebot@anthropic.com)" 11 **0/11225**
57.141.20.20 - - [18/Mar/2026:07:34:38 -0700] "GET /shopdetail/2446621732.html?fileloc=/home/fmbi332s7bv7/public_html/wp-comments-post.php&path=/home/fmbi332s7bv7/public_html HTTP/2.0" 404 - "-" "meta-externalagent/1.1 (+https://developers.facebook.com/docs/sharing/webmasters/crawler)" 11 **0/11105**
216.73.216.106 - - [18/Mar/2026:07:34:40 -0700] "GET /shopdetail/2977082661.html?fileloc=%2F%2Fbin%2Fsprof&path=%2F%2Fbin HTTP/2.0" 404 - "-" "Mozilla/5.0 AppleWebKit/537.36 (KHTML, like Gecko; compatible; ClaudeBot/1.0; +claudebot@anthropic.com)" 11 **0/11442**
74.7.227.150 - - [18/Mar/2026:07:34:42 -0700] "GET /?path=//proc/self/root/proc/thread-self/root/proc/thread-self/root/proc/thread-self/root/proc/self/root/proc/self/root/proc/thread-self/root/lib/.build-id/68 HTTP/2.0" 404 - "https://www.powerchemyapikimyasallari.com/?path=//proc/self/root/proc/thread-self/root/proc/thread-self/root/proc/thread-self/root/proc/self/root/proc/self/root/proc/thread-self/root/lib/.build-id" "Mozilla/5.0 AppleWebKit/537.36 (KHTML, like Gecko; compatible; GPTBot/1.3; +https://openai.com/gptbot)" 14 **0/14054**
57.141.20.2 - - [18/Mar/2026:07:34:43 -0700] "GET /public/exploring-the-allure-of-casino-games-why-they-captivate-so-many-players/?fileloc=/home/fmbi332s7bv7/public_html/txets.php&path=/home/fmbi332s7bv7/public_html HTTP/2.0" 404 - "-" "meta-externalagent/1.1 (+https://developers.facebook.com/docs/sharing/webmasters/crawler)" 16 **0/16798**
185.191.206.46 - - [18/Mar/2026:07:34:43 -0700] "POST /xmlrpc.php HTTP/1.1" 200 54155 "-" "Mozilla/5.0 (Windows NT 10.0; Win64; x64) AppleWebKit/537.36 (KHTML, like Gecko) Chrome/114.0.0.0 Safari/537.36" 486 **0/486088**
216.73.216.106 - - [18/Mar/2026:07:34:43 -0700] "GET /hello-world?fileloc=%2F%2Fusr%2Fshare%2Fman%2Fman1%2Fgit-sh-i18n.1.gz&path=%2F%2Fusr%2Fshare%2Fman%2Fman1 HTTP/2.0" 404 - "-" "Mozilla/5.0 AppleWebKit/537.36 (KHTML, like Gecko; compatible; ClaudeBot/1.0; +claudebot@anthropic.com)" 12 **0/12350**
185.191.206.46 - - [18/Mar/2026:07:34:44 -0700] "POST /xmlrpc.php HTTP/1.1" 200 54155 "-" "Mozilla/5.0 (Windows NT 10.0; Win64; x64) AppleWebKit/537.36 (KHTML, like Gecko) Chrome/114.0.0.0 Safari/537.36" 506 **0/506585**
46.188.120.53 - - [18/Mar/2026:07:34:45 -0700] "POST /xmlrpc.php HTTP/1.1" 200 54155 "-" "Mozilla/5.0 (Windows NT 10.0; Win64; x64) AppleWebKit/537.36 (KHTML, like Gecko) Chrome/114.0.0.0 Safari/537.36" 446 **0/446781**
216.73.216.106 - - [18/Mar/2026:07:34:46 -0700] "GET /hello-world?fileloc=%2F%2Fusr%2Fshare%2Fman%2Fman1%2Fgenpkey.1ssl.gz&path=%2F%2Fusr%2Fshare%2Fman%2Fman1 HTTP/2.0" 404 - "-" "Mozilla/5.0 AppleWebKit/537.36 (KHTML, like Gecko; compatible; ClaudeBot/1.0; +claudebot@anthropic.com)" 14 **0/14747**
46.188.120.53 - - [18/Mar/2026:07:34:48 -0700] "POST /xmlrpc.php HTTP/1.1" 200 54155 "-" "Mozilla/5.0 (Windows NT 10.0; Win64; x64) AppleWebKit/537.36 (KHTML, like Gecko) Chrome/114.0.0.0 Safari/537.36" 446 **0/446121**
57.141.20.24 - - [18/Mar/2026:07:34:48 -0700] "GET /shopdetail/733077441.html?fileloc=/home/fmbi332s7bv7/public_html/wp-activate.php&path=/home/fmbi332s7bv7/public_html HTTP/2.0" 404 - "-" "meta-externalagent/1.1 (+https://developers.facebook.com/docs/sharing/webmasters/crawler)" 11 **0/11979**
216.73.216.106 - - [18/Mar/2026:07:34:49 -0700] "GET /shopdetail/3953139996.html?fileloc=%2F%2Fbin%2Fdircolors&path=%2F%2Fbin HTTP/2.0" 404 - "-" "Mozilla/5.0 AppleWebKit/537.36 (KHTML, like Gecko; compatible; ClaudeBot/1.0; +claudebot@anthropic.com)" 11 **0/11043**
216.73.216.106 - - [18/Mar/2026:07:34:52 -0700] "GET /shopdetail/3952779502.html?fileloc=%2F%2Fbin%2Fpkg-config&path=%2F%2Fbin HTTP/2.0" 404 - "-" "Mozilla/5.0 AppleWebKit/537.36 (KHTML, like Gecko; compatible; ClaudeBot/1.0; +claudebot@anthropic.com)" 9 **0/9931**
57.141.20.18 - - [18/Mar/2026:07:34:53 -0700] "GET /shopdetail/196561025.html?fileloc=/home/fmbi332s7bv7/public_html/wp-comments-post.php&path=/home/fmbi332s7bv7/public_html HTTP/2.0" 404 - "-" "meta-externalagent/1.1 (+https://developers.facebook.com/docs/sharing/webmasters/crawler)" 12 **0/12077**
216.73.216.106 - - [18/Mar/2026:07:34:55 -0700] "GET /shopdetail/870434355.html?path=%2Fhome%2Ffmbi332s7bv7 HTTP/2.0" 404 - "-" "Mozilla/5.0 AppleWebKit/537.36 (KHTML, like Gecko; compatible; ClaudeBot/1.0; +claudebot@anthropic.com)" 12 **0/12331**
74.7.227.9 - - [18/Mar/2026:07:34:58 -0700] "GET /?path=//proc/self/root/proc/thread-self/root/proc/thread-self/root/proc/thread-self/root/proc/self/root/proc/thread-self/root/lib/.build-id/b6 HTTP/2.0" 404 - "https://powerchemyapikimyasallari.com/?path=//proc/self/root/proc/thread-self/root/proc/thread-self/root/proc/thread-self/root/proc/self/root/proc/thread-self/root/lib/.build-id" "Mozilla/5.0 AppleWebKit/537.36 (KHTML, like Gecko; compatible; GPTBot/1.3; +https://openai.com/gptbot)" 13 **0/13714**
216.73.216.106 - - [18/Mar/2026:07:34:58 -0700] "GET /shopdetail/3161641060.html?fileloc=%2F%2Fbin%2Frview&path=%2F%2Fbin HTTP/2.0" 404 - "-" "Mozilla/5.0 AppleWebKit/537.36 (KHTML, like Gecko; compatible; ClaudeBot/1.0; +claudebot@anthropic.com)" 20 **0/20893**
57.141.20.3 - - [18/Mar/2026:07:34:58 -0700] "GET /shopdetail/2643082596.html?fileloc=/home/fmbi332s7bv7/public_html/robots.txt&path=/home/fmbi332s7bv7/public_html HTTP/2.0" 404 - "-" "meta-externalagent/1.1 (+https://developers.facebook.com/docs/sharing/webmasters/crawler)" 11 **0/11307**
216.73.216.106 - - [18/Mar/2026:07:35:01 -0700] "GET /hello-world?fileloc=%2F%2Fusr%2Fshare%2Fman%2Fman3%2FRSA_blinding_on.3ssl.gz&path=%2F%2Fusr%2Fshare%2Fman%2Fman3 HTTP/2.0" 404 - "-" "Mozilla/5.0 AppleWebKit/537.36 (KHTML, like Gecko; compatible; ClaudeBot/1.0; +claudebot@anthropic.com)" 13 **0/13145**
57.141.20.35 - - [18/Mar/2026:07:35:04 -0700] "GET /shopdetail/2208487973.html?fileloc=/home/fmbi332s7bv7/public_html/xmlrpc.php&path=/home/fmbi332s7bv7/public_html HTTP/2.0" 404 - "-" "meta-externalagent/1.1 (+https://developers.facebook.com/docs/sharing/webmasters/crawler)" 16 **0/16040**
216.73.216.106 - - [18/Mar/2026:07:35:04 -0700] "GET /shopdetail/3083194880.html?path=%2Fhome%2Ffmbi332s7bv7%2Fpublic_html%2Fwp-content HTTP/2.0" 404 - "-" "Mozilla/5.0 AppleWebKit/537.36 (KHTML, like Gecko; compatible; ClaudeBot/1.0; +claudebot@anthropic.com)" 12 **0/12204**
216.73.216.106 - - [18/Mar/2026:07:35:07 -0700] "GET /shopdetail/1624207470.html?path=%2Fhome%2Ffmbi332s7bv7%2Ftmp%2Fwebalizerftp HTTP/2.0" 404 - "-" "Mozilla/5.0 AppleWebKit/537.36 (KHTML, like Gecko; compatible; ClaudeBot/1.0; +claudebot@anthropic.com)" 11 **0/11203**
66.249.64.102 - - [18/Mar/2026:07:35:08 -0700] "GET /?o=15041272336100 HTTP/1.1" 404 - "-" "Mozilla/5.0 (Linux; Android 6.0.1; Nexus 5X Build/MMB29P) AppleWebKit/537.36 (KHTML, like Gecko) Chrome/145.0.7632.159 Mobile Safari/537.36 (compatible; Googlebot/2.1; +http://www.google.com/bot.html)" 13 **0/13874**
66.249.64.100 - - [18/Mar/2026:07:35:08 -0700] "GET /?o=26360129080707 HTTP/1.1" 404 - "-" "Mozilla/5.0 (Linux; Android 6.0.1; Nexus 5X Build/MMB29P) AppleWebKit/537.36 (KHTML, like Gecko) Chrome/145.0.7632.159 Mobile Safari/537.36 (compatible; Googlebot/2.1; +http://www.google.com/bot.html)" 12 **0/12922**
57.141.20.13 - - [18/Mar/2026:07:35:09 -0700] "GET /shopdetail/3399962295.html?fileloc=/home/fmbi332s7bv7/public_html/wp-comments-post.php&path=/home/fmbi332s7bv7/public_html HTTP/2.0" 404 - "-" "meta-externalagent/1.1 (+https://developers.facebook.com/docs/sharing/webmasters/crawler)" 15 **0/15244**
216.73.216.106 - - [18/Mar/2026:07:35:10 -0700] "GET /shopdetail/4130068611.html?path=%2Fhome%2Ffmbi332s7bv7%2Fpublic_html HTTP/2.0" 404 - "-" "Mozilla/5.0 AppleWebKit/537.36 (KHTML, like Gecko; compatible; ClaudeBot/1.0; +claudebot@anthropic.com)" 14 **0/14078**
216.73.216.106 - - [18/Mar/2026:07:35:13 -0700] "GET /shopdetail/567864843.html?fileloc=%2Fhome%2Ffmbi332s7bv7%2Fpublic_html%2Fwp-includes%2Fclass-wp-error.php&path=%2Fhome%2Ffmbi332s7bv7%2Fpublic_html%2Fwp-includes HTTP/2.0" 404 - "-" "Mozilla/5.0 AppleWebKit/537.36 (KHTML, like Gecko; compatible; ClaudeBot/1.0; +claudebot@anthropic.com)" 13 **0/13893**
57.141.20.25 - - [18/Mar/2026:07:35:14 -0700] "GET /shopdetail/1756090621.html?fileloc=/home/fmbi332s7bv7/public_html/index.php&path=/home/fmbi332s7bv7/public_html HTTP/2.0" 404 - "-" "meta-externalagent/1.1 (+https://developers.facebook.com/docs/sharing/webmasters/crawler)" 15 **0/15458**
216.73.216.106 - - [18/Mar/2026:07:35:16 -0700] "GET /shopdetail/4260434473.html?path=%2Fhome%2Ffmbi332s7bv7%2Fpublic_html%2Fwp-includes%2FIXR HTTP/2.0" 404 - "-" "Mozilla/5.0 AppleWebKit/537.36 (KHTML, like Gecko; compatible; ClaudeBot/1.0; +claudebot@anthropic.com)" 16 **0/16828**
57.141.20.9 - - [18/Mar/2026:07:35:19 -0700] "GET /shopdetail/3657011883.html?fileloc=/home/fmbi332s7bv7/public_html/robots.txt&path=/home/fmbi332s7bv7/public_html HTTP/2.0" 404 - "-" "meta-externalagent/1.1 (+https://developers.facebook.com/docs/sharing/webmasters/crawler)" 16 **0/16037**
216.73.216.106 - - [18/Mar/2026:07:35:19 -0700] "GET /hello-world?fileloc=%2F%2Fusr%2Fshare%2Fman%2Fman1%2Flast.1.gz&path=%2F%2Fusr%2Fshare%2Fman%2Fman1 HTTP/2.0" 404 - "-" "Mozilla/5.0 AppleWebKit/537.36 (KHTML, like Gecko; compatible; ClaudeBot/1.0; +claudebot@anthropic.com)" 19 **0/19452**
216.73.216.106 - - [18/Mar/2026:07:35:22 -0700] "GET /hello-world?fileloc=%2F%2Fusr%2Fshare%2Fman%2Fman3%2FEVP_CIPHER_CTX_key_length.3ssl.gz&path=%2F%2Fusr%2Fshare%2Fman%2Fman3 HTTP/2.0" 404 - "-" "Mozilla/5.0 AppleWebKit/537.36 (KHTML, like Gecko; compatible; ClaudeBot/1.0; +claudebot@anthropic.com)" 15 **0/15731**
57.141.20.38 - - [18/Mar/2026:07:35:24 -0700] "GET /shopdetail/1829449918.html?fileloc=/home/fmbi332s7bv7/public_html/robots.txt&path=/home/fmbi332s7bv7/public_html HTTP/2.0" 404 - "-" "meta-externalagent/1.1 (+https://developers.facebook.com/docs/sharing/webmasters/crawler)" 17 **0/17776**
216.73.216.106 - - [18/Mar/2026:07:35:25 -0700] "GET /shopdetail/4282378331.html?path=%2Fhome%2Ffmbi332s7bv7%2Fpublic_html%2Fwp-includes%2Fblock-supports HTTP/2.0" 404 - "-" "Mozilla/5.0 AppleWebKit/537.36 (KHTML, like Gecko; compatible; ClaudeBot/1.0; +claudebot@anthropic.com)" 13 **0/13912**
74.7.227.9 - - [18/Mar/2026:07:35:26 -0700] "GET /?path=//proc/self/root/proc/thread-self/root/proc/thread-self/root/proc/thread-self/root/proc/self/root/proc/thread-self/root/lib/.build-id/7e HTTP/2.0" 404 - "https://powerchemyapikimyasallari.com/?path=//proc/self/root/proc/thread-self/root/proc/thread-self/root/proc/thread-self/root/proc/self/root/proc/thread-self/root/lib/.build-id" "Mozilla/5.0 AppleWebKit/537.36 (KHTML, like Gecko; compatible; GPTBot/1.3; +https://openai.com/gptbot)" 13 **0/13764**
216.73.216.106 - - [18/Mar/2026:07:35:28 -0700] "GET /hello-world?fileloc=%2F%2Fusr%2Fshare%2Fman%2Fman1%2Fpod2man.1.gz&path=%2F%2Fusr%2Fshare%2Fman%2Fman1 HTTP/2.0" 404 - "-" "Mozilla/5.0 AppleWebKit/537.36 (KHTML, like Gecko; compatible; ClaudeBot/1.0; +claudebot@anthropic.com)" 19 **0/19108**
57.141.20.0 - - [18/Mar/2026:07:35:29 -0700] "GET /shopdetail/2238755965.html?fileloc=/home/fmbi332s7bv7/public_html/txets.php&path=/home/fmbi332s7bv7/public_html HTTP/2.0" 404 - "-" "meta-externalagent/1.1 (+https://developers.facebook.com/docs/sharing/webmasters/crawler)" 11 **0/11725**
216.73.216.106 - - [18/Mar/2026:07:35:31 -0700] "GET /shopdetail/1709460133.html?fileloc=%2Fhome%2Ffmbi332s7bv7%2Fpublic_html%2Fwp-admin%2Fadmin-post.php&path=%2Fhome%2Ffmbi332s7bv7%2Fpublic_html%2Fwp-admin HTTP/2.0" 404 - "-" "Mozilla/5.0 AppleWebKit/537.36 (KHTML, like Gecko; compatible; ClaudeBot/1.0; +claudebot@anthropic.com)" 12 **0/12521**
216.73.216.106 - - [18/Mar/2026:07:35:34 -0700] "GET /shopdetail/1238082225.html?path=%2Fhome%2Ffmbi332s7bv7%2Fpublic_html%2Fwp-admin%2Fmaint HTTP/2.0" 404 - "-" "Mozilla/5.0 AppleWebKit/537.36 (KHTML, like Gecko; compatible; ClaudeBot/1.0; +claudebot@anthropic.com)" 11 **0/11930**
57.141.20.2 - - [18/Mar/2026:07:35:35 -0700] "GET /shopdetail/1806555768.html?fileloc=/home/fmbi332s7bv7/public_html/robots.txt&path=/home/fmbi332s7bv7/public_html HTTP/2.0" 404 - "-" "meta-externalagent/1.1 (+https://developers.facebook.com/docs/sharing/webmasters/crawler)" 12 **0/12586**
216.73.216.106 - - [18/Mar/2026:07:35:37 -0700] "GET /shopdetail/60148465.html?path=%2Fhome%2Ffmbi332s7bv7%2Fpublic_html%2Fab8dcd30 HTTP/2.0" 404 - "-" "Mozilla/5.0 AppleWebKit/537.36 (KHTML, like Gecko; compatible; ClaudeBot/1.0; +claudebot@anthropic.com)" 11 **0/11468**
57.141.20.5 - - [18/Mar/2026:07:35:40 -0700] "GET /shopdetail/3034397111.html?fileloc=/home/fmbi332s7bv7/public_html/robots.txt&path=/home/fmbi332s7bv7/public_html HTTP/2.0" 404 - "-" "meta-externalagent/1.1 (+https://developers.facebook.com/docs/sharing/webmasters/crawler)" 12 **0/12998**
216.73.216.106 - - [18/Mar/2026:07:35:40 -0700] "GET /shopdetail/3733287652.html?fileloc=%2Fhome%2Ffmbi332s7bv7%2Fpublic_html%2Fwp-includes%2Fclass-http.php&path=%2Fhome%2Ffmbi332s7bv7%2Fpublic_html%2Fwp-includes HTTP/2.0" 404 - "-" "Mozilla/5.0 AppleWebKit/537.36 (KHTML, like Gecko; compatible; ClaudeBot/1.0; +claudebot@anthropic.com)" 12 **0/12442**
216.73.216.106 - - [18/Mar/2026:07:35:43 -0700] "GET /shopdetail/1754037148.html?fileloc=%2Fhome%2Ffmbi332s7bv7%2Fpublic_html%2Fwp-includes%2Fembed.php&path=%2Fhome%2Ffmbi332s7bv7%2Fpublic_html%2Fwp-includes HTTP/2.0" 404 - "-" "Mozilla/5.0 AppleWebKit/537.36 (KHTML, like Gecko; compatible; ClaudeBot/1.0; +claudebot@anthropic.com)" 18 **0/18876**
57.141.20.15 - - [18/Mar/2026:07:35:45 -0700] "GET /shopdetail/1749936983.html?fileloc=/home/fmbi332s7bv7/public_html/wp-activate.php&path=/home/fmbi332s7bv7/public_html HTTP/2.0" 404 - "-" "meta-externalagent/1.1 (+https://developers.facebook.com/docs/sharing/webmasters/crawler)" 14 **0/14671**
216.73.216.106 - - [18/Mar/2026:07:35:46 -0700] "GET /shopdetail/1730355399.html?path=%2Fhome%2Ffmbi332s7bv7%2Ftmp%2Fwebalizerftp HTTP/2.0" 404 - "-" "Mozilla/5.0 AppleWebKit/537.36 (KHTML, like Gecko; compatible; ClaudeBot/1.0; +claudebot@anthropic.com)" 17 **0/17663**
74.7.227.150 - - [18/Mar/2026:07:35:48 -0700] "GET /?path=//proc/self/root/proc/thread-self/root/proc/thread-self/root/proc/thread-self/root/proc/self/root/proc/self/root/proc/thread-self/root/usr/lib/.build-id/64 HTTP/2.0" 404 - "https://www.powerchemyapikimyasallari.com/?path=//proc/self/root/proc/thread-self/root/proc/thread-self/root/proc/thread-self/root/proc/self/root/proc/self/root/proc/thread-self/root/usr/lib/.build-id" "Mozilla/5.0 AppleWebKit/537.36 (KHTML, like Gecko; compatible; GPTBot/1.3; +https://openai.com/gptbot)" 21 **0/21479**
216.73.216.106 - - [18/Mar/2026:07:35:49 -0700] "GET /shopdetail/3230125049.html?fileloc=%2Fhome%2Ffmbi332s7bv7%2Fpublic_html%2Fwp-includes%2Fclass-wp-error.php&path=%2Fhome%2Ffmbi332s7bv7%2Fpublic_html%2Fwp-includes HTTP/2.0" 404 - "-" "Mozilla/5.0 AppleWebKit/537.36 (KHTML, like Gecko; compatible; ClaudeBot/1.0; +claudebot@anthropic.com)" 13 **0/13222**
57.141.20.12 - - [18/Mar/2026:07:35:50 -0700] "GET /shopdetail/1789533659.html?fileloc=/home/fmbi332s7bv7/public_html/txets.php&path=/home/fmbi332s7bv7/public_html HTTP/2.0" 404 - "-" "meta-externalagent/1.1 (+https://developers.facebook.com/docs/sharing/webmasters/crawler)" 13 **0/13068**
216.73.216.106 - - [18/Mar/2026:07:35:52 -0700] "GET /hello-world?fileloc=%2F%2Fusr%2Fshare%2Fman%2Fman3%2Ftld_get_z.3.gz&path=%2F%2Fusr%2Fshare%2Fman%2Fman3 HTTP/2.0" 404 - "-" "Mozilla/5.0 AppleWebKit/537.36 (KHTML, like Gecko; compatible; ClaudeBot/1.0; +claudebot@anthropic.com)" 14 **0/14930**
74.7.227.9 - - [18/Mar/2026:07:35:55 -0700] "GET /?path=//proc/self/root/proc/thread-self/root/proc/thread-self/root/proc/thread-self/root/proc/self/root/proc/thread-self/root/lib/.build-id/e4 HTTP/2.0" 404 - "https://powerchemyapikimyasallari.com/?path=//proc/self/root/proc/thread-self/root/proc/thread-self/root/proc/thread-self/root/proc/self/root/proc/thread-self/root/lib/.build-id" "Mozilla/5.0 AppleWebKit/537.36 (KHTML, like Gecko; compatible; GPTBot/1.3; +https://openai.com/gptbot)" 14 **0/14103**
57.141.20.35 - - [18/Mar/2026:07:35:55 -0700] "GET /shopdetail/3046514357.html?fileloc=/home/fmbi332s7bv7/public_html/wp-activate.php&path=/home/fmbi332s7bv7/public_html HTTP/2.0" 404 - "-" "meta-externalagent/1.1 (+https://developers.facebook.com/docs/sharing/webmasters/crawler)" 12 **0/12973**
216.73.216.106 - - [18/Mar/2026:07:35:55 -0700] "GET /hello-world?fileloc=%2F%2Fusr%2Fshare%2Fman%2Fman3%2FX509_PUBKEY_get0.3ssl.gz&path=%2F%2Fusr%2Fshare%2Fman%2Fman3 HTTP/2.0" 404 - "-" "Mozilla/5.0 AppleWebKit/537.36 (KHTML, like Gecko; compatible; ClaudeBot/1.0; +claudebot@anthropic.com)" 14 **0/14891**
216.73.216.106 - - [18/Mar/2026:07:35:58 -0700] "GET /hello-world?fileloc=%2F%2Fopt%2Falt%2Fzeromq%2Fusr%2Fbin%2Fcurve_keygen&path=%2F%2Fopt%2Falt%2Fzeromq%2Fusr%2Fbin HTTP/2.0" 404 - "-" "Mozilla/5.0 AppleWebKit/537.36 (KHTML, like Gecko; compatible; ClaudeBot/1.0; +claudebot@anthropic.com)" 14 **0/14165**
57.141.20.3 - - [18/Mar/2026:07:36:00 -0700] "GET /shopdetail/1702868710.html?fileloc=/home/fmbi332s7bv7/public_html/wp-comments-post.php&path=/home/fmbi332s7bv7/public_html HTTP/2.0" 404 - "-" "meta-externalagent/1.1 (+https://developers.facebook.com/docs/sharing/webmasters/crawler)" 18 **0/18029**
57.141.20.51 - - [18/Mar/2026:07:36:06 -0700] "GET /shopdetail/2809170292.html?fileloc=/home/fmbi332s7bv7/public_html/xmlrpc.php&path=/home/fmbi332s7bv7/public_html HTTP/2.0" 404 - "-" "meta-externalagent/1.1 (+https://developers.facebook.com/docs/sharing/webmasters/crawler)" 16 **0/16654**
216.73.216.106 - - [18/Mar/2026:07:36:06 -0700] "GET /shopdetail/296419577.html?fileloc=%2Fhome%2Ffmbi332s7bv7%2Fpublic_html%2Fwp-admin%2Foptions-permalink.php&path=%2Fhome%2Ffmbi332s7bv7%2Fpublic_html%2Fwp-admin HTTP/2.0" 404 - "-" "Mozilla/5.0 AppleWebKit/537.36 (KHTML, like Gecko; compatible; ClaudeBot/1.0; +claudebot@anthropic.com)" 13 **0/13445**
216.73.216.106 - - [18/Mar/2026:07:36:08 -0700] "GET /shopdetail/3573351822.html?fileloc=%2Fhome%2Ffmbi332s7bv7%2Fpublic_html%2Fwp-admin%2Fcss%2Fdashboard.min.css&path=%2Fhome%2Ffmbi332s7bv7%2Fpublic_html%2Fwp-admin%2Fcss HTTP/2.0" 404 - "-" "Mozilla/5.0 AppleWebKit/537.36 (KHTML, like Gecko; compatible; ClaudeBot/1.0; +claudebot@anthropic.com)" 14 **0/14754**
57.141.20.11 - - [18/Mar/2026:07:36:10 -0700] "GET /shopdetail/3179959928.html?fileloc=/home/fmbi332s7bv7/public_html/wp-activate.php&path=/home/fmbi332s7bv7/public_html HTTP/2.0" 404 - "-" "meta-externalagent/1.1 (+https://developers.facebook.com/docs/sharing/webmasters/crawler)" 17 **0/17765**
216.73.216.106 - - [18/Mar/2026:07:36:11 -0700] "GET /shopdetail/2193981545.html?fileloc=%2Fhome%2Ffmbi332s7bv7%2Fpublic_html%2Fwp-admin%2Fadmin-header.php&path=%2Fhome%2Ffmbi332s7bv7%2Fpublic_html%2Fwp-admin HTTP/2.0" 404 - "-" "Mozilla/5.0 AppleWebKit/537.36 (KHTML, like Gecko; compatible; ClaudeBot/1.0; +claudebot@anthropic.com)" 12 **0/12694**
216.73.216.106 - - [18/Mar/2026:07:36:14 -0700] "GET /shopdetail/3871648247.html?path=%2Fhome%2Ffmbi332s7bv7%2Fpublic_html%2Fwp-content HTTP/2.0" 404 - "-" "Mozilla/5.0 AppleWebKit/537.36 (KHTML, like Gecko; compatible; ClaudeBot/1.0; +claudebot@anthropic.com)" 13 **0/13435**
57.141.20.7 - - [18/Mar/2026:07:36:16 -0700] "GET /shopdetail/4065896275.html?fileloc=/home/fmbi332s7bv7/public_html/robots.txt&path=/home/fmbi332s7bv7/public_html HTTP/2.0" 404 - "-" "meta-externalagent/1.1 (+https://developers.facebook.com/docs/sharing/webmasters/crawler)" 16 **0/16165**
216.73.216.106 - - [18/Mar/2026:07:36:17 -0700] "GET /shopdetail/1088094203.html?fileloc=%2Fhome%2Ffmbi332s7bv7%2Fpublic_html%2Fwp-admin%2Fadmin-header.php&path=%2Fhome%2Ffmbi332s7bv7%2Fpublic_html%2Fwp-admin HTTP/2.0" 404 - "-" "Mozilla/5.0 AppleWebKit/537.36 (KHTML, like Gecko; compatible; ClaudeBot/1.0; +claudebot@anthropic.com)" 13 **0/13930**
216.73.216.106 - - [18/Mar/2026:07:36:20 -0700] "GET /shopdetail/4231294274.html?path=%2Fhome%2Ffmbi332s7bv7%2Fpublic_html%2Fwp-admin%2Fmaint HTTP/2.0" 404 - "-" "Mozilla/5.0 AppleWebKit/537.36 (KHTML, like Gecko; compatible; ClaudeBot/1.0; +claudebot@anthropic.com)" 14 **0/14636**
57.141.20.24 - - [18/Mar/2026:07:36:21 -0700] "GET /shopdetail/2628596150.html?fileloc=/home/fmbi332s7bv7/public_html/wp-config.php&path=/home/fmbi332s7bv7/public_html HTTP/2.0" 404 - "-" "meta-externalagent/1.1 (+https://developers.facebook.com/docs/sharing/webmasters/crawler)" 25 **0/25245**
74.7.227.9 - - [18/Mar/2026:07:36:23 -0700] "GET /?path=//proc/self/root/proc/thread-self/root/proc/thread-self/root/proc/thread-self/root/proc/self/root/proc/thread-self/root/lib/.build-id/0b HTTP/2.0" 404 - "https://powerchemyapikimyasallari.com/?path=//proc/self/root/proc/thread-self/root/proc/thread-self/root/proc/thread-self/root/proc/self/root/proc/thread-self/root/lib/.build-id" "Mozilla/5.0 AppleWebKit/537.36 (KHTML, like Gecko; compatible; GPTBot/1.3; +https://openai.com/gptbot)" 19 **0/19041**
216.73.216.106 - - [18/Mar/2026:07:36:23 -0700] "GET /shopdetail/2713910002.html?path=%2Fhome%2Ffmbi332s7bv7%2Fpublic_html%2Fwp-content HTTP/2.0" 404 - "-" "Mozilla/5.0 AppleWebKit/537.36 (KHTML, like Gecko; compatible; ClaudeBot/1.0; +claudebot@anthropic.com)" 12 **0/12510**
216.73.216.106 - - [18/Mar/2026:07:36:26 -0700] "GET /shopdetail/2960877607.html?path=%2Fhome%2Ffmbi332s7bv7%2Fpublic_html%2Fwp-content HTTP/2.0" 404 - "-" "Mozilla/5.0 AppleWebKit/537.36 (KHTML, like Gecko; compatible; ClaudeBot/1.0; +claudebot@anthropic.com)" 13 **0/13448**
57.141.20.37 - - [18/Mar/2026:07:36:26 -0700] "GET /shopdetail/1628271321.html?fileloc=/home/fmbi332s7bv7/public_html/wp-activate.php&path=/home/fmbi332s7bv7/public_html HTTP/2.0" 404 - "-" "meta-externalagent/1.1 (+https://developers.facebook.com/docs/sharing/webmasters/crawler)" 40 **0/40247**
216.73.216.106 - - [18/Mar/2026:07:36:29 -0700] "GET /shopdetail/3365214873.html?path=%2Fhome%2Ffmbi332s7bv7%2Fpublic_html HTTP/2.0" 404 - "-" "Mozilla/5.0 AppleWebKit/537.36 (KHTML, like Gecko; compatible; ClaudeBot/1.0; +claudebot@anthropic.com)" 15 **0/15472**
57.141.20.24 - - [18/Mar/2026:07:36:31 -0700] "GET /shopdetail/1017144205.html?fileloc=/home/fmbi332s7bv7/public_html/txets.php&path=/home/fmbi332s7bv7/public_html HTTP/2.0" 404 - "-" "meta-externalagent/1.1 (+https://developers.facebook.com/docs/sharing/webmasters/crawler)" 25 **0/25319**
216.73.216.106 - - [18/Mar/2026:07:36:32 -0700] "GET /shopdetail/3194653648.html?path=%2Fhome%2Ffmbi332s7bv7%2Fpublic_html%2Fwp-content%2Fmu-plugins HTTP/2.0" 404 - "-" "Mozilla/5.0 AppleWebKit/537.36 (KHTML, like Gecko; compatible; ClaudeBot/1.0; +claudebot@anthropic.com)" 13 **0/13716**
216.73.216.106 - - [18/Mar/2026:07:36:35 -0700] "GET /shopdetail/2209028714.html?fileloc=%2F%2Flib64%2Flibtalloc.so.2.4.1&path=%2F%2Flib64 HTTP/2.0" 404 - "-" "Mozilla/5.0 AppleWebKit/537.36 (KHTML, like Gecko; compatible; ClaudeBot/1.0; +claudebot@anthropic.com)" 12 **0/12376**
57.141.20.52 - - [18/Mar/2026:07:36:36 -0700] "GET /shopdetail/2447809906.html?fileloc=/home/fmbi332s7bv7/public_html/txets.php&path=/home/fmbi332s7bv7/public_html HTTP/2.0" 404 - "-" "meta-externalagent/1.1 (+https://developers.facebook.com/docs/sharing/webmasters/crawler)" 24 **0/24396**
216.73.216.106 - - [18/Mar/2026:07:36:38 -0700] "GET /shopdetail/2249733169.html?path=%2Fhome%2Ffmbi332s7bv7%2Fpublic_html%2Fwp-content HTTP/2.0" 404 - "-" "Mozilla/5.0 AppleWebKit/537.36 (KHTML, like Gecko; compatible; ClaudeBot/1.0; +claudebot@anthropic.com)" 24 **0/24069**
216.73.216.106 - - [18/Mar/2026:07:36:41 -0700] "GET /shopdetail/341876327.html?path=%2Fhome%2Ffmbi332s7bv7%2Fpublic_html%2Fwp-content%2Fuploads%2F2025 HTTP/2.0" 404 - "-" "Mozilla/5.0 AppleWebKit/537.36 (KHTML, like Gecko; compatible; ClaudeBot/1.0; +claudebot@anthropic.com)" 17 **0/17594**
57.141.20.4 - - [18/Mar/2026:07:36:42 -0700] "GET /shopdetail/3407711259.html?fileloc=/home/fmbi332s7bv7/public_html/robots.txt&path=/home/fmbi332s7bv7/public_html HTTP/2.0" 404 - "-" "meta-externalagent/1.1 (+https://developers.facebook.com/docs/sharing/webmasters/crawler)" 19 **0/19396**
216.73.216.106 - - [18/Mar/2026:07:36:44 -0700] "GET /shopdetail/3082207373.html?fileloc=%2Fhome%2Ffmbi332s7bv7%2Fpublic_html%2Fwp-admin%2Fplugins.php&path=%2Fhome%2Ffmbi332s7bv7%2Fpublic_html%2Fwp-admin HTTP/2.0" 404 - "-" "Mozilla/5.0 AppleWebKit/537.36 (KHTML, like Gecko; compatible; ClaudeBot/1.0; +claudebot@anthropic.com)" 12 **0/12944**
57.141.20.45 - - [18/Mar/2026:07:36:47 -0700] "GET /shopdetail/1806461389.html?fileloc=/home/fmbi332s7bv7/public_html/wp-config.php&path=/home/fmbi332s7bv7/public_html HTTP/2.0" 404 - "-" "meta-externalagent/1.1 (+https://developers.facebook.com/docs/sharing/webmasters/crawler)" 13 **0/13822**
216.73.216.106 - - [18/Mar/2026:07:36:47 -0700] "GET /shopdetail/4032213189.html?fileloc=%2Fhome%2Ffmbi332s7bv7%2Fpublic_html%2Fwp-admin%2Fadmin-post.php&path=%2Fhome%2Ffmbi332s7bv7%2Fpublic_html%2Fwp-admin HTTP/2.0" 404 - "-" "Mozilla/5.0 AppleWebKit/537.36 (KHTML, like Gecko; compatible; ClaudeBot/1.0; +claudebot@anthropic.com)" 11 **0/11640**
216.73.216.106 - - [18/Mar/2026:07:36:50 -0700] "GET /shopdetail/308265488.html?fileloc=%2Fhome%2Ffmbi332s7bv7%2Fpublic_html%2Fwp-includes%2Fclass-wp-query.php&path=%2Fhome%2Ffmbi332s7bv7%2Fpublic_html%2Fwp-includes HTTP/2.0" 404 - "-" "Mozilla/5.0 AppleWebKit/537.36 (KHTML, like Gecko; compatible; ClaudeBot/1.0; +claudebot@anthropic.com)" 13 **0/13494**
74.7.227.9 - - [18/Mar/2026:07:36:52 -0700] "GET /?path=//proc/self/root/proc/thread-self/root/proc/thread-self/root/proc/thread-self/root/proc/self/root/proc/thread-self/root/lib/.build-id/f1 HTTP/2.0" 404 - "https://powerchemyapikimyasallari.com/?path=//proc/self/root/proc/thread-self/root/proc/thread-self/root/proc/thread-self/root/proc/self/root/proc/thread-self/root/lib/.build-id" "Mozilla/5.0 AppleWebKit/537.36 (KHTML, like Gecko; compatible; GPTBot/1.3; +https://openai.com/gptbot)" 15 **0/15764**
57.141.20.24 - - [18/Mar/2026:07:36:52 -0700] "GET /shopdetail/2973336151.html?fileloc=/home/fmbi332s7bv7/public_html/robots.txt&path=/home/fmbi332s7bv7/public_html HTTP/2.0" 404 - "-" "meta-externalagent/1.1 (+https://developers.facebook.com/docs/sharing/webmasters/crawler)" 13 **0/13295**
74.7.227.150 - - [18/Mar/2026:07:36:53 -0700] "GET /?path=//proc/self/root/proc/thread-self/root/proc/thread-self/root/proc/thread-self/root/proc/self/root/proc/self/root/proc/thread-self/root/lib/.build-id/89 HTTP/2.0" 404 - "https://www.powerchemyapikimyasallari.com/?path=//proc/self/root/proc/thread-self/root/proc/thread-self/root/proc/thread-self/root/proc/self/root/proc/self/root/proc/thread-self/root/lib/.build-id" "Mozilla/5.0 AppleWebKit/537.36 (KHTML, like Gecko; compatible; GPTBot/1.3; +https://openai.com/gptbot)" 15 **0/15761**
216.73.216.106 - - [18/Mar/2026:07:36:53 -0700] "GET /shopdetail/488255387.html?fileloc=%2Fhome%2Ffmbi332s7bv7%2Fpublic_html%2Fwp-includes%2Fclass-wp-theme.php&path=%2Fhome%2Ffmbi332s7bv7%2Fpublic_html%2Fwp-includes HTTP/2.0" 404 - "-" "Mozilla/5.0 AppleWebKit/537.36 (KHTML, like Gecko; compatible; ClaudeBot/1.0; +claudebot@anthropic.com)" 10 **0/10373**
216.73.216.106 - - [18/Mar/2026:07:36:56 -0700] "GET /shopdetail/2239099373.html?path=%2Fhome%2Ffmbi332s7bv7%2Ftmp%2Fwebalizer HTTP/2.0" 404 - "-" "Mozilla/5.0 AppleWebKit/537.36 (KHTML, like Gecko; compatible; ClaudeBot/1.0; +claudebot@anthropic.com)" 12 **0/12399**
57.141.20.53 - - [18/Mar/2026:07:36:57 -0700] "GET /shopdetail/2470877883.html?fileloc=/home/fmbi332s7bv7/public_html/wp-comments-post.php&path=/home/fmbi332s7bv7/public_html HTTP/2.0" 404 - "-" "meta-externalagent/1.1 (+https://developers.facebook.com/docs/sharing/webmasters/crawler)" 11 **0/11622**
