88.88.133.210 - - [18/Mar/2026:06:31:15 -0700] "GET /?fileloc=//usr/include/jmorecfg.h&path=//usr/include HTTP/1.1" 404 - "-" "Mozilla/5.0 (compatible; MJ12bot/v1.4.8; http://mj12bot.com/)" 11 **0/11772**
216.73.216.106 - - [18/Mar/2026:06:31:18 -0700] "GET /author/admin/feed?fileloc=%2F%2Fusr%2Flib%2Ffirmware%2Famdgpu%2Fbonaire_me.bin&path=%2F%2Fusr%2Flib%2Ffirmware%2Famdgpu HTTP/2.0" 404 - "-" "Mozilla/5.0 AppleWebKit/537.36 (KHTML, like Gecko; compatible; ClaudeBot/1.0; +claudebot@anthropic.com)" 14 **0/14482**
57.141.20.54 - - [18/Mar/2026:06:31:18 -0700] "GET /shopdetail/4055543976.html?fileloc=/home/fmbi332s7bv7/public_html/robots.txt&path=/home/fmbi332s7bv7/public_html HTTP/2.0" 404 - "-" "meta-externalagent/1.1 (+https://developers.facebook.com/docs/sharing/webmasters/crawler)" 17 **0/17105**
88.88.133.210 - - [18/Mar/2026:06:31:19 -0700] "GET /?fileloc=//usr/include/jpegint.h&path=//usr/include HTTP/1.1" 404 - "-" "Mozilla/5.0 (compatible; MJ12bot/v1.4.8; http://mj12bot.com/)" 10 **0/10691**
216.73.216.106 - - [18/Mar/2026:06:31:22 -0700] "GET /author/admin/feed?fileloc=%2F%2Fusr%2Flib%2Ffirmware%2Famdgpu%2Fbonaire_sdma.bin&path=%2F%2Fusr%2Flib%2Ffirmware%2Famdgpu HTTP/2.0" 404 - "-" "Mozilla/5.0 AppleWebKit/537.36 (KHTML, like Gecko; compatible; ClaudeBot/1.0; +claudebot@anthropic.com)" 11 **0/11090**
88.88.133.210 - - [18/Mar/2026:06:31:22 -0700] "GET /?fileloc=//usr/include/jpeglib.h&path=//usr/include HTTP/1.1" 404 - "-" "Mozilla/5.0 (compatible; MJ12bot/v1.4.8; http://mj12bot.com/)" 11 **0/11448**
57.141.20.4 - - [18/Mar/2026:06:31:24 -0700] "GET /shopdetail/4125672659.html?fileloc=/home/fmbi332s7bv7/public_html/txets.php&path=/home/fmbi332s7bv7/public_html HTTP/2.0" 404 - "-" "meta-externalagent/1.1 (+https://developers.facebook.com/docs/sharing/webmasters/crawler)" 16 **0/16320**
216.73.216.106 - - [18/Mar/2026:06:31:26 -0700] "GET /shopdetail/1185192761.html?path=%2F HTTP/2.0" 404 - "-" "Mozilla/5.0 AppleWebKit/537.36 (KHTML, like Gecko; compatible; ClaudeBot/1.0; +claudebot@anthropic.com)" 14 **0/14414**
88.88.133.210 - - [18/Mar/2026:06:31:26 -0700] "GET /?fileloc=//usr/include/kdb.h&path=//usr/include HTTP/1.1" 404 - "-" "Mozilla/5.0 (compatible; MJ12bot/v1.4.8; http://mj12bot.com/)" 11 **0/11797**
216.73.216.106 - - [18/Mar/2026:06:31:28 -0700] "GET /shopdetail/2209028714.html?fileloc=%2F%2Flib64%2Flibm-2.28.so&path=%2F%2Flib64 HTTP/2.0" 404 - "-" "Mozilla/5.0 AppleWebKit/537.36 (KHTML, like Gecko; compatible; ClaudeBot/1.0; +claudebot@anthropic.com)" 9 **0/9603**
57.141.20.13 - - [18/Mar/2026:06:31:28 -0700] "GET /shopdetail/446817793.html?fileloc=/home/fmbi332s7bv7/public_html/robots.txt&path=/home/fmbi332s7bv7/public_html HTTP/2.0" 404 - "-" "meta-externalagent/1.1 (+https://developers.facebook.com/docs/sharing/webmasters/crawler)" 13 **0/13071**
88.88.133.210 - - [18/Mar/2026:06:31:29 -0700] "GET /?fileloc=//usr/include/keyutils.h&path=//usr/include HTTP/1.1" 404 - "-" "Mozilla/5.0 (compatible; MJ12bot/v1.4.8; http://mj12bot.com/)" 10 **0/10729**
74.7.227.9 - - [18/Mar/2026:06:31:31 -0700] "GET /?path=//proc/self/root/proc/thread-self/root/proc/thread-self/root/proc/thread-self/root/proc/self/root/proc/thread-self/root/proc/self/root/proc/self/root/proc/thread-self/root/proc/thread-self/root/var/cache/man/es HTTP/2.0" 404 - "https://powerchemyapikimyasallari.com/?path=//proc/self/root/proc/thread-self/root/proc/thread-self/root/proc/thread-self/root/proc/self/root/proc/thread-self/root/proc/self/root/proc/self/root/proc/thread-self/root/proc/thread-self/root/var/cache/man" "Mozilla/5.0 AppleWebKit/537.36 (KHTML, like Gecko; compatible; GPTBot/1.3; +https://openai.com/gptbot)" 15 **0/15194**
216.73.216.106 - - [18/Mar/2026:06:31:32 -0700] "GET /shopdetail/3342426270.html?fileloc=%2F%2Flib64%2Flibcc1.so.0&path=%2F%2Flib64 HTTP/2.0" 404 - "-" "Mozilla/5.0 AppleWebKit/537.36 (KHTML, like Gecko; compatible; ClaudeBot/1.0; +claudebot@anthropic.com)" 11 **0/11018**
88.88.133.210 - - [18/Mar/2026:06:31:33 -0700] "GET /?fileloc=//usr/include/krad.h&path=//usr/include HTTP/1.1" 404 - "-" "Mozilla/5.0 (compatible; MJ12bot/v1.4.8; http://mj12bot.com/)" 11 **0/11062**
57.141.20.49 - - [18/Mar/2026:06:31:34 -0700] "GET /shopdetail/782264563.html?fileloc=/home/fmbi332s7bv7/public_html/txets.php&path=/home/fmbi332s7bv7/public_html HTTP/2.0" 404 - "-" "meta-externalagent/1.1 (+https://developers.facebook.com/docs/sharing/webmasters/crawler)" 15 **0/15445**
216.73.216.106 - - [18/Mar/2026:06:31:36 -0700] "GET /shopdetail/2434807727.html?fileloc=%2F%2Fusr%2Flib64%2Flibguilereadline-v-18.so&path=%2F%2Fusr%2Flib64 HTTP/2.0" 404 - "-" "Mozilla/5.0 AppleWebKit/537.36 (KHTML, like Gecko; compatible; ClaudeBot/1.0; +claudebot@anthropic.com)" 12 **0/12207**
88.88.133.210 - - [18/Mar/2026:06:31:36 -0700] "GET /?fileloc=//usr/include/krb5.h&path=//usr/include HTTP/1.1" 404 - "-" "Mozilla/5.0 (compatible; MJ12bot/v1.4.8; http://mj12bot.com/)" 14 **0/14181**
57.141.20.43 - - [18/Mar/2026:06:31:39 -0700] "GET /shopdetail/1849349540.html?fileloc=/home/fmbi332s7bv7/public_html/wp-activate.php&path=/home/fmbi332s7bv7/public_html HTTP/2.0" 404 - "-" "meta-externalagent/1.1 (+https://developers.facebook.com/docs/sharing/webmasters/crawler)" 17 **0/17230**
88.88.133.210 - - [18/Mar/2026:06:31:40 -0700] "GET /?fileloc=//usr/include/langinfo.h&path=//usr/include HTTP/1.1" 404 - "-" "Mozilla/5.0 (compatible; MJ12bot/v1.4.8; http://mj12bot.com/)" 9 **0/9825**
216.73.216.106 - - [18/Mar/2026:06:31:40 -0700] "GET /shopdetail/3155840233.html?fileloc=%2Fhome%2Ffmbi332s7bv7%2Fpublic_html%2Fwp-blog-header.php&path=%2Fhome%2Ffmbi332s7bv7%2Fpublic_html HTTP/2.0" 404 - "-" "Mozilla/5.0 AppleWebKit/537.36 (KHTML, like Gecko; compatible; ClaudeBot/1.0; +claudebot@anthropic.com)" 12 **0/12518**
88.88.133.210 - - [18/Mar/2026:06:31:43 -0700] "GET /?fileloc=//usr/include/lastlog.h&path=//usr/include HTTP/1.1" 404 - "-" "Mozilla/5.0 (compatible; MJ12bot/v1.4.8; http://mj12bot.com/)" 12 **0/12237**
216.73.216.106 - - [18/Mar/2026:06:31:44 -0700] "GET /shopdetail/3342426270.html?fileloc=%2F%2Flib64%2Flibcrypto.so.10&path=%2F%2Flib64 HTTP/2.0" 404 - "-" "Mozilla/5.0 AppleWebKit/537.36 (KHTML, like Gecko; compatible; ClaudeBot/1.0; +claudebot@anthropic.com)" 11 **0/11380**
57.141.20.51 - - [18/Mar/2026:06:31:44 -0700] "GET /shopdetail/3271430568.html?fileloc=/home/fmbi332s7bv7/public_html/txets.php&path=/home/fmbi332s7bv7/public_html HTTP/2.0" 404 - "-" "meta-externalagent/1.1 (+https://developers.facebook.com/docs/sharing/webmasters/crawler)" 15 **0/15719**
74.7.227.150 - - [18/Mar/2026:06:31:46 -0700] "GET /?path=//proc/self/root/proc/thread-self/root/proc/thread-self/root/proc/thread-self/root/proc/self/root/proc/self/root/proc/thread-self/root/usr/lib/.build-id/d6 HTTP/2.0" 404 - "https://www.powerchemyapikimyasallari.com/?path=//proc/self/root/proc/thread-self/root/proc/thread-self/root/proc/thread-self/root/proc/self/root/proc/self/root/proc/thread-self/root/usr/lib/.build-id" "Mozilla/5.0 AppleWebKit/537.36 (KHTML, like Gecko; compatible; GPTBot/1.3; +https://openai.com/gptbot)" 12 **0/12429**
88.88.133.210 - - [18/Mar/2026:06:31:47 -0700] "GET /?fileloc=//usr/include/libaio.h&path=//usr/include HTTP/1.1" 404 - "-" "Mozilla/5.0 (compatible; MJ12bot/v1.4.8; http://mj12bot.com/)" 9 **0/9619**
216.73.216.106 - - [18/Mar/2026:06:31:48 -0700] "GET /shopdetail/3926690498.html?fileloc=%2Fhome%2Ffmbi332s7bv7%2Fpublic_html%2Ferror_log&path=%2Fhome%2Ffmbi332s7bv7%2Fpublic_html HTTP/2.0" 404 - "-" "Mozilla/5.0 AppleWebKit/537.36 (KHTML, like Gecko; compatible; ClaudeBot/1.0; +claudebot@anthropic.com)" 10 **0/10647**
57.141.20.28 - - [18/Mar/2026:06:31:49 -0700] "GET /shopdetail/1174309590.html?fileloc=/home/fmbi332s7bv7/public_html/txets.php&path=/home/fmbi332s7bv7/public_html HTTP/2.0" 404 - "-" "meta-externalagent/1.1 (+https://developers.facebook.com/docs/sharing/webmasters/crawler)" 16 **0/16726**
88.88.133.210 - - [18/Mar/2026:06:31:50 -0700] "GET /?fileloc=//usr/include/libgen.h&path=//usr/include HTTP/1.1" 404 - "-" "Mozilla/5.0 (compatible; MJ12bot/v1.4.8; http://mj12bot.com/)" 9 **0/9477**
216.73.216.106 - - [18/Mar/2026:06:31:52 -0700] "GET /shopdetail/3342426270.html?fileloc=%2F%2Flib64%2Flibgailutil.so.18&path=%2F%2Flib64 HTTP/2.0" 404 - "-" "Mozilla/5.0 AppleWebKit/537.36 (KHTML, like Gecko; compatible; ClaudeBot/1.0; +claudebot@anthropic.com)" 13 **0/13592**
88.88.133.210 - - [18/Mar/2026:06:31:54 -0700] "GET /?fileloc=//usr/include/libintl.h&path=//usr/include HTTP/1.1" 404 - "-" "Mozilla/5.0 (compatible; MJ12bot/v1.4.8; http://mj12bot.com/)" 11 **0/11164**
57.141.20.18 - - [18/Mar/2026:06:31:54 -0700] "GET /shopdetail/3990128790.html?fileloc=/home/fmbi332s7bv7/public_html/wp-activate.php&path=/home/fmbi332s7bv7/public_html HTTP/2.0" 404 - "-" "meta-externalagent/1.1 (+https://developers.facebook.com/docs/sharing/webmasters/crawler)" 11 **0/11137**
216.73.216.106 - - [18/Mar/2026:06:31:56 -0700] "GET /shopdetail/2228477409.html?path=%2Fhome%2Ffmbi332s7bv7%2F.sucuriquarantine HTTP/2.0" 404 - "-" "Mozilla/5.0 AppleWebKit/537.36 (KHTML, like Gecko; compatible; ClaudeBot/1.0; +claudebot@anthropic.com)" 12 **0/12343**
88.88.133.210 - - [18/Mar/2026:06:31:57 -0700] "GET /?fileloc=//usr/include/limits.h&path=//usr/include HTTP/1.1" 404 - "-" "Mozilla/5.0 (compatible; MJ12bot/v1.4.8; http://mj12bot.com/)" 10 **0/10219**
57.141.20.15 - - [18/Mar/2026:06:32:00 -0700] "GET /shopdetail/3550277061.html?fileloc=/home/fmbi332s7bv7/public_html/txets.php&path=/home/fmbi332s7bv7/public_html HTTP/2.0" 404 - "-" "meta-externalagent/1.1 (+https://developers.facebook.com/docs/sharing/webmasters/crawler)" 19 **0/19140**
216.73.216.106 - - [18/Mar/2026:06:32:00 -0700] "GET /author/admin/feed?fileloc=%2F%2Fusr%2Flib%2Ffirmware%2Famdgpu%2Fgc_11_5_2_imu.bin&path=%2F%2Fusr%2Flib%2Ffirmware%2Famdgpu HTTP/2.0" 404 - "-" "Mozilla/5.0 AppleWebKit/537.36 (KHTML, like Gecko; compatible; ClaudeBot/1.0; +claudebot@anthropic.com)" 21 **0/21498**
74.7.227.9 - - [18/Mar/2026:06:32:00 -0700] "GET /?path=//proc/self/root/proc/thread-self/root/proc/thread-self/root/proc/thread-self/root/proc/self/root/proc/thread-self/root/proc/thread-self/root/proc/self/root/proc/thread-self/root/proc/self/root/var/cache/man/es HTTP/2.0" 404 - "https://powerchemyapikimyasallari.com/?path=//proc/self/root/proc/thread-self/root/proc/thread-self/root/proc/thread-self/root/proc/self/root/proc/thread-self/root/proc/thread-self/root/proc/self/root/proc/thread-self/root/proc/self/root/var/cache/man" "Mozilla/5.0 AppleWebKit/537.36 (KHTML, like Gecko; compatible; GPTBot/1.3; +https://openai.com/gptbot)" 16 **0/16670**
88.88.133.210 - - [18/Mar/2026:06:32:01 -0700] "GET /?fileloc=//usr/include/link.h&path=//usr/include HTTP/1.1" 404 - "-" "Mozilla/5.0 (compatible; MJ12bot/v1.4.8; http://mj12bot.com/)" 12 **0/12047**
216.73.216.106 - - [18/Mar/2026:06:32:04 -0700] "GET /shopdetail/1323082311.html?path=%2F%2Fetc%2Fdefault HTTP/2.0" 404 - "-" "Mozilla/5.0 AppleWebKit/537.36 (KHTML, like Gecko; compatible; ClaudeBot/1.0; +claudebot@anthropic.com)" 13 **0/13385**
88.88.133.210 - - [18/Mar/2026:06:32:04 -0700] "GET /?fileloc=//usr/include/locale.h&path=//usr/include HTTP/1.1" 404 - "-" "Mozilla/5.0 (compatible; MJ12bot/v1.4.8; http://mj12bot.com/)" 10 **0/10332**
57.141.20.50 - - [18/Mar/2026:06:32:05 -0700] "GET /shopdetail/3800169105.html?fileloc=/home/fmbi332s7bv7/public_html/wp-activate.php&path=/home/fmbi332s7bv7/public_html HTTP/2.0" 404 - "-" "meta-externalagent/1.1 (+https://developers.facebook.com/docs/sharing/webmasters/crawler)" 17 **0/17186**
216.73.216.106 - - [18/Mar/2026:06:32:08 -0700] "GET /shopdetail/1484292982.html?path=%2F%2Fopt HTTP/2.0" 404 - "-" "Mozilla/5.0 AppleWebKit/537.36 (KHTML, like Gecko; compatible; ClaudeBot/1.0; +claudebot@anthropic.com)" 10 **0/10367**
88.88.133.210 - - [18/Mar/2026:06:32:08 -0700] "GET /?fileloc=//usr/include/ltdl.h&path=//usr/include HTTP/1.1" 404 - "-" "Mozilla/5.0 (compatible; MJ12bot/v1.4.8; http://mj12bot.com/)" 10 **0/10521**
57.141.20.3 - - [18/Mar/2026:06:32:10 -0700] "GET /shopdetail/4208029879.html?fileloc=/home/fmbi332s7bv7/public_html/txets.php&path=/home/fmbi332s7bv7/public_html HTTP/2.0" 404 - "-" "meta-externalagent/1.1 (+https://developers.facebook.com/docs/sharing/webmasters/crawler)" 14 **0/14623**
88.88.133.210 - - [18/Mar/2026:06:32:11 -0700] "GET /?fileloc=//usr/include/lzma.h&path=//usr/include HTTP/1.1" 404 - "-" "Mozilla/5.0 (compatible; MJ12bot/v1.4.8; http://mj12bot.com/)" 9 **0/9557**
216.73.216.106 - - [18/Mar/2026:06:32:12 -0700] "GET /author/admin/feed?fileloc=%2F%2Fusr%2Fshare%2Fperl5%2Fbytes_heavy.pl&path=%2F%2Fusr%2Fshare%2Fperl5 HTTP/2.0" 404 - "-" "Mozilla/5.0 AppleWebKit/537.36 (KHTML, like Gecko; compatible; ClaudeBot/1.0; +claudebot@anthropic.com)" 14 **0/14367**
57.141.20.47 - - [18/Mar/2026:06:32:15 -0700] "GET /shopdetail/2340216566.html?fileloc=/home/fmbi332s7bv7/public_html/txets.php&path=/home/fmbi332s7bv7/public_html HTTP/2.0" 404 - "-" "meta-externalagent/1.1 (+https://developers.facebook.com/docs/sharing/webmasters/crawler)" 11 **0/11411**
88.88.133.210 - - [18/Mar/2026:06:32:15 -0700] "GET /?fileloc=//usr/include/malloc.h&path=//usr/include HTTP/1.1" 404 - "-" "Mozilla/5.0 (compatible; MJ12bot/v1.4.8; http://mj12bot.com/)" 10 **0/10475**
216.73.216.106 - - [18/Mar/2026:06:32:16 -0700] "GET /author/admin/feed?path=%2F%2Fhome%2Ffmbi332s7bv7%2Fpublic_html%2Fwp-includes%2Fblocks%2Farchives HTTP/2.0" 404 - "-" "Mozilla/5.0 AppleWebKit/537.36 (KHTML, like Gecko; compatible; ClaudeBot/1.0; +claudebot@anthropic.com)" 9 **0/9802**
88.88.133.210 - - [18/Mar/2026:06:32:19 -0700] "GET /?fileloc=//usr/include/math.h&path=//usr/include HTTP/1.1" 404 - "-" "Mozilla/5.0 (compatible; MJ12bot/v1.4.8; http://mj12bot.com/)" 11 **0/11268**
216.73.216.106 - - [18/Mar/2026:06:32:20 -0700] "GET /hello-world?fileloc=%2F%2Fproc%2Fnet%2Fsnmp&path=%2F%2Fproc%2Fnet HTTP/2.0" 404 - "-" "Mozilla/5.0 AppleWebKit/537.36 (KHTML, like Gecko; compatible; ClaudeBot/1.0; +claudebot@anthropic.com)" 14 **0/14240**
57.141.20.50 - - [18/Mar/2026:06:32:20 -0700] "GET /shopdetail/2000618005.html?fileloc=/home/fmbi332s7bv7/public_html/wp-activate.php&path=/home/fmbi332s7bv7/public_html HTTP/2.0" 404 - "-" "meta-externalagent/1.1 (+https://developers.facebook.com/docs/sharing/webmasters/crawler)" 10 **0/10688**
88.88.133.210 - - [18/Mar/2026:06:32:22 -0700] "GET /?fileloc=//usr/include/mcheck.h&path=//usr/include HTTP/1.1" 404 - "-" "Mozilla/5.0 (compatible; MJ12bot/v1.4.8; http://mj12bot.com/)" 9 **0/9696**
216.73.216.106 - - [18/Mar/2026:06:32:24 -0700] "GET /shopdetail/2327609415.html?path=%2F%2Fbin HTTP/2.0" 404 - "-" "Mozilla/5.0 AppleWebKit/537.36 (KHTML, like Gecko; compatible; ClaudeBot/1.0; +claudebot@anthropic.com)" 13 **0/13515**
57.141.20.18 - - [18/Mar/2026:06:32:25 -0700] "GET /shopdetail/3103707852.html?fileloc=/home/fmbi332s7bv7/public_html/robots.txt&path=/home/fmbi332s7bv7/public_html HTTP/2.0" 404 - "-" "meta-externalagent/1.1 (+https://developers.facebook.com/docs/sharing/webmasters/crawler)" 15 **0/15222**
88.88.133.210 - - [18/Mar/2026:06:32:26 -0700] "GET /?fileloc=//usr/include/memory.h&path=//usr/include HTTP/1.1" 404 - "-" "Mozilla/5.0 (compatible; MJ12bot/v1.4.8; http://mj12bot.com/)" 10 **0/10966**
216.73.216.106 - - [18/Mar/2026:06:32:28 -0700] "GET /author/admin/feed?fileloc=%2F%2Fusr%2Fshare%2Fperl5%2Fsort.pm&path=%2F%2Fusr%2Fshare%2Fperl5 HTTP/2.0" 404 - "-" "Mozilla/5.0 AppleWebKit/537.36 (KHTML, like Gecko; compatible; ClaudeBot/1.0; +claudebot@anthropic.com)" 12 **0/12190**
74.7.227.9 - - [18/Mar/2026:06:32:29 -0700] "GET /?path=//proc/self/root/proc/thread-self/root/proc/thread-self/root/proc/thread-self/root/proc/self/root/proc/thread-self/root/proc/thread-self/root/proc/self/root/proc/self/root/proc/self/root/var/cache/man/es HTTP/2.0" 404 - "https://powerchemyapikimyasallari.com/?path=//proc/self/root/proc/thread-self/root/proc/thread-self/root/proc/thread-self/root/proc/self/root/proc/thread-self/root/proc/thread-self/root/proc/self/root/proc/self/root/proc/self/root/var/cache/man" "Mozilla/5.0 AppleWebKit/537.36 (KHTML, like Gecko; compatible; GPTBot/1.3; +https://openai.com/gptbot)" 11 **0/11198**
88.88.133.210 - - [18/Mar/2026:06:32:30 -0700] "GET /?fileloc=//usr/include/menu.h&path=//usr/include HTTP/1.1" 404 - "-" "Mozilla/5.0 (compatible; MJ12bot/v1.4.8; http://mj12bot.com/)" 9 **0/9174**
57.141.20.9 - - [18/Mar/2026:06:32:30 -0700] "GET /shopdetail/740032620.html?fileloc=/home/fmbi332s7bv7/public_html/xmlrpc.php&path=/home/fmbi332s7bv7/public_html HTTP/2.0" 404 - "-" "meta-externalagent/1.1 (+https://developers.facebook.com/docs/sharing/webmasters/crawler)" 12 **0/12339**
216.73.216.106 - - [18/Mar/2026:06:32:31 -0700] "GET /shopdetail/2319283520.html?fileloc=%2F%2Fbin%2Faclocal-1.16&path=%2F%2Fbin HTTP/2.0" 404 - "-" "Mozilla/5.0 AppleWebKit/537.36 (KHTML, like Gecko; compatible; ClaudeBot/1.0; +claudebot@anthropic.com)" 11 **0/11976**
88.88.133.210 - - [18/Mar/2026:06:32:33 -0700] "GET /?fileloc=//usr/include/mntent.h&path=//usr/include HTTP/1.1" 404 - "-" "Mozilla/5.0 (compatible; MJ12bot/v1.4.8; http://mj12bot.com/)" 9 **0/9217**
216.73.216.106 - - [18/Mar/2026:06:32:34 -0700] "GET /hello-world?fileloc=%2F%2Flib%2F.build-id%2F08%2Fb7542223f5d7f20f4bd1b16973abd9cfd5b2f8&path=%2F%2Flib%2F.build-id%2F08 HTTP/2.0" 404 - "-" "Mozilla/5.0 AppleWebKit/537.36 (KHTML, like Gecko; compatible; ClaudeBot/1.0; +claudebot@anthropic.com)" 13 **0/13211**
57.141.20.44 - - [18/Mar/2026:06:32:36 -0700] "GET /shopdetail/3294787652.html?fileloc=/home/fmbi332s7bv7/public_html/wp-activate.php&path=/home/fmbi332s7bv7/public_html HTTP/2.0" 404 - "-" "meta-externalagent/1.1 (+https://developers.facebook.com/docs/sharing/webmasters/crawler)" 11 **0/11237**
88.88.133.210 - - [18/Mar/2026:06:32:37 -0700] "GET /?fileloc=//usr/include/monetary.h&path=//usr/include HTTP/1.1" 404 - "-" "Mozilla/5.0 (compatible; MJ12bot/v1.4.8; http://mj12bot.com/)" 10 **0/10078**
216.73.216.106 - - [18/Mar/2026:06:32:38 -0700] "GET /shopdetail/2713951873.html?fileloc=%2Fhome%2Ffmbi332s7bv7%2Fpublic_html%2Fwp-trackback.php&path=%2Fhome%2Ffmbi332s7bv7%2Fpublic_html HTTP/2.0" 404 - "-" "Mozilla/5.0 AppleWebKit/537.36 (KHTML, like Gecko; compatible; ClaudeBot/1.0; +claudebot@anthropic.com)" 12 **0/12156**
88.88.133.210 - - [18/Mar/2026:06:32:40 -0700] "GET /?fileloc=//usr/include/mqueue.h&path=//usr/include HTTP/1.1" 404 - "-" "Mozilla/5.0 (compatible; MJ12bot/v1.4.8; http://mj12bot.com/)" 11 **0/11398**
57.141.20.51 - - [18/Mar/2026:06:32:41 -0700] "GET /shopdetail/2274103971.html?fileloc=/home/fmbi332s7bv7/public_html/wp-activate.php&path=/home/fmbi332s7bv7/public_html HTTP/2.0" 404 - "-" "meta-externalagent/1.1 (+https://developers.facebook.com/docs/sharing/webmasters/crawler)" 10 **0/10238**
216.73.216.106 - - [18/Mar/2026:06:32:42 -0700] "GET /shopdetail/3342426270.html?fileloc=%2F%2Flib64%2Flibgov_test.so.1.2&path=%2F%2Flib64 HTTP/2.0" 404 - "-" "Mozilla/5.0 AppleWebKit/537.36 (KHTML, like Gecko; compatible; ClaudeBot/1.0; +claudebot@anthropic.com)" 12 **0/12981**
88.88.133.210 - - [18/Mar/2026:06:32:44 -0700] "GET /?fileloc=//usr/include/nc_tparm.h&path=//usr/include HTTP/1.1" 404 - "-" "Mozilla/5.0 (compatible; MJ12bot/v1.4.8; http://mj12bot.com/)" 12 **0/12247**
57.141.20.7 - - [18/Mar/2026:06:32:46 -0700] "GET /shopdetail/645707996.html?fileloc=/home/fmbi332s7bv7/public_html/wp-activate.php&path=/home/fmbi332s7bv7/public_html HTTP/2.0" 404 - "-" "meta-externalagent/1.1 (+https://developers.facebook.com/docs/sharing/webmasters/crawler)" 10 **0/10345**
216.73.216.106 - - [18/Mar/2026:06:32:46 -0700] "GET /shopdetail/1050902836.html?fileloc=%2Fhome%2Ffmbi332s7bv7%2Fpublic_html%2Ferror_log&path=%2Fhome%2Ffmbi332s7bv7%2Fpublic_html HTTP/2.0" 404 - "-" "Mozilla/5.0 AppleWebKit/537.36 (KHTML, like Gecko; compatible; ClaudeBot/1.0; +claudebot@anthropic.com)" 11 **0/11672**
88.88.133.210 - - [18/Mar/2026:06:32:47 -0700] "GET /?fileloc=//usr/include/ncurses.h&path=//usr/include HTTP/1.1" 404 - "-" "Mozilla/5.0 (compatible; MJ12bot/v1.4.8; http://mj12bot.com/)" 14 **0/14037**
74.7.227.150 - - [18/Mar/2026:06:32:48 -0700] "GET /?path=//proc/self/root/proc/thread-self/root/proc/thread-self/root/proc/thread-self/root/proc/self/root/proc/self/root/proc/thread-self/root/usr/lib/.build-id/97 HTTP/2.0" 404 - "https://www.powerchemyapikimyasallari.com/?path=//proc/self/root/proc/thread-self/root/proc/thread-self/root/proc/thread-self/root/proc/self/root/proc/self/root/proc/thread-self/root/usr/lib/.build-id" "Mozilla/5.0 AppleWebKit/537.36 (KHTML, like Gecko; compatible; GPTBot/1.3; +https://openai.com/gptbot)" 12 **0/12243**
216.73.216.106 - - [18/Mar/2026:06:32:50 -0700] "GET /shopdetail/1285963157.html?fileloc=%2F%2Flib64%2Flibyaz_server.so.5&path=%2F%2Flib64 HTTP/2.0" 404 - "-" "Mozilla/5.0 AppleWebKit/537.36 (KHTML, like Gecko; compatible; ClaudeBot/1.0; +claudebot@anthropic.com)" 13 **0/13713**
57.141.20.20 - - [18/Mar/2026:06:32:51 -0700] "GET /shopdetail/1757860123.html?fileloc=/home/fmbi332s7bv7/public_html/wp-comments-post.php&path=/home/fmbi332s7bv7/public_html HTTP/2.0" 404 - "-" "meta-externalagent/1.1 (+https://developers.facebook.com/docs/sharing/webmasters/crawler)" 10 **0/10083**
88.88.133.210 - - [18/Mar/2026:06:32:51 -0700] "GET /?fileloc=//usr/include/ncurses_dll.h&path=//usr/include HTTP/1.1" 404 - "-" "Mozilla/5.0 (compatible; MJ12bot/v1.4.8; http://mj12bot.com/)" 9 **0/9749**
216.73.216.106 - - [18/Mar/2026:06:32:54 -0700] "GET /shopdetail/309117077.html?fileloc=%2Fhome%2Ffmbi332s7bv7%2Fpublic_html%2Fwp-login.php&path=%2Fhome%2Ffmbi332s7bv7%2Fpublic_html HTTP/2.0" 404 - "-" "Mozilla/5.0 AppleWebKit/537.36 (KHTML, like Gecko; compatible; ClaudeBot/1.0; +claudebot@anthropic.com)" 12 **0/12904**
113.186.118.33 - - [18/Mar/2026:06:32:54 -0700] "GET /urun-kategori/profiller/delikli-kose-profil/ HTTP/1.1" 404 - "-" "Opera/9.31.(Windows NT 5.0; os-RU) Presto/2.9.185 Version/10.00" 8 **0/8429**
88.88.133.210 - - [18/Mar/2026:06:32:55 -0700] "GET /?fileloc=//usr/include/ndbm.h&path=//usr/include HTTP/1.1" 404 - "-" "Mozilla/5.0 (compatible; MJ12bot/v1.4.8; http://mj12bot.com/)" 10 **0/10788**
74.7.227.9 - - [18/Mar/2026:06:32:56 -0700] "GET /?fileloc=//proc/self/root/proc/thread-self/root/proc/thread-self/root/proc/thread-self/root/proc/self/root/proc/thread-self/root/proc/self/root/proc/self/ns/user&path=//proc/self/root/proc/thread-self/root/proc/thread-self/root/proc/thread-self/root/proc/self/root/proc/thread-self/root/proc/self/root/proc/self/ns HTTP/2.0" 404 - "https://powerchemyapikimyasallari.com/?path=//proc/self/root/proc/thread-self/root/proc/thread-self/root/proc/thread-self/root/proc/self/root/proc/thread-self/root/proc/self/root/proc/self/ns" "Mozilla/5.0 AppleWebKit/537.36 (KHTML, like Gecko; compatible; GPTBot/1.3; +https://openai.com/gptbot)" 13 **0/13185**
57.141.20.12 - - [18/Mar/2026:06:32:56 -0700] "GET /shopdetail/1831769896.html?fileloc=/home/fmbi332s7bv7/public_html/txets.php&path=/home/fmbi332s7bv7/public_html HTTP/2.0" 404 - "-" "meta-externalagent/1.1 (+https://developers.facebook.com/docs/sharing/webmasters/crawler)" 12 **0/12111**
216.73.216.106 - - [18/Mar/2026:06:32:58 -0700] "GET /shopdetail/2209028714.html?fileloc=%2F%2Flib64%2Flibjasper.so.4.0.0&path=%2F%2Flib64 HTTP/2.0" 404 - "-" "Mozilla/5.0 AppleWebKit/537.36 (KHTML, like Gecko; compatible; ClaudeBot/1.0; +claudebot@anthropic.com)" 13 **0/13528**
88.88.133.210 - - [18/Mar/2026:06:32:58 -0700] "GET /?fileloc=//usr/include/netdb.h&path=//usr/include HTTP/1.1" 404 - "-" "Mozilla/5.0 (compatible; MJ12bot/v1.4.8; http://mj12bot.com/)" 11 **0/11652**
216.73.216.106 - - [18/Mar/2026:06:33:00 -0700] "GET /shopdetail/3155840233.html?fileloc=%2Fhome%2Ffmbi332s7bv7%2Fpublic_html%2Fab8dcd30%2F.htaccess&path=%2Fhome%2Ffmbi332s7bv7%2Fpublic_html%2Fab8dcd30 HTTP/2.0" 404 - "-" "Mozilla/5.0 AppleWebKit/537.36 (KHTML, like Gecko; compatible; ClaudeBot/1.0; +claudebot@anthropic.com)" 17 **0/17789**
57.141.20.55 - - [18/Mar/2026:06:33:01 -0700] "GET /shopdetail/1083162051.html?fileloc=/home/fmbi332s7bv7/public_html/txets.php&path=/home/fmbi332s7bv7/public_html HTTP/2.0" 404 - "-" "meta-externalagent/1.1 (+https://developers.facebook.com/docs/sharing/webmasters/crawler)" 12 **0/12341**
88.88.133.210 - - [18/Mar/2026:06:33:02 -0700] "GET /?fileloc=//usr/include/nl_types.h&path=//usr/include HTTP/1.1" 404 - "-" "Mozilla/5.0 (compatible; MJ12bot/v1.4.8; http://mj12bot.com/)" 11 **0/11683**
123.20.46.69 - - [18/Mar/2026:06:33:04 -0700] "GET /urun-kategori/derz-ve-astar/ HTTP/1.1" 404 - "-" "Mozilla/5.0 (compatible; MSIE 9.0; Windows NT 11.0; Trident/5.1)" 13 **0/13799**
66.249.64.101 - - [18/Mar/2026:06:33:04 -0700] "GET /?o=34988218109004 HTTP/1.1" 404 - "-" "Mozilla/5.0 (Linux; Android 6.0.1; Nexus 5X Build/MMB29P) AppleWebKit/537.36 (KHTML, like Gecko) Chrome/145.0.7632.159 Mobile Safari/537.36 (compatible; Googlebot/2.1; +http://www.google.com/bot.html)" 12 **0/12672**
88.88.133.210 - - [18/Mar/2026:06:33:05 -0700] "GET /?fileloc=//usr/include/nss.h&path=//usr/include HTTP/1.1" 404 - "-" "Mozilla/5.0 (compatible; MJ12bot/v1.4.8; http://mj12bot.com/)" 15 **0/15223**
216.73.216.106 - - [18/Mar/2026:06:33:06 -0700] "GET /shopdetail/1285963157.html?fileloc=%2F%2Flib64%2Flibaprutil-1.so.0.6.1&path=%2F%2Flib64 HTTP/2.0" 404 - "-" "Mozilla/5.0 AppleWebKit/537.36 (KHTML, like Gecko; compatible; ClaudeBot/1.0; +claudebot@anthropic.com)" 13 **0/13284**
57.141.20.33 - - [18/Mar/2026:06:33:07 -0700] "GET /shopdetail/1647423498.html?fileloc=/home/fmbi332s7bv7/public_html/wp-comments-post.php&path=/home/fmbi332s7bv7/public_html HTTP/2.0" 404 - "-" "meta-externalagent/1.1 (+https://developers.facebook.com/docs/sharing/webmasters/crawler)" 14 **0/14703**
88.88.133.210 - - [18/Mar/2026:06:33:09 -0700] "GET /?fileloc=//usr/include/obstack.h&path=//usr/include HTTP/1.1" 404 - "-" "Mozilla/5.0 (compatible; MJ12bot/v1.4.8; http://mj12bot.com/)" 9 **0/9762**
216.73.216.106 - - [18/Mar/2026:06:33:09 -0700] "GET /shopdetail/3686447057.html?fileloc=%2Fhome%2Ffmbi332s7bv7%2Fpublic_html%2Fwp-admin%2Fjs%2Finline-edit-tax.min.js&path=%2Fhome%2Ffmbi332s7bv7%2Fpublic_html%2Fwp-admin%2Fjs HTTP/2.0" 404 - "-" "Mozilla/5.0 AppleWebKit/537.36 (KHTML, like Gecko; compatible; ClaudeBot/1.0; +claudebot@anthropic.com)" 11 **0/11813**
57.141.20.3 - - [18/Mar/2026:06:33:12 -0700] "GET /shopdetail/2936325569.html?fileloc=/home/fmbi332s7bv7/public_html/wp-activate.php&path=/home/fmbi332s7bv7/public_html HTTP/2.0" 404 - "-" "meta-externalagent/1.1 (+https://developers.facebook.com/docs/sharing/webmasters/crawler)" 19 **0/19770**
88.88.133.210 - - [18/Mar/2026:06:33:12 -0700] "GET /?fileloc=//usr/include/panel.h&path=//usr/include HTTP/1.1" 404 - "-" "Mozilla/5.0 (compatible; MJ12bot/v1.4.8; http://mj12bot.com/)" 9 **0/9300**
216.73.216.106 - - [18/Mar/2026:06:33:13 -0700] "GET /shopdetail/1656179951.html?fileloc=%2Fhome%2Ffmbi332s7bv7%2Fpublic_html%2F.htaccess&path=%2Fhome%2Ffmbi332s7bv7%2Fpublic_html HTTP/2.0" 404 - "-" "Mozilla/5.0 AppleWebKit/537.36 (KHTML, like Gecko; compatible; ClaudeBot/1.0; +claudebot@anthropic.com)" 12 **0/12619**
88.88.133.210 - - [18/Mar/2026:06:33:16 -0700] "GET /?fileloc=//usr/include/paths.h&path=//usr/include HTTP/1.1" 404 - "-" "Mozilla/5.0 (compatible; MJ12bot/v1.4.8; http://mj12bot.com/)" 12 **0/12686**
57.141.20.4 - - [18/Mar/2026:06:33:17 -0700] "GET /public/unlock-the-secrets-of-gambling-success-with-unknown-in-the-casino-world/?fileloc=/home/fmbi332s7bv7/public_html/wp-comments-post.php&path=/home/fmbi332s7bv7/public_html HTTP/2.0" 404 - "-" "meta-externalagent/1.1 (+https://developers.facebook.com/docs/sharing/webmasters/crawler)" 14 **0/14645**
216.73.216.106 - - [18/Mar/2026:06:33:17 -0700] "GET /shopdetail/1323082311.html?fileloc=%2Fhome%2Ffmbi332s7bv7%2Fpublic_html%2Fwp-includes%2Fjs%2Fmedia-audiovideo.js&path=%2Fhome%2Ffmbi332s7bv7%2Fpublic_html%2Fwp-includes%2Fjs HTTP/2.0" 404 - "-" "Mozilla/5.0 AppleWebKit/537.36 (KHTML, like Gecko; compatible; ClaudeBot/1.0; +claudebot@anthropic.com)" 16 **0/16878**
88.88.133.210 - - [18/Mar/2026:06:33:20 -0700] "GET /?fileloc=//usr/include/pcre2.h&path=//usr/include HTTP/1.1" 404 - "-" "Mozilla/5.0 (compatible; MJ12bot/v1.4.8; http://mj12bot.com/)" 9 **0/9940**
216.73.216.106 - - [18/Mar/2026:06:33:21 -0700] "GET /shopdetail/1332947427.html?fileloc=%2Fhome%2Ffmbi332s7bv7%2Fpublic_html%2F.htaccess&path=%2Fhome%2Ffmbi332s7bv7%2Fpublic_html HTTP/2.0" 404 - "-" "Mozilla/5.0 AppleWebKit/537.36 (KHTML, like Gecko; compatible; ClaudeBot/1.0; +claudebot@anthropic.com)" 12 **0/12749**
57.141.20.43 - - [18/Mar/2026:06:33:22 -0700] "GET /shopdetail/2654828043.html?fileloc=/home/fmbi332s7bv7/public_html/wp-activate.php&path=/home/fmbi332s7bv7/public_html HTTP/2.0" 404 - "-" "meta-externalagent/1.1 (+https://developers.facebook.com/docs/sharing/webmasters/crawler)" 22 **0/22272**
88.88.133.210 - - [18/Mar/2026:06:33:23 -0700] "GET /?fileloc=//usr/include/pcre2posix.h&path=//usr/include HTTP/1.1" 404 - "-" "Mozilla/5.0 (compatible; MJ12bot/v1.4.8; http://mj12bot.com/)" 9 **0/9067**
216.73.216.106 - - [18/Mar/2026:06:33:25 -0700] "GET /shopdetail/542987938.html?fileloc=%2F%2Flib64%2Flibhavege.so.2.0.0&path=%2F%2Flib64 HTTP/2.0" 404 - "-" "Mozilla/5.0 AppleWebKit/537.36 (KHTML, like Gecko; compatible; ClaudeBot/1.0; +claudebot@anthropic.com)" 13 **0/13011**
74.7.227.9 - - [18/Mar/2026:06:33:25 -0700] "GET /?fileloc=//proc/self/root/proc/thread-self/root/proc/thread-self/root/proc/thread-self/root/proc/self/root/proc/thread-self/root/proc/sys/fs/pipe-user-pages-hard&path=//proc/self/root/proc/thread-self/root/proc/thread-self/root/proc/thread-self/root/proc/self/root/proc/thread-self/root/proc/sys/fs HTTP/2.0" 404 - "https://powerchemyapikimyasallari.com/?path=//proc/self/root/proc/thread-self/root/proc/thread-self/root/proc/thread-self/root/proc/self/root/proc/thread-self/root/proc/sys/fs" "Mozilla/5.0 AppleWebKit/537.36 (KHTML, like Gecko; compatible; GPTBot/1.3; +https://openai.com/gptbot)" 11 **0/11686**
88.88.133.210 - - [18/Mar/2026:06:33:27 -0700] "GET /?fileloc=//usr/include/png.h&path=//usr/include HTTP/1.1" 404 - "-" "Mozilla/5.0 (compatible; MJ12bot/v1.4.8; http://mj12bot.com/)" 11 **0/11151**
57.141.20.10 - - [18/Mar/2026:06:33:27 -0700] "GET /public/exploring-the-allure-of-casino-games-why-they-captivate-so-many-players/?fileloc=/home/fmbi332s7bv7/public_html/wp-load.php&path=/home/fmbi332s7bv7/public_html HTTP/2.0" 404 - "-" "meta-externalagent/1.1 (+https://developers.facebook.com/docs/sharing/webmasters/crawler)" 98 **0/98591**
216.73.216.106 - - [18/Mar/2026:06:33:29 -0700] "GET /author/admin/feed?fileloc=%2F%2Flib%2F.build-id%2F71%2Ff246b2440f857beb5f59c3756b41d91e54949a&path=%2F%2Flib%2F.build-id%2F71 HTTP/2.0" 404 - "-" "Mozilla/5.0 AppleWebKit/537.36 (KHTML, like Gecko; compatible; ClaudeBot/1.0; +claudebot@anthropic.com)" 12 **0/12642**
88.88.133.210 - - [18/Mar/2026:06:33:30 -0700] "GET /?fileloc=//usr/include/pngconf.h&path=//usr/include HTTP/1.1" 404 - "-" "Mozilla/5.0 (compatible; MJ12bot/v1.4.8; http://mj12bot.com/)" 10 **0/10956**
57.141.20.30 - - [18/Mar/2026:06:33:32 -0700] "GET /shopdetail/323835028.html?fileloc=/home/fmbi332s7bv7/public_html/txets.php&path=/home/fmbi332s7bv7/public_html HTTP/2.0" 404 - "-" "meta-externalagent/1.1 (+https://developers.facebook.com/docs/sharing/webmasters/crawler)" 11 **0/11187**
216.73.216.106 - - [18/Mar/2026:06:33:33 -0700] "GET /shopdetail/2365353823.html?fileloc=%2Fhome%2Ffmbi332s7bv7%2Fpublic_html%2Fwp-content%2Flanguages%2Ftr_TR-81d6f084cb273e02e15b01bd9ece87f7.json&path=%2Fhome%2Ffmbi332s7bv7%2Fpublic_html%2Fwp-content%2Flanguages HTTP/2.0" 404 - "-" "Mozilla/5.0 AppleWebKit/537.36 (KHTML, like Gecko; compatible; ClaudeBot/1.0; +claudebot@anthropic.com)" 10 **0/10234**
88.88.133.210 - - [18/Mar/2026:06:33:34 -0700] "GET /?fileloc=//usr/include/pnglibconf.h&path=//usr/include HTTP/1.1" 404 - "-" "Mozilla/5.0 (compatible; MJ12bot/v1.4.8; http://mj12bot.com/)" 11 **0/11044**
216.73.216.106 - - [18/Mar/2026:06:33:37 -0700] "GET /shopdetail/2721932426.html?path=%2F HTTP/2.0" 404 - "-" "Mozilla/5.0 AppleWebKit/537.36 (KHTML, like Gecko; compatible; ClaudeBot/1.0; +claudebot@anthropic.com)" 16 **0/16245**
88.88.133.210 - - [18/Mar/2026:06:33:37 -0700] "GET /?fileloc=//usr/include/poll.h&path=//usr/include HTTP/1.1" 404 - "-" "Mozilla/5.0 (compatible; MJ12bot/v1.4.8; http://mj12bot.com/)" 9 **0/9908**
57.141.20.30 - - [18/Mar/2026:06:33:37 -0700] "GET /shopdetail/162303086.html?fileloc=/home/fmbi332s7bv7/public_html/txets.php&path=/home/fmbi332s7bv7/public_html HTTP/2.0" 404 - "-" "meta-externalagent/1.1 (+https://developers.facebook.com/docs/sharing/webmasters/crawler)" 20 **0/20103**
216.73.216.106 - - [18/Mar/2026:06:33:41 -0700] "GET /shopdetail/1749773838.html?path=%2F HTTP/2.0" 404 - "-" "Mozilla/5.0 AppleWebKit/537.36 (KHTML, like Gecko; compatible; ClaudeBot/1.0; +claudebot@anthropic.com)" 10 **0/10846**
88.88.133.210 - - [18/Mar/2026:06:33:41 -0700] "GET /?fileloc=//usr/include/pr29.h&path=//usr/include HTTP/1.1" 404 - "-" "Mozilla/5.0 (compatible; MJ12bot/v1.4.8; http://mj12bot.com/)" 10 **0/10811**
57.141.20.19 - - [18/Mar/2026:06:33:43 -0700] "GET /shopdetail/3587822854.html?fileloc=/home/fmbi332s7bv7/public_html/txets.php&path=/home/fmbi332s7bv7/public_html HTTP/2.0" 404 - "-" "meta-externalagent/1.1 (+https://developers.facebook.com/docs/sharing/webmasters/crawler)" 101 **0/101349**
88.88.133.210 - - [18/Mar/2026:06:33:45 -0700] "GET /?fileloc=//usr/include/printf.h&path=//usr/include HTTP/1.1" 404 - "-" "Mozilla/5.0 (compatible; MJ12bot/v1.4.8; http://mj12bot.com/)" 10 **0/10693**
216.73.216.106 - - [18/Mar/2026:06:33:45 -0700] "GET /author/admin/feed?path=%2F%2Fhome%2Ffmbi332s7bv7%2F.cagefs%2Fopt%2Falt%2Fphp72 HTTP/2.0" 404 - "-" "Mozilla/5.0 AppleWebKit/537.36 (KHTML, like Gecko; compatible; ClaudeBot/1.0; +claudebot@anthropic.com)" 10 **0/10654**
88.88.133.210 - - [18/Mar/2026:06:33:48 -0700] "GET /?fileloc=//usr/include/proc_service.h&path=//usr/include HTTP/1.1" 404 - "-" "Mozilla/5.0 (compatible; MJ12bot/v1.4.8; http://mj12bot.com/)" 9 **0/9393**
57.141.20.31 - - [18/Mar/2026:06:33:48 -0700] "GET /shopdetail/1620117898.html?fileloc=/home/fmbi332s7bv7/public_html/wp-activate.php&path=/home/fmbi332s7bv7/public_html HTTP/2.0" 404 - "-" "meta-externalagent/1.1 (+https://developers.facebook.com/docs/sharing/webmasters/crawler)" 14 **0/14424**
216.73.216.106 - - [18/Mar/2026:06:33:49 -0700] "GET /author/admin/feed?fileloc=%2F%2Fusr%2Flib%2Ffirmware%2Famdgpu%2Fhawaii_rlc.bin&path=%2F%2Fusr%2Flib%2Ffirmware%2Famdgpu HTTP/2.0" 404 - "-" "Mozilla/5.0 AppleWebKit/537.36 (KHTML, like Gecko; compatible; ClaudeBot/1.0; +claudebot@anthropic.com)" 10 **0/10355**
88.88.133.210 - - [18/Mar/2026:06:33:51 -0700] "GET /?fileloc=//usr/include/profile.h&path=//usr/include HTTP/1.1" 404 - "-" "Mozilla/5.0 (compatible; MJ12bot/v1.4.8; http://mj12bot.com/)" 11 **0/11827**
216.73.216.106 - - [18/Mar/2026:06:33:53 -0700] "GET /author/admin/feed?path=%2F%2Fopt%2Falt%2Ftests%2Falt-php56-pecl-imagick_3.8.0-10.el8%2Futil HTTP/2.0" 404 - "-" "Mozilla/5.0 AppleWebKit/537.36 (KHTML, like Gecko; compatible; ClaudeBot/1.0; +claudebot@anthropic.com)" 13 **0/13412**
57.141.20.55 - - [18/Mar/2026:06:33:53 -0700] "GET /shopdetail/543659296.html?fileloc=/home/fmbi332s7bv7/public_html/txets.php&path=/home/fmbi332s7bv7/public_html HTTP/2.0" 404 - "-" "meta-externalagent/1.1 (+https://developers.facebook.com/docs/sharing/webmasters/crawler)" 11 **0/11938**
74.7.227.9 - - [18/Mar/2026:06:33:54 -0700] "GET /?fileloc=//proc/self/root/proc/thread-self/root/proc/thread-self/root/proc/thread-self/root/proc/self/root/proc/thread-self/root/proc/sys/fs/pipe-user-pages-soft&path=//proc/self/root/proc/thread-self/root/proc/thread-self/root/proc/thread-self/root/proc/self/root/proc/thread-self/root/proc/sys/fs HTTP/2.0" 404 - "https://powerchemyapikimyasallari.com/?path=//proc/self/root/proc/thread-self/root/proc/thread-self/root/proc/thread-self/root/proc/self/root/proc/thread-self/root/proc/sys/fs" "Mozilla/5.0 AppleWebKit/537.36 (KHTML, like Gecko; compatible; GPTBot/1.3; +https://openai.com/gptbot)" 13 **0/13283**
88.88.133.210 - - [18/Mar/2026:06:33:55 -0700] "GET /?fileloc=//usr/include/pthread.h&path=//usr/include HTTP/1.1" 404 - "-" "Mozilla/5.0 (compatible; MJ12bot/v1.4.8; http://mj12bot.com/)" 11 **0/11487**
74.7.227.150 - - [18/Mar/2026:06:33:51 -0700] "GET /?path=//proc/self/root/proc/thread-self/root/proc/thread-self/root/proc/thread-self/root/proc/self/root/proc/self/root/proc/thread-self/root/usr/lib/.build-id/8a HTTP/2.0" 404 - "https://www.powerchemyapikimyasallari.com/?path=//proc/self/root/proc/thread-self/root/proc/thread-self/root/proc/thread-self/root/proc/self/root/proc/self/root/proc/thread-self/root/usr/lib/.build-id" "Mozilla/5.0 AppleWebKit/537.36 (KHTML, like Gecko; compatible; GPTBot/1.3; +https://openai.com/gptbot)" 5012 **5/5012020**
216.73.216.106 - - [18/Mar/2026:06:33:57 -0700] "GET /author/admin/feed?fileloc=%2F%2Fusr%2Flib%2Ffirmware%2Famdgpu%2Fgc_11_5_0_mes_2.bin&path=%2F%2Fusr%2Flib%2Ffirmware%2Famdgpu HTTP/2.0" 404 - "-" "Mozilla/5.0 AppleWebKit/537.36 (KHTML, like Gecko; compatible; ClaudeBot/1.0; +claudebot@anthropic.com)" 9 **0/9369**
57.141.20.11 - - [18/Mar/2026:06:33:58 -0700] "GET /shopdetail/3129129149.html?fileloc=/home/fmbi332s7bv7/public_html/wp-activate.php&path=/home/fmbi332s7bv7/public_html HTTP/2.0" 404 - "-" "meta-externalagent/1.1 (+https://developers.facebook.com/docs/sharing/webmasters/crawler)" 14 **0/14465**
88.88.133.210 - - [18/Mar/2026:06:33:58 -0700] "GET /?fileloc=//usr/include/pty.h&path=//usr/include HTTP/1.1" 404 - "-" "Mozilla/5.0 (compatible; MJ12bot/v1.4.8; http://mj12bot.com/)" 11 **0/11017**
216.73.216.106 - - [18/Mar/2026:06:34:01 -0700] "GET /shopdetail/3494793066.html?path=%2F%2Fdev%2Fshm HTTP/2.0" 404 - "-" "Mozilla/5.0 AppleWebKit/537.36 (KHTML, like Gecko; compatible; ClaudeBot/1.0; +claudebot@anthropic.com)" 20 **0/20130**
88.88.133.210 - - [18/Mar/2026:06:34:02 -0700] "GET /?fileloc=//usr/include/punycode.h&path=//usr/include HTTP/1.1" 404 - "-" "Mozilla/5.0 (compatible; MJ12bot/v1.4.8; http://mj12bot.com/)" 17 **0/17471**
57.141.20.33 - - [18/Mar/2026:06:34:03 -0700] "GET /shopdetail/1463747966.html?fileloc=/home/fmbi332s7bv7/public_html/txets.php&path=/home/fmbi332s7bv7/public_html HTTP/2.0" 404 - "-" "meta-externalagent/1.1 (+https://developers.facebook.com/docs/sharing/webmasters/crawler)" 14 **0/14466**
216.73.216.106 - - [18/Mar/2026:06:34:05 -0700] "GET /author/admin/feed?fileloc=%2F%2Fusr%2Flib%2Ffirmware%2Famdgpu%2Fgc_11_0_4_pfp.bin&path=%2F%2Fusr%2Flib%2Ffirmware%2Famdgpu HTTP/2.0" 404 - "-" "Mozilla/5.0 AppleWebKit/537.36 (KHTML, like Gecko; compatible; ClaudeBot/1.0; +claudebot@anthropic.com)" 17 **0/17825**
88.88.133.210 - - [18/Mar/2026:06:34:05 -0700] "GET /?fileloc=//usr/include/pwd.h&path=//usr/include HTTP/1.1" 404 - "-" "Mozilla/5.0 (compatible; MJ12bot/v1.4.8; http://mj12bot.com/)" 10 **0/10317**
216.73.216.106 - - [18/Mar/2026:06:34:08 -0700] "GET /author/admin/feed?fileloc=%2Fhome%2Ffmbi332s7bv7%2Fmail%2Fdovecot-quota&path=%2Fhome%2Ffmbi332s7bv7%2Fmail HTTP/2.0" 404 - "-" "Mozilla/5.0 AppleWebKit/537.36 (KHTML, like Gecko; compatible; ClaudeBot/1.0; +claudebot@anthropic.com)" 61 **0/61078**
57.141.20.11 - - [18/Mar/2026:06:34:09 -0700] "GET /shopdetail/2534947281.html?fileloc=/home/fmbi332s7bv7/public_html/wp-activate.php&path=/home/fmbi332s7bv7/public_html HTTP/2.0" 404 - "-" "meta-externalagent/1.1 (+https://developers.facebook.com/docs/sharing/webmasters/crawler)" 26 **0/26798**
88.88.133.210 - - [18/Mar/2026:06:34:09 -0700] "GET /?fileloc=//usr/include/re_comp.h&path=//usr/include HTTP/1.1" 404 - "-" "Mozilla/5.0 (compatible; MJ12bot/v1.4.8; http://mj12bot.com/)" 9 **0/9766**
216.73.216.106 - - [18/Mar/2026:06:34:11 -0700] "GET /shopdetail/1167674184.html?fileloc=%2Fhome%2Ffmbi332s7bv7%2Fpublic_html%2F.htaccess&path=%2Fhome%2Ffmbi332s7bv7%2Fpublic_html HTTP/2.0" 404 - "-" "Mozilla/5.0 AppleWebKit/537.36 (KHTML, like Gecko; compatible; ClaudeBot/1.0; +claudebot@anthropic.com)" 9 **0/9921**
88.88.133.210 - - [18/Mar/2026:06:34:13 -0700] "GET /?fileloc=//usr/include/regex.h&path=//usr/include HTTP/1.1" 404 - "-" "Mozilla/5.0 (compatible; MJ12bot/v1.4.8; http://mj12bot.com/)" 11 **0/11955**
57.141.20.20 - - [18/Mar/2026:06:34:14 -0700] "GET /shopdetail/2841926181.html?fileloc=/home/fmbi332s7bv7/public_html/txets.php&path=/home/fmbi332s7bv7/public_html HTTP/2.0" 404 - "-" "meta-externalagent/1.1 (+https://developers.facebook.com/docs/sharing/webmasters/crawler)" 14 **0/14443**
216.73.216.106 - - [18/Mar/2026:06:34:15 -0700] "GET /urun-kategori/harclar/isi-yalitim-levha/feed?path=%2F%2Fhome%2Ffmbi332s7bv7%2Fwww%2Fwp-content%2Fplugins%2Fwoocommerce%2Fassets%2Fjs HTTP/2.0" 404 - "-" "Mozilla/5.0 AppleWebKit/537.36 (KHTML, like Gecko; compatible; ClaudeBot/1.0; +claudebot@anthropic.com)" 10 **0/10896**
88.88.133.210 - - [18/Mar/2026:06:34:16 -0700] "GET /?fileloc=//usr/include/regexp.h&path=//usr/include HTTP/1.1" 404 - "-" "Mozilla/5.0 (compatible; MJ12bot/v1.4.8; http://mj12bot.com/)" 11 **0/11304**
57.141.20.33 - - [18/Mar/2026:06:34:19 -0700] "GET /shopdetail/2188509470.html?fileloc=/home/fmbi332s7bv7/public_html/wp-config.php&path=/home/fmbi332s7bv7/public_html HTTP/2.0" 404 - "-" "meta-externalagent/1.1 (+https://developers.facebook.com/docs/sharing/webmasters/crawler)" 10 **0/10143**
216.73.216.106 - - [18/Mar/2026:06:34:19 -0700] "GET /shopdetail/1285963157.html?fileloc=%2F%2Flib64%2Flibestr.so.0&path=%2F%2Flib64 HTTP/2.0" 404 - "-" "Mozilla/5.0 AppleWebKit/537.36 (KHTML, like Gecko; compatible; ClaudeBot/1.0; +claudebot@anthropic.com)" 14 **0/14593**
88.88.133.210 - - [18/Mar/2026:06:34:20 -0700] "GET /?fileloc=//usr/include/resolv.h&path=//usr/include HTTP/1.1" 404 - "-" "Mozilla/5.0 (compatible; MJ12bot/v1.4.8; http://mj12bot.com/)" 10 **0/10250**
74.7.227.9 - - [18/Mar/2026:06:34:22 -0700] "GET /?fileloc=//proc/self/root/proc/thread-self/root/proc/thread-self/root/proc/thread-self/root/proc/self/root/proc/thread-self/root/proc/thread-self/ns/user&path=//proc/self/root/proc/thread-self/root/proc/thread-self/root/proc/thread-self/root/proc/self/root/proc/thread-self/root/proc/thread-self/ns HTTP/2.0" 404 - "https://powerchemyapikimyasallari.com/?path=//proc/self/root/proc/thread-self/root/proc/thread-self/root/proc/thread-self/root/proc/self/root/proc/thread-self/root/proc/thread-self/ns" "Mozilla/5.0 AppleWebKit/537.36 (KHTML, like Gecko; compatible; GPTBot/1.3; +https://openai.com/gptbot)" 9 **0/9715**
216.73.216.106 - - [18/Mar/2026:06:34:23 -0700] "GET /shopdetail/1285963157.html?fileloc=%2F%2Flib64%2Flibhdf5_hl.so.100&path=%2F%2Flib64 HTTP/2.0" 404 - "-" "Mozilla/5.0 AppleWebKit/537.36 (KHTML, like Gecko; compatible; ClaudeBot/1.0; +claudebot@anthropic.com)" 11 **0/11258**
88.88.133.210 - - [18/Mar/2026:06:34:23 -0700] "GET /?fileloc=//usr/include/sched.h&path=//usr/include HTTP/1.1" 404 - "-" "Mozilla/5.0 (compatible; MJ12bot/v1.4.8; http://mj12bot.com/)" 8 **0/8413**
57.141.20.32 - - [18/Mar/2026:06:34:24 -0700] "GET /shopdetail/1649863168.html?fileloc=/home/fmbi332s7bv7/public_html/wp-comments-post.php&path=/home/fmbi332s7bv7/public_html HTTP/2.0" 404 - "-" "meta-externalagent/1.1 (+https://developers.facebook.com/docs/sharing/webmasters/crawler)" 11 **0/11860**
88.88.133.210 - - [18/Mar/2026:06:34:27 -0700] "GET /?fileloc=//usr/include/search.h&path=//usr/include HTTP/1.1" 404 - "-" "Mozilla/5.0 (compatible; MJ12bot/v1.4.8; http://mj12bot.com/)" 11 **0/11599**
216.73.216.106 - - [18/Mar/2026:06:34:27 -0700] "GET /shopdetail/542987938.html?fileloc=%2F%2Flib64%2Flibpcre.so.1&path=%2F%2Flib64 HTTP/2.0" 404 - "-" "Mozilla/5.0 AppleWebKit/537.36 (KHTML, like Gecko; compatible; ClaudeBot/1.0; +claudebot@anthropic.com)" 11 **0/11890**
57.141.20.23 - - [18/Mar/2026:06:34:29 -0700] "GET /shopdetail/2170422457.html?fileloc=/home/fmbi332s7bv7/public_html/wp-activate.php&path=/home/fmbi332s7bv7/public_html HTTP/2.0" 404 - "-" "meta-externalagent/1.1 (+https://developers.facebook.com/docs/sharing/webmasters/crawler)" 12 **0/12346**
88.88.133.210 - - [18/Mar/2026:06:34:30 -0700] "GET /?fileloc=//usr/include/semaphore.h&path=//usr/include HTTP/1.1" 404 - "-" "Mozilla/5.0 (compatible; MJ12bot/v1.4.8; http://mj12bot.com/)" 8 **0/8531**
216.73.216.106 - - [18/Mar/2026:06:34:31 -0700] "GET /shopdetail/2426807234.html?fileloc=%2Fhome%2Ffmbi332s7bv7%2Fwww%2Fwp-settings.php&path=%2Fhome%2Ffmbi332s7bv7%2Fwww HTTP/2.0" 404 - "-" "Mozilla/5.0 AppleWebKit/537.36 (KHTML, like Gecko; compatible; ClaudeBot/1.0; +claudebot@anthropic.com)" 10 **0/10172**
88.88.133.210 - - [18/Mar/2026:06:34:34 -0700] "GET /?fileloc=//usr/include/setjmp.h&path=//usr/include HTTP/1.1" 404 - "-" "Mozilla/5.0 (compatible; MJ12bot/v1.4.8; http://mj12bot.com/)" 10 **0/10299**
57.141.20.59 - - [18/Mar/2026:06:34:34 -0700] "GET /shopdetail/238142682.html?fileloc=/home/fmbi332s7bv7/public_html/wp-activate.php&path=/home/fmbi332s7bv7/public_html HTTP/2.0" 404 - "-" "meta-externalagent/1.1 (+https://developers.facebook.com/docs/sharing/webmasters/crawler)" 8 **0/8941**
216.73.216.106 - - [18/Mar/2026:06:34:35 -0700] "GET /urun-kategori/harclar/isi-yalitim-levha/feed?path=%2F%2Fusr%2Fshare%2Fperl5%2Fvendor_perl%2FTest%2Fuse HTTP/2.0" 404 - "-" "Mozilla/5.0 AppleWebKit/537.36 (KHTML, like Gecko; compatible; ClaudeBot/1.0; +claudebot@anthropic.com)" 9 **0/9483**
88.88.133.210 - - [18/Mar/2026:06:34:37 -0700] "GET /?fileloc=//usr/include/sgtty.h&path=//usr/include HTTP/1.1" 404 - "-" "Mozilla/5.0 (compatible; MJ12bot/v1.4.8; http://mj12bot.com/)" 13 **0/13039**
216.73.216.106 - - [18/Mar/2026:06:34:40 -0700] "GET /shopdetail/2239099373.html?fileloc=%2Fhome%2Ffmbi332s7bv7%2Ferror_log&path=%2Fhome%2Ffmbi332s7bv7 HTTP/2.0" 404 - "-" "Mozilla/5.0 AppleWebKit/537.36 (KHTML, like Gecko; compatible; ClaudeBot/1.0; +claudebot@anthropic.com)" 23 **0/23973**
57.141.20.26 - - [18/Mar/2026:06:34:40 -0700] "GET /shopdetail/3137525076.html?fileloc=/home/fmbi332s7bv7/public_html/xmlrpc.php&path=/home/fmbi332s7bv7/public_html HTTP/2.0" 404 - "-" "meta-externalagent/1.1 (+https://developers.facebook.com/docs/sharing/webmasters/crawler)" 12 **0/12917**
88.88.133.210 - - [18/Mar/2026:06:34:41 -0700] "GET /?fileloc=//usr/include/shadow.h&path=//usr/include HTTP/1.1" 404 - "-" "Mozilla/5.0 (compatible; MJ12bot/v1.4.8; http://mj12bot.com/)" 9 **0/9439**
216.73.216.106 - - [18/Mar/2026:06:34:43 -0700] "GET /shopdetail/2209028714.html?fileloc=%2F%2Flib64%2Flibdrm_nouveau.so.2.0.0&path=%2F%2Flib64 HTTP/2.0" 404 - "-" "Mozilla/5.0 AppleWebKit/537.36 (KHTML, like Gecko; compatible; ClaudeBot/1.0; +claudebot@anthropic.com)" 9 **0/9377**
88.88.133.210 - - [18/Mar/2026:06:34:45 -0700] "GET /?fileloc=//usr/include/signal.h&path=//usr/include HTTP/1.1" 404 - "-" "Mozilla/5.0 (compatible; MJ12bot/v1.4.8; http://mj12bot.com/)" 9 **0/9029**
57.141.20.10 - - [18/Mar/2026:06:34:45 -0700] "GET /shopdetail/3675927593.html?fileloc=/home/fmbi332s7bv7/public_html/wp-activate.php&path=/home/fmbi332s7bv7/public_html HTTP/2.0" 404 - "-" "meta-externalagent/1.1 (+https://developers.facebook.com/docs/sharing/webmasters/crawler)" 12 **0/12771**
216.73.216.106 - - [18/Mar/2026:06:34:47 -0700] "GET /shopdetail/3990884372.html?fileloc=%2Fhome%2Ffmbi332s7bv7%2Fpublic_html%2Fwp-content%2Flanguages%2Ftr_TR-7c90cd4398ee2d9d3628c387a87a70e5.json&path=%2Fhome%2Ffmbi332s7bv7%2Fpublic_html%2Fwp-content%2Flanguages HTTP/2.0" 404 - "-" "Mozilla/5.0 AppleWebKit/537.36 (KHTML, like Gecko; compatible; ClaudeBot/1.0; +claudebot@anthropic.com)" 10 **0/10889**
88.88.133.210 - - [18/Mar/2026:06:34:48 -0700] "GET /?fileloc=//usr/include/spawn.h&path=//usr/include HTTP/1.1" 404 - "-" "Mozilla/5.0 (compatible; MJ12bot/v1.4.8; http://mj12bot.com/)" 9 **0/9523**
57.141.20.24 - - [18/Mar/2026:06:34:50 -0700] "GET /shopdetail/4030434738.html?fileloc=/home/fmbi332s7bv7/public_html/txets.php&path=/home/fmbi332s7bv7/public_html HTTP/2.0" 404 - "-" "meta-externalagent/1.1 (+https://developers.facebook.com/docs/sharing/webmasters/crawler)" 11 **0/11780**
216.73.216.106 - - [18/Mar/2026:06:34:51 -0700] "GET /shopdetail/3806400442.html?fileloc=%2Fhome%2Ffmbi332s7bv7%2Fpublic_html%2Fwp-content%2Flanguages%2Ftr_TR-50278328b502f4eb3f2b8b7ab49324a1.json&path=%2Fhome%2Ffmbi332s7bv7%2Fpublic_html%2Fwp-content%2Flanguages HTTP/2.0" 404 - "-" "Mozilla/5.0 AppleWebKit/537.36 (KHTML, like Gecko; compatible; ClaudeBot/1.0; +claudebot@anthropic.com)" 10 **0/10962**
74.7.227.9 - - [18/Mar/2026:06:34:51 -0700] "GET /?fileloc=//proc/self/root/proc/thread-self/root/proc/thread-self/root/proc/thread-self/root/proc/self/root/proc/thread-self/ns/user&path=//proc/self/root/proc/thread-self/root/proc/thread-self/root/proc/thread-self/root/proc/self/root/proc/thread-self/ns HTTP/2.0" 404 - "https://powerchemyapikimyasallari.com/?path=//proc/self/root/proc/thread-self/root/proc/thread-self/root/proc/thread-self/root/proc/self/root/proc/thread-self/ns" "Mozilla/5.0 AppleWebKit/537.36 (KHTML, like Gecko; compatible; GPTBot/1.3; +https://openai.com/gptbot)" 11 **0/11210**
88.88.133.210 - - [18/Mar/2026:06:34:51 -0700] "GET /?fileloc=//usr/include/stab.h&path=//usr/include HTTP/1.1" 404 - "-" "Mozilla/5.0 (compatible; MJ12bot/v1.4.8; http://mj12bot.com/)" 9 **0/9222**
216.73.216.106 - - [18/Mar/2026:06:34:55 -0700] "GET /shopdetail/3342426270.html?fileloc=%2F%2Flib64%2Flibunwind-x86_64.so.8.0.1&path=%2F%2Flib64 HTTP/2.0" 404 - "-" "Mozilla/5.0 AppleWebKit/537.36 (KHTML, like Gecko; compatible; ClaudeBot/1.0; +claudebot@anthropic.com)" 11 **0/11230**
57.141.20.54 - - [18/Mar/2026:06:34:55 -0700] "GET /shopdetail/183740721.html?fileloc=/home/fmbi332s7bv7/public_html/robots.txt&path=/home/fmbi332s7bv7/public_html HTTP/2.0" 404 - "-" "meta-externalagent/1.1 (+https://developers.facebook.com/docs/sharing/webmasters/crawler)" 18 **0/18251**
